Aug 19 11:50:29.077761 n-d-778550-9 neutron-server[101154]: DEBUG neutron.pecan_wsgi.hooks.policy_enforcement [req-98a5555c-48ca-419e-ab1b-29a9711cb938 req-d0f43f12-4208-4a2d-9139-08b5a2e48e7a tempest-DeleteServersAdminTestJSON-1229708785 tempest-DeleteServersAdminTestJSON-1229708785-project] Attributes excluded by policy engine: ['standard_attr_id', 'binding:profile', 'binding:host_id', 'binding:vif_type', 'binding:vif_details'] {{(pid=101154) _exclude_attributes_by_policy /opt/stack/neutron/neutron/pecan_wsgi/hooks/policy_enforcement.py:255}}
Aug 19 11:50:29.083806 n-d-778550-9 neutron-server[101154]: INFO neutron.wsgi [req-98a5555c-48ca-419e-ab1b-29a9711cb938 req-d0f43f12-4208-4a2d-9139-08b5a2e48e7a tempest-DeleteServersAdminTestJSON-1229708785 tempest-DeleteServersAdminTestJSON-1229708785-project] 10.222.0.65 "GET /v2.0/ports?device_id=fe1abb67-e8d7-4d32-91c4-9d919d2c7619 HTTP/1.1" status: 200 len: 946 time: 0.0986240
Aug 19 11:50:29.112429 n-d-778550-9 neutron-server[101153]: INFO neutron.wsgi [None req-3c5de4d9-8efb-48a8-b5e4-f44c3a50ed0e admin admin] 10.222.0.65 "GET /v2.0/security-groups?tenant_id=d1686e3181b24a9296b4da763c8c5454&name=default HTTP/1.1" status: 200 len: 2979 time: 1.0831733
Aug 19 11:50:29.119448 n-d-778550-9 neutron-server[101154]: DEBUG neutron.wsgi [-] (101154) accepted ('10.222.0.65', 39354) {{(pid=101154) server /usr/local/lib/python3.8/dist-packages/eventlet/wsgi.py:982}}
Aug 19 11:50:29.129867 n-d-778550-9 neutron-server[101153]: DEBUG neutron.api.rpc.handlers.resources_rpc [None req-3c5de4d9-8efb-48a8-b5e4-f44c3a50ed0e admin admin] Pushing event updated for resources: {'SecurityGroup': ['ID=f8f925c8-4f70-4a57-9989-28bad5a6875e,revision_number=1']} {{(pid=101153) push /opt/stack/neutron/neutron/api/rpc/handlers/resources_rpc.py:237}}
Aug 19 11:50:29.137151 n-d-778550-9 neutron-server[101155]: DEBUG neutron.api.rpc.handlers.resources_rpc [None req-9897042e-d6e9-4926-94c1-666506cba68b None None] Pushing event updated for resources: {'Port': ['ID=4777970d-f692-449f-b969-0193dd8b1463,revision_number=4']} {{(pid=101155) push /opt/stack/neutron/neutron/api/rpc/handlers/resources_rpc.py:237}}
Aug 19 11:50:29.148073 n-d-778550-9 neutron-server[101155]: DEBUG neutron.db.l3_dvrscheduler_db [None req-162866d0-350c-4f8b-bb46-9709c9f4cfb8 None None] Routers {'7f5af280-7865-475a-9d37-b49b39dc4ff2'} bound to L3 agent in host n-d-778550-9 {{(pid=101155) _get_router_ids_for_agent /opt/stack/neutron/neutron/db/l3_dvrscheduler_db.py:420}}
Aug 19 11:50:29.148073 n-d-778550-9 neutron-server[101155]: DEBUG neutron.db.l3_hamode_db [None req-162866d0-350c-4f8b-bb46-9709c9f4cfb8 None None] neutron.services.l3_router.l3_router_plugin.L3RouterPlugin method get_ha_sync_data_for_host called with arguments (, 'n-d-778550-9', Agent(admin_state_up=True,agent_type='L3 agent',availability_zone='nova',binary='neutron-l3-agent',configurations={"agent_mode": "legacy", "ex_gw_ports": 3, "extensions": [], "floating_ips": 0, "handle_internal_only_routers": true, "interface_driver": "openvswitch", "interfaces": 2, "log_agent_heartbeats": false, "routers": 3},created_at=2021-08-19T11:39:51Z,description=,heartbeat_timestamp=2021-08-19T11:50:21Z,host='n-d-778550-9',id=ec18e87d-5090-4f86-b9f8-b27770d2787e,load=0,resource_versions=,resources_synced=,started_at=2021-08-19T11:39:51Z,topic='l3_agent')) {'router_ids': ['7f5af280-7865-475a-9d37-b49b39dc4ff2'], 'active': True} {{(pid=101155) wrapper /usr/local/lib/python3.8/dist-packages/oslo_log/helpers.py:65}}
Aug 19 11:50:29.270006 n-d-778550-9 neutron-server[101154]: INFO neutron.wsgi [req-98a5555c-48ca-419e-ab1b-29a9711cb938 req-b908cc4a-19dd-4435-b221-683dbc382955 tempest-DeleteServersAdminTestJSON-1229708785 tempest-DeleteServersAdminTestJSON-1229708785-project] 10.222.0.65 "GET /v2.0/security-groups?id=916ba093-86cd-4008-8e1a-b4cb0ae924d0&fields=id&fields=name HTTP/1.1" status: 200 len: 286 time: 0.1786554
Aug 19 11:50:29.273954 n-d-778550-9 neutron-server[101153]: DEBUG neutron_lib.callbacks.manager [None req-6eb79a85-3ce5-49cf-a760-023a4e250af2 admin admin] Notify callbacks [] for security_group, precommit_create {{(pid=101153) _notify_loop /usr/local/lib/python3.8/dist-packages/neutron_lib/callbacks/manager.py:192}}
Aug 19 11:50:29.281477 n-d-778550-9 neutron-server[101153]: DEBUG neutron_lib.callbacks.manager [None req-6eb79a85-3ce5-49cf-a760-023a4e250af2 admin admin] Notify callbacks ['neutron.plugins.ml2.ovo_rpc._ObjectChangeHandler.handle_event-7941361'] for security_group, after_create {{(pid=101153) _notify_loop /usr/local/lib/python3.8/dist-packages/neutron_lib/callbacks/manager.py:192}}
Aug 19 11:50:29.304329 n-d-778550-9 neutron-server[101154]: DEBUG neutron_lib.callbacks.manager [None req-ea6862c1-f530-47a6-8061-1ccc475ac06d admin admin] Notify callbacks [] for security_group, before_delete {{(pid=101154) _notify_loop /usr/local/lib/python3.8/dist-packages/neutron_lib/callbacks/manager.py:192}}
Aug 19 11:50:29.362665 n-d-778550-9 neutron-server[101154]: DEBUG neutron_lib.callbacks.manager [None req-55afa28f-41e4-41d2-9773-fb0aeecaba94 tempest-ServersWithSpecificFlavorTestJSON-17262202 tempest-ServersWithSpecificFlavorTestJSON-17262202-project] Notify callbacks [] for security_group_rule, before_create {{(pid=101154) _notify_loop /usr/local/lib/python3.8/dist-packages/neutron_lib/callbacks/manager.py:192}}
Aug 19 11:50:29.377918 n-d-778550-9 neutron-server[101153]: DEBUG neutron.api.rpc.handlers.resources_rpc [None req-6eb79a85-3ce5-49cf-a760-023a4e250af2 admin admin] Pushing event updated for resources: {'SecurityGroup': ['ID=a77311ab-1e4c-447a-8751-75e5481d7259,revision_number=1']} {{(pid=101153) push /opt/stack/neutron/neutron/api/rpc/handlers/resources_rpc.py:237}}
Aug 19 11:50:29.389084 n-d-778550-9 neutron-server[101153]: INFO neutron.wsgi [None req-6eb79a85-3ce5-49cf-a760-023a4e250af2 admin admin] 10.222.0.65 "GET /v2.0/security-groups?tenant_id=5059f77f94734c04beeb2d10bfc0e9ba&name=default HTTP/1.1" status: 200 len: 2979 time: 0.9426374
Aug 19 11:50:29.390182 n-d-778550-9 neutron-server[101153]: DEBUG neutron.wsgi [-] (101153) accepted ('10.222.0.65', 39358) {{(pid=101153) server /usr/local/lib/python3.8/dist-packages/eventlet/wsgi.py:982}}
Aug 19 11:50:29.402515 n-d-778550-9 neutron-server[101154]: DEBUG neutron_lib.callbacks.manager [None req-ea6862c1-f530-47a6-8061-1ccc475ac06d admin admin] Notify callbacks [] for security_group, precommit_delete {{(pid=101154) _notify_loop /usr/local/lib/python3.8/dist-packages/neutron_lib/callbacks/manager.py:192}}
Aug 19 11:50:29.554767 n-d-778550-9 neutron-server[101153]: DEBUG neutron.wsgi [-] (101153) accepted ('10.222.0.65', 39360) {{(pid=101153) server /usr/local/lib/python3.8/dist-packages/eventlet/wsgi.py:982}}
Aug 19 11:50:29.581862 n-d-778550-9 neutron-server[101153]: DEBUG neutron_lib.callbacks.manager [None req-9142c503-6005-4b62-8209-887a20674e92 admin admin] Notify callbacks [] for security_group, before_delete {{(pid=101153) _notify_loop /usr/local/lib/python3.8/dist-packages/neutron_lib/callbacks/manager.py:192}}
Aug 19 11:50:29.586137 n-d-778550-9 neutron-server[101153]: DEBUG neutron_lib.callbacks.manager [None req-cd45686a-495e-4310-933c-869062fb2b03 admin admin] Notify callbacks [] for security_group, before_create {{(pid=101153) _notify_loop /usr/local/lib/python3.8/dist-packages/neutron_lib/callbacks/manager.py:192}}
Aug 19 11:50:29.647930 n-d-778550-9 neutron-server[101153]: DEBUG neutron_lib.callbacks.manager [None req-9142c503-6005-4b62-8209-887a20674e92 admin admin] Notify callbacks [] for security_group, precommit_delete {{(pid=101153) _notify_loop /usr/local/lib/python3.8/dist-packages/neutron_lib/callbacks/manager.py:192}}
Aug 19 11:50:29.649060 n-d-778550-9 neutron-server[101155]: DEBUG neutron.db.l3_dvr_db [None req-162866d0-350c-4f8b-bb46-9709c9f4cfb8 None None] Set router 7f5af280-7865-475a-9d37-b49b39dc4ff2 gateway port host: n-d-778550-9 {{(pid=101155) _build_routers_list /opt/stack/neutron/neutron/db/l3_dvr_db.py:906}}
Aug 19 11:50:29.658563 n-d-778550-9 neutron-server[101154]: DEBUG neutron_lib.callbacks.manager [None req-55afa28f-41e4-41d2-9773-fb0aeecaba94 tempest-ServersWithSpecificFlavorTestJSON-17262202 tempest-ServersWithSpecificFlavorTestJSON-17262202-project] Notify callbacks [] for security_group_rule, precommit_create {{(pid=101154) _notify_loop /usr/local/lib/python3.8/dist-packages/neutron_lib/callbacks/manager.py:192}}
Aug 19 11:50:29.673086 n-d-778550-9 neutron-server[101154]: DEBUG neutron_lib.callbacks.manager [None req-55afa28f-41e4-41d2-9773-fb0aeecaba94 tempest-ServersWithSpecificFlavorTestJSON-17262202 tempest-ServersWithSpecificFlavorTestJSON-17262202-project] Notify callbacks ['neutron.plugins.ml2.ovo_rpc._ObjectChangeHandler.handle_event-7946079'] for security_group_rule, after_create {{(pid=101154) _notify_loop /usr/local/lib/python3.8/dist-packages/neutron_lib/callbacks/manager.py:192}}
Aug 19 11:50:29.728187 n-d-778550-9 neutron-server[101154]: DEBUG neutron.api.rpc.handlers.resources_rpc [None req-55afa28f-41e4-41d2-9773-fb0aeecaba94 tempest-ServersWithSpecificFlavorTestJSON-17262202 tempest-ServersWithSpecificFlavorTestJSON-17262202-project] Pushing event updated for resources: {'SecurityGroupRule': ['ID=3c8a42f8-cf6c-4475-bee6-e62d476d1392,revision_number=0']} {{(pid=101154) push /opt/stack/neutron/neutron/api/rpc/handlers/resources_rpc.py:237}}
Aug 19 11:50:29.730868 n-d-778550-9 neutron-server[101154]: DEBUG neutron_lib.callbacks.manager [None req-ea6862c1-f530-47a6-8061-1ccc475ac06d admin admin] Notify callbacks ['neutron.plugins.ml2.ovo_rpc._ObjectChangeHandler.handle_event-7941361'] for security_group, after_delete {{(pid=101154) _notify_loop /usr/local/lib/python3.8/dist-packages/neutron_lib/callbacks/manager.py:192}}
Aug 19 11:50:29.733962 n-d-778550-9 neutron-server[101154]: DEBUG neutron_lib.callbacks.manager [None req-ea6862c1-f530-47a6-8061-1ccc475ac06d admin admin] Notify callbacks [] for security_group, before_response {{(pid=101154) _notify_loop /usr/local/lib/python3.8/dist-packages/neutron_lib/callbacks/manager.py:192}}
Aug 19 11:50:29.739511 n-d-778550-9 neutron-server[101154]: INFO neutron.wsgi [None req-ea6862c1-f530-47a6-8061-1ccc475ac06d admin admin] 10.222.0.65 "DELETE /v2.0/security-groups/f8f925c8-4f70-4a57-9989-28bad5a6875e HTTP/1.1" status: 204 len: 168 time: 0.6188431
Aug 19 11:50:29.750370 n-d-778550-9 neutron-server[101154]: DEBUG neutron.api.rpc.handlers.resources_rpc [None req-ea6862c1-f530-47a6-8061-1ccc475ac06d admin admin] Pushing event deleted for resources: {'SecurityGroup': ['ID=f8f925c8-4f70-4a57-9989-28bad5a6875e,revision_number=None']} {{(pid=101154) push /opt/stack/neutron/neutron/api/rpc/handlers/resources_rpc.py:237}}
Aug 19 11:50:29.787563 n-d-778550-9 neutron-server[101153]: DEBUG neutron_lib.callbacks.manager [None req-9142c503-6005-4b62-8209-887a20674e92 admin admin] Notify callbacks ['neutron.plugins.ml2.ovo_rpc._ObjectChangeHandler.handle_event-7941361'] for security_group, after_delete {{(pid=101153) _notify_loop /usr/local/lib/python3.8/dist-packages/neutron_lib/callbacks/manager.py:192}}
Aug 19 11:50:29.792187 n-d-778550-9 neutron-server[101153]: DEBUG neutron_lib.callbacks.manager [None req-9142c503-6005-4b62-8209-887a20674e92 admin admin] Notify callbacks [] for security_group, before_response {{(pid=101153) _notify_loop /usr/local/lib/python3.8/dist-packages/neutron_lib/callbacks/manager.py:192}}
Aug 19 11:50:29.808144 n-d-778550-9 neutron-server[101153]: INFO neutron.wsgi [None req-9142c503-6005-4b62-8209-887a20674e92 admin admin] 10.222.0.65 "DELETE /v2.0/security-groups/a77311ab-1e4c-447a-8751-75e5481d7259 HTTP/1.1" status: 204 len: 168 time: 0.4046412
Aug 19 11:50:29.871478 n-d-778550-9 neutron-server[101153]: DEBUG neutron.api.rpc.handlers.resources_rpc [None req-9142c503-6005-4b62-8209-887a20674e92 admin admin] Pushing event deleted for resources: {'SecurityGroup': ['ID=a77311ab-1e4c-447a-8751-75e5481d7259,revision_number=None']} {{(pid=101153) push /opt/stack/neutron/neutron/api/rpc/handlers/resources_rpc.py:237}}
Aug 19 11:50:29.917003 n-d-778550-9 neutron-server[101153]: DEBUG neutron_lib.callbacks.manager [None req-cd45686a-495e-4310-933c-869062fb2b03 admin admin] Notify callbacks [] for security_group, precommit_create {{(pid=101153) _notify_loop /usr/local/lib/python3.8/dist-packages/neutron_lib/callbacks/manager.py:192}}
Aug 19 11:50:29.924173 n-d-778550-9 neutron-server[101153]: DEBUG neutron_lib.callbacks.manager [None req-cd45686a-495e-4310-933c-869062fb2b03 admin admin] Notify callbacks ['neutron.plugins.ml2.ovo_rpc._ObjectChangeHandler.handle_event-7941361'] for security_group, after_create {{(pid=101153) _notify_loop /usr/local/lib/python3.8/dist-packages/neutron_lib/callbacks/manager.py:192}}
Aug 19 11:50:29.998047 n-d-778550-9 neutron-server[101154]: DEBUG neutron.pecan_wsgi.hooks.policy_enforcement [req-5b1ba56a-e369-4965-9792-c89b55417e76 req-bf423a53-ea68-4d69-8842-499133bd0e7d tempest-AggregatesAdminTestJSON-1776377754 tempest-AggregatesAdminTestJSON-1776377754-project] Attributes excluded by policy engine: ['standard_attr_id', 'binding:profile', 'binding:host_id', 'binding:vif_type', 'binding:vif_details'] {{(pid=101154) _exclude_attributes_by_policy /opt/stack/neutron/neutron/pecan_wsgi/hooks/policy_enforcement.py:255}}
Aug 19 11:50:30.010157 n-d-778550-9 neutron-server[101154]: INFO neutron.wsgi [req-5b1ba56a-e369-4965-9792-c89b55417e76 req-bf423a53-ea68-4d69-8842-499133bd0e7d tempest-AggregatesAdminTestJSON-1776377754 tempest-AggregatesAdminTestJSON-1776377754-project] 10.222.0.65 "GET /v2.0/ports?device_id=a72eaf91-0c92-4903-937f-b8219d041061 HTTP/1.1" status: 200 len: 970 time: 0.1641014
Aug 19 11:50:30.027398 n-d-778550-9 neutron-server[101154]: DEBUG neutron_lib.callbacks.manager [None req-55afa28f-41e4-41d2-9773-fb0aeecaba94 tempest-ServersWithSpecificFlavorTestJSON-17262202 tempest-ServersWithSpecificFlavorTestJSON-17262202-project] Notify callbacks [] for security_group_rule, before_response {{(pid=101154) _notify_loop /usr/local/lib/python3.8/dist-packages/neutron_lib/callbacks/manager.py:192}}
Aug 19 11:50:30.036433 n-d-778550-9 neutron-server[101154]: INFO neutron.wsgi [None req-55afa28f-41e4-41d2-9773-fb0aeecaba94 tempest-ServersWithSpecificFlavorTestJSON-17262202 tempest-ServersWithSpecificFlavorTestJSON-17262202-project] 10.222.0.65 "POST /v2.0/security-group-rules HTTP/1.1" status: 201 len: 764 time: 1.0056367
Aug 19 11:50:30.041817 n-d-778550-9 neutron-server[101154]: DEBUG neutron.wsgi [-] (101154) accepted ('10.222.0.65', 39368) {{(pid=101154) server /usr/local/lib/python3.8/dist-packages/eventlet/wsgi.py:982}}
Aug 19 11:50:30.054320 n-d-778550-9 neutron-server[101154]: DEBUG neutron.api.v2.base [None req-33418394-2651-4eea-80b2-5cc343b57f40 tempest-ServersWithSpecificFlavorTestJSON-17262202 tempest-ServersWithSpecificFlavorTestJSON-17262202-project] Request body: {'security_group_rule': {'security_group_id': '64125921-1b77-4160-88c0-a6eff47fcd0c', 'protocol': 'icmp', 'ethertype': 'IPv4', 'direction': 'ingress'}} {{(pid=101154) prepare_request_body /opt/stack/neutron/neutron/api/v2/base.py:730}}
Aug 19 11:50:30.134254 n-d-778550-9 neutron-server[101154]: INFO neutron.wsgi [req-5b1ba56a-e369-4965-9792-c89b55417e76 req-4b213d79-084f-4cd1-b376-e839d0885020 tempest-AggregatesAdminTestJSON-1776377754 tempest-AggregatesAdminTestJSON-1776377754-project] 10.222.0.65 "GET /v2.0/security-groups?id=ef82760b-84e4-488d-9281-453f91c5720d&fields=id&fields=name HTTP/1.1" status: 200 len: 286 time: 0.1201456
Aug 19 11:50:30.166772 n-d-778550-9 neutron-server[101154]: DEBUG neutron_lib.callbacks.manager [None req-33418394-2651-4eea-80b2-5cc343b57f40 tempest-ServersWithSpecificFlavorTestJSON-17262202 tempest-ServersWithSpecificFlavorTestJSON-17262202-project] Notify callbacks [] for security_group_rule, before_create {{(pid=101154) _notify_loop /usr/local/lib/python3.8/dist-packages/neutron_lib/callbacks/manager.py:192}}
Aug 19 11:50:30.258266 n-d-778550-9 neutron-server[101153]: INFO neutron.wsgi [req-d24d6386-eac8-4479-a2d0-61f7d38d3bd8 req-9f11c00e-bbbe-4165-bbc8-e8ca2d5de4e7 service neutron] 10.222.0.69 "GET /v2.0/floatingips?fixed_ip_address=192.168.233.7&port_id=1486af23-305e-4609-a7ba-4d9ea6adae29 HTTP/1.1" status: 200 len: 217 time: 0.2726767
Aug 19 11:50:30.293930 n-d-778550-9 neutron-server[101154]: DEBUG neutron_lib.callbacks.manager [None req-33418394-2651-4eea-80b2-5cc343b57f40 tempest-ServersWithSpecificFlavorTestJSON-17262202 tempest-ServersWithSpecificFlavorTestJSON-17262202-project] Notify callbacks [] for security_group_rule, precommit_create {{(pid=101154) _notify_loop /usr/local/lib/python3.8/dist-packages/neutron_lib/callbacks/manager.py:192}}
Aug 19 11:50:30.299079 n-d-778550-9 neutron-server[101155]: DEBUG neutron.db.l3_hamode_db [None req-162866d0-350c-4f8b-bb46-9709c9f4cfb8 None None] neutron.services.l3_router.l3_router_plugin.L3RouterPlugin method _process_sync_ha_data called with arguments (, [{'id': '7f5af280-7865-475a-9d37-b49b39dc4ff2', 'name': 'tempest-ServersWithSpecificFlavorTestJSON-1417883153-router', 'tenant_id': 'f78bdf3f35664be4a78dfeebb5e1ddf2', 'admin_state_up': True, 'status': 'ACTIVE', 'external_gateway_info': {'network_id': '4cb52ebe-f4db-498e-982d-427874c885d6', 'external_fixed_ips': [{'subnet_id': '1edc4dcc-e826-4cf2-9ddb-e2c6b92aad84', 'ip_address': '172.25.4.27'}], 'enable_snat': True}, 'gw_port_id': '331cad75-b97d-49fb-8ff8-1d7a79ee95f5', 'description': '', 'availability_zones': ['nova'], 'distributed': False, 'ha': False, 'ha_vr_id': 0, 'availability_zone_hints': [], 'routes': [], 'flavor_id': None, 'tags': [], 'created_at': '2021-08-19T11:50:11Z', 'updated_at': '2021-08-19T11:50:22Z', 'revision_number': 4, 'project_id': 'f78bdf3f35664be4a78dfeebb5e1ddf2', 'gw_port': {'id': '331cad75-b97d-49fb-8ff8-1d7a79ee95f5', 'name': '', 'network_id': '4cb52ebe-f4db-498e-982d-427874c885d6', 'tenant_id': '', 'mac_address': 'fa:16:3e:3f:01:0f', 'admin_state_up': True, 'status': 'ACTIVE', 'device_id': '7f5af280-7865-475a-9d37-b49b39dc4ff2', 'device_owner': 'network:router_gateway', 'standard_attr_id': 98, 'fixed_ips': [{'subnet_id': '1edc4dcc-e826-4cf2-9ddb-e2c6b92aad84', 'ip_address': '172.25.4.27', 'prefixlen': 24}], 'allowed_address_pairs': [], 'extra_dhcp_opts': [], 'security_groups': [], 'description': '', 'binding:vnic_type': 'normal', 'binding:profile': {}, 'binding:host_id': 'n-d-778550-9', 'binding:vif_type': 'ovs', 'binding:vif_details': {'connectivity': 'l2', 'port_filter': True, 'ovs_hybrid_plug': False, 'datapath_type': 'system', 'bridge_name': 'br-int'}, 'port_security_enabled': False, 'tags': [], 'created_at': '2021-08-19T11:50:12Z', 'updated_at': '2021-08-19T11:50:21Z', 'revision_number': 4, 'project_id': '', 'subnets': [{'id': '1edc4dcc-e826-4cf2-9ddb-e2c6b92aad84', 'cidr': '172.25.4.0/24', 'gateway_ip': '172.25.4.1', 'dns_nameservers': [], 'ipv6_ra_mode': None, 'subnetpool_id': None}], 'extra_subnets': [], 'address_scopes': {4: None, 6: None}, 'mtu': 1500}, 'enable_snat': True, 'gw_port_host': 'n-d-778550-9', '_interfaces': [{'id': '4777970d-f692-449f-b969-0193dd8b1463', 'name': '', 'network_id': 'fc83c3ce-a768-46a9-880d-bf3958673bcc', 'tenant_id': 'f78bdf3f35664be4a78dfeebb5e1ddf2', 'mac_address': 'fa:16:3e:0d:0b:7d', 'admin_state_up': True, 'status': 'DOWN', 'device_id': '7f5af280-7865-475a-9d37-b49b39dc4ff2', 'device_owner': 'network:router_interface', 'standard_attr_id': 120, 'fixed_ips': [{'subnet_id': 'd947a811-006f-4555-9a57-47937125f3f0', 'ip_address': '172.20.0.1', 'prefixlen': 28}], 'allowed_address_pairs': [], 'extra_dhcp_opts': [], 'security_groups': [], 'description': '', 'binding:vnic_type': 'normal', 'binding:profile': {}, 'binding:host_id': 'n-d-778550-9', 'binding:vif_type': 'ovs', 'binding:vif_details': {'connectivity': 'l2', 'port_filter': True, 'ovs_hybrid_plug': False, 'datapath_type': 'system', 'bridge_name': 'br-int'}, 'port_security_enabled': False, 'tags': [], 'created_at': '2021-08-19T11:50:18Z', 'updated_at': '2021-08-19T11:50:28Z', 'revision_number': 4, 'project_id': 'f78bdf3f35664be4a78dfeebb5e1ddf2', 'subnets': [{'id': 'd947a811-006f-4555-9a57-47937125f3f0', 'cidr': '172.20.0.0/28', 'gateway_ip': '172.20.0.1', 'dns_nameservers': [], 'ipv6_ra_mode': None, 'subnetpool_id': None}], 'extra_subnets': [], 'address_scopes': {4: None, 6: None}, 'mtu': 1500}]}], 'n-d-778550-9', False) {} {{(pid=101155) wrapper /usr/local/lib/python3.8/dist-packages/oslo_log/helpers.py:65}}
Aug 19 11:50:30.311685 n-d-778550-9 neutron-server[101153]: DEBUG neutron.api.rpc.handlers.resources_rpc [None req-cd45686a-495e-4310-933c-869062fb2b03 admin admin] Pushing event updated for resources: {'SecurityGroup': ['ID=44c62558-02be-4c99-a9ca-f398a1c88d81,revision_number=1']} {{(pid=101153) push /opt/stack/neutron/neutron/api/rpc/handlers/resources_rpc.py:237}}
Aug 19 11:50:30.313742 n-d-778550-9 neutron-server[101154]: DEBUG neutron_lib.callbacks.manager [None req-33418394-2651-4eea-80b2-5cc343b57f40 tempest-ServersWithSpecificFlavorTestJSON-17262202 tempest-ServersWithSpecificFlavorTestJSON-17262202-project] Notify callbacks ['neutron.plugins.ml2.ovo_rpc._ObjectChangeHandler.handle_event-7946079'] for security_group_rule, after_create {{(pid=101154) _notify_loop /usr/local/lib/python3.8/dist-packages/neutron_lib/callbacks/manager.py:192}}
Aug 19 11:50:30.360923 n-d-778550-9 neutron-server[101153]: INFO neutron.wsgi [None req-cd45686a-495e-4310-933c-869062fb2b03 admin admin] 10.222.0.65 "GET /v2.0/security-groups?tenant_id=36b54ddeb3ea41af9810fed56dded14f&name=default HTTP/1.1" status: 200 len: 2979 time: 0.8042614
Aug 19 11:50:30.376188 n-d-778550-9 neutron-server[101154]: DEBUG neutron.wsgi [-] (101154) accepted ('10.222.0.65', 39376) {{(pid=101154) server /usr/local/lib/python3.8/dist-packages/eventlet/wsgi.py:982}}
Aug 19 11:50:30.386989 n-d-778550-9 neutron-server[101155]: DEBUG neutron.api.rpc.handlers.l3_rpc [None req-162866d0-350c-4f8b-bb46-9709c9f4cfb8 None None] The sync data for ids ['7f5af280-7865-475a-9d37-b49b39dc4ff2'] in n-d-778550-9 is: [{'id': '7f5af280-7865-475a-9d37-b49b39dc4ff2', 'name': 'tempest-ServersWithSpecificFlavorTestJSON-1417883153-router', 'tenant_id': 'f78bdf3f35664be4a78dfeebb5e1ddf2', 'admin_state_up': True, 'status': 'ACTIVE', 'external_gateway_info': {'network_id': '4cb52ebe-f4db-498e-982d-427874c885d6', 'external_fixed_ips': [{'subnet_id': '1edc4dcc-e826-4cf2-9ddb-e2c6b92aad84', 'ip_address': '172.25.4.27'}], 'enable_snat': True}, 'gw_port_id': '331cad75-b97d-49fb-8ff8-1d7a79ee95f5', 'description': '', 'availability_zones': ['nova'], 'distributed': False, 'ha': False, 'ha_vr_id': 0, 'availability_zone_hints': [], 'routes': [], 'flavor_id': None, 'tags': [], 'created_at': '2021-08-19T11:50:11Z', 'updated_at': '2021-08-19T11:50:22Z', 'revision_number': 4, 'project_id': 'f78bdf3f35664be4a78dfeebb5e1ddf2', 'gw_port': {'id': '331cad75-b97d-49fb-8ff8-1d7a79ee95f5', 'name': '', 'network_id': '4cb52ebe-f4db-498e-982d-427874c885d6', 'tenant_id': '', 'mac_address': 'fa:16:3e:3f:01:0f', 'admin_state_up': True, 'status': 'ACTIVE', 'device_id': '7f5af280-7865-475a-9d37-b49b39dc4ff2', 'device_owner': 'network:router_gateway', 'standard_attr_id': 98, 'fixed_ips': [{'subnet_id': '1edc4dcc-e826-4cf2-9ddb-e2c6b92aad84', 'ip_address': '172.25.4.27', 'prefixlen': 24}], 'allowed_address_pairs': [], 'extra_dhcp_opts': [], 'security_groups': [], 'description': '', 'binding:vnic_type': 'normal', 'binding:profile': {}, 'binding:host_id': 'n-d-778550-9', 'binding:vif_type': 'ovs', 'binding:vif_details': {'connectivity': 'l2', 'port_filter': True, 'ovs_hybrid_plug': False, 'datapath_type': 'system', 'bridge_name': 'br-int'}, 'port_security_enabled': False, 'tags': [], 'created_at': '2021-08-19T11:50:12Z', 'updated_at': '2021-08-19T11:50:21Z', 'revision_number': 4, 'project_id': '', 'subnets': [{'id': '1edc4dcc-e826-4cf2-9ddb-e2c6b92aad84', 'cidr': '172.25.4.0/24', 'gateway_ip': '172.25.4.1', 'dns_nameservers': [], 'ipv6_ra_mode': None, 'subnetpool_id': None}], 'extra_subnets': [], 'address_scopes': {4: None, 6: None}, 'mtu': 1500}, 'enable_snat': True, 'gw_port_host': 'n-d-778550-9', '_interfaces': [{'id': '4777970d-f692-449f-b969-0193dd8b1463', 'name': '', 'network_id': 'fc83c3ce-a768-46a9-880d-bf3958673bcc', 'tenant_id': 'f78bdf3f35664be4a78dfeebb5e1ddf2', 'mac_address': 'fa:16:3e:0d:0b:7d', 'admin_state_up': True, 'status': 'DOWN', 'device_id': '7f5af280-7865-475a-9d37-b49b39dc4ff2', 'device_owner': 'network:router_interface', 'standard_attr_id': 120, 'fixed_ips': [{'subnet_id': 'd947a811-006f-4555-9a57-47937125f3f0', 'ip_address': '172.20.0.1', 'prefixlen': 28}], 'allowed_address_pairs': [], 'extra_dhcp_opts': [], 'security_groups': [], 'description': '', 'binding:vnic_type': 'normal', 'binding:profile': {}, 'binding:host_id': 'n-d-778550-9', 'binding:vif_type': 'ovs', 'binding:vif_details': {'connectivity': 'l2', 'port_filter': True, 'ovs_hybrid_plug': False, 'datapath_type': 'system', 'bridge_name': 'br-int'}, 'port_security_enabled': False, 'tags': [], 'created_at': '2021-08-19T11:50:18Z', 'updated_at': '2021-08-19T11:50:28Z', 'revision_number': 4, 'project_id': 'f78bdf3f35664be4a78dfeebb5e1ddf2', 'subnets': [{'id': 'd947a811-006f-4555-9a57-47937125f3f0', 'cidr': '172.20.0.0/28', 'gateway_ip': '172.20.0.1', 'dns_nameservers': [], 'ipv6_ra_mode': None, 'subnetpool_id': None}], 'extra_subnets': [], 'address_scopes': {4: None, 6: None}, 'mtu': 1500}]}] {{(pid=101155) sync_routers /opt/stack/neutron/neutron/api/rpc/handlers/l3_rpc.py:137}}
Aug 19 11:50:30.425248 n-d-778550-9 neutron-server[101153]: DEBUG neutron.pecan_wsgi.hooks.policy_enforcement [req-d24d6386-eac8-4479-a2d0-61f7d38d3bd8 req-f17aefd9-ee5e-4521-9120-34156263a3d2 service neutron] Attributes excluded by policy engine: ['standard_attr_id', 'shared'] {{(pid=101153) _exclude_attributes_by_policy /opt/stack/neutron/neutron/pecan_wsgi/hooks/policy_enforcement.py:255}}
Aug 19 11:50:30.427289 n-d-778550-9 neutron-server[101153]: INFO neutron.wsgi [req-d24d6386-eac8-4479-a2d0-61f7d38d3bd8 req-f17aefd9-ee5e-4521-9120-34156263a3d2 service neutron] 10.222.0.69 "GET /v2.0/subnets?id=21499e4b-633c-4242-9831-0608d6ece9ad HTTP/1.1" status: 200 len: 843 time: 0.1028721
Aug 19 11:50:30.470372 n-d-778550-9 neutron-server[101154]: DEBUG neutron.api.rpc.handlers.resources_rpc [None req-33418394-2651-4eea-80b2-5cc343b57f40 tempest-ServersWithSpecificFlavorTestJSON-17262202 tempest-ServersWithSpecificFlavorTestJSON-17262202-project] Pushing event updated for resources: {'SecurityGroupRule': ['ID=d0ea6bad-b2be-4c4d-8b2e-38da6c18207b,revision_number=0']} {{(pid=101154) push /opt/stack/neutron/neutron/api/rpc/handlers/resources_rpc.py:237}}
Aug 19 11:50:30.517355 n-d-778550-9 neutron-server[101154]: DEBUG neutron_lib.callbacks.manager [None req-33418394-2651-4eea-80b2-5cc343b57f40 tempest-ServersWithSpecificFlavorTestJSON-17262202 tempest-ServersWithSpecificFlavorTestJSON-17262202-project] Notify callbacks [] for security_group_rule, before_response {{(pid=101154) _notify_loop /usr/local/lib/python3.8/dist-packages/neutron_lib/callbacks/manager.py:192}}
Aug 19 11:50:30.519046 n-d-778550-9 neutron-server[101154]: INFO neutron.wsgi [None req-33418394-2651-4eea-80b2-5cc343b57f40 tempest-ServersWithSpecificFlavorTestJSON-17262202 tempest-ServersWithSpecificFlavorTestJSON-17262202-project] 10.222.0.65 "POST /v2.0/security-group-rules HTTP/1.1" status: 201 len: 769 time: 0.4735081
Aug 19 11:50:30.523585 n-d-778550-9 neutron-server[101153]: DEBUG neutron.wsgi [-] (101153) accepted ('10.222.0.65', 39380) {{(pid=101153) server /usr/local/lib/python3.8/dist-packages/eventlet/wsgi.py:982}}
Aug 19 11:50:30.529865 n-d-778550-9 neutron-server[101153]: DEBUG neutron.api.v2.base [None req-b87731c3-a708-451f-9276-d7402a00718f tempest-ServersWithSpecificFlavorTestJSON-17262202 tempest-ServersWithSpecificFlavorTestJSON-17262202-project] Request body: {'floatingip': {'floating_network_id': '4cb52ebe-f4db-498e-982d-427874c885d6'}} {{(pid=101153) prepare_request_body /opt/stack/neutron/neutron/api/v2/base.py:730}}
Aug 19 11:50:30.614145 n-d-778550-9 neutron-server[101154]: DEBUG neutron_lib.callbacks.manager [None req-3f14ddf4-7ecc-44a6-bed8-e3a6085babf7 admin admin] Notify callbacks [] for security_group, before_delete {{(pid=101154) _notify_loop /usr/local/lib/python3.8/dist-packages/neutron_lib/callbacks/manager.py:192}}
Aug 19 11:50:30.656914 n-d-778550-9 neutron-server[101153]: DEBUG neutron_lib.callbacks.manager [None req-b87731c3-a708-451f-9276-d7402a00718f tempest-ServersWithSpecificFlavorTestJSON-17262202 tempest-ServersWithSpecificFlavorTestJSON-17262202-project] Notify callbacks [] for floatingip, before_create {{(pid=101153) _notify_loop /usr/local/lib/python3.8/dist-packages/neutron_lib/callbacks/manager.py:192}}
Aug 19 11:50:30.665050 n-d-778550-9 neutron-server[101154]: DEBUG neutron.pecan_wsgi.hooks.policy_enforcement [req-966fa856-ab82-4d67-bfc8-144cd68f49d3 req-1dd995b1-e015-4923-926f-12d9ac0470a8 tempest-DeleteServersAdminTestJSON-1229708785 tempest-DeleteServersAdminTestJSON-1229708785-project] Attributes excluded by policy engine: ['standard_attr_id', 'binding:profile', 'binding:host_id', 'binding:vif_type', 'binding:vif_details'] {{(pid=101154) _exclude_attributes_by_policy /opt/stack/neutron/neutron/pecan_wsgi/hooks/policy_enforcement.py:255}}
Aug 19 11:50:30.666802 n-d-778550-9 neutron-server[101154]: INFO neutron.wsgi [req-966fa856-ab82-4d67-bfc8-144cd68f49d3 req-1dd995b1-e015-4923-926f-12d9ac0470a8 tempest-DeleteServersAdminTestJSON-1229708785 tempest-DeleteServersAdminTestJSON-1229708785-project] 10.222.0.65 "GET /v2.0/ports?device_id=fe1abb67-e8d7-4d32-91c4-9d919d2c7619 HTTP/1.1" status: 200 len: 946 time: 0.1462924
Aug 19 11:50:30.681030 n-d-778550-9 neutron-server[101153]: DEBUG neutron.pecan_wsgi.hooks.policy_enforcement [req-d24d6386-eac8-4479-a2d0-61f7d38d3bd8 req-cdde112f-6a88-427c-8df0-2723eb9bb586 service neutron] Attributes excluded by policy engine: ['standard_attr_id'] {{(pid=101153) _exclude_attributes_by_policy /opt/stack/neutron/neutron/pecan_wsgi/hooks/policy_enforcement.py:255}}
Aug 19 11:50:30.683030 n-d-778550-9 neutron-server[101153]: INFO neutron.wsgi [req-d24d6386-eac8-4479-a2d0-61f7d38d3bd8 req-cdde112f-6a88-427c-8df0-2723eb9bb586 service neutron] 10.222.0.69 "GET /v2.0/ports?network_id=67959bb1-c7c6-40ae-a110-f898d7f1f7af&device_owner=network%3Adhcp HTTP/1.1" status: 200 len: 1166 time: 0.2283442
Aug 19 11:50:30.725583 n-d-778550-9 neutron-server[101154]: DEBUG neutron_lib.callbacks.manager [None req-3f14ddf4-7ecc-44a6-bed8-e3a6085babf7 admin admin] Notify callbacks [] for security_group, precommit_delete {{(pid=101154) _notify_loop /usr/local/lib/python3.8/dist-packages/neutron_lib/callbacks/manager.py:192}}
Aug 19 11:50:30.753093 n-d-778550-9 neutron-server[101154]: DEBUG neutron.wsgi [-] (101154) accepted ('10.222.0.65', 39382) {{(pid=101154) server /usr/local/lib/python3.8/dist-packages/eventlet/wsgi.py:982}}
Aug 19 11:50:30.812958 n-d-778550-9 neutron-server[101154]: INFO neutron.wsgi [req-966fa856-ab82-4d67-bfc8-144cd68f49d3 req-6bc0634b-9da3-4222-9197-bfaecdb42f05 tempest-DeleteServersAdminTestJSON-1229708785 tempest-DeleteServersAdminTestJSON-1229708785-project] 10.222.0.65 "GET /v2.0/security-groups?id=916ba093-86cd-4008-8e1a-b4cb0ae924d0&fields=id&fields=name HTTP/1.1" status: 200 len: 286 time: 0.1377623
Aug 19 11:50:30.826690 n-d-778550-9 neutron-server[101154]: DEBUG neutron_lib.callbacks.manager [None req-61a7bf4c-8597-4653-8faf-5efb29e80637 admin admin] Notify callbacks [] for security_group, before_create {{(pid=101154) _notify_loop /usr/local/lib/python3.8/dist-packages/neutron_lib/callbacks/manager.py:192}}
Aug 19 11:50:30.942562 n-d-778550-9 neutron-server[101154]: DEBUG neutron_lib.callbacks.manager [None req-3f14ddf4-7ecc-44a6-bed8-e3a6085babf7 admin admin] Notify callbacks ['neutron.plugins.ml2.ovo_rpc._ObjectChangeHandler.handle_event-7941361'] for security_group, after_delete {{(pid=101154) _notify_loop /usr/local/lib/python3.8/dist-packages/neutron_lib/callbacks/manager.py:192}}
Aug 19 11:50:30.947989 n-d-778550-9 neutron-server[101153]: INFO neutron.wsgi [req-d24d6386-eac8-4479-a2d0-61f7d38d3bd8 req-293df67f-696f-4e20-b060-309d4421859f service neutron] 10.222.0.69 "GET /v2.0/networks/67959bb1-c7c6-40ae-a110-f898d7f1f7af?fields=segments HTTP/1.1" status: 200 len: 212 time: 0.2237732
Aug 19 11:50:30.953395 n-d-778550-9 neutron-server[101154]: DEBUG neutron_lib.callbacks.manager [None req-3f14ddf4-7ecc-44a6-bed8-e3a6085babf7 admin admin] Notify callbacks [] for security_group, before_response {{(pid=101154) _notify_loop /usr/local/lib/python3.8/dist-packages/neutron_lib/callbacks/manager.py:192}}
Aug 19 11:50:30.964950 n-d-778550-9 neutron-server[101154]: INFO neutron.wsgi [None req-3f14ddf4-7ecc-44a6-bed8-e3a6085babf7 admin admin] 10.222.0.65 "DELETE /v2.0/security-groups/44c62558-02be-4c99-a9ca-f398a1c88d81 HTTP/1.1" status: 204 len: 168 time: 0.5812860
Aug 19 11:50:31.006720 n-d-778550-9 neutron-server[101154]: DEBUG neutron.api.rpc.handlers.resources_rpc [None req-3f14ddf4-7ecc-44a6-bed8-e3a6085babf7 admin admin] Pushing event deleted for resources: {'SecurityGroup': ['ID=44c62558-02be-4c99-a9ca-f398a1c88d81,revision_number=None']} {{(pid=101154) push /opt/stack/neutron/neutron/api/rpc/handlers/resources_rpc.py:237}}
Aug 19 11:50:31.187882 n-d-778550-9 neutron-server[101154]: DEBUG neutron_lib.callbacks.manager [None req-61a7bf4c-8597-4653-8faf-5efb29e80637 admin admin] Notify callbacks [] for security_group, precommit_create {{(pid=101154) _notify_loop /usr/local/lib/python3.8/dist-packages/neutron_lib/callbacks/manager.py:192}}
Aug 19 11:50:31.194402 n-d-778550-9 neutron-server[101154]: DEBUG neutron_lib.callbacks.manager [None req-61a7bf4c-8597-4653-8faf-5efb29e80637 admin admin] Notify callbacks ['neutron.plugins.ml2.ovo_rpc._ObjectChangeHandler.handle_event-7941361'] for security_group, after_create {{(pid=101154) _notify_loop /usr/local/lib/python3.8/dist-packages/neutron_lib/callbacks/manager.py:192}}
Aug 19 11:50:31.195455 n-d-778550-9 neutron-server[101153]: DEBUG neutron_lib.callbacks.manager [None req-b87731c3-a708-451f-9276-d7402a00718f tempest-ServersWithSpecificFlavorTestJSON-17262202 tempest-ServersWithSpecificFlavorTestJSON-17262202-project] Notify callbacks ['neutron.plugins.ml2.plugin.SecurityGroupDbMixin._ensure_default_security_group_handler-1432906'] for port, before_create {{(pid=101153) _notify_loop /usr/local/lib/python3.8/dist-packages/neutron_lib/callbacks/manager.py:192}}
Aug 19 11:50:31.210232 n-d-778550-9 neutron-server[101153]: INFO neutron.wsgi [req-d24d6386-eac8-4479-a2d0-61f7d38d3bd8 req-1d15fab3-7195-4a2f-a035-2950e4405db0 service neutron] 10.222.0.69 "GET /v2.0/networks/67959bb1-c7c6-40ae-a110-f898d7f1f7af?fields=provider%3Aphysical_network&fields=provider%3Anetwork_type HTTP/1.1" status: 200 len: 281 time: 0.2504871
Aug 19 11:50:31.260349 n-d-778550-9 neutron-server[101155]: DEBUG neutron.plugins.ml2.rpc [None req-4949822c-a00a-483f-9d3e-c143dc42d7d0 None None] Device 4777970d-f692-449f-b969-0193dd8b1463 up at agent ovs-agent-n-d-778550-9 {{(pid=101155) update_device_up /opt/stack/neutron/neutron/plugins/ml2/rpc.py:296}}
Aug 19 11:50:31.417382 n-d-778550-9 neutron-server[101155]: DEBUG neutron.db.provisioning_blocks [None req-4949822c-a00a-483f-9d3e-c143dc42d7d0 None None] Provisioning for port 4777970d-f692-449f-b969-0193dd8b1463 completed by entity L2. {{(pid=101155) provisioning_complete /opt/stack/neutron/neutron/db/provisioning_blocks.py:133}}
Aug 19 11:50:31.419929 n-d-778550-9 neutron-server[101154]: INFO neutron.wsgi [None req-61a7bf4c-8597-4653-8faf-5efb29e80637 admin admin] 10.222.0.65 "GET /v2.0/security-groups?tenant_id=7341f23a240942db98b5f73e6644d718&name=default HTTP/1.1" status: 200 len: 2979 time: 0.6655622
Aug 19 11:50:31.425747 n-d-778550-9 neutron-server[101154]: DEBUG neutron.wsgi [-] (101154) accepted ('10.222.0.65', 39396) {{(pid=101154) server /usr/local/lib/python3.8/dist-packages/eventlet/wsgi.py:982}}
Aug 19 11:50:31.426562 n-d-778550-9 neutron-server[101154]: DEBUG neutron.api.rpc.handlers.resources_rpc [None req-61a7bf4c-8597-4653-8faf-5efb29e80637 admin admin] Pushing event updated for resources: {'SecurityGroup': ['ID=7e10ebb2-00bc-4810-89f3-0df8d5bacb08,revision_number=1']} {{(pid=101154) push /opt/stack/neutron/neutron/api/rpc/handlers/resources_rpc.py:237}}
Aug 19 11:50:31.427751 n-d-778550-9 neutron-server[101155]: DEBUG neutron.db.provisioning_blocks [None req-4949822c-a00a-483f-9d3e-c143dc42d7d0 None None] Provisioning complete for port 4777970d-f692-449f-b969-0193dd8b1463 triggered by entity L2. {{(pid=101155) provisioning_complete /opt/stack/neutron/neutron/db/provisioning_blocks.py:139}}
Aug 19 11:50:31.428433 n-d-778550-9 neutron-server[101155]: DEBUG neutron_lib.callbacks.manager [None req-4949822c-a00a-483f-9d3e-c143dc42d7d0 None None] Notify callbacks ['neutron.plugins.ml2.plugin.Ml2Plugin._port_provisioned-1489901'] for port, provisioning_complete {{(pid=101155) _notify_loop /usr/local/lib/python3.8/dist-packages/neutron_lib/callbacks/manager.py:192}}
Aug 19 11:50:31.533493 n-d-778550-9 neutron-server[101153]: DEBUG neutron.db.db_base_plugin_common [None req-b87731c3-a708-451f-9276-d7402a00718f tempest-ServersWithSpecificFlavorTestJSON-17262202 tempest-ServersWithSpecificFlavorTestJSON-17262202-project] Allocated IP 172.25.4.127 (4cb52ebe-f4db-498e-982d-427874c885d6/1edc4dcc-e826-4cf2-9ddb-e2c6b92aad84/fac69f7d-dcd5-45ac-8e23-8cf32677c0ea) {{(pid=101153) _store_ip_allocation /opt/stack/neutron/neutron/db/db_base_plugin_common.py:131}}
Aug 19 11:50:31.598158 n-d-778550-9 neutron-server[101154]: DEBUG neutron.pecan_wsgi.hooks.policy_enforcement [req-8785cb33-2b6d-42a7-aa2e-08d8969e4af9 req-43efb784-cc5a-478f-91f5-70a035f118cc tempest-AggregatesAdminTestJSON-1776377754 tempest-AggregatesAdminTestJSON-1776377754-project] Attributes excluded by policy engine: ['standard_attr_id', 'binding:profile', 'binding:host_id', 'binding:vif_type', 'binding:vif_details'] {{(pid=101154) _exclude_attributes_by_policy /opt/stack/neutron/neutron/pecan_wsgi/hooks/policy_enforcement.py:255}}
Aug 19 11:50:31.614707 n-d-778550-9 neutron-server[101154]: INFO neutron.wsgi [req-8785cb33-2b6d-42a7-aa2e-08d8969e4af9 req-43efb784-cc5a-478f-91f5-70a035f118cc tempest-AggregatesAdminTestJSON-1776377754 tempest-AggregatesAdminTestJSON-1776377754-project] 10.222.0.65 "GET /v2.0/ports?device_id=a72eaf91-0c92-4903-937f-b8219d041061 HTTP/1.1" status: 200 len: 970 time: 0.2954922
Aug 19 11:50:31.617861 n-d-778550-9 neutron-server[101154]: DEBUG neutron_lib.callbacks.manager [None req-4e7f9d0c-58cb-49fd-b012-cac9124011a2 admin admin] Notify callbacks [] for security_group, before_delete {{(pid=101154) _notify_loop /usr/local/lib/python3.8/dist-packages/neutron_lib/callbacks/manager.py:192}}
Aug 19 11:50:31.660978 n-d-778550-9 neutron-server[101155]: DEBUG neutron_lib.callbacks.manager [None req-4949822c-a00a-483f-9d3e-c143dc42d7d0 None None] Notify callbacks ['neutron.plugins.ml2.plugin.SecurityGroupDbMixin._ensure_default_security_group_handler-1432906'] for port, before_update {{(pid=101155) _notify_loop /usr/local/lib/python3.8/dist-packages/neutron_lib/callbacks/manager.py:192}}
Aug 19 11:50:31.685955 n-d-778550-9 neutron-server[101154]: DEBUG neutron_lib.callbacks.manager [None req-4e7f9d0c-58cb-49fd-b012-cac9124011a2 admin admin] Notify callbacks [] for security_group, precommit_delete {{(pid=101154) _notify_loop /usr/local/lib/python3.8/dist-packages/neutron_lib/callbacks/manager.py:192}}
Aug 19 11:50:31.768636 n-d-778550-9 neutron-server[101153]: DEBUG neutron.wsgi [-] (101153) accepted ('10.222.0.65', 39402) {{(pid=101153) server /usr/local/lib/python3.8/dist-packages/eventlet/wsgi.py:982}}
Aug 19 11:50:31.780550 n-d-778550-9 neutron-server[101155]: DEBUG neutron.plugins.ml2.db [None req-4949822c-a00a-483f-9d3e-c143dc42d7d0 None None] For port 4777970d-f692-449f-b969-0193dd8b1463, host n-d-778550-9, got binding levels [PortBindingLevel(driver='openvswitch',host='n-d-778550-9',level=0,port_id=4777970d-f692-449f-b969-0193dd8b1463,segment=NetworkSegment(46b81772-e573-41d1-87c7-c84d7b553cc3),segment_id=46b81772-e573-41d1-87c7-c84d7b553cc3)] {{(pid=101155) get_binding_level_objs /opt/stack/neutron/neutron/plugins/ml2/db.py:74}}
Aug 19 11:50:31.793494 n-d-778550-9 neutron-server[101155]: DEBUG neutron_lib.callbacks.manager [None req-4949822c-a00a-483f-9d3e-c143dc42d7d0 None None] Notify callbacks ['neutron.plugins.ml2.plugin.SecurityGroupServerNotifierRpcMixin._notify_sg_on_port_change-1432843', 'neutron.plugins.ml2.ovo_rpc._ObjectChangeHandler.handle_event-34465', 'neutron.api.rpc.agentnotifiers.dhcp_rpc_agent_api.DhcpAgentNotifyAPI._native_event_send_dhcp_notification-7863088', 'neutron.db.l3_db.L3RpcNotifierMixin._notify_gateway_port_ip_changed-8760571945072', 'neutron.db.l3_dvrscheduler_db._notify_l3_agent_port_update-8760571424853', 'neutron.db.l3_hascheduler_db._notify_l3_agent_ha_port_update-8760571424871'] for port, after_update {{(pid=101155) _notify_loop /usr/local/lib/python3.8/dist-packages/neutron_lib/callbacks/manager.py:192}}
Aug 19 11:50:31.851657 n-d-778550-9 neutron-server[101154]: DEBUG neutron_lib.callbacks.manager [None req-4e7f9d0c-58cb-49fd-b012-cac9124011a2 admin admin] Notify callbacks ['neutron.plugins.ml2.ovo_rpc._ObjectChangeHandler.handle_event-7941361'] for security_group, after_delete {{(pid=101154) _notify_loop /usr/local/lib/python3.8/dist-packages/neutron_lib/callbacks/manager.py:192}}
Aug 19 11:50:31.856450 n-d-778550-9 neutron-server[101154]: DEBUG neutron_lib.callbacks.manager [None req-4e7f9d0c-58cb-49fd-b012-cac9124011a2 admin admin] Notify callbacks [] for security_group, before_response {{(pid=101154) _notify_loop /usr/local/lib/python3.8/dist-packages/neutron_lib/callbacks/manager.py:192}}
Aug 19 11:50:31.857865 n-d-778550-9 neutron-server[101154]: INFO neutron.wsgi [None req-4e7f9d0c-58cb-49fd-b012-cac9124011a2 admin admin] 10.222.0.65 "DELETE /v2.0/security-groups/7e10ebb2-00bc-4810-89f3-0df8d5bacb08 HTTP/1.1" status: 204 len: 168 time: 0.4201300
Aug 19 11:50:31.864244 n-d-778550-9 neutron-server[101153]: DEBUG neutron_lib.callbacks.manager [None req-526ff223-2041-4e3a-955f-163ffbd71a36 admin admin] Notify callbacks [] for security_group, before_create {{(pid=101153) _notify_loop /usr/local/lib/python3.8/dist-packages/neutron_lib/callbacks/manager.py:192}}
Aug 19 11:50:31.891475 n-d-778550-9 neutron-server[101154]: DEBUG neutron.api.rpc.handlers.resources_rpc [None req-4e7f9d0c-58cb-49fd-b012-cac9124011a2 admin admin] Pushing event deleted for resources: {'SecurityGroup': ['ID=7e10ebb2-00bc-4810-89f3-0df8d5bacb08,revision_number=None']} {{(pid=101154) push /opt/stack/neutron/neutron/api/rpc/handlers/resources_rpc.py:237}}
Aug 19 11:50:31.921950 n-d-778550-9 neutron-server[101154]: INFO neutron.wsgi [req-8785cb33-2b6d-42a7-aa2e-08d8969e4af9 req-65e94b08-2335-4759-bd9f-eee2369260d9 tempest-AggregatesAdminTestJSON-1776377754 tempest-AggregatesAdminTestJSON-1776377754-project] 10.222.0.65 "GET /v2.0/security-groups?id=ef82760b-84e4-488d-9281-453f91c5720d&fields=id&fields=name HTTP/1.1" status: 200 len: 286 time: 0.3060052
Aug 19 11:50:31.946873 n-d-778550-9 neutron-server[101153]: DEBUG neutron_lib.callbacks.manager [None req-b87731c3-a708-451f-9276-d7402a00718f tempest-ServersWithSpecificFlavorTestJSON-17262202 tempest-ServersWithSpecificFlavorTestJSON-17262202-project] Notify callbacks [] for port, precommit_create {{(pid=101153) _notify_loop /usr/local/lib/python3.8/dist-packages/neutron_lib/callbacks/manager.py:192}}
Aug 19 11:50:31.975289 n-d-778550-9 neutron-server[101155]: DEBUG neutron.api.rpc.handlers.resources_rpc [None req-4949822c-a00a-483f-9d3e-c143dc42d7d0 None None] Pushing event updated for resources: {'Port': ['ID=4777970d-f692-449f-b969-0193dd8b1463,revision_number=5']} {{(pid=101155) push /opt/stack/neutron/neutron/api/rpc/handlers/resources_rpc.py:237}}
Aug 19 11:50:32.068238 n-d-778550-9 neutron-server[101153]: DEBUG neutron_lib.callbacks.manager [None req-b87731c3-a708-451f-9276-d7402a00718f tempest-ServersWithSpecificFlavorTestJSON-17262202 tempest-ServersWithSpecificFlavorTestJSON-17262202-project] Notify callbacks ['neutron.plugins.ml2.plugin.SecurityGroupServerNotifierRpcMixin._notify_sg_on_port_change-1432843', 'neutron.plugins.ml2.ovo_rpc._ObjectChangeHandler.handle_event-34465', 'neutron.api.rpc.agentnotifiers.dhcp_rpc_agent_api.DhcpAgentNotifyAPI._native_event_send_dhcp_notification-7863088', 'neutron.db.l3_dvrscheduler_db._notify_l3_agent_new_port-8760571424835'] for port, after_create {{(pid=101153) _notify_loop /usr/local/lib/python3.8/dist-packages/neutron_lib/callbacks/manager.py:192}}
Aug 19 11:50:32.109719 n-d-778550-9 neutron-server[101154]: DEBUG neutron.pecan_wsgi.hooks.policy_enforcement [req-0b5eac46-31fd-4a9d-b2a0-d7aafba40cd8 req-f85a2b64-6ba3-42f9-81b6-80eaeef24e54 tempest-DeleteServersAdminTestJSON-1229708785 tempest-DeleteServersAdminTestJSON-1229708785-project] Attributes excluded by policy engine: ['standard_attr_id', 'binding:profile', 'binding:host_id', 'binding:vif_type', 'binding:vif_details'] {{(pid=101154) _exclude_attributes_by_policy /opt/stack/neutron/neutron/pecan_wsgi/hooks/policy_enforcement.py:255}}
Aug 19 11:50:32.119407 n-d-778550-9 neutron-server[101154]: INFO neutron.wsgi [req-0b5eac46-31fd-4a9d-b2a0-d7aafba40cd8 req-f85a2b64-6ba3-42f9-81b6-80eaeef24e54 tempest-DeleteServersAdminTestJSON-1229708785 tempest-DeleteServersAdminTestJSON-1229708785-project] 10.222.0.65 "GET /v2.0/ports?device_id=fe1abb67-e8d7-4d32-91c4-9d919d2c7619 HTTP/1.1" status: 200 len: 946 time: 0.0821826
Aug 19 11:50:32.186665 n-d-778550-9 neutron-server[101153]: DEBUG neutron.scheduler.dhcp_agent_scheduler [None req-b87731c3-a708-451f-9276-d7402a00718f tempest-ServersWithSpecificFlavorTestJSON-17262202 tempest-ServersWithSpecificFlavorTestJSON-17262202-project] Network 4cb52ebe-f4db-498e-982d-427874c885d6 is already hosted by enough agents. {{(pid=101153) _get_dhcp_agents_hosting_network /opt/stack/neutron/neutron/scheduler/dhcp_agent_scheduler.py:275}}
Aug 19 11:50:32.197027 n-d-778550-9 neutron-server[101153]: DEBUG neutron.scheduler.base_scheduler [None req-b87731c3-a708-451f-9276-d7402a00718f tempest-ServersWithSpecificFlavorTestJSON-17262202 tempest-ServersWithSpecificFlavorTestJSON-17262202-project] Resources bound (agent type, host, resource id): {{(pid=101153) schedule /opt/stack/neutron/neutron/scheduler/base_scheduler.py:57}}
Aug 19 11:50:32.201411 n-d-778550-9 neutron-server[101153]: DEBUG neutron.db.l3_dvrscheduler_db [None req-b87731c3-a708-451f-9276-d7402a00718f tempest-ServersWithSpecificFlavorTestJSON-17262202 tempest-ServersWithSpecificFlavorTestJSON-17262202-project] Received port after_create {{(pid=101153) _notify_l3_agent_new_port /opt/stack/neutron/neutron/db/l3_dvrscheduler_db.py:535}}
Aug 19 11:50:32.208160 n-d-778550-9 neutron-server[101153]: DEBUG neutron.api.rpc.handlers.resources_rpc [None req-b87731c3-a708-451f-9276-d7402a00718f tempest-ServersWithSpecificFlavorTestJSON-17262202 tempest-ServersWithSpecificFlavorTestJSON-17262202-project] Pushing event updated for resources: {'Port': ['ID=fac69f7d-dcd5-45ac-8e23-8cf32677c0ea,revision_number=1']} {{(pid=101153) push /opt/stack/neutron/neutron/api/rpc/handlers/resources_rpc.py:237}}
Aug 19 11:50:32.212884 n-d-778550-9 neutron-server[101154]: INFO neutron.wsgi [req-0b5eac46-31fd-4a9d-b2a0-d7aafba40cd8 req-3a2c636f-9a4c-4355-bfda-6d8e9b4369e9 tempest-DeleteServersAdminTestJSON-1229708785 tempest-DeleteServersAdminTestJSON-1229708785-project] 10.222.0.65 "GET /v2.0/security-groups?id=916ba093-86cd-4008-8e1a-b4cb0ae924d0&fields=id&fields=name HTTP/1.1" status: 200 len: 286 time: 0.0908153
Aug 19 11:50:32.361051 n-d-778550-9 neutron-server[101153]: DEBUG neutron_lib.callbacks.manager [None req-b87731c3-a708-451f-9276-d7402a00718f tempest-ServersWithSpecificFlavorTestJSON-17262202 tempest-ServersWithSpecificFlavorTestJSON-17262202-project] Notify callbacks [] for floatingip, precommit_create {{(pid=101153) _notify_loop /usr/local/lib/python3.8/dist-packages/neutron_lib/callbacks/manager.py:192}}
Aug 19 11:50:32.470403 n-d-778550-9 neutron-server[101153]: DEBUG neutron_lib.callbacks.manager [None req-b87731c3-a708-451f-9276-d7402a00718f tempest-ServersWithSpecificFlavorTestJSON-17262202 tempest-ServersWithSpecificFlavorTestJSON-17262202-project] Notify callbacks ['neutron.plugins.ml2.plugin.SecurityGroupDbMixin._ensure_default_security_group_handler-1432906'] for port, before_update {{(pid=101153) _notify_loop /usr/local/lib/python3.8/dist-packages/neutron_lib/callbacks/manager.py:192}}
Aug 19 11:50:32.484365 n-d-778550-9 neutron-server[101153]: DEBUG neutron_lib.callbacks.manager [None req-526ff223-2041-4e3a-955f-163ffbd71a36 admin admin] Notify callbacks [] for security_group, precommit_create {{(pid=101153) _notify_loop /usr/local/lib/python3.8/dist-packages/neutron_lib/callbacks/manager.py:192}}
Aug 19 11:50:32.724239 n-d-778550-9 neutron-server[101153]: DEBUG neutron_lib.callbacks.manager [None req-526ff223-2041-4e3a-955f-163ffbd71a36 admin admin] Notify callbacks ['neutron.plugins.ml2.ovo_rpc._ObjectChangeHandler.handle_event-7941361'] for security_group, after_create {{(pid=101153) _notify_loop /usr/local/lib/python3.8/dist-packages/neutron_lib/callbacks/manager.py:192}}
Aug 19 11:50:32.797124 n-d-778550-9 neutron-server[101153]: INFO neutron.wsgi [None req-526ff223-2041-4e3a-955f-163ffbd71a36 admin admin] 10.222.0.65 "GET /v2.0/security-groups?tenant_id=cea245429be142d68a15c4048cd050eb&name=default HTTP/1.1" status: 200 len: 2979 time: 1.0241311
Aug 19 11:50:32.800043 n-d-778550-9 neutron-server[101154]: DEBUG neutron.wsgi [-] (101154) accepted ('10.222.0.65', 39424) {{(pid=101154) server /usr/local/lib/python3.8/dist-packages/eventlet/wsgi.py:982}}
