Aug 06 15:26:43.732796 n-d-778550-6 neutron-server[94841]: DEBUG neutron_lib.callbacks.manager [None req-f75a0f12-cdea-4419-b175-975e36384e7f admin admin] Notify callbacks ['neutron.plugins.ml2.plugin.Ml2Plugin._handle_segment_change-7736950'] for segment, precommit_create {{(pid=94841) _notify_loop /usr/local/lib/python3.8/dist-packages/neutron_lib/callbacks/manager.py:192}}
Aug 06 15:26:43.733184 n-d-778550-6 neutron-server[94841]: INFO neutron.db.segments_db [None req-f75a0f12-cdea-4419-b175-975e36384e7f admin admin] Added segment cb96abe6-6d90-45bf-9b4d-cfc9d708e973 of type vlan for network 67f5e905-d693-4561-909d-bbf1078bcb6c
Aug 06 15:26:43.778775 n-d-778550-6 neutron-server[94841]: DEBUG neutron_lib.callbacks.manager [None req-f75a0f12-cdea-4419-b175-975e36384e7f admin admin] Notify callbacks ['neutron.services.auto_allocate.db._ensure_external_network_default_value_callback-8780275747148'] for network, precommit_create {{(pid=94841) _notify_loop /usr/local/lib/python3.8/dist-packages/neutron_lib/callbacks/manager.py:192}}
Aug 06 15:26:43.799009 n-d-778550-6 neutron-server[94840]: INFO neutron.wsgi [req-6d2b9ae7-6398-4840-84a3-5fae1b3baf25 req-ce731b26-4b0a-4717-b4bf-91615f99b8ae tempest-ServersWithSpecificFlavorTestJSON-2144091671 tempest-ServersWithSpecificFlavorTestJSON-2144091671-project] 10.222.0.64 "POST /v2.0/ports HTTP/1.1" status: 201 len: 933 time: 1.8062146
Aug 06 15:26:43.847267 n-d-778550-6 neutron-server[94842]: DEBUG neutron.db.provisioning_blocks [None req-a3ba28e7-55ab-414c-9615-09c1cdf65117 None None] Provisioning for port c6b9f534-8f07-4af3-b896-4b9246fc7bef completed by entity DHCP. {{(pid=94842) provisioning_complete /opt/stack/neutron/neutron/db/provisioning_blocks.py:133}}
Aug 06 15:26:43.853139 n-d-778550-6 neutron-server[94842]: DEBUG neutron.db.provisioning_blocks [None req-a3ba28e7-55ab-414c-9615-09c1cdf65117 None None] Provisioning complete for port c6b9f534-8f07-4af3-b896-4b9246fc7bef triggered by entity DHCP. {{(pid=94842) provisioning_complete /opt/stack/neutron/neutron/db/provisioning_blocks.py:139}}
Aug 06 15:26:43.853542 n-d-778550-6 neutron-server[94842]: DEBUG neutron_lib.callbacks.manager [None req-a3ba28e7-55ab-414c-9615-09c1cdf65117 None None] Notify callbacks ['neutron.plugins.ml2.plugin.Ml2Plugin._port_provisioned-7698615'] for port, provisioning_complete {{(pid=94842) _notify_loop /usr/local/lib/python3.8/dist-packages/neutron_lib/callbacks/manager.py:192}}
Aug 06 15:26:43.870457 n-d-778550-6 neutron-server[94841]: DEBUG neutron_lib.callbacks.manager [None req-f75a0f12-cdea-4419-b175-975e36384e7f admin admin] Notify callbacks ['neutron.plugins.ml2.ovo_rpc._ObjectChangeHandler.handle_event-503713', 'neutron.api.rpc.agentnotifiers.dhcp_rpc_agent_api.DhcpAgentNotifyAPI._native_event_send_dhcp_notification-518629'] for network, after_create {{(pid=94841) _notify_loop /usr/local/lib/python3.8/dist-packages/neutron_lib/callbacks/manager.py:192}}
Aug 06 15:26:43.872136 n-d-778550-6 neutron-server[94841]: DEBUG neutron.pecan_wsgi.hooks.policy_enforcement [None req-f75a0f12-cdea-4419-b175-975e36384e7f admin admin] Attributes excluded by policy engine: ['standard_attr_id', 'vlan_transparent'] {{(pid=94841) _exclude_attributes_by_policy /opt/stack/neutron/neutron/pecan_wsgi/hooks/policy_enforcement.py:255}}
Aug 06 15:26:43.872933 n-d-778550-6 neutron-server[94841]: DEBUG neutron_lib.callbacks.manager [None req-f75a0f12-cdea-4419-b175-975e36384e7f admin admin] Notify callbacks ['neutron.api.rpc.agentnotifiers.dhcp_rpc_agent_api.DhcpAgentNotifyAPI._send_dhcp_notification-518651'] for network, before_response {{(pid=94841) _notify_loop /usr/local/lib/python3.8/dist-packages/neutron_lib/callbacks/manager.py:192}}
Aug 06 15:26:43.892122 n-d-778550-6 neutron-server[94842]: DEBUG neutron.plugins.ml2.plugin [None req-a3ba28e7-55ab-414c-9615-09c1cdf65117 None None] Port c6b9f534-8f07-4af3-b896-4b9246fc7bef cannot update to ACTIVE because it is not bound. {{(pid=94842) _port_provisioned /opt/stack/neutron/neutron/plugins/ml2/plugin.py:337}}
Aug 06 15:26:43.960902 n-d-778550-6 neutron-server[94841]: DEBUG neutron.api.rpc.handlers.resources_rpc [None req-f75a0f12-cdea-4419-b175-975e36384e7f admin admin] Pushing event updated for resources: {'Network': ['ID=67f5e905-d693-4561-909d-bbf1078bcb6c,revision_number=1']} {{(pid=94841) push /opt/stack/neutron/neutron/api/rpc/handlers/resources_rpc.py:237}}
Aug 06 15:26:43.969445 n-d-778550-6 neutron-server[94840]: DEBUG neutron_lib.callbacks.manager [req-9a600ae1-ae7f-4856-adf2-614e853ae484 req-9dbb7dae-06df-427c-8f30-06c23657a9cd service neutron] Notify callbacks [] for security_group, precommit_create {{(pid=94840) _notify_loop /usr/local/lib/python3.8/dist-packages/neutron_lib/callbacks/manager.py:192}}
Aug 06 15:26:43.971040 n-d-778550-6 neutron-server[94842]: DEBUG neutron.plugins.ml2.rpc [None req-390cdde7-08a3-47d3-bab8-ee2fc621bc8a None None] Network 67f5e905-d693-4561-909d-bbf1078bcb6c details requested by agent ovs-agent-n-d-778550-6 with host n-d-778550-6 {{(pid=94842) get_network_details /opt/stack/neutron/neutron/plugins/ml2/rpc.py:248}}
Aug 06 15:26:44.070103 n-d-778550-6 neutron-server[94840]: DEBUG neutron_lib.callbacks.manager [req-9a600ae1-ae7f-4856-adf2-614e853ae484 req-9dbb7dae-06df-427c-8f30-06c23657a9cd service neutron] Notify callbacks ['neutron.plugins.ml2.ovo_rpc._ObjectChangeHandler.handle_event-503752'] for security_group, after_create {{(pid=94840) _notify_loop /usr/local/lib/python3.8/dist-packages/neutron_lib/callbacks/manager.py:192}}
Aug 06 15:26:44.101502 n-d-778550-6 neutron-server[94840]: INFO neutron.wsgi [req-9a600ae1-ae7f-4856-adf2-614e853ae484 req-9dbb7dae-06df-427c-8f30-06c23657a9cd service neutron] 10.222.0.59 "GET /v2.0/security-groups?id=70e80bf5-e185-45b4-bf06-ff45c2dfeb56&fields=id&fields=name HTTP/1.1" status: 200 len: 286 time: 0.6500812
Aug 06 15:26:44.110793 n-d-778550-6 neutron-server[94840]: DEBUG neutron.api.rpc.handlers.resources_rpc [None req-9dbb7dae-06df-427c-8f30-06c23657a9cd service neutron] Pushing event updated for resources: {'SecurityGroup': ['ID=28230bae-106e-4fec-8627-d76cef9acfe7,revision_number=1']} {{(pid=94840) push /opt/stack/neutron/neutron/api/rpc/handlers/resources_rpc.py:237}}
Aug 06 15:26:44.196548 n-d-778550-6 neutron-server[94841]: INFO neutron.wsgi [None req-f75a0f12-cdea-4419-b175-975e36384e7f admin admin] 10.222.0.16 "POST /v2.0/networks HTTP/1.1" status: 201 len: 893 time: 1.1781418
Aug 06 15:26:44.199303 n-d-778550-6 neutron-server[94841]: DEBUG neutron.wsgi [-] (94841) accepted ('10.222.0.16', 57086) {{(pid=94841) server /usr/local/lib/python3.8/dist-packages/eventlet/wsgi.py:982}}
Aug 06 15:26:44.204074 n-d-778550-6 neutron-server[94841]: DEBUG neutron.api.v2.base [None req-52d4cb54-1674-41e3-99aa-455378a16034 admin admin] Request body: {'subnet': {'network_id': '67f5e905-d693-4561-909d-bbf1078bcb6c', 'cidr': '172.20.0.0/28', 'name': 'tempest-LiveAutoBlockMigrationV225Test-260586640-subnet', 'tenant_id': 'a1e25adaab0446c5a6e3e53647feffe7', 'enable_dhcp': False, 'ip_version': 4}} {{(pid=94841) prepare_request_body /opt/stack/neutron/neutron/api/v2/base.py:729}}
Aug 06 15:26:44.287139 n-d-778550-6 neutron-server[94841]: DEBUG neutron.pecan_wsgi.hooks.quota_enforcement [None req-52d4cb54-1674-41e3-99aa-455378a16034 admin admin] Made reservation on behalf of a1e25adaab0446c5a6e3e53647feffe7 for: {'subnet': 1} {{(pid=94841) before /opt/stack/neutron/neutron/pecan_wsgi/hooks/quota_enforcement.py:53}}
Aug 06 15:26:44.289786 n-d-778550-6 neutron-server[94841]: DEBUG neutron_lib.callbacks.manager [None req-52d4cb54-1674-41e3-99aa-455378a16034 admin admin] Notify callbacks ['neutron.services.segments.plugin.SegmentHostRoutes.host_routes_before_create-3742022'] for subnet, before_create {{(pid=94841) _notify_loop /usr/local/lib/python3.8/dist-packages/neutron_lib/callbacks/manager.py:192}}
Aug 06 15:26:44.327441 n-d-778550-6 neutron-server[94840]: DEBUG neutron.wsgi [-] (94840) accepted ('10.222.0.16', 57090) {{(pid=94840) server /usr/local/lib/python3.8/dist-packages/eventlet/wsgi.py:982}}
Aug 06 15:26:44.386895 n-d-778550-6 neutron-server[94840]: INFO neutron.wsgi [None req-a6082214-2b23-4eae-b467-a063f837cd0f admin admin] 10.222.0.16 "GET /v2.0/security-groups?tenant_id=7389b1fec3f145949fc5f6b13885e908&name=default HTTP/1.1" status: 200 len: 2979 time: 0.0569146
Aug 06 15:26:44.389574 n-d-778550-6 neutron-server[94840]: DEBUG neutron.wsgi [-] (94840) accepted ('10.222.0.16', 57092) {{(pid=94840) server /usr/local/lib/python3.8/dist-packages/eventlet/wsgi.py:982}}
Aug 06 15:26:44.425856 n-d-778550-6 neutron-server[94841]: DEBUG neutron.pecan_wsgi.hooks.policy_enforcement [req-255d9fea-7b28-4958-8490-88639580fba0 req-2480d216-db52-4d9c-9b2c-098ba83e60ba tempest-ServersWithSpecificFlavorTestJSON-2144091671 tempest-ServersWithSpecificFlavorTestJSON-2144091671-project] Attributes excluded by policy engine: ['standard_attr_id', 'binding:profile', 'binding:host_id', 'binding:vif_type', 'binding:vif_details'] {{(pid=94841) _exclude_attributes_by_policy /opt/stack/neutron/neutron/pecan_wsgi/hooks/policy_enforcement.py:255}}
Aug 06 15:26:44.428146 n-d-778550-6 neutron-server[94841]: INFO neutron.wsgi [req-255d9fea-7b28-4958-8490-88639580fba0 req-2480d216-db52-4d9c-9b2c-098ba83e60ba tempest-ServersWithSpecificFlavorTestJSON-2144091671 tempest-ServersWithSpecificFlavorTestJSON-2144091671-project] 10.222.0.16 "GET /v2.0/ports?device_id=70f799db-4d84-4c28-971c-a8c25befc858 HTTP/1.1" status: 200 len: 931 time: 0.0883524
Aug 06 15:26:44.476789 n-d-778550-6 neutron-server[94840]: DEBUG neutron_lib.callbacks.manager [None req-dafebad1-0b1f-4256-945e-ced45d174ff9 admin admin] Notify callbacks [] for security_group, before_delete {{(pid=94840) _notify_loop /usr/local/lib/python3.8/dist-packages/neutron_lib/callbacks/manager.py:192}}
Aug 06 15:26:44.502649 n-d-778550-6 neutron-server[94840]: DEBUG neutron_lib.callbacks.manager [None req-dafebad1-0b1f-4256-945e-ced45d174ff9 admin admin] Notify callbacks [] for security_group, precommit_delete {{(pid=94840) _notify_loop /usr/local/lib/python3.8/dist-packages/neutron_lib/callbacks/manager.py:192}}
Aug 06 15:26:44.516472 n-d-778550-6 neutron-server[94841]: DEBUG neutron.wsgi [-] (94841) accepted ('10.222.0.16', 57098) {{(pid=94841) server /usr/local/lib/python3.8/dist-packages/eventlet/wsgi.py:982}}
Aug 06 15:26:44.580583 n-d-778550-6 neutron-server[94841]: INFO neutron.wsgi [req-255d9fea-7b28-4958-8490-88639580fba0 req-1efdc968-fd4d-4b2f-8295-a793f6dec2e7 tempest-ServersWithSpecificFlavorTestJSON-2144091671 tempest-ServersWithSpecificFlavorTestJSON-2144091671-project] 10.222.0.16 "GET /v2.0/security-groups?id=d656a1ad-3ff3-47b3-85b0-c8732ed28e98&fields=id&fields=name HTTP/1.1" status: 200 len: 313 time: 0.1447973
Aug 06 15:26:44.583395 n-d-778550-6 neutron-server[94841]: DEBUG neutron_lib.callbacks.manager [None req-4e53850b-5a1a-453e-b7ca-ac6e74f4c619 admin admin] Notify callbacks [] for security_group, before_create {{(pid=94841) _notify_loop /usr/local/lib/python3.8/dist-packages/neutron_lib/callbacks/manager.py:192}}
Aug 06 15:26:44.628092 n-d-778550-6 neutron-server[94840]: DEBUG neutron_lib.callbacks.manager [None req-dafebad1-0b1f-4256-945e-ced45d174ff9 admin admin] Notify callbacks ['neutron.plugins.ml2.ovo_rpc._ObjectChangeHandler.handle_event-503752'] for security_group, after_delete {{(pid=94840) _notify_loop /usr/local/lib/python3.8/dist-packages/neutron_lib/callbacks/manager.py:192}}
Aug 06 15:26:44.631986 n-d-778550-6 neutron-server[94840]: DEBUG neutron_lib.callbacks.manager [None req-dafebad1-0b1f-4256-945e-ced45d174ff9 admin admin] Notify callbacks [] for security_group, before_response {{(pid=94840) _notify_loop /usr/local/lib/python3.8/dist-packages/neutron_lib/callbacks/manager.py:192}}
Aug 06 15:26:44.634066 n-d-778550-6 neutron-server[94840]: INFO neutron.wsgi [None req-dafebad1-0b1f-4256-945e-ced45d174ff9 admin admin] 10.222.0.16 "DELETE /v2.0/security-groups/50d53cd7-1939-4583-901c-23f16f136a74 HTTP/1.1" status: 204 len: 168 time: 0.2416556
Aug 06 15:26:44.641346 n-d-778550-6 neutron-server[94840]: DEBUG neutron.api.rpc.handlers.resources_rpc [None req-dafebad1-0b1f-4256-945e-ced45d174ff9 admin admin] Pushing event deleted for resources: {'SecurityGroup': ['ID=50d53cd7-1939-4583-901c-23f16f136a74,revision_number=None']} {{(pid=94840) push /opt/stack/neutron/neutron/api/rpc/handlers/resources_rpc.py:237}}
Aug 06 15:26:44.667378 n-d-778550-6 neutron-server[94841]: DEBUG neutron.pecan_wsgi.hooks.policy_enforcement [req-aefa9107-3260-4762-9daa-ec33c368608c req-f2dee5e0-4c0d-4e37-9163-c93ca62f58ca tempest-AggregatesAdminTestJSON-678528302 tempest-AggregatesAdminTestJSON-678528302-project] Attributes excluded by policy engine: ['standard_attr_id', 'binding:profile', 'binding:host_id', 'binding:vif_type', 'binding:vif_details'] {{(pid=94841) _exclude_attributes_by_policy /opt/stack/neutron/neutron/pecan_wsgi/hooks/policy_enforcement.py:255}}
Aug 06 15:26:44.667378 n-d-778550-6 neutron-server[94841]: INFO neutron.wsgi [req-aefa9107-3260-4762-9daa-ec33c368608c req-f2dee5e0-4c0d-4e37-9163-c93ca62f58ca tempest-AggregatesAdminTestJSON-678528302 tempest-AggregatesAdminTestJSON-678528302-project] 10.222.0.16 "GET /v2.0/ports?device_id=44b80bf6-aaca-4d4e-9c62-110d0624f3a5 HTTP/1.1" status: 200 len: 972 time: 0.1735399
Aug 06 15:26:44.852601 n-d-778550-6 neutron-server[94841]: DEBUG neutron_lib.callbacks.manager [None req-52d4cb54-1674-41e3-99aa-455378a16034 admin admin] Notify callbacks ['neutron.plugins.ml2.ovo_rpc._ObjectChangeHandler.handle_event-492023', 'neutron.api.rpc.agentnotifiers.dhcp_rpc_agent_api.DhcpAgentNotifyAPI._native_event_send_dhcp_notification-518629', 'neutron.services.segments.plugin.NovaSegmentNotifier._notify_subnet_created-2416542', 'neutron.services.segments.plugin.SegmentHostRoutes.host_routes_after_create-3742068'] for subnet, after_create {{(pid=94841) _notify_loop /usr/local/lib/python3.8/dist-packages/neutron_lib/callbacks/manager.py:192}}
Aug 06 15:26:44.919050 n-d-778550-6 neutron-server[94841]: INFO neutron.wsgi [req-aefa9107-3260-4762-9daa-ec33c368608c req-cb6e3220-de58-4414-85a3-8e894d9d21c7 tempest-AggregatesAdminTestJSON-678528302 tempest-AggregatesAdminTestJSON-678528302-project] 10.222.0.16 "GET /v2.0/security-groups?id=70e80bf5-e185-45b4-bf06-ff45c2dfeb56&fields=id&fields=name HTTP/1.1" status: 200 len: 286 time: 0.2402444
Aug 06 15:26:44.936015 n-d-778550-6 neutron-server[94841]: DEBUG neutron.api.rpc.handlers.resources_rpc [None req-52d4cb54-1674-41e3-99aa-455378a16034 admin admin] Pushing event updated for resources: {'Subnet': ['ID=f3e99092-f970-41dd-bf80-dde0e19733e2,revision_number=0']} {{(pid=94841) push /opt/stack/neutron/neutron/api/rpc/handlers/resources_rpc.py:237}}
Aug 06 15:26:44.943104 n-d-778550-6 neutron-server[94841]: DEBUG neutron.plugins.ml2.drivers.mech_agent [None req-52d4cb54-1674-41e3-99aa-455378a16034 admin admin] Checking segment: {'id': 'cb96abe6-6d90-45bf-9b4d-cfc9d708e973', 'network_type': 'vlan', 'physical_network': 'physnet1', 'segmentation_id': 611, 'network_id': '67f5e905-d693-4561-909d-bbf1078bcb6c'} for mappings: {'physnet1': 'br-data'} with network types: ['local', 'flat', 'vlan'] {{(pid=94841) check_segment_for_agent /opt/stack/neutron/neutron/plugins/ml2/drivers/mech_agent.py:352}}
Aug 06 15:26:44.943516 n-d-778550-6 neutron-server[94841]: DEBUG neutron.scheduler.dhcp_agent_scheduler [None req-52d4cb54-1674-41e3-99aa-455378a16034 admin admin] Network hostable DHCP agents. Network: 67f5e905-d693-4561-909d-bbf1078bcb6c, hostable agents: ['88451725-cd4f-4db6-ac22-d4c64558552d'], hosted agents: [] {{(pid=94841) _get_network_hostable_dhcp_agents /opt/stack/neutron/neutron/scheduler/dhcp_agent_scheduler.py:329}}
Aug 06 15:26:45.075949 n-d-778550-6 neutron-server[94841]: DEBUG neutron.scheduler.dhcp_agent_scheduler [None req-52d4cb54-1674-41e3-99aa-455378a16034 admin admin] Network 67f5e905-d693-4561-909d-bbf1078bcb6c is scheduled to be hosted by DHCP agent 88451725-cd4f-4db6-ac22-d4c64558552d with binding_index 1 {{(pid=94841) bind /opt/stack/neutron/neutron/scheduler/dhcp_agent_scheduler.py:227}}
Aug 06 15:26:45.121249 n-d-778550-6 neutron-server[94841]: DEBUG neutron_lib.callbacks.manager [None req-4e53850b-5a1a-453e-b7ca-ac6e74f4c619 admin admin] Notify callbacks [] for security_group, precommit_create {{(pid=94841) _notify_loop /usr/local/lib/python3.8/dist-packages/neutron_lib/callbacks/manager.py:192}}
Aug 06 15:26:45.195859 n-d-778550-6 neutron-server[94841]: DEBUG neutron.scheduler.base_scheduler [None req-52d4cb54-1674-41e3-99aa-455378a16034 admin admin] Resources bound (agent type, host, resource id): (DHCP agent, n-d-778550-6, 67f5e905-d693-4561-909d-bbf1078bcb6c) {{(pid=94841) schedule /opt/stack/neutron/neutron/scheduler/base_scheduler.py:57}}
Aug 06 15:26:45.200408 n-d-778550-6 neutron-server[94841]: DEBUG neutron.pecan_wsgi.hooks.policy_enforcement [None req-52d4cb54-1674-41e3-99aa-455378a16034 admin admin] Attributes excluded by policy engine: ['standard_attr_id', 'shared', 'segment_id', 'network'] {{(pid=94841) _exclude_attributes_by_policy /opt/stack/neutron/neutron/pecan_wsgi/hooks/policy_enforcement.py:255}}
Aug 06 15:26:45.201023 n-d-778550-6 neutron-server[94841]: DEBUG neutron_lib.callbacks.manager [None req-52d4cb54-1674-41e3-99aa-455378a16034 admin admin] Notify callbacks ['neutron.api.rpc.agentnotifiers.dhcp_rpc_agent_api.DhcpAgentNotifyAPI._send_dhcp_notification-518651'] for subnet, before_response {{(pid=94841) _notify_loop /usr/local/lib/python3.8/dist-packages/neutron_lib/callbacks/manager.py:192}}
Aug 06 15:26:45.208810 n-d-778550-6 neutron-server[94842]: DEBUG neutron.api.rpc.handlers.dhcp_rpc [None req-fcbd2981-2b64-4e71-90fb-02d1901dfaec None None] Network 67f5e905-d693-4561-909d-bbf1078bcb6c requested from n-d-778550-6 {{(pid=94842) get_network_info /opt/stack/neutron/neutron/api/rpc/handlers/dhcp_rpc.py:218}}
Aug 06 15:26:45.239655 n-d-778550-6 neutron-server[94841]: DEBUG neutron_lib.callbacks.manager [None req-4e53850b-5a1a-453e-b7ca-ac6e74f4c619 admin admin] Notify callbacks ['neutron.plugins.ml2.ovo_rpc._ObjectChangeHandler.handle_event-503752'] for security_group, after_create {{(pid=94841) _notify_loop /usr/local/lib/python3.8/dist-packages/neutron_lib/callbacks/manager.py:192}}
Aug 06 15:26:45.278448 n-d-778550-6 neutron-server[94841]: DEBUG neutron.api.rpc.handlers.resources_rpc [None req-4e53850b-5a1a-453e-b7ca-ac6e74f4c619 admin admin] Pushing event updated for resources: {'SecurityGroup': ['ID=b4de4426-5da9-4a23-b4d3-38230dd5bed3,revision_number=1']} {{(pid=94841) push /opt/stack/neutron/neutron/api/rpc/handlers/resources_rpc.py:237}}
Aug 06 15:26:45.286146 n-d-778550-6 neutron-server[94841]: INFO neutron.wsgi [None req-4e53850b-5a1a-453e-b7ca-ac6e74f4c619 admin admin] 10.222.0.16 "GET /v2.0/security-groups?tenant_id=b69061033f5249f6b80698532ff46509&name=default HTTP/1.1" status: 200 len: 2979 time: 0.7448947
Aug 06 15:26:45.286507 n-d-778550-6 neutron-server[94841]: DEBUG neutron.wsgi [-] (94841) accepted ('10.222.0.16', 57124) {{(pid=94841) server /usr/local/lib/python3.8/dist-packages/eventlet/wsgi.py:982}}
Aug 06 15:26:45.321863 n-d-778550-6 neutron-server[94841]: INFO neutron.wsgi [req-9d4b6a12-dee1-42c6-ad77-5f3178e723b6 req-b206d621-7a1a-4e63-9088-ce8688503a1f tempest-ServersAdminNegativeTestJSON-1557820757 tempest-ServersAdminNegativeTestJSON-1557820757-project] 10.222.0.16 "GET /v2.0/networks?tenant_id=079ff52180134ebf897e8f290ce2d1bb&shared=False HTTP/1.1" status: 200 len: 213 time: 0.0370164
Aug 06 15:26:45.353834 n-d-778550-6 neutron-server[94841]: INFO neutron.wsgi [None req-52d4cb54-1674-41e3-99aa-455378a16034 admin admin] 10.222.0.16 "POST /v2.0/subnets HTTP/1.1" status: 201 len: 857 time: 1.1528716
Aug 06 15:26:45.354608 n-d-778550-6 neutron-server[94842]: DEBUG neutron.api.rpc.handlers.dhcp_rpc [None req-082ff715-699f-46d3-aa45-3ae9c3ba5cb4 None None] Network 67f5e905-d693-4561-909d-bbf1078bcb6c requested from n-d-778550-6 {{(pid=94842) get_network_info /opt/stack/neutron/neutron/api/rpc/handlers/dhcp_rpc.py:218}}
Aug 06 15:26:45.449242 n-d-778550-6 neutron-server[94841]: DEBUG neutron_lib.callbacks.manager [None req-3f56fe18-6e90-43a7-8d2c-81fc36e2b304 admin admin] Notify callbacks [] for security_group, before_delete {{(pid=94841) _notify_loop /usr/local/lib/python3.8/dist-packages/neutron_lib/callbacks/manager.py:192}}
Aug 06 15:26:45.490881 n-d-778550-6 neutron-server[94841]: DEBUG neutron_lib.callbacks.manager [None req-3f56fe18-6e90-43a7-8d2c-81fc36e2b304 admin admin] Notify callbacks [] for security_group, precommit_delete {{(pid=94841) _notify_loop /usr/local/lib/python3.8/dist-packages/neutron_lib/callbacks/manager.py:192}}
Aug 06 15:26:45.512105 n-d-778550-6 neutron-server[94841]: DEBUG neutron.pecan_wsgi.hooks.policy_enforcement [req-9d4b6a12-dee1-42c6-ad77-5f3178e723b6 req-0067e348-7ecc-444e-a00b-6d8c673f8d31 tempest-ServersAdminNegativeTestJSON-1557820757 tempest-ServersAdminNegativeTestJSON-1557820757-project] Attributes excluded by policy engine: ['standard_attr_id', 'vlan_transparent', 'provider:network_type', 'provider:physical_network', 'provider:segmentation_id'] {{(pid=94841) _exclude_attributes_by_policy /opt/stack/neutron/neutron/pecan_wsgi/hooks/policy_enforcement.py:255}}
Aug 06 15:26:45.513853 n-d-778550-6 neutron-server[94841]: INFO neutron.wsgi [req-9d4b6a12-dee1-42c6-ad77-5f3178e723b6 req-0067e348-7ecc-444e-a00b-6d8c673f8d31 tempest-ServersAdminNegativeTestJSON-1557820757 tempest-ServersAdminNegativeTestJSON-1557820757-project] 10.222.0.16 "GET /v2.0/networks?shared=True HTTP/1.1" status: 200 len: 769 time: 0.1808419
Aug 06 15:26:45.564187 n-d-778550-6 neutron-server[94841]: INFO neutron.wsgi [req-9d4b6a12-dee1-42c6-ad77-5f3178e723b6 req-3799280c-6aa7-477b-a7eb-58e4a71054ca tempest-ServersAdminNegativeTestJSON-1557820757 tempest-ServersAdminNegativeTestJSON-1557820757-project] 10.222.0.16 "GET /v2.0/quotas/079ff52180134ebf897e8f290ce2d1bb HTTP/1.1" status: 200 len: 375 time: 0.0300171
Aug 06 15:26:45.574320 n-d-778550-6 neutron-server[94841]: DEBUG neutron.wsgi [-] (94841) accepted ('10.222.0.16', 57130) {{(pid=94841) server /usr/local/lib/python3.8/dist-packages/eventlet/wsgi.py:982}}
Aug 06 15:26:45.627055 n-d-778550-6 neutron-server[94841]: INFO neutron.wsgi [req-9d4b6a12-dee1-42c6-ad77-5f3178e723b6 req-607b2279-3240-43fd-8257-2fad647f864d tempest-ServersAdminNegativeTestJSON-1557820757 tempest-ServersAdminNegativeTestJSON-1557820757-project] 10.222.0.16 "GET /v2.0/ports?tenant_id=079ff52180134ebf897e8f290ce2d1bb&fields=id HTTP/1.1" status: 200 len: 210 time: 0.0454648
Aug 06 15:26:45.665464 n-d-778550-6 neutron-server[94841]: INFO neutron.wsgi [None req-81f7d883-ec53-4acc-8c1e-8032d59fc0a6 admin admin] 10.222.0.16 "GET /v2.0/security-groups?tenant_id=aa25b6e3e52c45c1a783915f8b145163&name=default HTTP/1.1" status: 200 len: 2979 time: 0.0873225
Aug 06 15:26:45.665650 n-d-778550-6 neutron-server[94841]: DEBUG neutron.wsgi [-] (94841) accepted ('10.222.0.16', 57136) {{(pid=94841) server /usr/local/lib/python3.8/dist-packages/eventlet/wsgi.py:982}}
Aug 06 15:26:45.715065 n-d-778550-6 neutron-server[94841]: DEBUG neutron_lib.callbacks.manager [None req-3f56fe18-6e90-43a7-8d2c-81fc36e2b304 admin admin] Notify callbacks ['neutron.plugins.ml2.ovo_rpc._ObjectChangeHandler.handle_event-503752'] for security_group, after_delete {{(pid=94841) _notify_loop /usr/local/lib/python3.8/dist-packages/neutron_lib/callbacks/manager.py:192}}
Aug 06 15:26:45.717691 n-d-778550-6 neutron-server[94841]: DEBUG neutron_lib.callbacks.manager [None req-3f56fe18-6e90-43a7-8d2c-81fc36e2b304 admin admin] Notify callbacks [] for security_group, before_response {{(pid=94841) _notify_loop /usr/local/lib/python3.8/dist-packages/neutron_lib/callbacks/manager.py:192}}
Aug 06 15:26:45.722848 n-d-778550-6 neutron-server[94841]: INFO neutron.wsgi [None req-3f56fe18-6e90-43a7-8d2c-81fc36e2b304 admin admin] 10.222.0.16 "DELETE /v2.0/security-groups/b4de4426-5da9-4a23-b4d3-38230dd5bed3 HTTP/1.1" status: 204 len: 168 time: 0.4314389
Aug 06 15:26:45.741490 n-d-778550-6 neutron-server[94841]: DEBUG neutron.api.rpc.handlers.resources_rpc [None req-3f56fe18-6e90-43a7-8d2c-81fc36e2b304 admin admin] Pushing event deleted for resources: {'SecurityGroup': ['ID=b4de4426-5da9-4a23-b4d3-38230dd5bed3,revision_number=None']} {{(pid=94841) push /opt/stack/neutron/neutron/api/rpc/handlers/resources_rpc.py:237}}
Aug 06 15:26:45.777264 n-d-778550-6 neutron-server[94841]: DEBUG neutron.pecan_wsgi.hooks.policy_enforcement [req-88adc2d0-61e8-427e-9af8-e5601dd37813 req-57d158db-80bc-4de4-9776-7b5bd6e1a059 tempest-ServersWithSpecificFlavorTestJSON-2144091671 tempest-ServersWithSpecificFlavorTestJSON-2144091671-project] Attributes excluded by policy engine: ['standard_attr_id', 'binding:profile', 'binding:host_id', 'binding:vif_type', 'binding:vif_details'] {{(pid=94841) _exclude_attributes_by_policy /opt/stack/neutron/neutron/pecan_wsgi/hooks/policy_enforcement.py:255}}
Aug 06 15:26:45.778758 n-d-778550-6 neutron-server[94841]: INFO neutron.wsgi [req-88adc2d0-61e8-427e-9af8-e5601dd37813 req-57d158db-80bc-4de4-9776-7b5bd6e1a059 tempest-ServersWithSpecificFlavorTestJSON-2144091671 tempest-ServersWithSpecificFlavorTestJSON-2144091671-project] 10.222.0.16 "GET /v2.0/ports?device_id=70f799db-4d84-4c28-971c-a8c25befc858 HTTP/1.1" status: 200 len: 931 time: 0.1019480
Aug 06 15:26:45.779549 n-d-778550-6 neutron-server[94841]: DEBUG neutron_lib.callbacks.manager [None req-3f95e308-b0a9-4a4a-8a40-ccaedbb25835 admin admin] Notify callbacks [] for security_group, before_delete {{(pid=94841) _notify_loop /usr/local/lib/python3.8/dist-packages/neutron_lib/callbacks/manager.py:192}}
Aug 06 15:26:45.823714 n-d-778550-6 neutron-server[94841]: DEBUG neutron_lib.callbacks.manager [None req-3f95e308-b0a9-4a4a-8a40-ccaedbb25835 admin admin] Notify callbacks [] for security_group, precommit_delete {{(pid=94841) _notify_loop /usr/local/lib/python3.8/dist-packages/neutron_lib/callbacks/manager.py:192}}
Aug 06 15:26:45.882012 n-d-778550-6 neutron-server[94841]: INFO neutron.wsgi [req-88adc2d0-61e8-427e-9af8-e5601dd37813 req-c585ccf5-22fd-4d8e-a5b2-53786c099431 tempest-ServersWithSpecificFlavorTestJSON-2144091671 tempest-ServersWithSpecificFlavorTestJSON-2144091671-project] 10.222.0.16 "GET /v2.0/security-groups?id=d656a1ad-3ff3-47b3-85b0-c8732ed28e98&fields=id&fields=name HTTP/1.1" status: 200 len: 313 time: 0.0812178
Aug 06 15:26:45.990665 n-d-778550-6 neutron-server[94841]: INFO neutron.wsgi [req-8945c918-debf-4021-9bdc-62996e5f9721 req-3c9dbe97-809d-47d7-b165-d796f4658bb3 tempest-ServersAdminNegativeTestJSON-1557820757 tempest-ServersAdminNegativeTestJSON-1557820757-project] 10.222.0.16 "GET /v2.0/ports?device_id=bc0fde21-6c52-425a-9d89-808d27d69a67 HTTP/1.1" status: 200 len: 210 time: 0.0433145
Aug 06 15:26:46.048762 n-d-778550-6 neutron-server[94841]: DEBUG neutron_lib.callbacks.manager [None req-3f95e308-b0a9-4a4a-8a40-ccaedbb25835 admin admin] Notify callbacks ['neutron.plugins.ml2.ovo_rpc._ObjectChangeHandler.handle_event-503752'] for security_group, after_delete {{(pid=94841) _notify_loop /usr/local/lib/python3.8/dist-packages/neutron_lib/callbacks/manager.py:192}}
Aug 06 15:26:46.054239 n-d-778550-6 neutron-server[94841]: DEBUG neutron_lib.callbacks.manager [None req-3f95e308-b0a9-4a4a-8a40-ccaedbb25835 admin admin] Notify callbacks [] for security_group, before_response {{(pid=94841) _notify_loop /usr/local/lib/python3.8/dist-packages/neutron_lib/callbacks/manager.py:192}}
Aug 06 15:26:46.058858 n-d-778550-6 neutron-server[94841]: INFO neutron.wsgi [None req-3f95e308-b0a9-4a4a-8a40-ccaedbb25835 admin admin] 10.222.0.16 "DELETE /v2.0/security-groups/fde718bc-3888-4bbc-9acb-fbb4c4cbfffc HTTP/1.1" status: 204 len: 168 time: 0.3891559
Aug 06 15:26:46.089816 n-d-778550-6 neutron-server[94841]: DEBUG neutron.api.rpc.handlers.resources_rpc [None req-3f95e308-b0a9-4a4a-8a40-ccaedbb25835 admin admin] Pushing event deleted for resources: {'SecurityGroup': ['ID=fde718bc-3888-4bbc-9acb-fbb4c4cbfffc,revision_number=None']} {{(pid=94841) push /opt/stack/neutron/neutron/api/rpc/handlers/resources_rpc.py:237}}
Aug 06 15:26:46.231893 n-d-778550-6 neutron-server[94841]: DEBUG neutron.pecan_wsgi.hooks.policy_enforcement [req-f98c58a8-b34f-4f5f-8b60-d58439b624e9 req-fbd9ff73-bcaa-435b-8fb4-2f7712374954 tempest-AggregatesAdminTestJSON-678528302 tempest-AggregatesAdminTestJSON-678528302-project] Attributes excluded by policy engine: ['standard_attr_id', 'binding:profile', 'binding:host_id', 'binding:vif_type', 'binding:vif_details'] {{(pid=94841) _exclude_attributes_by_policy /opt/stack/neutron/neutron/pecan_wsgi/hooks/policy_enforcement.py:255}}
Aug 06 15:26:46.233410 n-d-778550-6 neutron-server[94841]: INFO neutron.wsgi [req-f98c58a8-b34f-4f5f-8b60-d58439b624e9 req-fbd9ff73-bcaa-435b-8fb4-2f7712374954 tempest-AggregatesAdminTestJSON-678528302 tempest-AggregatesAdminTestJSON-678528302-project] 10.222.0.16 "GET /v2.0/ports?device_id=44b80bf6-aaca-4d4e-9c62-110d0624f3a5 HTTP/1.1" status: 200 len: 972 time: 0.1500964
Aug 06 15:26:46.288480 n-d-778550-6 neutron-server[94841]: DEBUG neutron.pecan_wsgi.hooks.policy_enforcement [req-47956c8d-5d76-4b7a-9108-9e9c8e206082 req-fdbb57da-7c68-4f05-93e8-2f4e3649bc8c tempest-LiveAutoBlockMigrationV225Test-1498680104 tempest-LiveAutoBlockMigrationV225Test-1498680104-project] Attributes excluded by policy engine: ['standard_attr_id', 'vlan_transparent', 'provider:network_type', 'provider:physical_network', 'provider:segmentation_id'] {{(pid=94841) _exclude_attributes_by_policy /opt/stack/neutron/neutron/pecan_wsgi/hooks/policy_enforcement.py:255}}
Aug 06 15:26:46.290247 n-d-778550-6 neutron-server[94841]: INFO neutron.wsgi [req-47956c8d-5d76-4b7a-9108-9e9c8e206082 req-fdbb57da-7c68-4f05-93e8-2f4e3649bc8c tempest-LiveAutoBlockMigrationV225Test-1498680104 tempest-LiveAutoBlockMigrationV225Test-1498680104-project] 10.222.0.16 "GET /v2.0/networks?id=be11bacc-ac25-455f-9473-efb1d3d3947f HTTP/1.1" status: 200 len: 820 time: 0.1494083
Aug 06 15:26:46.309871 n-d-778550-6 neutron-server[94841]: INFO neutron.wsgi [req-f98c58a8-b34f-4f5f-8b60-d58439b624e9 req-b205459f-4392-469f-a720-b03abfe3cfe9 tempest-AggregatesAdminTestJSON-678528302 tempest-AggregatesAdminTestJSON-678528302-project] 10.222.0.16 "GET /v2.0/security-groups?id=70e80bf5-e185-45b4-bf06-ff45c2dfeb56&fields=id&fields=name HTTP/1.1" status: 200 len: 286 time: 0.0678017
Aug 06 15:26:46.313424 n-d-778550-6 neutron-server[94841]: INFO neutron.wsgi [req-47956c8d-5d76-4b7a-9108-9e9c8e206082 req-67f943e3-3da8-442c-8577-4986dc5ef154 tempest-LiveAutoBlockMigrationV225Test-1498680104 tempest-LiveAutoBlockMigrationV225Test-1498680104-project] 10.222.0.16 "GET /v2.0/quotas/cf5d145e7085415f8883a32812e19849 HTTP/1.1" status: 200 len: 375 time: 0.0123794
Aug 06 15:26:46.352330 n-d-778550-6 neutron-server[94841]: INFO neutron.wsgi [req-47956c8d-5d76-4b7a-9108-9e9c8e206082 req-3d1792c7-a5a4-4d5a-a7fc-68e29b88c8ee tempest-LiveAutoBlockMigrationV225Test-1498680104 tempest-LiveAutoBlockMigrationV225Test-1498680104-project] 10.222.0.16 "GET /v2.0/ports?tenant_id=cf5d145e7085415f8883a32812e19849&fields=id HTTP/1.1" status: 200 len: 210 time: 0.0318542
Aug 06 15:26:46.544439 n-d-778550-6 neutron-server[94841]: DEBUG neutron.pecan_wsgi.hooks.policy_enforcement [req-2f86e087-d5ba-4fcd-b112-44fc1f603ba4 req-479c95de-e3ee-4417-ac79-46abf3a898d8 tempest-AggregatesAdminTestJSON-342951018 tempest-AggregatesAdminTestJSON-342951018-project-admin] Attributes excluded by policy engine: ['standard_attr_id'] {{(pid=94841) _exclude_attributes_by_policy /opt/stack/neutron/neutron/pecan_wsgi/hooks/policy_enforcement.py:255}}
Aug 06 15:26:46.546005 n-d-778550-6 neutron-server[94841]: INFO neutron.wsgi [req-2f86e087-d5ba-4fcd-b112-44fc1f603ba4 req-479c95de-e3ee-4417-ac79-46abf3a898d8 tempest-AggregatesAdminTestJSON-342951018 tempest-AggregatesAdminTestJSON-342951018-project-admin] 10.222.0.16 "GET /v2.0/ports?device_id=44b80bf6-aaca-4d4e-9c62-110d0624f3a5 HTTP/1.1" status: 200 len: 1123 time: 0.1014550
Aug 06 15:26:46.566897 n-d-778550-6 neutron-server[94841]: DEBUG neutron_lib.callbacks.manager [req-2f86e087-d5ba-4fcd-b112-44fc1f603ba4 req-793ad35b-a088-4996-a466-ebf16196ac7d tempest-AggregatesAdminTestJSON-342951018 tempest-AggregatesAdminTestJSON-342951018-project-admin] Notify callbacks [] for security_group, before_create {{(pid=94841) _notify_loop /usr/local/lib/python3.8/dist-packages/neutron_lib/callbacks/manager.py:192}}
Aug 06 15:26:46.626412 n-d-778550-6 neutron-server[94841]: DEBUG neutron.wsgi [req-47956c8d-5d76-4b7a-9108-9e9c8e206082 req-8d433cf3-673d-4584-a979-e191c12aceee service neutron] http://10.222.0.16:9696/v2.0/extensions returned with HTTP 200 {{(pid=94841) __call__ /opt/stack/neutron/neutron/wsgi.py:729}}
Aug 06 15:26:46.634093 n-d-778550-6 neutron-server[94841]: INFO neutron.wsgi [req-47956c8d-5d76-4b7a-9108-9e9c8e206082 req-8d433cf3-673d-4584-a979-e191c12aceee service neutron] 10.222.0.16 "GET /v2.0/extensions HTTP/1.1" status: 200 len: 13640 time: 0.1514764
Aug 06 15:26:46.772919 n-d-778550-6 neutron-server[94841]: INFO neutron.wsgi [req-47956c8d-5d76-4b7a-9108-9e9c8e206082 req-cece85ea-aa93-4982-932d-a80c0d2af99d service neutron] 10.222.0.16 "GET /v2.0/networks/be11bacc-ac25-455f-9473-efb1d3d3947f?fields=segments HTTP/1.1" status: 200 len: 212 time: 0.1378913
Aug 06 15:26:46.865504 n-d-778550-6 neutron-server[94841]: DEBUG neutron_lib.callbacks.manager [req-2f86e087-d5ba-4fcd-b112-44fc1f603ba4 req-793ad35b-a088-4996-a466-ebf16196ac7d tempest-AggregatesAdminTestJSON-342951018 tempest-AggregatesAdminTestJSON-342951018-project-admin] Notify callbacks [] for security_group, precommit_create {{(pid=94841) _notify_loop /usr/local/lib/python3.8/dist-packages/neutron_lib/callbacks/manager.py:192}}
Aug 06 15:26:46.894869 n-d-778550-6 neutron-server[94841]: INFO neutron.wsgi [req-47956c8d-5d76-4b7a-9108-9e9c8e206082 req-08e2d071-a933-4ba7-ac18-e8bcbe19b352 service neutron] 10.222.0.16 "GET /v2.0/networks/be11bacc-ac25-455f-9473-efb1d3d3947f?fields=provider%3Aphysical_network&fields=provider%3Anetwork_type HTTP/1.1" status: 200 len: 281 time: 0.1211069
Aug 06 15:26:46.972210 n-d-778550-6 neutron-server[94841]: DEBUG neutron.wsgi [-] (94841) accepted ('10.222.0.16', 57184) {{(pid=94841) server /usr/local/lib/python3.8/dist-packages/eventlet/wsgi.py:982}}
Aug 06 15:26:46.980285 n-d-778550-6 neutron-server[94841]: DEBUG neutron_lib.callbacks.manager [None req-6caecdae-92bd-4d99-8a04-95068ae09607 admin admin] Notify callbacks [] for security_group, before_create {{(pid=94841) _notify_loop /usr/local/lib/python3.8/dist-packages/neutron_lib/callbacks/manager.py:192}}
Aug 06 15:26:47.003163 n-d-778550-6 neutron-server[94841]: DEBUG neutron_lib.callbacks.manager [req-2f86e087-d5ba-4fcd-b112-44fc1f603ba4 req-793ad35b-a088-4996-a466-ebf16196ac7d tempest-AggregatesAdminTestJSON-342951018 tempest-AggregatesAdminTestJSON-342951018-project-admin] Notify callbacks ['neutron.plugins.ml2.ovo_rpc._ObjectChangeHandler.handle_event-503752'] for security_group, after_create {{(pid=94841) _notify_loop /usr/local/lib/python3.8/dist-packages/neutron_lib/callbacks/manager.py:192}}
Aug 06 15:26:47.049392 n-d-778550-6 neutron-server[94841]: INFO neutron.wsgi [req-2f86e087-d5ba-4fcd-b112-44fc1f603ba4 req-793ad35b-a088-4996-a466-ebf16196ac7d tempest-AggregatesAdminTestJSON-342951018 tempest-AggregatesAdminTestJSON-342951018-project-admin] 10.222.0.16 "GET /v2.0/security-groups?id=70e80bf5-e185-45b4-bf06-ff45c2dfeb56&fields=id&fields=name HTTP/1.1" status: 200 len: 286 time: 0.4952812
Aug 06 15:26:47.079193 n-d-778550-6 neutron-server[94841]: DEBUG neutron.api.rpc.handlers.resources_rpc [None req-793ad35b-a088-4996-a466-ebf16196ac7d tempest-AggregatesAdminTestJSON-342951018 tempest-AggregatesAdminTestJSON-342951018-project-admin] Pushing event updated for resources: {'SecurityGroup': ['ID=6bad2b21-86ee-4edb-9463-21ffacc738e3,revision_number=1']} {{(pid=94841) push /opt/stack/neutron/neutron/api/rpc/handlers/resources_rpc.py:237}}
Aug 06 15:26:47.157294 n-d-778550-6 neutron-server[94841]: DEBUG neutron_lib.callbacks.manager [None req-6caecdae-92bd-4d99-8a04-95068ae09607 admin admin] Notify callbacks [] for security_group, precommit_create {{(pid=94841) _notify_loop /usr/local/lib/python3.8/dist-packages/neutron_lib/callbacks/manager.py:192}}
Aug 06 15:26:47.220621 n-d-778550-6 neutron-server[94841]: DEBUG neutron.pecan_wsgi.hooks.policy_enforcement [req-0b7658c3-5197-4066-888c-b7a50641c9c0 req-43b7e643-2991-4f66-8982-362fffd1e49f tempest-ServersWithSpecificFlavorTestJSON-2144091671 tempest-ServersWithSpecificFlavorTestJSON-2144091671-project] Attributes excluded by policy engine: ['standard_attr_id', 'binding:profile', 'binding:host_id', 'binding:vif_type', 'binding:vif_details'] {{(pid=94841) _exclude_attributes_by_policy /opt/stack/neutron/neutron/pecan_wsgi/hooks/policy_enforcement.py:255}}
Aug 06 15:26:47.222307 n-d-778550-6 neutron-server[94841]: INFO neutron.wsgi [req-0b7658c3-5197-4066-888c-b7a50641c9c0 req-43b7e643-2991-4f66-8982-362fffd1e49f tempest-ServersWithSpecificFlavorTestJSON-2144091671 tempest-ServersWithSpecificFlavorTestJSON-2144091671-project] 10.222.0.16 "GET /v2.0/ports?device_id=70f799db-4d84-4c28-971c-a8c25befc858 HTTP/1.1" status: 200 len: 931 time: 0.0894098
Aug 06 15:26:47.224387 n-d-778550-6 neutron-server[94841]: DEBUG neutron_lib.callbacks.manager [None req-6caecdae-92bd-4d99-8a04-95068ae09607 admin admin] Notify callbacks ['neutron.plugins.ml2.ovo_rpc._ObjectChangeHandler.handle_event-503752'] for security_group, after_create {{(pid=94841) _notify_loop /usr/local/lib/python3.8/dist-packages/neutron_lib/callbacks/manager.py:192}}
Aug 06 15:26:47.306021 n-d-778550-6 neutron-server[94841]: INFO neutron.wsgi [req-c2ac78ef-0bea-4ede-8a91-d88974c5a9fd req-90b37586-be31-46a2-9b5c-75e6829b2888 tempest-ServersAdminNegativeTestJSON-1557820757 tempest-ServersAdminNegativeTestJSON-1557820757-project] 10.222.0.16 "GET /v2.0/ports?device_id=bc0fde21-6c52-425a-9d89-808d27d69a67 HTTP/1.1" status: 200 len: 210 time: 0.0599821
Aug 06 15:26:47.306685 n-d-778550-6 neutron-server[94841]: DEBUG neutron.api.rpc.handlers.resources_rpc [None req-6caecdae-92bd-4d99-8a04-95068ae09607 admin admin] Pushing event updated for resources: {'SecurityGroup': ['ID=7cf19893-32a1-43bf-89e7-f8c439cd14d9,revision_number=1']} {{(pid=94841) push /opt/stack/neutron/neutron/api/rpc/handlers/resources_rpc.py:237}}
Aug 06 15:26:47.311178 n-d-778550-6 neutron-server[94841]: INFO neutron.wsgi [None req-6caecdae-92bd-4d99-8a04-95068ae09607 admin admin] 10.222.0.16 "GET /v2.0/security-groups?tenant_id=2a1d3e654dda41508c6456c474222190&name=default HTTP/1.1" status: 200 len: 2979 time: 0.3445094
Aug 06 15:26:47.314044 n-d-778550-6 neutron-server[94840]: DEBUG neutron.wsgi [-] (94840) accepted ('10.222.0.16', 57198) {{(pid=94840) server /usr/local/lib/python3.8/dist-packages/eventlet/wsgi.py:982}}
Aug 06 15:26:47.341891 n-d-778550-6 neutron-server[94841]: INFO neutron.wsgi [req-0b7658c3-5197-4066-888c-b7a50641c9c0 req-73128cf3-7e29-4d72-990a-1c6d64d8828d tempest-ServersWithSpecificFlavorTestJSON-2144091671 tempest-ServersWithSpecificFlavorTestJSON-2144091671-project] 10.222.0.16 "GET /v2.0/security-groups?id=d656a1ad-3ff3-47b3-85b0-c8732ed28e98&fields=id&fields=name HTTP/1.1" status: 200 len: 313 time: 0.1065807
Aug 06 15:26:47.435445 n-d-778550-6 neutron-server[94841]: INFO neutron.wsgi [req-450b0505-55c5-466c-9cd5-5447360efb29 req-4e83b145-e946-49a3-b7c3-ef09ad5c07cd tempest-LiveAutoBlockMigrationV225Test-1498680104 tempest-LiveAutoBlockMigrationV225Test-1498680104-project] 10.222.0.16 "GET /v2.0/ports?device_id=b7b8e6b6-377a-4e0b-8467-2af892d0d74d HTTP/1.1" status: 200 len: 210 time: 0.0482683
Aug 06 15:26:47.444657 n-d-778550-6 neutron-server[94840]: DEBUG neutron_lib.callbacks.manager [None req-bee792ee-cf39-4620-b586-8ebc2af79934 admin admin] Notify callbacks [] for security_group, before_delete {{(pid=94840) _notify_loop /usr/local/lib/python3.8/dist-packages/neutron_lib/callbacks/manager.py:192}}
Aug 06 15:26:47.478467 n-d-778550-6 neutron-server[94840]: DEBUG neutron_lib.callbacks.manager [None req-bee792ee-cf39-4620-b586-8ebc2af79934 admin admin] Notify callbacks [] for security_group, precommit_delete {{(pid=94840) _notify_loop /usr/local/lib/python3.8/dist-packages/neutron_lib/callbacks/manager.py:192}}
Aug 06 15:26:47.647988 n-d-778550-6 neutron-server[94840]: DEBUG neutron_lib.callbacks.manager [None req-bee792ee-cf39-4620-b586-8ebc2af79934 admin admin] Notify callbacks ['neutron.plugins.ml2.ovo_rpc._ObjectChangeHandler.handle_event-503752'] for security_group, after_delete {{(pid=94840) _notify_loop /usr/local/lib/python3.8/dist-packages/neutron_lib/callbacks/manager.py:192}}
Aug 06 15:26:47.650596 n-d-778550-6 neutron-server[94840]: DEBUG neutron_lib.callbacks.manager [None req-bee792ee-cf39-4620-b586-8ebc2af79934 admin admin] Notify callbacks [] for security_group, before_response {{(pid=94840) _notify_loop /usr/local/lib/python3.8/dist-packages/neutron_lib/callbacks/manager.py:192}}
Aug 06 15:26:47.651763 n-d-778550-6 neutron-server[94840]: INFO neutron.wsgi [None req-bee792ee-cf39-4620-b586-8ebc2af79934 admin admin] 10.222.0.16 "DELETE /v2.0/security-groups/7cf19893-32a1-43bf-89e7-f8c439cd14d9 HTTP/1.1" status: 204 len: 168 time: 0.3365469
Aug 06 15:26:47.660768 n-d-778550-6 neutron-server[94840]: DEBUG neutron.api.rpc.handlers.resources_rpc [None req-bee792ee-cf39-4620-b586-8ebc2af79934 admin admin] Pushing event deleted for resources: {'SecurityGroup': ['ID=7cf19893-32a1-43bf-89e7-f8c439cd14d9,revision_number=None']} {{(pid=94840) push /opt/stack/neutron/neutron/api/rpc/handlers/resources_rpc.py:237}}
Aug 06 15:26:48.438595 n-d-778550-6 neutron-server[94841]: INFO neutron.wsgi [req-696f58d2-1f96-408a-ab0b-df1c6d85ce35 req-dc2b1e6b-9d13-4d18-b182-3df137588298 tempest-ServersAdminNegativeTestJSON-1557820757 tempest-ServersAdminNegativeTestJSON-1557820757-project] 10.222.0.16 "GET /v2.0/ports?device_id=bc0fde21-6c52-425a-9d89-808d27d69a67 HTTP/1.1" status: 200 len: 210 time: 0.0377727
Aug 06 15:26:48.547975 n-d-778550-6 neutron-server[94841]: DEBUG neutron.pecan_wsgi.hooks.policy_enforcement [req-6919a822-0934-4e66-b3c5-b1e579bb99b2 req-7ae0f0b1-1b79-4a93-9944-ab4be591089a tempest-ServersWithSpecificFlavorTestJSON-2144091671 tempest-ServersWithSpecificFlavorTestJSON-2144091671-project] Attributes excluded by policy engine: ['standard_attr_id', 'binding:profile', 'binding:host_id', 'binding:vif_type', 'binding:vif_details'] {{(pid=94841) _exclude_attributes_by_policy /opt/stack/neutron/neutron/pecan_wsgi/hooks/policy_enforcement.py:255}}
Aug 06 15:26:48.549472 n-d-778550-6 neutron-server[94841]: INFO neutron.wsgi [req-6919a822-0934-4e66-b3c5-b1e579bb99b2 req-7ae0f0b1-1b79-4a93-9944-ab4be591089a tempest-ServersWithSpecificFlavorTestJSON-2144091671 tempest-ServersWithSpecificFlavorTestJSON-2144091671-project] 10.222.0.16 "GET /v2.0/ports?device_id=70f799db-4d84-4c28-971c-a8c25befc858 HTTP/1.1" status: 200 len: 931 time: 0.0519707
Aug 06 15:26:48.593502 n-d-778550-6 neutron-server[94841]: INFO neutron.wsgi [req-6919a822-0934-4e66-b3c5-b1e579bb99b2 req-f8807442-44f2-45c4-ad33-0bacea77a640 tempest-ServersWithSpecificFlavorTestJSON-2144091671 tempest-ServersWithSpecificFlavorTestJSON-2144091671-project] 10.222.0.16 "GET /v2.0/security-groups?id=d656a1ad-3ff3-47b3-85b0-c8732ed28e98&fields=id&fields=name HTTP/1.1" status: 200 len: 313 time: 0.0370567
Aug 06 15:26:48.658537 n-d-778550-6 neutron-server[94841]: INFO neutron.wsgi [req-3ea86f64-2c2e-4c44-96c7-6913261aae18 req-a6cc6fb9-ceaf-462e-8e84-e06b58ba0565 tempest-LiveAutoBlockMigrationV225Test-1498680104 tempest-LiveAutoBlockMigrationV225Test-1498680104-project] 10.222.0.16 "GET /v2.0/ports?device_id=b7b8e6b6-377a-4e0b-8467-2af892d0d74d HTTP/1.1" status: 200 len: 210 time: 0.0273166
Aug 06 15:26:48.868629 n-d-778550-6 neutron-server[94840]: DEBUG neutron.wsgi [req-6d2b9ae7-6398-4840-84a3-5fae1b3baf25 req-a47ac6f9-36e2-4365-a5c6-784b90058d8d tempest-ServersWithSpecificFlavorTestJSON-2144091671 tempest-ServersWithSpecificFlavorTestJSON-2144091671-project] http://10.222.0.16:9696/v2.0/extensions returned with HTTP 200 {{(pid=94840) __call__ /opt/stack/neutron/neutron/wsgi.py:729}}
Aug 06 15:26:48.870368 n-d-778550-6 neutron-server[94840]: INFO neutron.wsgi [req-6d2b9ae7-6398-4840-84a3-5fae1b3baf25 req-a47ac6f9-36e2-4365-a5c6-784b90058d8d tempest-ServersWithSpecificFlavorTestJSON-2144091671 tempest-ServersWithSpecificFlavorTestJSON-2144091671-project] 10.222.0.64 "GET /v2.0/extensions HTTP/1.1" status: 200 len: 13640 time: 0.0075493
Aug 06 15:26:49.044144 n-d-778550-6 neutron-server[94840]: DEBUG neutron.api.v2.base [req-6d2b9ae7-6398-4840-84a3-5fae1b3baf25 req-80bcf87b-6ba7-4e3b-af80-8ce364e4391e service neutron] Request body: {'port': {'device_id': '70f799db-4d84-4c28-971c-a8c25befc858', 'device_owner': 'compute:nova', 'binding:host_id': 'n-h2-778550-6'}} {{(pid=94840) prepare_request_body /opt/stack/neutron/neutron/api/v2/base.py:729}}
Aug 06 15:26:49.132202 n-d-778550-6 neutron-server[94840]: DEBUG neutron_lib.callbacks.manager [req-6d2b9ae7-6398-4840-84a3-5fae1b3baf25 req-80bcf87b-6ba7-4e3b-af80-8ce364e4391e service neutron] Notify callbacks ['neutron.plugins.ml2.plugin.SecurityGroupDbMixin._ensure_default_security_group_handler-7750240'] for port, before_update {{(pid=94840) _notify_loop /usr/local/lib/python3.8/dist-packages/neutron_lib/callbacks/manager.py:192}}
Aug 06 15:26:49.482359 n-d-778550-6 neutron-server[94840]: DEBUG neutron.notifiers.nova [req-6d2b9ae7-6398-4840-84a3-5fae1b3baf25 req-80bcf87b-6ba7-4e3b-af80-8ce364e4391e service neutron] Ignoring state change previous_port_status: DOWN current_port_status: DOWN port_id c6b9f534-8f07-4af3-b896-4b9246fc7bef {{(pid=94840) record_port_status_changed /opt/stack/neutron/neutron/notifiers/nova.py:224}}
Aug 06 15:26:49.492070 n-d-778550-6 neutron-server[94840]: DEBUG neutron_lib.callbacks.manager [req-6d2b9ae7-6398-4840-84a3-5fae1b3baf25 req-80bcf87b-6ba7-4e3b-af80-8ce364e4391e service neutron] Notify callbacks [] for port, precommit_update {{(pid=94840) _notify_loop /usr/local/lib/python3.8/dist-packages/neutron_lib/callbacks/manager.py:192}}
Aug 06 15:26:49.507904 n-d-778550-6 neutron-server[94840]: DEBUG neutron.db.provisioning_blocks [req-6d2b9ae7-6398-4840-84a3-5fae1b3baf25 req-80bcf87b-6ba7-4e3b-af80-8ce364e4391e service neutron] Transition to ACTIVE for port object c6b9f534-8f07-4af3-b896-4b9246fc7bef will not be triggered until provisioned by entity L2. {{(pid=94840) add_provisioning_component /opt/stack/neutron/neutron/db/provisioning_blocks.py:73}}
Aug 06 15:26:49.595946 n-d-778550-6 neutron-server[94840]: DEBUG neutron_lib.callbacks.manager [req-6d2b9ae7-6398-4840-84a3-5fae1b3baf25 req-80bcf87b-6ba7-4e3b-af80-8ce364e4391e service neutron] Notify callbacks ['neutron.plugins.ml2.plugin.SecurityGroupServerNotifierRpcMixin._notify_sg_on_port_change-7750179', 'neutron.plugins.ml2.ovo_rpc._ObjectChangeHandler.handle_event-213924', 'neutron.api.rpc.agentnotifiers.dhcp_rpc_agent_api.DhcpAgentNotifyAPI._native_event_send_dhcp_notification-518629', 'neutron.db.l3_db.L3RpcNotifierMixin._notify_gateway_port_ip_changed-8780276246613', 'neutron.db.l3_dvrscheduler_db._notify_l3_agent_port_update-8780275757294', 'neutron.db.l3_hascheduler_db._notify_l3_agent_ha_port_update-8780275759364', 'neutron.services.segments.plugin.NovaSegmentNotifier._notify_port_updated-3299753'] for port, after_update {{(pid=94840) _notify_loop /usr/local/lib/python3.8/dist-packages/neutron_lib/callbacks/manager.py:192}}
Aug 06 15:26:49.656677 n-d-778550-6 neutron-server[94840]: DEBUG neutron.api.rpc.handlers.resources_rpc [None req-80bcf87b-6ba7-4e3b-af80-8ce364e4391e service neutron] Pushing event updated for resources: {'Port': ['ID=c6b9f534-8f07-4af3-b896-4b9246fc7bef,revision_number=2']} {{(pid=94840) push /opt/stack/neutron/neutron/api/rpc/handlers/resources_rpc.py:237}}
Aug 06 15:26:49.675912 n-d-778550-6 neutron-server[94841]: INFO neutron.wsgi [req-2565b225-ba44-4815-892d-bf85fbcf5049 req-45b90ef3-549b-44b1-b80b-2eb0bf9ec937 tempest-ServersAdminNegativeTestJSON-1557820757 tempest-ServersAdminNegativeTestJSON-1557820757-project] 10.222.0.16 "GET /v2.0/ports?device_id=bc0fde21-6c52-425a-9d89-808d27d69a67 HTTP/1.1" status: 200 len: 210 time: 0.0406542
Aug 06 15:26:49.734078 n-d-778550-6 neutron-server[94840]: DEBUG neutron.plugins.ml2.managers [req-6d2b9ae7-6398-4840-84a3-5fae1b3baf25 req-80bcf87b-6ba7-4e3b-af80-8ce364e4391e service neutron] Attempting to bind port c6b9f534-8f07-4af3-b896-4b9246fc7bef on host n-h2-778550-6 for vnic_type normal with profile {{(pid=94840) bind_port /opt/stack/neutron/neutron/plugins/ml2/managers.py:790}}
Aug 06 15:26:49.734599 n-d-778550-6 neutron-server[94840]: DEBUG neutron.plugins.ml2.managers [req-6d2b9ae7-6398-4840-84a3-5fae1b3baf25 req-80bcf87b-6ba7-4e3b-af80-8ce364e4391e service neutron] Attempting to bind port c6b9f534-8f07-4af3-b896-4b9246fc7bef by drivers openvswitch,hyperv on host n-h2-778550-6 at level 0 using segments [{'id': 'e0d17759-1de2-4df1-8ad2-be06211f4dc3', 'network_type': 'vlan', 'physical_network': 'physnet1', 'segmentation_id': 631, 'network_id': '78ad054a-fbca-4825-ace1-2a3771e1d945'}] {{(pid=94840) _bind_port_level /opt/stack/neutron/neutron/plugins/ml2/managers.py:815}}
Aug 06 15:26:49.734930 n-d-778550-6 neutron-server[94840]: DEBUG neutron.plugins.ml2.drivers.mech_agent [req-6d2b9ae7-6398-4840-84a3-5fae1b3baf25 req-80bcf87b-6ba7-4e3b-af80-8ce364e4391e service neutron] Attempting to bind port c6b9f534-8f07-4af3-b896-4b9246fc7bef on network 78ad054a-fbca-4825-ace1-2a3771e1d945 {{(pid=94840) bind_port /opt/stack/neutron/neutron/plugins/ml2/drivers/mech_agent.py:85}}
