Jul 23 10:39:37.333943 n-d-778550-4 devstack@placement-api.service[94318]: INFO placement.requestlog [req-3e7dfe87-b7be-406b-9920-7f52d4218ea1 req-d5cf97ce-efc4-4b5d-a8d7-e36561d6b76d service placement] 10.222.0.37 "PUT /placement/allocations/b2683dd5-1884-43f5-b24a-6314ae937d1d" status: 204 len: 0 microversion: 1.35
Jul 23 10:39:37.339005 n-d-778550-4 devstack@placement-api.service[94318]: [pid: 94318|app: 0|req: 468/937] 10.222.0.37 () {64 vars in 1434 bytes} [Fri Jul 23 10:39:37 2021] PUT /placement/allocations/b2683dd5-1884-43f5-b24a-6314ae937d1d => generated 0 bytes in 92 msecs (HTTP/1.1 204) 5 headers in 199 bytes (1 switches on core 0)
Jul 23 10:39:37.807068 n-d-778550-4 devstack@placement-api.service[94317]: DEBUG placement.requestlog [req-3e7dfe87-b7be-406b-9920-7f52d4218ea1 req-3d0b4b1d-ec2c-430d-9258-cb34c50bda8b None None] Starting request: 10.222.0.20 "GET /placement/allocations/b2683dd5-1884-43f5-b24a-6314ae937d1d" {{(pid=94317) __call__ /opt/stack/placement/placement/requestlog.py:55}}
Jul 23 10:39:37.838574 n-d-778550-4 devstack@placement-api.service[94317]: INFO placement.requestlog [req-3e7dfe87-b7be-406b-9920-7f52d4218ea1 req-3d0b4b1d-ec2c-430d-9258-cb34c50bda8b service placement] 10.222.0.20 "GET /placement/allocations/b2683dd5-1884-43f5-b24a-6314ae937d1d" status: 200 len: 260 microversion: 1.28
Jul 23 10:39:37.843940 n-d-778550-4 devstack@placement-api.service[94317]: [pid: 94317|app: 0|req: 470/938] 10.222.0.20 () {60 vars in 1378 bytes} [Fri Jul 23 10:39:37 2021] GET /placement/allocations/b2683dd5-1884-43f5-b24a-6314ae937d1d => generated 260 bytes in 37 msecs (HTTP/1.1 200) 8 headers in 296 bytes (1 switches on core 0)
Jul 23 10:39:47.675302 n-d-778550-4 devstack@placement-api.service[94318]: DEBUG placement.requestlog [req-7f65e103-a722-4821-812d-25be5d34491b req-9f296b47-70a6-4865-a61a-e09e462306b8 None None] Starting request: 10.222.0.55 "GET /placement/allocations/adb66406-d653-4871-b695-83c0a9136e7f" {{(pid=94318) __call__ /opt/stack/placement/placement/requestlog.py:55}}
Jul 23 10:39:47.698637 n-d-778550-4 devstack@placement-api.service[94318]: INFO placement.requestlog [req-7f65e103-a722-4821-812d-25be5d34491b req-9f296b47-70a6-4865-a61a-e09e462306b8 service placement] 10.222.0.55 "GET /placement/allocations/adb66406-d653-4871-b695-83c0a9136e7f" status: 200 len: 260 microversion: 1.28
Jul 23 10:39:47.699703 n-d-778550-4 devstack@placement-api.service[94318]: [pid: 94318|app: 0|req: 469/939] 10.222.0.55 () {60 vars in 1378 bytes} [Fri Jul 23 10:39:47 2021] GET /placement/allocations/adb66406-d653-4871-b695-83c0a9136e7f => generated 260 bytes in 24 msecs (HTTP/1.1 200) 8 headers in 296 bytes (1 switches on core 0)
Jul 23 10:39:47.707139 n-d-778550-4 devstack@placement-api.service[94317]: DEBUG placement.requestlog [req-7f65e103-a722-4821-812d-25be5d34491b req-3110da29-ea1a-4d73-a52b-4a6275397b5f None None] Starting request: 10.222.0.55 "PUT /placement/allocations/adb66406-d653-4871-b695-83c0a9136e7f" {{(pid=94317) __call__ /opt/stack/placement/placement/requestlog.py:55}}
Jul 23 10:39:47.783937 n-d-778550-4 devstack@placement-api.service[94317]: DEBUG placement.handlers.allocation [req-7f65e103-a722-4821-812d-25be5d34491b req-3110da29-ea1a-4d73-a52b-4a6275397b5f service placement] Successfully wrote allocations [, , ] {{(pid=94317) _create_allocations /opt/stack/placement/placement/handlers/allocation.py:435}}
Jul 23 10:39:47.785016 n-d-778550-4 devstack@placement-api.service[94317]: INFO placement.requestlog [req-7f65e103-a722-4821-812d-25be5d34491b req-3110da29-ea1a-4d73-a52b-4a6275397b5f service placement] 10.222.0.55 "PUT /placement/allocations/adb66406-d653-4871-b695-83c0a9136e7f" status: 204 len: 0 microversion: 1.28
Jul 23 10:39:47.785733 n-d-778550-4 devstack@placement-api.service[94317]: [pid: 94317|app: 0|req: 471/940] 10.222.0.55 () {64 vars in 1431 bytes} [Fri Jul 23 10:39:47 2021] PUT /placement/allocations/adb66406-d653-4871-b695-83c0a9136e7f => generated 0 bytes in 79 msecs (HTTP/1.1 204) 5 headers in 199 bytes (2 switches on core 0)
Jul 23 10:39:50.000527 n-d-778550-4 devstack@placement-api.service[94318]: DEBUG placement.requestlog [req-2568c0cd-581c-4347-963f-30efbf796c37 req-0d15a4e3-f397-43d6-ac39-5c4c0ddd7031 None None] Starting request: 10.222.0.37 "GET /placement/allocation_candidates?limit=1000&resources=DISK_GB%3A1%2CMEMORY_MB%3A1024%2CVCPU%3A1&root_required=%21COMPUTE_STATUS_DISABLED" {{(pid=94318) __call__ /opt/stack/placement/placement/requestlog.py:55}}
Jul 23 10:39:50.039108 n-d-778550-4 devstack@placement-api.service[94318]: DEBUG placement.objects.research_context [req-2568c0cd-581c-4347-963f-30efbf796c37 req-0d15a4e3-f397-43d6-ac39-5c4c0ddd7031 service placement] getting providers with 1 DISK_GB {{(pid=94318) __init__ /opt/stack/placement/placement/objects/research_context.py:126}}
Jul 23 10:39:50.045364 n-d-778550-4 devstack@placement-api.service[94318]: DEBUG placement.objects.research_context [req-2568c0cd-581c-4347-963f-30efbf796c37 req-0d15a4e3-f397-43d6-ac39-5c4c0ddd7031 service placement] getting providers with 1024 MEMORY_MB {{(pid=94318) __init__ /opt/stack/placement/placement/objects/research_context.py:126}}
Jul 23 10:39:50.051450 n-d-778550-4 devstack@placement-api.service[94318]: DEBUG placement.objects.research_context [req-2568c0cd-581c-4347-963f-30efbf796c37 req-0d15a4e3-f397-43d6-ac39-5c4c0ddd7031 service placement] getting providers with 1 VCPU {{(pid=94318) __init__ /opt/stack/placement/placement/objects/research_context.py:126}}
Jul 23 10:39:50.056794 n-d-778550-4 devstack@placement-api.service[94318]: DEBUG placement.objects.research_context [req-2568c0cd-581c-4347-963f-30efbf796c37 req-0d15a4e3-f397-43d6-ac39-5c4c0ddd7031 service placement] found 2 providers with available 1 DISK_GB {{(pid=94318) get_provider_ids_matching /opt/stack/placement/placement/objects/research_context.py:549}}
Jul 23 10:39:50.057066 n-d-778550-4 devstack@placement-api.service[94318]: DEBUG placement.objects.research_context [req-2568c0cd-581c-4347-963f-30efbf796c37 req-0d15a4e3-f397-43d6-ac39-5c4c0ddd7031 service placement] found 2 providers with available 1024 MEMORY_MB {{(pid=94318) get_provider_ids_matching /opt/stack/placement/placement/objects/research_context.py:549}}
Jul 23 10:39:50.057332 n-d-778550-4 devstack@placement-api.service[94318]: DEBUG placement.objects.research_context [req-2568c0cd-581c-4347-963f-30efbf796c37 req-0d15a4e3-f397-43d6-ac39-5c4c0ddd7031 service placement] found 2 providers after filtering by previous result {{(pid=94318) get_provider_ids_matching /opt/stack/placement/placement/objects/research_context.py:580}}
Jul 23 10:39:50.057778 n-d-778550-4 devstack@placement-api.service[94318]: DEBUG placement.objects.research_context [req-2568c0cd-581c-4347-963f-30efbf796c37 req-0d15a4e3-f397-43d6-ac39-5c4c0ddd7031 service placement] found 2 providers with available 1 VCPU {{(pid=94318) get_provider_ids_matching /opt/stack/placement/placement/objects/research_context.py:549}}
Jul 23 10:39:50.058485 n-d-778550-4 devstack@placement-api.service[94318]: DEBUG placement.objects.research_context [req-2568c0cd-581c-4347-963f-30efbf796c37 req-0d15a4e3-f397-43d6-ac39-5c4c0ddd7031 service placement] found 2 providers after filtering by previous result {{(pid=94318) get_provider_ids_matching /opt/stack/placement/placement/objects/research_context.py:580}}
Jul 23 10:39:50.070530 n-d-778550-4 devstack@placement-api.service[94318]: DEBUG placement.objects.allocation_candidate [req-2568c0cd-581c-4347-963f-30efbf796c37 req-0d15a4e3-f397-43d6-ac39-5c4c0ddd7031 service placement] RequestGroup(use_same_provider=False, resources={DISK_GB:1, MEMORY_MB:1024, VCPU:1}, traits=[], aggregates=[]) (suffix '') returned 2 matches {{(pid=94318) _get_by_requests /opt/stack/placement/placement/objects/allocation_candidate.py:145}}
Jul 23 10:39:50.070933 n-d-778550-4 devstack@placement-api.service[94318]: DEBUG placement.objects.allocation_candidate [req-2568c0cd-581c-4347-963f-30efbf796c37 req-0d15a4e3-f397-43d6-ac39-5c4c0ddd7031 service placement] Merging candidates yields 2 allocation requests and 2 provider summaries {{(pid=94318) _merge_candidates /opt/stack/placement/placement/objects/allocation_candidate.py:783}}
Jul 23 10:39:50.072490 n-d-778550-4 devstack@placement-api.service[94318]: INFO placement.requestlog [req-2568c0cd-581c-4347-963f-30efbf796c37 req-0d15a4e3-f397-43d6-ac39-5c4c0ddd7031 service placement] 10.222.0.37 "GET /placement/allocation_candidates?limit=1000&resources=DISK_GB%3A1%2CMEMORY_MB%3A1024%2CVCPU%3A1&root_required=%21COMPUTE_STATUS_DISABLED" status: 200 len: 1309 microversion: 1.35
Jul 23 10:39:50.073050 n-d-778550-4 devstack@placement-api.service[94318]: [pid: 94318|app: 0|req: 470/941] 10.222.0.37 () {60 vars in 1507 bytes} [Fri Jul 23 10:39:49 2021] GET /placement/allocation_candidates?limit=1000&resources=DISK_GB%3A1%2CMEMORY_MB%3A1024%2CVCPU%3A1&root_required=%21COMPUTE_STATUS_DISABLED => generated 1309 bytes in 73 msecs (HTTP/1.1 200) 8 headers in 297 bytes (1 switches on core 0)
Jul 23 10:39:50.140767 n-d-778550-4 devstack@placement-api.service[94317]: DEBUG placement.requestlog [req-2568c0cd-581c-4347-963f-30efbf796c37 req-6bb7bd65-a9c2-4d91-83b3-dc4d4a8bb3b0 None None] Starting request: 10.222.0.37 "GET /placement/allocations/acdafcbc-62db-4a75-a325-d2f2860cb0d4" {{(pid=94317) __call__ /opt/stack/placement/placement/requestlog.py:55}}
Jul 23 10:39:50.151795 n-d-778550-4 devstack@placement-api.service[94317]: INFO placement.requestlog [req-2568c0cd-581c-4347-963f-30efbf796c37 req-6bb7bd65-a9c2-4d91-83b3-dc4d4a8bb3b0 service placement] 10.222.0.37 "GET /placement/allocations/acdafcbc-62db-4a75-a325-d2f2860cb0d4" status: 200 len: 19 microversion: 1.28
Jul 23 10:39:50.152373 n-d-778550-4 devstack@placement-api.service[94317]: [pid: 94317|app: 0|req: 472/942] 10.222.0.37 () {60 vars in 1381 bytes} [Fri Jul 23 10:39:50 2021] GET /placement/allocations/acdafcbc-62db-4a75-a325-d2f2860cb0d4 => generated 19 bytes in 12 msecs (HTTP/1.1 200) 8 headers in 295 bytes (1 switches on core 0)
Jul 23 10:39:50.158298 n-d-778550-4 devstack@placement-api.service[94318]: DEBUG placement.requestlog [req-2568c0cd-581c-4347-963f-30efbf796c37 req-cff6f0dc-75a2-44a0-b8fe-784d029f7a4e None None] Starting request: 10.222.0.37 "PUT /placement/allocations/acdafcbc-62db-4a75-a325-d2f2860cb0d4" {{(pid=94318) __call__ /opt/stack/placement/placement/requestlog.py:55}}
Jul 23 10:39:50.242821 n-d-778550-4 devstack@placement-api.service[94318]: DEBUG placement.handlers.allocation [req-2568c0cd-581c-4347-963f-30efbf796c37 req-cff6f0dc-75a2-44a0-b8fe-784d029f7a4e service placement] Successfully wrote allocations [, , ] {{(pid=94318) _create_allocations /opt/stack/placement/placement/handlers/allocation.py:435}}
Jul 23 10:39:50.243984 n-d-778550-4 devstack@placement-api.service[94318]: INFO placement.requestlog [req-2568c0cd-581c-4347-963f-30efbf796c37 req-cff6f0dc-75a2-44a0-b8fe-784d029f7a4e service placement] 10.222.0.37 "PUT /placement/allocations/acdafcbc-62db-4a75-a325-d2f2860cb0d4" status: 204 len: 0 microversion: 1.35
Jul 23 10:39:50.254070 n-d-778550-4 devstack@placement-api.service[94318]: [pid: 94318|app: 0|req: 471/943] 10.222.0.37 () {64 vars in 1434 bytes} [Fri Jul 23 10:39:50 2021] PUT /placement/allocations/acdafcbc-62db-4a75-a325-d2f2860cb0d4 => generated 0 bytes in 87 msecs (HTTP/1.1 204) 5 headers in 199 bytes (2 switches on core 0)
Jul 23 10:39:50.538540 n-d-778550-4 devstack@placement-api.service[94317]: DEBUG placement.requestlog [req-2568c0cd-581c-4347-963f-30efbf796c37 req-ff12cb0c-42d5-49f3-a755-6a5122162d92 None None] Starting request: 10.222.0.55 "GET /placement/allocations/acdafcbc-62db-4a75-a325-d2f2860cb0d4" {{(pid=94317) __call__ /opt/stack/placement/placement/requestlog.py:55}}
Jul 23 10:39:50.568344 n-d-778550-4 devstack@placement-api.service[94317]: INFO placement.requestlog [req-2568c0cd-581c-4347-963f-30efbf796c37 req-ff12cb0c-42d5-49f3-a755-6a5122162d92 service placement] 10.222.0.55 "GET /placement/allocations/acdafcbc-62db-4a75-a325-d2f2860cb0d4" status: 200 len: 260 microversion: 1.28
Jul 23 10:39:50.569403 n-d-778550-4 devstack@placement-api.service[94317]: [pid: 94317|app: 0|req: 473/944] 10.222.0.55 () {60 vars in 1378 bytes} [Fri Jul 23 10:39:50 2021] GET /placement/allocations/acdafcbc-62db-4a75-a325-d2f2860cb0d4 => generated 260 bytes in 31 msecs (HTTP/1.1 200) 8 headers in 296 bytes (1 switches on core 0)
Jul 23 10:39:51.283243 n-d-778550-4 devstack@placement-api.service[94318]: DEBUG placement.requestlog [req-7a10ab82-83ca-4282-8c4d-7c054e0c5609 req-9707099c-34c0-4017-b855-e290c479f823 None None] Starting request: 10.222.0.55 "GET /placement/allocations/4e868491-16ee-4c6b-88a0-051986288272" {{(pid=94318) __call__ /opt/stack/placement/placement/requestlog.py:55}}
Jul 23 10:39:51.303629 n-d-778550-4 devstack@placement-api.service[94318]: INFO placement.requestlog [req-7a10ab82-83ca-4282-8c4d-7c054e0c5609 req-9707099c-34c0-4017-b855-e290c479f823 service placement] 10.222.0.55 "GET /placement/allocations/4e868491-16ee-4c6b-88a0-051986288272" status: 200 len: 260 microversion: 1.28
Jul 23 10:39:51.304302 n-d-778550-4 devstack@placement-api.service[94318]: [pid: 94318|app: 0|req: 472/945] 10.222.0.55 () {60 vars in 1378 bytes} [Fri Jul 23 10:39:51 2021] GET /placement/allocations/4e868491-16ee-4c6b-88a0-051986288272 => generated 260 bytes in 21 msecs (HTTP/1.1 200) 8 headers in 296 bytes (1 switches on core 0)
Jul 23 10:39:51.315476 n-d-778550-4 devstack@placement-api.service[94317]: DEBUG placement.requestlog [req-7a10ab82-83ca-4282-8c4d-7c054e0c5609 req-f376527b-b54e-4c55-b1dd-f54a77a8ec14 None None] Starting request: 10.222.0.55 "PUT /placement/allocations/4e868491-16ee-4c6b-88a0-051986288272" {{(pid=94317) __call__ /opt/stack/placement/placement/requestlog.py:55}}
Jul 23 10:39:51.380994 n-d-778550-4 devstack@placement-api.service[94317]: DEBUG placement.handlers.allocation [req-7a10ab82-83ca-4282-8c4d-7c054e0c5609 req-f376527b-b54e-4c55-b1dd-f54a77a8ec14 service placement] Successfully wrote allocations [, , ] {{(pid=94317) _create_allocations /opt/stack/placement/placement/handlers/allocation.py:435}}
Jul 23 10:39:51.381557 n-d-778550-4 devstack@placement-api.service[94317]: INFO placement.requestlog [req-7a10ab82-83ca-4282-8c4d-7c054e0c5609 req-f376527b-b54e-4c55-b1dd-f54a77a8ec14 service placement] 10.222.0.55 "PUT /placement/allocations/4e868491-16ee-4c6b-88a0-051986288272" status: 204 len: 0 microversion: 1.28
Jul 23 10:39:51.382228 n-d-778550-4 devstack@placement-api.service[94317]: [pid: 94317|app: 0|req: 474/946] 10.222.0.55 () {64 vars in 1431 bytes} [Fri Jul 23 10:39:51 2021] PUT /placement/allocations/4e868491-16ee-4c6b-88a0-051986288272 => generated 0 bytes in 68 msecs (HTTP/1.1 204) 5 headers in 199 bytes (1 switches on core 0)
Jul 23 10:39:55.523291 n-d-778550-4 devstack@placement-api.service[94318]: DEBUG placement.requestlog [req-52148a1d-0f53-4ac2-8187-9ddc40353ccb req-857cd039-5566-44bf-b91a-941a683b5d31 None None] Starting request: 10.222.0.37 "GET /placement/allocation_candidates?limit=1000&resources=DISK_GB%3A1%2CMEMORY_MB%3A1024%2CVCPU%3A1&root_required=%21COMPUTE_STATUS_DISABLED" {{(pid=94318) __call__ /opt/stack/placement/placement/requestlog.py:55}}
Jul 23 10:39:55.581553 n-d-778550-4 devstack@placement-api.service[94318]: DEBUG placement.objects.research_context [req-52148a1d-0f53-4ac2-8187-9ddc40353ccb req-857cd039-5566-44bf-b91a-941a683b5d31 service placement] getting providers with 1 DISK_GB {{(pid=94318) __init__ /opt/stack/placement/placement/objects/research_context.py:126}}
Jul 23 10:39:55.600507 n-d-778550-4 devstack@placement-api.service[94318]: DEBUG placement.objects.research_context [req-52148a1d-0f53-4ac2-8187-9ddc40353ccb req-857cd039-5566-44bf-b91a-941a683b5d31 service placement] getting providers with 1024 MEMORY_MB {{(pid=94318) __init__ /opt/stack/placement/placement/objects/research_context.py:126}}
Jul 23 10:39:55.606648 n-d-778550-4 devstack@placement-api.service[94318]: DEBUG placement.objects.research_context [req-52148a1d-0f53-4ac2-8187-9ddc40353ccb req-857cd039-5566-44bf-b91a-941a683b5d31 service placement] getting providers with 1 VCPU {{(pid=94318) __init__ /opt/stack/placement/placement/objects/research_context.py:126}}
Jul 23 10:39:55.613295 n-d-778550-4 devstack@placement-api.service[94318]: DEBUG placement.objects.research_context [req-52148a1d-0f53-4ac2-8187-9ddc40353ccb req-857cd039-5566-44bf-b91a-941a683b5d31 service placement] found 2 providers with available 1 DISK_GB {{(pid=94318) get_provider_ids_matching /opt/stack/placement/placement/objects/research_context.py:549}}
Jul 23 10:39:55.616124 n-d-778550-4 devstack@placement-api.service[94318]: DEBUG placement.objects.research_context [req-52148a1d-0f53-4ac2-8187-9ddc40353ccb req-857cd039-5566-44bf-b91a-941a683b5d31 service placement] found 2 providers with available 1024 MEMORY_MB {{(pid=94318) get_provider_ids_matching /opt/stack/placement/placement/objects/research_context.py:549}}
Jul 23 10:39:55.616599 n-d-778550-4 devstack@placement-api.service[94318]: DEBUG placement.objects.research_context [req-52148a1d-0f53-4ac2-8187-9ddc40353ccb req-857cd039-5566-44bf-b91a-941a683b5d31 service placement] found 2 providers after filtering by previous result {{(pid=94318) get_provider_ids_matching /opt/stack/placement/placement/objects/research_context.py:580}}
Jul 23 10:39:55.617042 n-d-778550-4 devstack@placement-api.service[94318]: DEBUG placement.objects.research_context [req-52148a1d-0f53-4ac2-8187-9ddc40353ccb req-857cd039-5566-44bf-b91a-941a683b5d31 service placement] found 2 providers with available 1 VCPU {{(pid=94318) get_provider_ids_matching /opt/stack/placement/placement/objects/research_context.py:549}}
Jul 23 10:39:55.617487 n-d-778550-4 devstack@placement-api.service[94318]: DEBUG placement.objects.research_context [req-52148a1d-0f53-4ac2-8187-9ddc40353ccb req-857cd039-5566-44bf-b91a-941a683b5d31 service placement] found 2 providers after filtering by previous result {{(pid=94318) get_provider_ids_matching /opt/stack/placement/placement/objects/research_context.py:580}}
Jul 23 10:39:55.635325 n-d-778550-4 devstack@placement-api.service[94318]: DEBUG placement.objects.allocation_candidate [req-52148a1d-0f53-4ac2-8187-9ddc40353ccb req-857cd039-5566-44bf-b91a-941a683b5d31 service placement] RequestGroup(use_same_provider=False, resources={DISK_GB:1, MEMORY_MB:1024, VCPU:1}, traits=[], aggregates=[]) (suffix '') returned 2 matches {{(pid=94318) _get_by_requests /opt/stack/placement/placement/objects/allocation_candidate.py:145}}
Jul 23 10:39:55.636062 n-d-778550-4 devstack@placement-api.service[94318]: DEBUG placement.objects.allocation_candidate [req-52148a1d-0f53-4ac2-8187-9ddc40353ccb req-857cd039-5566-44bf-b91a-941a683b5d31 service placement] Merging candidates yields 2 allocation requests and 2 provider summaries {{(pid=94318) _merge_candidates /opt/stack/placement/placement/objects/allocation_candidate.py:783}}
Jul 23 10:39:55.637845 n-d-778550-4 devstack@placement-api.service[94318]: INFO placement.requestlog [req-52148a1d-0f53-4ac2-8187-9ddc40353ccb req-857cd039-5566-44bf-b91a-941a683b5d31 service placement] 10.222.0.37 "GET /placement/allocation_candidates?limit=1000&resources=DISK_GB%3A1%2CMEMORY_MB%3A1024%2CVCPU%3A1&root_required=%21COMPUTE_STATUS_DISABLED" status: 200 len: 1309 microversion: 1.35
Jul 23 10:39:55.642760 n-d-778550-4 devstack@placement-api.service[94318]: [pid: 94318|app: 0|req: 473/947] 10.222.0.37 () {60 vars in 1507 bytes} [Fri Jul 23 10:39:55 2021] GET /placement/allocation_candidates?limit=1000&resources=DISK_GB%3A1%2CMEMORY_MB%3A1024%2CVCPU%3A1&root_required=%21COMPUTE_STATUS_DISABLED => generated 1309 bytes in 119 msecs (HTTP/1.1 200) 8 headers in 297 bytes (1 switches on core 0)
Jul 23 10:39:55.711822 n-d-778550-4 devstack@placement-api.service[94317]: DEBUG placement.requestlog [req-52148a1d-0f53-4ac2-8187-9ddc40353ccb req-cb0cc250-36b6-420a-90aa-342a5456ac95 None None] Starting request: 10.222.0.37 "GET /placement/allocations/c745d160-ef9d-410f-a972-2132aef55fd5" {{(pid=94317) __call__ /opt/stack/placement/placement/requestlog.py:55}}
Jul 23 10:39:55.725975 n-d-778550-4 devstack@placement-api.service[94317]: INFO placement.requestlog [req-52148a1d-0f53-4ac2-8187-9ddc40353ccb req-cb0cc250-36b6-420a-90aa-342a5456ac95 service placement] 10.222.0.37 "GET /placement/allocations/c745d160-ef9d-410f-a972-2132aef55fd5" status: 200 len: 19 microversion: 1.28
Jul 23 10:39:55.726548 n-d-778550-4 devstack@placement-api.service[94317]: [pid: 94317|app: 0|req: 475/948] 10.222.0.37 () {60 vars in 1381 bytes} [Fri Jul 23 10:39:55 2021] GET /placement/allocations/c745d160-ef9d-410f-a972-2132aef55fd5 => generated 19 bytes in 15 msecs (HTTP/1.1 200) 8 headers in 295 bytes (1 switches on core 0)
Jul 23 10:39:55.732401 n-d-778550-4 devstack@placement-api.service[94318]: DEBUG placement.requestlog [req-52148a1d-0f53-4ac2-8187-9ddc40353ccb req-e0668eaf-287e-459c-9c47-cabc38107f62 None None] Starting request: 10.222.0.37 "PUT /placement/allocations/c745d160-ef9d-410f-a972-2132aef55fd5" {{(pid=94318) __call__ /opt/stack/placement/placement/requestlog.py:55}}
Jul 23 10:39:55.847649 n-d-778550-4 devstack@placement-api.service[94318]: DEBUG placement.handlers.allocation [req-52148a1d-0f53-4ac2-8187-9ddc40353ccb req-e0668eaf-287e-459c-9c47-cabc38107f62 service placement] Successfully wrote allocations [, , ] {{(pid=94318) _create_allocations /opt/stack/placement/placement/handlers/allocation.py:435}}
Jul 23 10:39:55.854834 n-d-778550-4 devstack@placement-api.service[94318]: INFO placement.requestlog [req-52148a1d-0f53-4ac2-8187-9ddc40353ccb req-e0668eaf-287e-459c-9c47-cabc38107f62 service placement] 10.222.0.37 "PUT /placement/allocations/c745d160-ef9d-410f-a972-2132aef55fd5" status: 204 len: 0 microversion: 1.35
Jul 23 10:39:55.855840 n-d-778550-4 devstack@placement-api.service[94318]: [pid: 94318|app: 0|req: 474/949] 10.222.0.37 () {64 vars in 1434 bytes} [Fri Jul 23 10:39:55 2021] PUT /placement/allocations/c745d160-ef9d-410f-a972-2132aef55fd5 => generated 0 bytes in 123 msecs (HTTP/1.1 204) 5 headers in 199 bytes (1 switches on core 0)
Jul 23 10:39:56.355626 n-d-778550-4 devstack@placement-api.service[94317]: DEBUG placement.requestlog [req-52148a1d-0f53-4ac2-8187-9ddc40353ccb req-23934886-f2f5-4b9c-9d53-64ce31fd2302 None None] Starting request: 10.222.0.55 "GET /placement/allocations/c745d160-ef9d-410f-a972-2132aef55fd5" {{(pid=94317) __call__ /opt/stack/placement/placement/requestlog.py:55}}
Jul 23 10:39:56.385889 n-d-778550-4 devstack@placement-api.service[94317]: INFO placement.requestlog [req-52148a1d-0f53-4ac2-8187-9ddc40353ccb req-23934886-f2f5-4b9c-9d53-64ce31fd2302 service placement] 10.222.0.55 "GET /placement/allocations/c745d160-ef9d-410f-a972-2132aef55fd5" status: 200 len: 260 microversion: 1.28
Jul 23 10:39:56.387043 n-d-778550-4 devstack@placement-api.service[94317]: [pid: 94317|app: 0|req: 476/950] 10.222.0.55 () {60 vars in 1378 bytes} [Fri Jul 23 10:39:56 2021] GET /placement/allocations/c745d160-ef9d-410f-a972-2132aef55fd5 => generated 260 bytes in 32 msecs (HTTP/1.1 200) 8 headers in 296 bytes (1 switches on core 0)
Jul 23 10:39:59.073970 n-d-778550-4 devstack@placement-api.service[94318]: DEBUG placement.requestlog [req-e80f93fd-bdbf-4b27-9a18-f929adbb1ec8 req-82802dbc-1745-4762-a306-b1fd89fcce29 None None] Starting request: 10.222.0.37 "GET /placement/allocation_candidates?limit=1000&resources=DISK_GB%3A1%2CMEMORY_MB%3A1024%2CVCPU%3A1&root_required=%21COMPUTE_STATUS_DISABLED" {{(pid=94318) __call__ /opt/stack/placement/placement/requestlog.py:55}}
Jul 23 10:39:59.116096 n-d-778550-4 devstack@placement-api.service[94318]: DEBUG placement.objects.research_context [req-e80f93fd-bdbf-4b27-9a18-f929adbb1ec8 req-82802dbc-1745-4762-a306-b1fd89fcce29 service placement] getting providers with 1 DISK_GB {{(pid=94318) __init__ /opt/stack/placement/placement/objects/research_context.py:126}}
Jul 23 10:39:59.122951 n-d-778550-4 devstack@placement-api.service[94318]: DEBUG placement.objects.research_context [req-e80f93fd-bdbf-4b27-9a18-f929adbb1ec8 req-82802dbc-1745-4762-a306-b1fd89fcce29 service placement] getting providers with 1024 MEMORY_MB {{(pid=94318) __init__ /opt/stack/placement/placement/objects/research_context.py:126}}
Jul 23 10:39:59.131109 n-d-778550-4 devstack@placement-api.service[94318]: DEBUG placement.objects.research_context [req-e80f93fd-bdbf-4b27-9a18-f929adbb1ec8 req-82802dbc-1745-4762-a306-b1fd89fcce29 service placement] getting providers with 1 VCPU {{(pid=94318) __init__ /opt/stack/placement/placement/objects/research_context.py:126}}
Jul 23 10:39:59.137840 n-d-778550-4 devstack@placement-api.service[94318]: DEBUG placement.objects.research_context [req-e80f93fd-bdbf-4b27-9a18-f929adbb1ec8 req-82802dbc-1745-4762-a306-b1fd89fcce29 service placement] found 2 providers with available 1 DISK_GB {{(pid=94318) get_provider_ids_matching /opt/stack/placement/placement/objects/research_context.py:549}}
Jul 23 10:39:59.138283 n-d-778550-4 devstack@placement-api.service[94318]: DEBUG placement.objects.research_context [req-e80f93fd-bdbf-4b27-9a18-f929adbb1ec8 req-82802dbc-1745-4762-a306-b1fd89fcce29 service placement] found 2 providers with available 1024 MEMORY_MB {{(pid=94318) get_provider_ids_matching /opt/stack/placement/placement/objects/research_context.py:549}}
Jul 23 10:39:59.138691 n-d-778550-4 devstack@placement-api.service[94318]: DEBUG placement.objects.research_context [req-e80f93fd-bdbf-4b27-9a18-f929adbb1ec8 req-82802dbc-1745-4762-a306-b1fd89fcce29 service placement] found 2 providers after filtering by previous result {{(pid=94318) get_provider_ids_matching /opt/stack/placement/placement/objects/research_context.py:580}}
Jul 23 10:39:59.139223 n-d-778550-4 devstack@placement-api.service[94318]: DEBUG placement.objects.research_context [req-e80f93fd-bdbf-4b27-9a18-f929adbb1ec8 req-82802dbc-1745-4762-a306-b1fd89fcce29 service placement] found 2 providers with available 1 VCPU {{(pid=94318) get_provider_ids_matching /opt/stack/placement/placement/objects/research_context.py:549}}
Jul 23 10:39:59.139735 n-d-778550-4 devstack@placement-api.service[94318]: DEBUG placement.objects.research_context [req-e80f93fd-bdbf-4b27-9a18-f929adbb1ec8 req-82802dbc-1745-4762-a306-b1fd89fcce29 service placement] found 2 providers after filtering by previous result {{(pid=94318) get_provider_ids_matching /opt/stack/placement/placement/objects/research_context.py:580}}
Jul 23 10:39:59.157005 n-d-778550-4 devstack@placement-api.service[94318]: DEBUG placement.objects.allocation_candidate [req-e80f93fd-bdbf-4b27-9a18-f929adbb1ec8 req-82802dbc-1745-4762-a306-b1fd89fcce29 service placement] RequestGroup(use_same_provider=False, resources={DISK_GB:1, MEMORY_MB:1024, VCPU:1}, traits=[], aggregates=[]) (suffix '') returned 2 matches {{(pid=94318) _get_by_requests /opt/stack/placement/placement/objects/allocation_candidate.py:145}}
Jul 23 10:39:59.157630 n-d-778550-4 devstack@placement-api.service[94318]: DEBUG placement.objects.allocation_candidate [req-e80f93fd-bdbf-4b27-9a18-f929adbb1ec8 req-82802dbc-1745-4762-a306-b1fd89fcce29 service placement] Merging candidates yields 2 allocation requests and 2 provider summaries {{(pid=94318) _merge_candidates /opt/stack/placement/placement/objects/allocation_candidate.py:783}}
Jul 23 10:39:59.159524 n-d-778550-4 devstack@placement-api.service[94318]: INFO placement.requestlog [req-e80f93fd-bdbf-4b27-9a18-f929adbb1ec8 req-82802dbc-1745-4762-a306-b1fd89fcce29 service placement] 10.222.0.37 "GET /placement/allocation_candidates?limit=1000&resources=DISK_GB%3A1%2CMEMORY_MB%3A1024%2CVCPU%3A1&root_required=%21COMPUTE_STATUS_DISABLED" status: 200 len: 1309 microversion: 1.35
Jul 23 10:39:59.167344 n-d-778550-4 devstack@placement-api.service[94318]: [pid: 94318|app: 0|req: 475/951] 10.222.0.37 () {60 vars in 1507 bytes} [Fri Jul 23 10:39:59 2021] GET /placement/allocation_candidates?limit=1000&resources=DISK_GB%3A1%2CMEMORY_MB%3A1024%2CVCPU%3A1&root_required=%21COMPUTE_STATUS_DISABLED => generated 1309 bytes in 94 msecs (HTTP/1.1 200) 8 headers in 297 bytes (1 switches on core 0)
Jul 23 10:39:59.223550 n-d-778550-4 devstack@placement-api.service[94317]: DEBUG placement.requestlog [req-e80f93fd-bdbf-4b27-9a18-f929adbb1ec8 req-55a33db3-1d3e-4420-bae5-da622da2f72f None None] Starting request: 10.222.0.37 "GET /placement/allocations/a202859f-9ec1-4a01-be02-8b2551a4b0df" {{(pid=94317) __call__ /opt/stack/placement/placement/requestlog.py:55}}
Jul 23 10:39:59.238271 n-d-778550-4 devstack@placement-api.service[94317]: INFO placement.requestlog [req-e80f93fd-bdbf-4b27-9a18-f929adbb1ec8 req-55a33db3-1d3e-4420-bae5-da622da2f72f service placement] 10.222.0.37 "GET /placement/allocations/a202859f-9ec1-4a01-be02-8b2551a4b0df" status: 200 len: 19 microversion: 1.28
Jul 23 10:39:59.239070 n-d-778550-4 devstack@placement-api.service[94317]: [pid: 94317|app: 0|req: 477/952] 10.222.0.37 () {60 vars in 1381 bytes} [Fri Jul 23 10:39:59 2021] GET /placement/allocations/a202859f-9ec1-4a01-be02-8b2551a4b0df => generated 19 bytes in 16 msecs (HTTP/1.1 200) 8 headers in 295 bytes (1 switches on core 0)
Jul 23 10:39:59.246539 n-d-778550-4 devstack@placement-api.service[94318]: DEBUG placement.requestlog [req-e80f93fd-bdbf-4b27-9a18-f929adbb1ec8 req-93f1595f-177c-44dd-a676-d81e937dd9da None None] Starting request: 10.222.0.37 "PUT /placement/allocations/a202859f-9ec1-4a01-be02-8b2551a4b0df" {{(pid=94318) __call__ /opt/stack/placement/placement/requestlog.py:55}}
Jul 23 10:39:59.343511 n-d-778550-4 devstack@placement-api.service[94318]: DEBUG placement.handlers.allocation [req-e80f93fd-bdbf-4b27-9a18-f929adbb1ec8 req-93f1595f-177c-44dd-a676-d81e937dd9da service placement] Successfully wrote allocations [, , ] {{(pid=94318) _create_allocations /opt/stack/placement/placement/handlers/allocation.py:435}}
Jul 23 10:39:59.344593 n-d-778550-4 devstack@placement-api.service[94318]: INFO placement.requestlog [req-e80f93fd-bdbf-4b27-9a18-f929adbb1ec8 req-93f1595f-177c-44dd-a676-d81e937dd9da service placement] 10.222.0.37 "PUT /placement/allocations/a202859f-9ec1-4a01-be02-8b2551a4b0df" status: 204 len: 0 microversion: 1.35
Jul 23 10:39:59.345043 n-d-778550-4 devstack@placement-api.service[94318]: [pid: 94318|app: 0|req: 476/953] 10.222.0.37 () {64 vars in 1434 bytes} [Fri Jul 23 10:39:59 2021] PUT /placement/allocations/a202859f-9ec1-4a01-be02-8b2551a4b0df => generated 0 bytes in 99 msecs (HTTP/1.1 204) 5 headers in 199 bytes (1 switches on core 0)
Jul 23 10:39:59.798326 n-d-778550-4 devstack@placement-api.service[94317]: DEBUG placement.requestlog [req-e80f93fd-bdbf-4b27-9a18-f929adbb1ec8 req-e8749115-2184-4007-96fc-35e414778d4b None None] Starting request: 10.222.0.55 "GET /placement/allocations/a202859f-9ec1-4a01-be02-8b2551a4b0df" {{(pid=94317) __call__ /opt/stack/placement/placement/requestlog.py:55}}
Jul 23 10:39:59.849098 n-d-778550-4 devstack@placement-api.service[94317]: INFO placement.requestlog [req-e80f93fd-bdbf-4b27-9a18-f929adbb1ec8 req-e8749115-2184-4007-96fc-35e414778d4b service placement] 10.222.0.55 "GET /placement/allocations/a202859f-9ec1-4a01-be02-8b2551a4b0df" status: 200 len: 260 microversion: 1.28
Jul 23 10:39:59.851125 n-d-778550-4 devstack@placement-api.service[94317]: [pid: 94317|app: 0|req: 478/954] 10.222.0.55 () {60 vars in 1378 bytes} [Fri Jul 23 10:39:59 2021] GET /placement/allocations/a202859f-9ec1-4a01-be02-8b2551a4b0df => generated 260 bytes in 53 msecs (HTTP/1.1 200) 8 headers in 296 bytes (1 switches on core 0)
Jul 23 10:40:09.404750 n-d-778550-4 devstack@placement-api.service[94318]: DEBUG placement.requestlog [req-10bca8cf-f7c3-4397-b531-cbb50406ddcb req-bc7481cc-f198-43d9-915d-f154da3f7fb1 None None] Starting request: 10.222.0.55 "GET /placement/allocations/d93109fc-e1dc-4c1c-a08b-88cce06cd140" {{(pid=94318) __call__ /opt/stack/placement/placement/requestlog.py:55}}
Jul 23 10:40:09.443234 n-d-778550-4 devstack@placement-api.service[94318]: INFO placement.requestlog [req-10bca8cf-f7c3-4397-b531-cbb50406ddcb req-bc7481cc-f198-43d9-915d-f154da3f7fb1 service placement] 10.222.0.55 "GET /placement/allocations/d93109fc-e1dc-4c1c-a08b-88cce06cd140" status: 200 len: 260 microversion: 1.28
Jul 23 10:40:09.443505 n-d-778550-4 devstack@placement-api.service[94318]: [pid: 94318|app: 0|req: 477/955] 10.222.0.55 () {60 vars in 1378 bytes} [Fri Jul 23 10:40:09 2021] GET /placement/allocations/d93109fc-e1dc-4c1c-a08b-88cce06cd140 => generated 260 bytes in 39 msecs (HTTP/1.1 200) 8 headers in 296 bytes (1 switches on core 0)
Jul 23 10:40:09.451633 n-d-778550-4 devstack@placement-api.service[94317]: DEBUG placement.requestlog [req-10bca8cf-f7c3-4397-b531-cbb50406ddcb req-7c08b64b-516c-4432-b212-de5cb9553016 None None] Starting request: 10.222.0.55 "PUT /placement/allocations/d93109fc-e1dc-4c1c-a08b-88cce06cd140" {{(pid=94317) __call__ /opt/stack/placement/placement/requestlog.py:55}}
Jul 23 10:40:09.565261 n-d-778550-4 devstack@placement-api.service[94317]: DEBUG placement.handlers.allocation [req-10bca8cf-f7c3-4397-b531-cbb50406ddcb req-7c08b64b-516c-4432-b212-de5cb9553016 service placement] Successfully wrote allocations [, , ] {{(pid=94317) _create_allocations /opt/stack/placement/placement/handlers/allocation.py:435}}
Jul 23 10:40:09.566215 n-d-778550-4 devstack@placement-api.service[94317]: INFO placement.requestlog [req-10bca8cf-f7c3-4397-b531-cbb50406ddcb req-7c08b64b-516c-4432-b212-de5cb9553016 service placement] 10.222.0.55 "PUT /placement/allocations/d93109fc-e1dc-4c1c-a08b-88cce06cd140" status: 204 len: 0 microversion: 1.28
Jul 23 10:40:09.566871 n-d-778550-4 devstack@placement-api.service[94317]: [pid: 94317|app: 0|req: 479/956] 10.222.0.55 () {64 vars in 1431 bytes} [Fri Jul 23 10:40:09 2021] PUT /placement/allocations/d93109fc-e1dc-4c1c-a08b-88cce06cd140 => generated 0 bytes in 115 msecs (HTTP/1.1 204) 5 headers in 199 bytes (1 switches on core 0)
Jul 23 10:40:15.256993 n-d-778550-4 devstack@placement-api.service[94318]: DEBUG placement.requestlog [req-8367b437-9e2f-4281-bf30-9b761644908c req-18a546f1-c6b3-4478-b5fe-195a1d63973e None None] Starting request: 10.222.0.55 "GET /placement/resource_providers/d0edc8ba-4d62-484e-8e27-f708c15db591/allocations" {{(pid=94318) __call__ /opt/stack/placement/placement/requestlog.py:55}}
Jul 23 10:40:15.278917 n-d-778550-4 devstack@placement-api.service[94318]: INFO placement.requestlog [req-8367b437-9e2f-4281-bf30-9b761644908c req-18a546f1-c6b3-4478-b5fe-195a1d63973e service placement] 10.222.0.55 "GET /placement/resource_providers/d0edc8ba-4d62-484e-8e27-f708c15db591/allocations" status: 200 len: 458 microversion: 1.0
Jul 23 10:40:15.279679 n-d-778550-4 devstack@placement-api.service[94318]: [pid: 94318|app: 0|req: 478/957] 10.222.0.55 () {58 vars in 1391 bytes} [Fri Jul 23 10:40:15 2021] GET /placement/resource_providers/d0edc8ba-4d62-484e-8e27-f708c15db591/allocations => generated 458 bytes in 23 msecs (HTTP/1.1 200) 6 headers in 224 bytes (1 switches on core 0)
Jul 23 10:40:16.792051 n-d-778550-4 devstack@placement-api.service[94317]: DEBUG placement.requestlog [req-d0a62bef-2e78-4339-b757-9e4e08077a01 req-573e89e1-983a-4ba2-aeaa-d1d495759d49 None None] Starting request: 10.222.0.55 "GET /placement/allocations/c745d160-ef9d-410f-a972-2132aef55fd5" {{(pid=94317) __call__ /opt/stack/placement/placement/requestlog.py:55}}
Jul 23 10:40:16.846335 n-d-778550-4 devstack@placement-api.service[94317]: INFO placement.requestlog [req-d0a62bef-2e78-4339-b757-9e4e08077a01 req-573e89e1-983a-4ba2-aeaa-d1d495759d49 service placement] 10.222.0.55 "GET /placement/allocations/c745d160-ef9d-410f-a972-2132aef55fd5" status: 200 len: 260 microversion: 1.28
Jul 23 10:40:16.847471 n-d-778550-4 devstack@placement-api.service[94317]: [pid: 94317|app: 0|req: 480/958] 10.222.0.55 () {60 vars in 1378 bytes} [Fri Jul 23 10:40:16 2021] GET /placement/allocations/c745d160-ef9d-410f-a972-2132aef55fd5 => generated 260 bytes in 55 msecs (HTTP/1.1 200) 8 headers in 296 bytes (1 switches on core 0)
Jul 23 10:40:16.854155 n-d-778550-4 devstack@placement-api.service[94318]: DEBUG placement.requestlog [req-d0a62bef-2e78-4339-b757-9e4e08077a01 req-cc2cbeea-f351-4de4-b797-d5726ffb47b9 None None] Starting request: 10.222.0.55 "PUT /placement/allocations/c745d160-ef9d-410f-a972-2132aef55fd5" {{(pid=94318) __call__ /opt/stack/placement/placement/requestlog.py:55}}
Jul 23 10:40:16.971813 n-d-778550-4 devstack@placement-api.service[94318]: DEBUG placement.handlers.allocation [req-d0a62bef-2e78-4339-b757-9e4e08077a01 req-cc2cbeea-f351-4de4-b797-d5726ffb47b9 service placement] Successfully wrote allocations [, , ] {{(pid=94318) _create_allocations /opt/stack/placement/placement/handlers/allocation.py:435}}
Jul 23 10:40:16.972636 n-d-778550-4 devstack@placement-api.service[94318]: INFO placement.requestlog [req-d0a62bef-2e78-4339-b757-9e4e08077a01 req-cc2cbeea-f351-4de4-b797-d5726ffb47b9 service placement] 10.222.0.55 "PUT /placement/allocations/c745d160-ef9d-410f-a972-2132aef55fd5" status: 204 len: 0 microversion: 1.28
Jul 23 10:40:16.973336 n-d-778550-4 devstack@placement-api.service[94318]: [pid: 94318|app: 0|req: 479/959] 10.222.0.55 () {64 vars in 1431 bytes} [Fri Jul 23 10:40:16 2021] PUT /placement/allocations/c745d160-ef9d-410f-a972-2132aef55fd5 => generated 0 bytes in 119 msecs (HTTP/1.1 204) 5 headers in 199 bytes (2 switches on core 0)
Jul 23 10:40:18.491763 n-d-778550-4 devstack@placement-api.service[94317]: DEBUG placement.requestlog [req-6e8447a7-5d20-403f-8df2-4fb6b33a2f3e req-2cca914b-2802-48f4-b6b6-5a7d8e7b151d None None] Starting request: 10.222.0.55 "GET /placement/allocations/a202859f-9ec1-4a01-be02-8b2551a4b0df" {{(pid=94317) __call__ /opt/stack/placement/placement/requestlog.py:55}}
Jul 23 10:40:18.514295 n-d-778550-4 devstack@placement-api.service[94317]: INFO placement.requestlog [req-6e8447a7-5d20-403f-8df2-4fb6b33a2f3e req-2cca914b-2802-48f4-b6b6-5a7d8e7b151d service placement] 10.222.0.55 "GET /placement/allocations/a202859f-9ec1-4a01-be02-8b2551a4b0df" status: 200 len: 260 microversion: 1.28
Jul 23 10:40:18.516673 n-d-778550-4 devstack@placement-api.service[94317]: [pid: 94317|app: 0|req: 481/960] 10.222.0.55 () {60 vars in 1378 bytes} [Fri Jul 23 10:40:18 2021] GET /placement/allocations/a202859f-9ec1-4a01-be02-8b2551a4b0df => generated 260 bytes in 25 msecs (HTTP/1.1 200) 8 headers in 296 bytes (1 switches on core 0)
Jul 23 10:40:18.522036 n-d-778550-4 devstack@placement-api.service[94318]: DEBUG placement.requestlog [req-6e8447a7-5d20-403f-8df2-4fb6b33a2f3e req-f400fe8e-ff38-42a3-8936-39bad9305a97 None None] Starting request: 10.222.0.55 "PUT /placement/allocations/a202859f-9ec1-4a01-be02-8b2551a4b0df" {{(pid=94318) __call__ /opt/stack/placement/placement/requestlog.py:55}}
Jul 23 10:40:18.618781 n-d-778550-4 devstack@placement-api.service[94318]: DEBUG placement.handlers.allocation [req-6e8447a7-5d20-403f-8df2-4fb6b33a2f3e req-f400fe8e-ff38-42a3-8936-39bad9305a97 service placement] Successfully wrote allocations [, , ] {{(pid=94318) _create_allocations /opt/stack/placement/placement/handlers/allocation.py:435}}
Jul 23 10:40:18.619796 n-d-778550-4 devstack@placement-api.service[94318]: INFO placement.requestlog [req-6e8447a7-5d20-403f-8df2-4fb6b33a2f3e req-f400fe8e-ff38-42a3-8936-39bad9305a97 service placement] 10.222.0.55 "PUT /placement/allocations/a202859f-9ec1-4a01-be02-8b2551a4b0df" status: 204 len: 0 microversion: 1.28
Jul 23 10:40:18.620259 n-d-778550-4 devstack@placement-api.service[94318]: [pid: 94318|app: 0|req: 480/961] 10.222.0.55 () {64 vars in 1431 bytes} [Fri Jul 23 10:40:18 2021] PUT /placement/allocations/a202859f-9ec1-4a01-be02-8b2551a4b0df => generated 0 bytes in 98 msecs (HTTP/1.1 204) 5 headers in 199 bytes (1 switches on core 0)
Jul 23 10:40:19.203037 n-d-778550-4 devstack@placement-api.service[94317]: DEBUG placement.requestlog [req-a6ed4aa7-e716-4916-8861-e5251677634c req-4d1cf6f7-4e9a-40e7-80bd-92b87adc195a None None] Starting request: 10.222.0.37 "GET /placement/allocation_candidates?limit=1000&resources=DISK_GB%3A1%2CMEMORY_MB%3A1024%2CVCPU%3A1&root_required=%21COMPUTE_STATUS_DISABLED" {{(pid=94317) __call__ /opt/stack/placement/placement/requestlog.py:55}}
Jul 23 10:40:19.302413 n-d-778550-4 devstack@placement-api.service[94317]: DEBUG placement.objects.research_context [req-a6ed4aa7-e716-4916-8861-e5251677634c req-4d1cf6f7-4e9a-40e7-80bd-92b87adc195a service placement] getting providers with 1 DISK_GB {{(pid=94317) __init__ /opt/stack/placement/placement/objects/research_context.py:126}}
Jul 23 10:40:19.315660 n-d-778550-4 devstack@placement-api.service[94318]: DEBUG placement.requestlog [req-abdaeedc-6c7d-4f64-b2f3-be259c1be0d8 req-ec0de267-405f-46a0-9a3c-9152ec64501a None None] Starting request: 10.222.0.20 "GET /placement/allocations/a8ca87f4-c274-4ab5-acef-68e74dbf6394" {{(pid=94318) __call__ /opt/stack/placement/placement/requestlog.py:55}}
Jul 23 10:40:19.323059 n-d-778550-4 devstack@placement-api.service[94317]: DEBUG placement.objects.research_context [req-a6ed4aa7-e716-4916-8861-e5251677634c req-4d1cf6f7-4e9a-40e7-80bd-92b87adc195a service placement] getting providers with 1024 MEMORY_MB {{(pid=94317) __init__ /opt/stack/placement/placement/objects/research_context.py:126}}
Jul 23 10:40:19.331918 n-d-778550-4 devstack@placement-api.service[94318]: INFO placement.requestlog [req-abdaeedc-6c7d-4f64-b2f3-be259c1be0d8 req-ec0de267-405f-46a0-9a3c-9152ec64501a service placement] 10.222.0.20 "GET /placement/allocations/a8ca87f4-c274-4ab5-acef-68e74dbf6394" status: 200 len: 260 microversion: 1.28
Jul 23 10:40:19.332752 n-d-778550-4 devstack@placement-api.service[94318]: [pid: 94318|app: 0|req: 481/962] 10.222.0.20 () {60 vars in 1378 bytes} [Fri Jul 23 10:40:19 2021] GET /placement/allocations/a8ca87f4-c274-4ab5-acef-68e74dbf6394 => generated 260 bytes in 17 msecs (HTTP/1.1 200) 8 headers in 296 bytes (1 switches on core 0)
Jul 23 10:40:19.343884 n-d-778550-4 devstack@placement-api.service[94318]: DEBUG placement.requestlog [req-abdaeedc-6c7d-4f64-b2f3-be259c1be0d8 req-f7707f78-3801-4e4e-ac3d-2da12c68d235 None None] Starting request: 10.222.0.20 "PUT /placement/allocations/a8ca87f4-c274-4ab5-acef-68e74dbf6394" {{(pid=94318) __call__ /opt/stack/placement/placement/requestlog.py:55}}
Jul 23 10:40:19.354320 n-d-778550-4 devstack@placement-api.service[94317]: DEBUG placement.objects.research_context [req-a6ed4aa7-e716-4916-8861-e5251677634c req-4d1cf6f7-4e9a-40e7-80bd-92b87adc195a service placement] getting providers with 1 VCPU {{(pid=94317) __init__ /opt/stack/placement/placement/objects/research_context.py:126}}
Jul 23 10:40:19.369449 n-d-778550-4 devstack@placement-api.service[94317]: DEBUG placement.objects.research_context [req-a6ed4aa7-e716-4916-8861-e5251677634c req-4d1cf6f7-4e9a-40e7-80bd-92b87adc195a service placement] found 2 providers with available 1 DISK_GB {{(pid=94317) get_provider_ids_matching /opt/stack/placement/placement/objects/research_context.py:549}}
Jul 23 10:40:19.370620 n-d-778550-4 devstack@placement-api.service[94317]: DEBUG placement.objects.research_context [req-a6ed4aa7-e716-4916-8861-e5251677634c req-4d1cf6f7-4e9a-40e7-80bd-92b87adc195a service placement] found 2 providers with available 1024 MEMORY_MB {{(pid=94317) get_provider_ids_matching /opt/stack/placement/placement/objects/research_context.py:549}}
Jul 23 10:40:19.371061 n-d-778550-4 devstack@placement-api.service[94317]: DEBUG placement.objects.research_context [req-a6ed4aa7-e716-4916-8861-e5251677634c req-4d1cf6f7-4e9a-40e7-80bd-92b87adc195a service placement] found 2 providers after filtering by previous result {{(pid=94317) get_provider_ids_matching /opt/stack/placement/placement/objects/research_context.py:580}}
Jul 23 10:40:19.372388 n-d-778550-4 devstack@placement-api.service[94317]: DEBUG placement.objects.research_context [req-a6ed4aa7-e716-4916-8861-e5251677634c req-4d1cf6f7-4e9a-40e7-80bd-92b87adc195a service placement] found 2 providers with available 1 VCPU {{(pid=94317) get_provider_ids_matching /opt/stack/placement/placement/objects/research_context.py:549}}
Jul 23 10:40:19.374082 n-d-778550-4 devstack@placement-api.service[94317]: DEBUG placement.objects.research_context [req-a6ed4aa7-e716-4916-8861-e5251677634c req-4d1cf6f7-4e9a-40e7-80bd-92b87adc195a service placement] found 2 providers after filtering by previous result {{(pid=94317) get_provider_ids_matching /opt/stack/placement/placement/objects/research_context.py:580}}
Jul 23 10:40:19.406755 n-d-778550-4 devstack@placement-api.service[94317]: DEBUG placement.objects.allocation_candidate [req-a6ed4aa7-e716-4916-8861-e5251677634c req-4d1cf6f7-4e9a-40e7-80bd-92b87adc195a service placement] RequestGroup(use_same_provider=False, resources={DISK_GB:1, MEMORY_MB:1024, VCPU:1}, traits=[], aggregates=[]) (suffix '') returned 2 matches {{(pid=94317) _get_by_requests /opt/stack/placement/placement/objects/allocation_candidate.py:145}}
Jul 23 10:40:19.408768 n-d-778550-4 devstack@placement-api.service[94317]: DEBUG placement.objects.allocation_candidate [req-a6ed4aa7-e716-4916-8861-e5251677634c req-4d1cf6f7-4e9a-40e7-80bd-92b87adc195a service placement] Merging candidates yields 2 allocation requests and 2 provider summaries {{(pid=94317) _merge_candidates /opt/stack/placement/placement/objects/allocation_candidate.py:783}}
Jul 23 10:40:19.413999 n-d-778550-4 devstack@placement-api.service[94317]: INFO placement.requestlog [req-a6ed4aa7-e716-4916-8861-e5251677634c req-4d1cf6f7-4e9a-40e7-80bd-92b87adc195a service placement] 10.222.0.37 "GET /placement/allocation_candidates?limit=1000&resources=DISK_GB%3A1%2CMEMORY_MB%3A1024%2CVCPU%3A1&root_required=%21COMPUTE_STATUS_DISABLED" status: 200 len: 1309 microversion: 1.35
Jul 23 10:40:19.414500 n-d-778550-4 devstack@placement-api.service[94317]: [pid: 94317|app: 0|req: 482/963] 10.222.0.37 () {60 vars in 1507 bytes} [Fri Jul 23 10:40:19 2021] GET /placement/allocation_candidates?limit=1000&resources=DISK_GB%3A1%2CMEMORY_MB%3A1024%2CVCPU%3A1&root_required=%21COMPUTE_STATUS_DISABLED => generated 1309 bytes in 212 msecs (HTTP/1.1 200) 8 headers in 297 bytes (1 switches on core 0)
Jul 23 10:40:19.441282 n-d-778550-4 devstack@placement-api.service[94318]: DEBUG placement.handlers.allocation [req-abdaeedc-6c7d-4f64-b2f3-be259c1be0d8 req-f7707f78-3801-4e4e-ac3d-2da12c68d235 service placement] Successfully wrote allocations [, , ] {{(pid=94318) _create_allocations /opt/stack/placement/placement/handlers/allocation.py:435}}
Jul 23 10:40:19.442345 n-d-778550-4 devstack@placement-api.service[94318]: INFO placement.requestlog [req-abdaeedc-6c7d-4f64-b2f3-be259c1be0d8 req-f7707f78-3801-4e4e-ac3d-2da12c68d235 service placement] 10.222.0.20 "PUT /placement/allocations/a8ca87f4-c274-4ab5-acef-68e74dbf6394" status: 204 len: 0 microversion: 1.28
Jul 23 10:40:19.443153 n-d-778550-4 devstack@placement-api.service[94318]: [pid: 94318|app: 0|req: 482/964] 10.222.0.20 () {64 vars in 1431 bytes} [Fri Jul 23 10:40:19 2021] PUT /placement/allocations/a8ca87f4-c274-4ab5-acef-68e74dbf6394 => generated 0 bytes in 99 msecs (HTTP/1.1 204) 5 headers in 199 bytes (2 switches on core 0)
Jul 23 10:40:19.512158 n-d-778550-4 devstack@placement-api.service[94317]: DEBUG placement.requestlog [req-a6ed4aa7-e716-4916-8861-e5251677634c req-0124f6ab-510e-455c-b0fe-bf58adc3de65 None None] Starting request: 10.222.0.37 "GET /placement/allocations/1e8e995b-5ad7-4aa4-85fe-1eb904abcb76" {{(pid=94317) __call__ /opt/stack/placement/placement/requestlog.py:55}}
Jul 23 10:40:19.530484 n-d-778550-4 devstack@placement-api.service[94317]: INFO placement.requestlog [req-a6ed4aa7-e716-4916-8861-e5251677634c req-0124f6ab-510e-455c-b0fe-bf58adc3de65 service placement] 10.222.0.37 "GET /placement/allocations/1e8e995b-5ad7-4aa4-85fe-1eb904abcb76" status: 200 len: 19 microversion: 1.28
Jul 23 10:40:19.530812 n-d-778550-4 devstack@placement-api.service[94317]: [pid: 94317|app: 0|req: 483/965] 10.222.0.37 () {60 vars in 1381 bytes} [Fri Jul 23 10:40:19 2021] GET /placement/allocations/1e8e995b-5ad7-4aa4-85fe-1eb904abcb76 => generated 19 bytes in 19 msecs (HTTP/1.1 200) 8 headers in 295 bytes (1 switches on core 0)
Jul 23 10:40:19.539553 n-d-778550-4 devstack@placement-api.service[94318]: DEBUG placement.requestlog [req-a6ed4aa7-e716-4916-8861-e5251677634c req-0ab063e6-e043-44b6-b049-6dd7de3513ca None None] Starting request: 10.222.0.37 "PUT /placement/allocations/1e8e995b-5ad7-4aa4-85fe-1eb904abcb76" {{(pid=94318) __call__ /opt/stack/placement/placement/requestlog.py:55}}
Jul 23 10:40:19.650794 n-d-778550-4 devstack@placement-api.service[94318]: DEBUG placement.handlers.allocation [req-a6ed4aa7-e716-4916-8861-e5251677634c req-0ab063e6-e043-44b6-b049-6dd7de3513ca service placement] Successfully wrote allocations [, , ] {{(pid=94318) _create_allocations /opt/stack/placement/placement/handlers/allocation.py:435}}
Jul 23 10:40:19.654256 n-d-778550-4 devstack@placement-api.service[94318]: INFO placement.requestlog [req-a6ed4aa7-e716-4916-8861-e5251677634c req-0ab063e6-e043-44b6-b049-6dd7de3513ca service placement] 10.222.0.37 "PUT /placement/allocations/1e8e995b-5ad7-4aa4-85fe-1eb904abcb76" status: 204 len: 0 microversion: 1.35
Jul 23 10:40:19.654519 n-d-778550-4 devstack@placement-api.service[94318]: [pid: 94318|app: 0|req: 483/966] 10.222.0.37 () {64 vars in 1434 bytes} [Fri Jul 23 10:40:19 2021] PUT /placement/allocations/1e8e995b-5ad7-4aa4-85fe-1eb904abcb76 => generated 0 bytes in 115 msecs (HTTP/1.1 204) 5 headers in 199 bytes (2 switches on core 0)
Jul 23 10:40:20.161116 n-d-778550-4 devstack@placement-api.service[94317]: DEBUG placement.requestlog [req-a6ed4aa7-e716-4916-8861-e5251677634c req-2dbad155-aaf3-497d-9e7b-07cfda35d41e None None] Starting request: 10.222.0.55 "GET /placement/allocations/1e8e995b-5ad7-4aa4-85fe-1eb904abcb76" {{(pid=94317) __call__ /opt/stack/placement/placement/requestlog.py:55}}
