Aug 26 10:44:07.024966 n-d-778550-13 neutron-server[101267]: DEBUG neutron_lib.callbacks.manager [None req-ae7760b7-7e19-44f3-98b2-5c3ba6975816 admin admin] Notify callbacks [] for security_group, before_create {{(pid=101267) _notify_loop /usr/local/lib/python3.8/dist-packages/neutron_lib/callbacks/manager.py:192}}
Aug 26 10:44:07.104288 n-d-778550-13 neutron-server[101267]: INFO neutron.wsgi [req-accaf965-a946-4fdf-80f5-21d1798fc8e7 req-86e20d31-2163-48d7-8189-bf3c55809683 tempest-MigrationsAdminTest-1676860816 tempest-MigrationsAdminTest-1676860816-project] 10.222.0.21 "GET /v2.0/ports?device_id=a071bf4c-7916-43f1-821b-7b8e52df8c85 HTTP/1.1" status: 200 len: 210 time: 0.0675592
Aug 26 10:44:07.143997 n-d-778550-13 neutron-server[101267]: DEBUG neutron_lib.callbacks.manager [None req-85d34f31-5127-4ac9-9f0d-e9e4fffe3736 admin admin] Notify callbacks [] for security_group, precommit_create {{(pid=101267) _notify_loop /usr/local/lib/python3.8/dist-packages/neutron_lib/callbacks/manager.py:192}}
Aug 26 10:44:07.157908 n-d-778550-13 neutron-server[101267]: DEBUG neutron_lib.callbacks.manager [None req-85d34f31-5127-4ac9-9f0d-e9e4fffe3736 admin admin] Notify callbacks ['neutron.plugins.ml2.ovo_rpc._ObjectChangeHandler.handle_event-3826402'] for security_group, after_create {{(pid=101267) _notify_loop /usr/local/lib/python3.8/dist-packages/neutron_lib/callbacks/manager.py:192}}
Aug 26 10:44:07.186798 n-d-778550-13 neutron-server[101266]: DEBUG neutron.api.rpc.agentnotifiers.l3_rpc_agent_api [None req-c1ff8210-71e3-42bc-a974-da5a5bfb9c42 admin admin] Notify agent at l3_agent.n-d-778550-13 the message routers_updated {{(pid=101266) _agent_notification /opt/stack/neutron/neutron/api/rpc/agentnotifiers/l3_rpc_agent_api.py:65}}
Aug 26 10:44:07.193923 n-d-778550-13 neutron-server[101266]: INFO neutron.wsgi [None req-c1ff8210-71e3-42bc-a974-da5a5bfb9c42 admin admin] 10.222.0.21 "PUT /v2.0/routers/2978f2d3-efdb-438c-97fa-e056f7611c46/add_router_interface HTTP/1.1" status: 200 len: 503 time: 3.0639639
Aug 26 10:44:07.206690 n-d-778550-13 neutron-server[101267]: INFO neutron.wsgi [None req-85d34f31-5127-4ac9-9f0d-e9e4fffe3736 admin admin] 10.222.0.21 "GET /v2.0/security-groups?tenant_id=e25201820f174a1eb6094dfc427cb644&name=default HTTP/1.1" status: 200 len: 2979 time: 1.1723843
Aug 26 10:44:07.207443 n-d-778550-13 neutron-server[101267]: DEBUG neutron.wsgi [-] (101267) accepted ('10.222.0.21', 34548) {{(pid=101267) server /usr/local/lib/python3.8/dist-packages/eventlet/wsgi.py:982}}
Aug 26 10:44:07.211558 n-d-778550-13 neutron-server[101268]: DEBUG neutron.plugins.ml2.db [None req-9405e558-e334-49ee-b81e-569499fee408 None None] For port 3bf96361-a803-49df-8ba3-3d4877de47e8, host n-d-778550-13, got binding levels [PortBindingLevel(driver='openvswitch',host='n-d-778550-13',level=0,port_id=3bf96361-a803-49df-8ba3-3d4877de47e8,segment=NetworkSegment(aa85835f-5cf9-4533-a1b8-82464f6eb840),segment_id=aa85835f-5cf9-4533-a1b8-82464f6eb840)] {{(pid=101268) get_binding_level_objs /opt/stack/neutron/neutron/plugins/ml2/db.py:74}}
Aug 26 10:44:07.229874 n-d-778550-13 neutron-server[101267]: DEBUG neutron_lib.db.api [None req-abb126cd-c164-4b4f-a611-0d2a5ad1be40 admin admin] Retry wrapper got retriable exception: (pymysql.err.OperationalError) (1213, 'Deadlock found when trying to get lock; try restarting transaction')
Aug 26 10:44:07.229874 n-d-778550-13 neutron-server[101267]: [SQL: DELETE FROM reservations WHERE reservations.project_id = %(project_id_1)s AND reservations.expiration < %(expiration_1)s]
Aug 26 10:44:07.229874 n-d-778550-13 neutron-server[101267]: [parameters: {'project_id_1': 'b96e2dacfa1a449a84c8e69ae2074496', 'expiration_1': datetime.datetime(2021, 8, 26, 10, 44, 7, 80847)}]
Aug 26 10:44:07.229874 n-d-778550-13 neutron-server[101267]: (Background on this error at: https://sqlalche.me/e/14/e3q8) {{(pid=101267) wrapped /usr/local/lib/python3.8/dist-packages/neutron_lib/db/api.py:183}}
Aug 26 10:44:07.231165 n-d-778550-13 neutron-server[101267]: DEBUG oslo_db.api [None req-abb126cd-c164-4b4f-a611-0d2a5ad1be40 admin admin] Performing DB retry for function neutron.db.securitygroups_db.SecurityGroupDbMixin.create_security_group {{(pid=101267) wrapper /usr/local/lib/python3.8/dist-packages/oslo_db/api.py:155}}
Aug 26 10:44:07.234030 n-d-778550-13 neutron-server[101268]: DEBUG neutron_lib.callbacks.manager [None req-9405e558-e334-49ee-b81e-569499fee408 None None] Notify callbacks ['neutron.plugins.ml2.plugin.SecurityGroupServerNotifierRpcMixin._notify_sg_on_port_change-722944', 'neutron.plugins.ml2.ovo_rpc._ObjectChangeHandler.handle_event-52473', 'neutron.api.rpc.agentnotifiers.dhcp_rpc_agent_api.DhcpAgentNotifyAPI._native_event_send_dhcp_notification-3708295', 'neutron.db.l3_db.L3RpcNotifierMixin._notify_gateway_port_ip_changed-8730521440817', 'neutron.db.l3_dvrscheduler_db._notify_l3_agent_port_update-8730520966696', 'neutron.db.l3_hascheduler_db._notify_l3_agent_ha_port_update-8730520966714'] for port, after_update {{(pid=101268) _notify_loop /usr/local/lib/python3.8/dist-packages/neutron_lib/callbacks/manager.py:192}}
Aug 26 10:44:07.280095 n-d-778550-13 neutron-server[101267]: DEBUG neutron.api.rpc.handlers.resources_rpc [None req-85d34f31-5127-4ac9-9f0d-e9e4fffe3736 admin admin] Pushing event updated for resources: {'SecurityGroup': ['ID=bd7546f4-7149-47f9-ac5d-bb1ddb2e7bb8,revision_number=1']} {{(pid=101267) push /opt/stack/neutron/neutron/api/rpc/handlers/resources_rpc.py:237}}
Aug 26 10:44:07.301881 n-d-778550-13 neutron-server[101268]: DEBUG neutron.plugins.ml2.db [None req-a5319e64-b712-4827-ab8f-a147868f10aa None None] For port b790792f-613d-417e-9b85-6ecf76090e9b, host n-h2-778550-13, got binding levels [PortBindingLevel(driver='hyperv',host='n-h2-778550-13',level=0,port_id=b790792f-613d-417e-9b85-6ecf76090e9b,segment=NetworkSegment(4bdf2aea-0b45-4a0f-abe1-ce965ee41c6c),segment_id=4bdf2aea-0b45-4a0f-abe1-ce965ee41c6c)] {{(pid=101268) get_binding_level_objs /opt/stack/neutron/neutron/plugins/ml2/db.py:74}}
Aug 26 10:44:07.320123 n-d-778550-13 neutron-server[101267]: DEBUG neutron_lib.callbacks.manager [None req-79adff0e-3c56-4fab-a1f0-4177595f53cf admin admin] Notify callbacks [] for security_group, before_delete {{(pid=101267) _notify_loop /usr/local/lib/python3.8/dist-packages/neutron_lib/callbacks/manager.py:192}}
Aug 26 10:44:07.325277 n-d-778550-13 neutron-server[101268]: DEBUG neutron.plugins.ml2.rpc [None req-a5319e64-b712-4827-ab8f-a147868f10aa None None] Returning: {'device': 'b790792f-613d-417e-9b85-6ecf76090e9b', 'network_id': 'e924ff56-e3b9-40fa-8771-798dea4169c3', 'port_id': 'b790792f-613d-417e-9b85-6ecf76090e9b', 'mac_address': 'fa:16:3e:6c:6f:58', 'admin_state_up': True, 'network_type': 'vlan', 'segmentation_id': 444, 'physical_network': 'physnet1', 'mtu': 1500, 'fixed_ips': [{'subnet_id': 'a97efdc4-9aba-4cd0-946d-5078d7832b1b', 'ip_address': '192.168.233.75'}], 'device_owner': 'compute:tempest-test_az-856123566', 'allowed_address_pairs': [], 'port_security_enabled': True, 'qos_policy_id': None, 'network_qos_policy_id': None, 'profile': {}, 'propagate_uplink_status': False} {{(pid=101268) _get_device_details /opt/stack/neutron/neutron/plugins/ml2/rpc.py:184}}
Aug 26 10:44:07.357998 n-d-778550-13 neutron-server[101267]: DEBUG neutron_lib.callbacks.manager [None req-79adff0e-3c56-4fab-a1f0-4177595f53cf admin admin] Notify callbacks [] for security_group, precommit_delete {{(pid=101267) _notify_loop /usr/local/lib/python3.8/dist-packages/neutron_lib/callbacks/manager.py:192}}
Aug 26 10:44:07.404349 n-d-778550-13 neutron-server[101268]: DEBUG neutron_lib.callbacks.manager [None req-a5319e64-b712-4827-ab8f-a147868f10aa None None] Notify callbacks ['neutron.plugins.ml2.plugin.SecurityGroupDbMixin._ensure_default_security_group_handler-723023'] for port, before_update {{(pid=101268) _notify_loop /usr/local/lib/python3.8/dist-packages/neutron_lib/callbacks/manager.py:192}}
Aug 26 10:44:07.406468 n-d-778550-13 neutron-server[101268]: DEBUG neutron.api.rpc.handlers.resources_rpc [None req-9405e558-e334-49ee-b81e-569499fee408 None None] Pushing event updated for resources: {'Port': ['ID=3bf96361-a803-49df-8ba3-3d4877de47e8,revision_number=4']} {{(pid=101268) push /opt/stack/neutron/neutron/api/rpc/handlers/resources_rpc.py:237}}
Aug 26 10:44:07.425698 n-d-778550-13 neutron-server[101268]: DEBUG neutron.notifiers.nova [None req-a5319e64-b712-4827-ab8f-a147868f10aa None None] Ignoring state change previous_port_status: DOWN current_port_status: BUILD port_id b790792f-613d-417e-9b85-6ecf76090e9b {{(pid=101268) record_port_status_changed /opt/stack/neutron/neutron/notifiers/nova.py:224}}
Aug 26 10:44:07.457696 n-d-778550-13 neutron-server[101267]: DEBUG neutron_lib.callbacks.manager [None req-ae7760b7-7e19-44f3-98b2-5c3ba6975816 admin admin] Notify callbacks [] for security_group, precommit_create {{(pid=101267) _notify_loop /usr/local/lib/python3.8/dist-packages/neutron_lib/callbacks/manager.py:192}}
Aug 26 10:44:07.462201 n-d-778550-13 neutron-server[101267]: DEBUG neutron_lib.callbacks.manager [None req-ae7760b7-7e19-44f3-98b2-5c3ba6975816 admin admin] Notify callbacks ['neutron.plugins.ml2.ovo_rpc._ObjectChangeHandler.handle_event-3826402'] for security_group, after_create {{(pid=101267) _notify_loop /usr/local/lib/python3.8/dist-packages/neutron_lib/callbacks/manager.py:192}}
Aug 26 10:44:07.491288 n-d-778550-13 neutron-server[101268]: DEBUG neutron.plugins.ml2.db [None req-a5319e64-b712-4827-ab8f-a147868f10aa None None] For port b790792f-613d-417e-9b85-6ecf76090e9b, host n-h2-778550-13, got binding levels [PortBindingLevel(driver='hyperv',host='n-h2-778550-13',level=0,port_id=b790792f-613d-417e-9b85-6ecf76090e9b,segment=NetworkSegment(4bdf2aea-0b45-4a0f-abe1-ce965ee41c6c),segment_id=4bdf2aea-0b45-4a0f-abe1-ce965ee41c6c)] {{(pid=101268) get_binding_level_objs /opt/stack/neutron/neutron/plugins/ml2/db.py:74}}
Aug 26 10:44:07.492729 n-d-778550-13 neutron-server[101267]: DEBUG neutron.api.rpc.handlers.resources_rpc [None req-ae7760b7-7e19-44f3-98b2-5c3ba6975816 admin admin] Pushing event updated for resources: {'SecurityGroup': ['ID=e919c20f-774c-49a3-a908-2371f281ff70,revision_number=1']} {{(pid=101267) push /opt/stack/neutron/neutron/api/rpc/handlers/resources_rpc.py:237}}
Aug 26 10:44:07.503243 n-d-778550-13 neutron-server[101268]: DEBUG neutron_lib.callbacks.manager [None req-a5319e64-b712-4827-ab8f-a147868f10aa None None] Notify callbacks ['neutron.plugins.ml2.plugin.SecurityGroupServerNotifierRpcMixin._notify_sg_on_port_change-722944', 'neutron.plugins.ml2.ovo_rpc._ObjectChangeHandler.handle_event-52473', 'neutron.api.rpc.agentnotifiers.dhcp_rpc_agent_api.DhcpAgentNotifyAPI._native_event_send_dhcp_notification-3708295', 'neutron.db.l3_db.L3RpcNotifierMixin._notify_gateway_port_ip_changed-8730521440817', 'neutron.db.l3_dvrscheduler_db._notify_l3_agent_port_update-8730520966696', 'neutron.db.l3_hascheduler_db._notify_l3_agent_ha_port_update-8730520966714'] for port, after_update {{(pid=101268) _notify_loop /usr/local/lib/python3.8/dist-packages/neutron_lib/callbacks/manager.py:192}}
Aug 26 10:44:07.511263 n-d-778550-13 neutron-server[101267]: DEBUG neutron_lib.callbacks.manager [None req-79adff0e-3c56-4fab-a1f0-4177595f53cf admin admin] Notify callbacks ['neutron.plugins.ml2.ovo_rpc._ObjectChangeHandler.handle_event-3826402'] for security_group, after_delete {{(pid=101267) _notify_loop /usr/local/lib/python3.8/dist-packages/neutron_lib/callbacks/manager.py:192}}
Aug 26 10:44:07.513808 n-d-778550-13 neutron-server[101267]: DEBUG neutron_lib.callbacks.manager [None req-79adff0e-3c56-4fab-a1f0-4177595f53cf admin admin] Notify callbacks [] for security_group, before_response {{(pid=101267) _notify_loop /usr/local/lib/python3.8/dist-packages/neutron_lib/callbacks/manager.py:192}}
Aug 26 10:44:07.517731 n-d-778550-13 neutron-server[101267]: INFO neutron.wsgi [None req-79adff0e-3c56-4fab-a1f0-4177595f53cf admin admin] 10.222.0.21 "DELETE /v2.0/security-groups/bd7546f4-7149-47f9-ac5d-bb1ddb2e7bb8 HTTP/1.1" status: 204 len: 168 time: 0.3036118
Aug 26 10:44:07.525124 n-d-778550-13 neutron-server[101267]: INFO neutron.wsgi [None req-ae7760b7-7e19-44f3-98b2-5c3ba6975816 admin admin] 10.222.0.21 "GET /v2.0/security-groups?tenant_id=400238542ee444c1a8c8b38b0b209b42&name=default HTTP/1.1" status: 200 len: 2979 time: 0.7627950
Aug 26 10:44:07.525124 n-d-778550-13 neutron-server[101267]: DEBUG neutron.wsgi [-] (101267) accepted ('10.222.0.21', 34568) {{(pid=101267) server /usr/local/lib/python3.8/dist-packages/eventlet/wsgi.py:982}}
Aug 26 10:44:07.564858 n-d-778550-13 neutron-server[101267]: DEBUG neutron.api.rpc.handlers.resources_rpc [None req-79adff0e-3c56-4fab-a1f0-4177595f53cf admin admin] Pushing event deleted for resources: {'SecurityGroup': ['ID=bd7546f4-7149-47f9-ac5d-bb1ddb2e7bb8,revision_number=None']} {{(pid=101267) push /opt/stack/neutron/neutron/api/rpc/handlers/resources_rpc.py:237}}
Aug 26 10:44:07.598222 n-d-778550-13 neutron-server[101267]: DEBUG neutron_lib.callbacks.manager [None req-ddb8a8b5-d7f4-4864-87b1-536fe8779c21 admin admin] Notify callbacks [] for security_group, before_delete {{(pid=101267) _notify_loop /usr/local/lib/python3.8/dist-packages/neutron_lib/callbacks/manager.py:192}}
Aug 26 10:44:07.642176 n-d-778550-13 neutron-server[101267]: DEBUG neutron_lib.callbacks.manager [None req-ddb8a8b5-d7f4-4864-87b1-536fe8779c21 admin admin] Notify callbacks [] for security_group, precommit_delete {{(pid=101267) _notify_loop /usr/local/lib/python3.8/dist-packages/neutron_lib/callbacks/manager.py:192}}
Aug 26 10:44:07.678227 n-d-778550-13 neutron-server[101268]: DEBUG neutron.api.rpc.handlers.resources_rpc [None req-a5319e64-b712-4827-ab8f-a147868f10aa None None] Pushing event updated for resources: {'Port': ['ID=b790792f-613d-417e-9b85-6ecf76090e9b,revision_number=4']} {{(pid=101268) push /opt/stack/neutron/neutron/api/rpc/handlers/resources_rpc.py:237}}
Aug 26 10:44:07.716527 n-d-778550-13 neutron-server[101267]: DEBUG neutron_lib.callbacks.manager [None req-ddb8a8b5-d7f4-4864-87b1-536fe8779c21 admin admin] Notify callbacks ['neutron.plugins.ml2.ovo_rpc._ObjectChangeHandler.handle_event-3826402'] for security_group, after_delete {{(pid=101267) _notify_loop /usr/local/lib/python3.8/dist-packages/neutron_lib/callbacks/manager.py:192}}
Aug 26 10:44:07.719812 n-d-778550-13 neutron-server[101267]: DEBUG neutron_lib.callbacks.manager [None req-ddb8a8b5-d7f4-4864-87b1-536fe8779c21 admin admin] Notify callbacks [] for security_group, before_response {{(pid=101267) _notify_loop /usr/local/lib/python3.8/dist-packages/neutron_lib/callbacks/manager.py:192}}
Aug 26 10:44:07.720506 n-d-778550-13 neutron-server[101267]: INFO neutron.wsgi [None req-ddb8a8b5-d7f4-4864-87b1-536fe8779c21 admin admin] 10.222.0.21 "DELETE /v2.0/security-groups/e919c20f-774c-49a3-a908-2371f281ff70 HTTP/1.1" status: 204 len: 168 time: 0.1945882
Aug 26 10:44:07.732187 n-d-778550-13 neutron-server[101267]: DEBUG neutron_lib.callbacks.manager [None req-abb126cd-c164-4b4f-a611-0d2a5ad1be40 admin admin] Notify callbacks [] for security_group, before_create {{(pid=101267) _notify_loop /usr/local/lib/python3.8/dist-packages/neutron_lib/callbacks/manager.py:192}}
Aug 26 10:44:07.735289 n-d-778550-13 neutron-server[101267]: DEBUG neutron.api.rpc.handlers.resources_rpc [None req-ddb8a8b5-d7f4-4864-87b1-536fe8779c21 admin admin] Pushing event deleted for resources: {'SecurityGroup': ['ID=e919c20f-774c-49a3-a908-2371f281ff70,revision_number=None']} {{(pid=101267) push /opt/stack/neutron/neutron/api/rpc/handlers/resources_rpc.py:237}}
Aug 26 10:44:07.816988 n-d-778550-13 neutron-server[101268]: DEBUG neutron.plugins.ml2.db [None req-a5319e64-b712-4827-ab8f-a147868f10aa None None] get_ports_and_sgs() called for port_ids ['b790792f-613d-417e-9b85-6ecf76090e9b'] {{(pid=101268) get_ports_and_sgs /opt/stack/neutron/neutron/plugins/ml2/db.py:156}}
Aug 26 10:44:07.930649 n-d-778550-13 neutron-server[101267]: DEBUG neutron_lib.callbacks.manager [None req-abb126cd-c164-4b4f-a611-0d2a5ad1be40 admin admin] Notify callbacks [] for security_group, precommit_create {{(pid=101267) _notify_loop /usr/local/lib/python3.8/dist-packages/neutron_lib/callbacks/manager.py:192}}
Aug 26 10:44:07.941027 n-d-778550-13 neutron-server[101267]: DEBUG neutron_lib.callbacks.manager [None req-abb126cd-c164-4b4f-a611-0d2a5ad1be40 admin admin] Notify callbacks ['neutron.plugins.ml2.ovo_rpc._ObjectChangeHandler.handle_event-3826402'] for security_group, after_create {{(pid=101267) _notify_loop /usr/local/lib/python3.8/dist-packages/neutron_lib/callbacks/manager.py:192}}
Aug 26 10:44:08.008444 n-d-778550-13 neutron-server[101267]: INFO neutron.wsgi [None req-abb126cd-c164-4b4f-a611-0d2a5ad1be40 admin admin] 10.222.0.21 "GET /v2.0/security-groups?tenant_id=b96e2dacfa1a449a84c8e69ae2074496&name=default HTTP/1.1" status: 200 len: 2979 time: 1.0462799
Aug 26 10:44:08.009899 n-d-778550-13 neutron-server[101266]: DEBUG neutron.wsgi [-] (101266) accepted ('10.222.0.21', 34598) {{(pid=101266) server /usr/local/lib/python3.8/dist-packages/eventlet/wsgi.py:982}}
Aug 26 10:44:08.100238 n-d-778550-13 neutron-server[101266]: DEBUG neutron_lib.callbacks.manager [None req-82a06cc2-fae2-4e5c-b99c-cc68de74c4cb admin admin] Notify callbacks [] for security_group, before_delete {{(pid=101266) _notify_loop /usr/local/lib/python3.8/dist-packages/neutron_lib/callbacks/manager.py:192}}
Aug 26 10:44:08.126260 n-d-778550-13 neutron-server[101267]: DEBUG neutron.api.rpc.handlers.resources_rpc [None req-abb126cd-c164-4b4f-a611-0d2a5ad1be40 admin admin] Pushing event updated for resources: {'SecurityGroup': ['ID=f01acbd1-6f45-4138-8b0b-7442bc397a94,revision_number=1']} {{(pid=101267) push /opt/stack/neutron/neutron/api/rpc/handlers/resources_rpc.py:237}}
Aug 26 10:44:08.150859 n-d-778550-13 neutron-server[101266]: DEBUG neutron_lib.callbacks.manager [None req-82a06cc2-fae2-4e5c-b99c-cc68de74c4cb admin admin] Notify callbacks [] for security_group, precommit_delete {{(pid=101266) _notify_loop /usr/local/lib/python3.8/dist-packages/neutron_lib/callbacks/manager.py:192}}
Aug 26 10:44:08.174045 n-d-778550-13 neutron-server[101267]: DEBUG neutron.pecan_wsgi.hooks.policy_enforcement [req-bcc7c25d-81c4-43f0-b96f-03d36bd79cb6 req-c020cd51-921f-4f68-a26e-4a347242f6fe tempest-AggregatesAdminTestJSON-10562573 tempest-AggregatesAdminTestJSON-10562573-project] Attributes excluded by policy engine: ['standard_attr_id', 'binding:profile', 'binding:host_id', 'binding:vif_type', 'binding:vif_details'] {{(pid=101267) _exclude_attributes_by_policy /opt/stack/neutron/neutron/pecan_wsgi/hooks/policy_enforcement.py:255}}
Aug 26 10:44:08.178464 n-d-778550-13 neutron-server[101267]: INFO neutron.wsgi [req-bcc7c25d-81c4-43f0-b96f-03d36bd79cb6 req-c020cd51-921f-4f68-a26e-4a347242f6fe tempest-AggregatesAdminTestJSON-10562573 tempest-AggregatesAdminTestJSON-10562573-project] 10.222.0.21 "GET /v2.0/ports?device_id=e5ab80e9-f07b-4ad8-a62d-b3f8f4feab90 HTTP/1.1" status: 200 len: 969 time: 0.1244314
Aug 26 10:44:08.263927 n-d-778550-13 neutron-server[101266]: DEBUG neutron_lib.callbacks.manager [None req-82a06cc2-fae2-4e5c-b99c-cc68de74c4cb admin admin] Notify callbacks ['neutron.plugins.ml2.ovo_rpc._ObjectChangeHandler.handle_event-3826402'] for security_group, after_delete {{(pid=101266) _notify_loop /usr/local/lib/python3.8/dist-packages/neutron_lib/callbacks/manager.py:192}}
Aug 26 10:44:08.266071 n-d-778550-13 neutron-server[101267]: INFO neutron.wsgi [req-bcc7c25d-81c4-43f0-b96f-03d36bd79cb6 req-fb340f1d-ba7f-4d7a-8001-a51995a62f13 tempest-AggregatesAdminTestJSON-10562573 tempest-AggregatesAdminTestJSON-10562573-project] 10.222.0.21 "GET /v2.0/security-groups?id=8a458a01-4194-452b-92a6-38f5c62a5383&fields=id&fields=name HTTP/1.1" status: 200 len: 286 time: 0.0785174
Aug 26 10:44:08.266723 n-d-778550-13 neutron-server[101266]: DEBUG neutron_lib.callbacks.manager [None req-82a06cc2-fae2-4e5c-b99c-cc68de74c4cb admin admin] Notify callbacks [] for security_group, before_response {{(pid=101266) _notify_loop /usr/local/lib/python3.8/dist-packages/neutron_lib/callbacks/manager.py:192}}
Aug 26 10:44:08.267928 n-d-778550-13 neutron-server[101266]: INFO neutron.wsgi [None req-82a06cc2-fae2-4e5c-b99c-cc68de74c4cb admin admin] 10.222.0.21 "DELETE /v2.0/security-groups/f01acbd1-6f45-4138-8b0b-7442bc397a94 HTTP/1.1" status: 204 len: 168 time: 0.2567427
Aug 26 10:44:08.289610 n-d-778550-13 neutron-server[101266]: DEBUG neutron.api.rpc.handlers.resources_rpc [None req-82a06cc2-fae2-4e5c-b99c-cc68de74c4cb admin admin] Pushing event deleted for resources: {'SecurityGroup': ['ID=f01acbd1-6f45-4138-8b0b-7442bc397a94,revision_number=None']} {{(pid=101266) push /opt/stack/neutron/neutron/api/rpc/handlers/resources_rpc.py:237}}
Aug 26 10:44:08.404319 n-d-778550-13 neutron-server[101267]: INFO neutron.wsgi [req-74308858-2613-4c22-b2c9-365c82ea8391 req-dd4d72c5-5582-4162-a7f7-46e3dded2aea tempest-MigrationsAdminTest-1676860816 tempest-MigrationsAdminTest-1676860816-project] 10.222.0.21 "GET /v2.0/ports?device_id=a071bf4c-7916-43f1-821b-7b8e52df8c85 HTTP/1.1" status: 200 len: 210 time: 0.0487754
Aug 26 10:44:08.452677 n-d-778550-13 neutron-server[101268]: DEBUG neutron.api.rpc.handlers.l3_rpc [None req-1c2c4d3e-6c94-418a-b56a-55835382a6a3 None None] Sync routers for ids ['2978f2d3-efdb-438c-97fa-e056f7611c46'] in n-d-778550-13 {{(pid=101268) sync_routers /opt/stack/neutron/neutron/api/rpc/handlers/l3_rpc.py:125}}
Aug 26 10:44:08.464875 n-d-778550-13 neutron-server[101268]: DEBUG neutron.db.l3_dvrscheduler_db [None req-1c2c4d3e-6c94-418a-b56a-55835382a6a3 None None] Routers {'2978f2d3-efdb-438c-97fa-e056f7611c46'} bound to L3 agent in host n-d-778550-13 {{(pid=101268) _get_router_ids_for_agent /opt/stack/neutron/neutron/db/l3_dvrscheduler_db.py:420}}
Aug 26 10:44:08.465916 n-d-778550-13 neutron-server[101268]: DEBUG neutron.db.l3_hamode_db [None req-1c2c4d3e-6c94-418a-b56a-55835382a6a3 None None] neutron.services.l3_router.l3_router_plugin.L3RouterPlugin method get_ha_sync_data_for_host called with arguments (, 'n-d-778550-13', Agent(admin_state_up=True,agent_type='L3 agent',availability_zone='nova',binary='neutron-l3-agent',configurations={"agent_mode": "legacy", "ex_gw_ports": 1, "extensions": [], "floating_ips": 0, "handle_internal_only_routers": true, "interface_driver": "openvswitch", "interfaces": 1, "log_agent_heartbeats": false, "routers": 1},created_at=2021-08-26T10:33:46Z,description=,heartbeat_timestamp=2021-08-26T10:43:46Z,host='n-d-778550-13',id=1b0b2991-30bd-494d-802f-e43858d3960e,load=0,resource_versions=,resources_synced=,started_at=2021-08-26T10:33:46Z,topic='l3_agent')) {'router_ids': ['2978f2d3-efdb-438c-97fa-e056f7611c46'], 'active': True} {{(pid=101268) wrapper /usr/local/lib/python3.8/dist-packages/oslo_log/helpers.py:65}}
Aug 26 10:44:08.535233 n-d-778550-13 neutron-server[101267]: DEBUG neutron.wsgi [-] (101267) accepted ('10.222.0.21', 34616) {{(pid=101267) server /usr/local/lib/python3.8/dist-packages/eventlet/wsgi.py:982}}
Aug 26 10:44:08.550655 n-d-778550-13 neutron-server[101266]: DEBUG neutron.wsgi [-] (101266) accepted ('10.222.0.21', 34620) {{(pid=101266) server /usr/local/lib/python3.8/dist-packages/eventlet/wsgi.py:982}}
Aug 26 10:44:08.583148 n-d-778550-13 neutron-server[101266]: DEBUG neutron_lib.callbacks.manager [None req-731451d5-be0d-41a4-8da3-00b5326eedd1 admin admin] Notify callbacks [] for security_group, before_create {{(pid=101266) _notify_loop /usr/local/lib/python3.8/dist-packages/neutron_lib/callbacks/manager.py:192}}
Aug 26 10:44:08.652578 n-d-778550-13 neutron-server[101268]: DEBUG neutron.plugins.ml2.rpc [None req-9405e558-e334-49ee-b81e-569499fee408 None None] Device 3bf96361-a803-49df-8ba3-3d4877de47e8 up at agent ovs-agent-n-d-778550-13 {{(pid=101268) update_device_up /opt/stack/neutron/neutron/plugins/ml2/rpc.py:296}}
Aug 26 10:44:08.686057 n-d-778550-13 neutron-server[101267]: DEBUG neutron.wsgi [-] (101267) accepted ('10.222.0.21', 34622) {{(pid=101267) server /usr/local/lib/python3.8/dist-packages/eventlet/wsgi.py:982}}
Aug 26 10:44:08.691707 n-d-778550-13 neutron-server[101267]: DEBUG neutron.api.v2.base [None req-4afa98e8-0db8-4d85-bc69-3242d01789d1 tempest-ServersWithSpecificFlavorTestJSON-2069237739 tempest-ServersWithSpecificFlavorTestJSON-2069237739-project] Request body: {'security_group': {'name': 'tempest-securitygroup--2079470998', 'description': 'tempest-description--1623784500'}} {{(pid=101267) prepare_request_body /opt/stack/neutron/neutron/api/v2/base.py:730}}
Aug 26 10:44:08.768440 n-d-778550-13 neutron-server[101268]: DEBUG neutron.db.l3_dvr_db [None req-1c2c4d3e-6c94-418a-b56a-55835382a6a3 None None] Set router 2978f2d3-efdb-438c-97fa-e056f7611c46 gateway port host: n-d-778550-13 {{(pid=101268) _build_routers_list /opt/stack/neutron/neutron/db/l3_dvr_db.py:906}}
Aug 26 10:44:08.769478 n-d-778550-13 neutron-server[101266]: DEBUG neutron_lib.callbacks.manager [None req-731451d5-be0d-41a4-8da3-00b5326eedd1 admin admin] Notify callbacks [] for security_group, precommit_create {{(pid=101266) _notify_loop /usr/local/lib/python3.8/dist-packages/neutron_lib/callbacks/manager.py:192}}
Aug 26 10:44:08.782356 n-d-778550-13 neutron-server[101266]: DEBUG neutron_lib.callbacks.manager [None req-731451d5-be0d-41a4-8da3-00b5326eedd1 admin admin] Notify callbacks ['neutron.plugins.ml2.ovo_rpc._ObjectChangeHandler.handle_event-3826402'] for security_group, after_create {{(pid=101266) _notify_loop /usr/local/lib/python3.8/dist-packages/neutron_lib/callbacks/manager.py:192}}
Aug 26 10:44:08.804495 n-d-778550-13 neutron-server[101267]: DEBUG neutron_lib.callbacks.manager [None req-4afa98e8-0db8-4d85-bc69-3242d01789d1 tempest-ServersWithSpecificFlavorTestJSON-2069237739 tempest-ServersWithSpecificFlavorTestJSON-2069237739-project] Notify callbacks [] for security_group, before_create {{(pid=101267) _notify_loop /usr/local/lib/python3.8/dist-packages/neutron_lib/callbacks/manager.py:192}}
Aug 26 10:44:08.843154 n-d-778550-13 neutron-server[101266]: INFO neutron.wsgi [None req-731451d5-be0d-41a4-8da3-00b5326eedd1 admin admin] 10.222.0.21 "GET /v2.0/security-groups?tenant_id=cc27be7d11b94c48973dddb7ad461a2a&name=default HTTP/1.1" status: 200 len: 2979 time: 0.2912159
Aug 26 10:44:08.844643 n-d-778550-13 neutron-server[101266]: DEBUG neutron.api.rpc.handlers.resources_rpc [None req-731451d5-be0d-41a4-8da3-00b5326eedd1 admin admin] Pushing event updated for resources: {'SecurityGroup': ['ID=854e5e33-e5f2-489c-bd5c-4b9e6bf88624,revision_number=1']} {{(pid=101266) push /opt/stack/neutron/neutron/api/rpc/handlers/resources_rpc.py:237}}
Aug 26 10:44:08.849194 n-d-778550-13 neutron-server[101266]: DEBUG neutron.wsgi [-] (101266) accepted ('10.222.0.21', 34626) {{(pid=101266) server /usr/local/lib/python3.8/dist-packages/eventlet/wsgi.py:982}}
Aug 26 10:44:08.890869 n-d-778550-13 neutron-server[101268]: DEBUG neutron.plugins.ml2.rpc [None req-a5319e64-b712-4827-ab8f-a147868f10aa None None] Device b790792f-613d-417e-9b85-6ecf76090e9b up at agent hyperv_n-h2-778550-13 {{(pid=101268) update_device_up /opt/stack/neutron/neutron/plugins/ml2/rpc.py:296}}
Aug 26 10:44:08.916011 n-d-778550-13 neutron-server[101266]: DEBUG neutron.wsgi [-] (101266) accepted ('10.222.0.21', 34628) {{(pid=101266) server /usr/local/lib/python3.8/dist-packages/eventlet/wsgi.py:982}}
Aug 26 10:44:08.919843 n-d-778550-13 neutron-server[101268]: DEBUG neutron.db.provisioning_blocks [None req-9405e558-e334-49ee-b81e-569499fee408 None None] Provisioning complete for port 3bf96361-a803-49df-8ba3-3d4877de47e8 triggered by entity L2. {{(pid=101268) provisioning_complete /opt/stack/neutron/neutron/db/provisioning_blocks.py:139}}
Aug 26 10:44:08.920436 n-d-778550-13 neutron-server[101268]: DEBUG neutron_lib.callbacks.manager [None req-9405e558-e334-49ee-b81e-569499fee408 None None] Notify callbacks ['neutron.plugins.ml2.plugin.Ml2Plugin._port_provisioned-718022'] for port, provisioning_complete {{(pid=101268) _notify_loop /usr/local/lib/python3.8/dist-packages/neutron_lib/callbacks/manager.py:192}}
Aug 26 10:44:08.938441 n-d-778550-13 neutron-server[101266]: DEBUG neutron_lib.callbacks.manager [None req-3599e1ce-c65d-46f5-a2cb-de38d7697459 admin admin] Notify callbacks [] for security_group, before_delete {{(pid=101266) _notify_loop /usr/local/lib/python3.8/dist-packages/neutron_lib/callbacks/manager.py:192}}
Aug 26 10:44:08.942026 n-d-778550-13 neutron-server[101266]: DEBUG neutron_lib.callbacks.manager [None req-0c477992-5fe0-4690-958f-510c3d67397d admin admin] Notify callbacks [] for security_group, before_create {{(pid=101266) _notify_loop /usr/local/lib/python3.8/dist-packages/neutron_lib/callbacks/manager.py:192}}
Aug 26 10:44:08.977423 n-d-778550-13 neutron-server[101266]: DEBUG neutron_lib.callbacks.manager [None req-3599e1ce-c65d-46f5-a2cb-de38d7697459 admin admin] Notify callbacks [] for security_group, precommit_delete {{(pid=101266) _notify_loop /usr/local/lib/python3.8/dist-packages/neutron_lib/callbacks/manager.py:192}}
Aug 26 10:44:09.058851 n-d-778550-13 neutron-server[101267]: DEBUG neutron_lib.callbacks.manager [None req-4afa98e8-0db8-4d85-bc69-3242d01789d1 tempest-ServersWithSpecificFlavorTestJSON-2069237739 tempest-ServersWithSpecificFlavorTestJSON-2069237739-project] Notify callbacks [] for security_group, precommit_create {{(pid=101267) _notify_loop /usr/local/lib/python3.8/dist-packages/neutron_lib/callbacks/manager.py:192}}
Aug 26 10:44:09.059839 n-d-778550-13 neutron-server[101266]: DEBUG neutron_lib.callbacks.manager [None req-3599e1ce-c65d-46f5-a2cb-de38d7697459 admin admin] Notify callbacks ['neutron.plugins.ml2.ovo_rpc._ObjectChangeHandler.handle_event-3826402'] for security_group, after_delete {{(pid=101266) _notify_loop /usr/local/lib/python3.8/dist-packages/neutron_lib/callbacks/manager.py:192}}
Aug 26 10:44:09.065304 n-d-778550-13 neutron-server[101266]: DEBUG neutron_lib.callbacks.manager [None req-3599e1ce-c65d-46f5-a2cb-de38d7697459 admin admin] Notify callbacks [] for security_group, before_response {{(pid=101266) _notify_loop /usr/local/lib/python3.8/dist-packages/neutron_lib/callbacks/manager.py:192}}
Aug 26 10:44:09.070554 n-d-778550-13 neutron-server[101268]: DEBUG neutron.db.provisioning_blocks [None req-a5319e64-b712-4827-ab8f-a147868f10aa None None] Provisioning for port b790792f-613d-417e-9b85-6ecf76090e9b completed by entity L2. {{(pid=101268) provisioning_complete /opt/stack/neutron/neutron/db/provisioning_blocks.py:133}}
Aug 26 10:44:09.070768 n-d-778550-13 neutron-server[101266]: INFO neutron.wsgi [None req-3599e1ce-c65d-46f5-a2cb-de38d7697459 admin admin] 10.222.0.21 "DELETE /v2.0/security-groups/854e5e33-e5f2-489c-bd5c-4b9e6bf88624 HTTP/1.1" status: 204 len: 168 time: 0.2166615
Aug 26 10:44:09.072035 n-d-778550-13 neutron-server[101267]: DEBUG neutron_lib.callbacks.manager [None req-4afa98e8-0db8-4d85-bc69-3242d01789d1 tempest-ServersWithSpecificFlavorTestJSON-2069237739 tempest-ServersWithSpecificFlavorTestJSON-2069237739-project] Notify callbacks ['neutron.plugins.ml2.ovo_rpc._ObjectChangeHandler.handle_event-3826402'] for security_group, after_create {{(pid=101267) _notify_loop /usr/local/lib/python3.8/dist-packages/neutron_lib/callbacks/manager.py:192}}
Aug 26 10:44:09.079905 n-d-778550-13 neutron-server[101268]: DEBUG neutron.db.provisioning_blocks [None req-a5319e64-b712-4827-ab8f-a147868f10aa None None] Provisioning complete for port b790792f-613d-417e-9b85-6ecf76090e9b triggered by entity L2. {{(pid=101268) provisioning_complete /opt/stack/neutron/neutron/db/provisioning_blocks.py:139}}
Aug 26 10:44:09.080449 n-d-778550-13 neutron-server[101268]: DEBUG neutron_lib.callbacks.manager [None req-a5319e64-b712-4827-ab8f-a147868f10aa None None] Notify callbacks ['neutron.plugins.ml2.plugin.Ml2Plugin._port_provisioned-718022'] for port, provisioning_complete {{(pid=101268) _notify_loop /usr/local/lib/python3.8/dist-packages/neutron_lib/callbacks/manager.py:192}}
Aug 26 10:44:09.093398 n-d-778550-13 neutron-server[101266]: DEBUG neutron.api.rpc.handlers.resources_rpc [None req-3599e1ce-c65d-46f5-a2cb-de38d7697459 admin admin] Pushing event deleted for resources: {'SecurityGroup': ['ID=854e5e33-e5f2-489c-bd5c-4b9e6bf88624,revision_number=None']} {{(pid=101266) push /opt/stack/neutron/neutron/api/rpc/handlers/resources_rpc.py:237}}
Aug 26 10:44:09.127133 n-d-778550-13 neutron-server[101267]: DEBUG neutron.api.rpc.handlers.resources_rpc [None req-4afa98e8-0db8-4d85-bc69-3242d01789d1 tempest-ServersWithSpecificFlavorTestJSON-2069237739 tempest-ServersWithSpecificFlavorTestJSON-2069237739-project] Pushing event updated for resources: {'SecurityGroup': ['ID=849075f8-8b36-4681-b3b7-c7d5b945223d,revision_number=1']} {{(pid=101267) push /opt/stack/neutron/neutron/api/rpc/handlers/resources_rpc.py:237}}
Aug 26 10:44:09.186764 n-d-778550-13 neutron-server[101267]: DEBUG neutron.wsgi [-] (101267) accepted ('10.222.0.47', 57844) {{(pid=101267) server /usr/local/lib/python3.8/dist-packages/eventlet/wsgi.py:982}}
Aug 26 10:44:09.245387 n-d-778550-13 neutron-server[101268]: DEBUG neutron.db.l3_hamode_db [None req-1c2c4d3e-6c94-418a-b56a-55835382a6a3 None None] neutron.services.l3_router.l3_router_plugin.L3RouterPlugin method _process_sync_ha_data called with arguments (, [{'id': '2978f2d3-efdb-438c-97fa-e056f7611c46', 'name': 'tempest-ServersWithSpecificFlavorTestJSON-1737518173-router', 'tenant_id': '5b34748c3452453b82b7c143697637c0', 'admin_state_up': True, 'status': 'ACTIVE', 'external_gateway_info': {'network_id': 'b1703738-6a36-495d-9edf-c5d14a6506a8', 'external_fixed_ips': [{'subnet_id': 'ad188aa6-39df-4735-bf52-3bf675db9868', 'ip_address': '172.25.1.58'}], 'enable_snat': True}, 'gw_port_id': '3bf96361-a803-49df-8ba3-3d4877de47e8', 'description': '', 'availability_zones': ['nova'], 'distributed': False, 'ha': False, 'ha_vr_id': 0, 'availability_zone_hints': [], 'routes': [], 'flavor_id': None, 'tags': [], 'created_at': '2021-08-26T10:44:01Z', 'updated_at': '2021-08-26T10:44:05Z', 'revision_number': 4, 'project_id': '5b34748c3452453b82b7c143697637c0', 'gw_port': {'id': '3bf96361-a803-49df-8ba3-3d4877de47e8', 'name': '', 'network_id': 'b1703738-6a36-495d-9edf-c5d14a6506a8', 'tenant_id': '', 'mac_address': 'fa:16:3e:5c:cb:8f', 'admin_state_up': True, 'status': 'ACTIVE', 'device_id': '2978f2d3-efdb-438c-97fa-e056f7611c46', 'device_owner': 'network:router_gateway', 'standard_attr_id': 154, 'fixed_ips': [{'subnet_id': 'ad188aa6-39df-4735-bf52-3bf675db9868', 'ip_address': '172.25.1.58', 'prefixlen': 24}], 'allowed_address_pairs': [], 'extra_dhcp_opts': [], 'security_groups': [], 'description': '', 'binding:vnic_type': 'normal', 'binding:profile': {}, 'binding:host_id': 'n-d-778550-13', 'binding:vif_type': 'ovs', 'binding:vif_details': {'connectivity': 'l2', 'port_filter': True, 'ovs_hybrid_plug': False, 'datapath_type': 'system', 'bridge_name': 'br-int'}, 'port_security_enabled': False, 'tags': [], 'created_at': '2021-08-26T10:44:01Z', 'updated_at': '2021-08-26T10:44:06Z', 'revision_number': 4, 'project_id': '', 'subnets': [{'id': 'ad188aa6-39df-4735-bf52-3bf675db9868', 'cidr': '172.25.1.0/24', 'gateway_ip': '172.25.1.1', 'dns_nameservers': [], 'ipv6_ra_mode': None, 'subnetpool_id': None}], 'extra_subnets': [], 'address_scopes': {4: None, 6: None}, 'mtu': 1500}, 'enable_snat': True, 'gw_port_host': 'n-d-778550-13', '_interfaces': [{'id': 'dc9d296f-f62d-4676-9617-a933e7a967bc', 'name': '', 'network_id': '44f0f9bb-8c7a-46b6-a676-102e80d8061a', 'tenant_id': '5b34748c3452453b82b7c143697637c0', 'mac_address': 'fa:16:3e:11:cb:84', 'admin_state_up': True, 'status': 'DOWN', 'device_id': '2978f2d3-efdb-438c-97fa-e056f7611c46', 'device_owner': 'network:router_interface', 'standard_attr_id': 155, 'fixed_ips': [{'subnet_id': 'e4d28ec7-788b-452b-ba61-7e96f1e43bca', 'ip_address': '172.20.0.1', 'prefixlen': 28}], 'allowed_address_pairs': [], 'extra_dhcp_opts': [], 'security_groups': [], 'description': '', 'binding:vnic_type': 'normal', 'binding:profile': {}, 'binding:host_id': '', 'binding:vif_type': 'unbound', 'binding:vif_details': {}, 'port_security_enabled': False, 'tags': [], 'created_at': '2021-08-26T10:44:04Z', 'updated_at': '2021-08-26T10:44:05Z', 'revision_number': 2, 'project_id': '5b34748c3452453b82b7c143697637c0', 'subnets': [{'id': 'e4d28ec7-788b-452b-ba61-7e96f1e43bca', 'cidr': '172.20.0.0/28', 'gateway_ip': '172.20.0.1', 'dns_nameservers': [], 'ipv6_ra_mode': None, 'subnetpool_id': None}], 'extra_subnets': [], 'address_scopes': {4: None, 6: None}, 'mtu': 1500}]}], 'n-d-778550-13', False) {} {{(pid=101268) wrapper /usr/local/lib/python3.8/dist-packages/oslo_log/helpers.py:65}}
Aug 26 10:44:09.260167 n-d-778550-13 neutron-server[101267]: DEBUG neutron_lib.callbacks.manager [None req-f8e7aa66-c629-46dc-8ada-4f49a4771d02 admin admin] Notify callbacks [] for security_group, before_create {{(pid=101267) _notify_loop /usr/local/lib/python3.8/dist-packages/neutron_lib/callbacks/manager.py:192}}
Aug 26 10:44:09.290979 n-d-778550-13 neutron-server[101266]: DEBUG neutron_lib.callbacks.manager [None req-0c477992-5fe0-4690-958f-510c3d67397d admin admin] Notify callbacks [] for security_group, precommit_create {{(pid=101266) _notify_loop /usr/local/lib/python3.8/dist-packages/neutron_lib/callbacks/manager.py:192}}
Aug 26 10:44:09.291547 n-d-778550-13 neutron-server[101268]: DEBUG neutron.api.rpc.handlers.l3_rpc [None req-1c2c4d3e-6c94-418a-b56a-55835382a6a3 None None] Checking router: 2978f2d3-efdb-438c-97fa-e056f7611c46 for host: n-d-778550-13 {{(pid=101268) _ensure_host_set_on_ports /opt/stack/neutron/neutron/api/rpc/handlers/l3_rpc.py:155}}
Aug 26 10:44:09.291817 n-d-778550-13 neutron-server[101268]: DEBUG neutron.api.rpc.handlers.l3_rpc [None req-1c2c4d3e-6c94-418a-b56a-55835382a6a3 None None] Updating router 2978f2d3-efdb-438c-97fa-e056f7611c46 port dc9d296f-f62d-4676-9617-a933e7a967bc binding host n-d-778550-13 {{(pid=101268) _ensure_host_set_on_port /opt/stack/neutron/neutron/api/rpc/handlers/l3_rpc.py:205}}
Aug 26 10:44:09.306268 n-d-778550-13 neutron-server[101267]: INFO neutron.wsgi [req-83bfacaa-d94d-4853-be9b-72328309ae58 req-54ceb244-6284-44c7-bb2e-fbeba8d5bdc4 tempest-MigrationsAdminTest-1676860816 tempest-MigrationsAdminTest-1676860816-project] 10.222.0.47 "GET /v2.0/networks?tenant_id=cac702c5642f41e2949e2afdcb274895&shared=False HTTP/1.1" status: 200 len: 213 time: 0.1172721
Aug 26 10:44:09.306498 n-d-778550-13 neutron-server[101266]: DEBUG neutron_lib.callbacks.manager [None req-0c477992-5fe0-4690-958f-510c3d67397d admin admin] Notify callbacks ['neutron.plugins.ml2.ovo_rpc._ObjectChangeHandler.handle_event-3826402'] for security_group, after_create {{(pid=101266) _notify_loop /usr/local/lib/python3.8/dist-packages/neutron_lib/callbacks/manager.py:192}}
Aug 26 10:44:09.333836 n-d-778550-13 neutron-server[101268]: DEBUG neutron_lib.callbacks.manager [None req-1c2c4d3e-6c94-418a-b56a-55835382a6a3 None None] Notify callbacks ['neutron.plugins.ml2.plugin.SecurityGroupDbMixin._ensure_default_security_group_handler-723023'] for port, before_update {{(pid=101268) _notify_loop /usr/local/lib/python3.8/dist-packages/neutron_lib/callbacks/manager.py:192}}
Aug 26 10:44:09.337449 n-d-778550-13 neutron-server[101268]: DEBUG neutron_lib.callbacks.manager [None req-a5319e64-b712-4827-ab8f-a147868f10aa None None] Notify callbacks ['neutron.plugins.ml2.plugin.SecurityGroupDbMixin._ensure_default_security_group_handler-723023'] for port, before_update {{(pid=101268) _notify_loop /usr/local/lib/python3.8/dist-packages/neutron_lib/callbacks/manager.py:192}}
Aug 26 10:44:09.344333 n-d-778550-13 neutron-server[101266]: INFO neutron.wsgi [None req-0c477992-5fe0-4690-958f-510c3d67397d admin admin] 10.222.0.21 "GET /v2.0/security-groups?tenant_id=24db13c993aa4f67bc4667070ece3876&name=default HTTP/1.1" status: 200 len: 2979 time: 0.4260924
Aug 26 10:44:09.346288 n-d-778550-13 neutron-server[101266]: DEBUG neutron.wsgi [-] (101266) accepted ('10.222.0.21', 34642) {{(pid=101266) server /usr/local/lib/python3.8/dist-packages/eventlet/wsgi.py:982}}
Aug 26 10:44:09.441403 n-d-778550-13 neutron-server[101266]: DEBUG neutron.api.rpc.handlers.resources_rpc [None req-0c477992-5fe0-4690-958f-510c3d67397d admin admin] Pushing event updated for resources: {'SecurityGroup': ['ID=ffe0e0f3-7f7a-4d5f-8984-efa5741d1e99,revision_number=1']} {{(pid=101266) push /opt/stack/neutron/neutron/api/rpc/handlers/resources_rpc.py:237}}
Aug 26 10:44:09.504568 n-d-778550-13 neutron-server[101267]: DEBUG neutron_lib.callbacks.manager [None req-4afa98e8-0db8-4d85-bc69-3242d01789d1 tempest-ServersWithSpecificFlavorTestJSON-2069237739 tempest-ServersWithSpecificFlavorTestJSON-2069237739-project] Notify callbacks [] for security_group, before_response {{(pid=101267) _notify_loop /usr/local/lib/python3.8/dist-packages/neutron_lib/callbacks/manager.py:192}}
Aug 26 10:44:09.505888 n-d-778550-13 neutron-server[101267]: INFO neutron.wsgi [None req-4afa98e8-0db8-4d85-bc69-3242d01789d1 tempest-ServersWithSpecificFlavorTestJSON-2069237739 tempest-ServersWithSpecificFlavorTestJSON-2069237739-project] 10.222.0.21 "POST /v2.0/security-groups HTTP/1.1" status: 201 len: 1780 time: 0.8188243
Aug 26 10:44:09.510485 n-d-778550-13 neutron-server[101266]: DEBUG neutron.wsgi [-] (101266) accepted ('10.222.0.21', 34650) {{(pid=101266) server /usr/local/lib/python3.8/dist-packages/eventlet/wsgi.py:982}}
Aug 26 10:44:09.527687 n-d-778550-13 neutron-server[101266]: DEBUG neutron.api.v2.base [None req-37fc37e6-be1b-490e-bde9-bfed81d36da0 tempest-ServersWithSpecificFlavorTestJSON-2069237739 tempest-ServersWithSpecificFlavorTestJSON-2069237739-project] Request body: {'security_group_rule': {'security_group_id': '849075f8-8b36-4681-b3b7-c7d5b945223d', 'protocol': 'tcp', 'ethertype': 'IPv4', 'port_range_min': 22, 'port_range_max': 22, 'direction': 'ingress'}} {{(pid=101266) prepare_request_body /opt/stack/neutron/neutron/api/v2/base.py:730}}
Aug 26 10:44:09.561745 n-d-778550-13 neutron-server[101266]: DEBUG neutron_lib.callbacks.manager [None req-402993af-ddbd-49af-8cf9-2f88cf39e881 admin admin] Notify callbacks [] for security_group, before_delete {{(pid=101266) _notify_loop /usr/local/lib/python3.8/dist-packages/neutron_lib/callbacks/manager.py:192}}
Aug 26 10:44:09.590500 n-d-778550-13 neutron-server[101268]: DEBUG neutron.plugins.ml2.db [None req-a5319e64-b712-4827-ab8f-a147868f10aa None None] For port b790792f-613d-417e-9b85-6ecf76090e9b, host n-h2-778550-13, got binding levels [PortBindingLevel(driver='hyperv',host='n-h2-778550-13',level=0,port_id=b790792f-613d-417e-9b85-6ecf76090e9b,segment=NetworkSegment(4bdf2aea-0b45-4a0f-abe1-ce965ee41c6c),segment_id=4bdf2aea-0b45-4a0f-abe1-ce965ee41c6c)] {{(pid=101268) get_binding_level_objs /opt/stack/neutron/neutron/plugins/ml2/db.py:74}}
Aug 26 10:44:09.605431 n-d-778550-13 neutron-server[101267]: INFO neutron.wsgi [req-95899172-e832-479f-9392-3cda1c1e3e96 req-f7f8381a-538f-4dbe-8115-5f0c07734ab7 tempest-MigrationsAdminTest-1676860816 tempest-MigrationsAdminTest-1676860816-project] 10.222.0.21 "GET /v2.0/ports?device_id=a071bf4c-7916-43f1-821b-7b8e52df8c85 HTTP/1.1" status: 200 len: 210 time: 0.0937512
Aug 26 10:44:09.619498 n-d-778550-13 neutron-server[101266]: DEBUG neutron_lib.callbacks.manager [None req-402993af-ddbd-49af-8cf9-2f88cf39e881 admin admin] Notify callbacks [] for security_group, precommit_delete {{(pid=101266) _notify_loop /usr/local/lib/python3.8/dist-packages/neutron_lib/callbacks/manager.py:192}}
Aug 26 10:44:09.702031 n-d-778550-13 neutron-server[101267]: DEBUG neutron.pecan_wsgi.hooks.policy_enforcement [req-491a8224-525c-472e-9eae-1893441dba75 req-cc2492fc-1821-495c-9c29-6b0c02928e1f tempest-AggregatesAdminTestJSON-10562573 tempest-AggregatesAdminTestJSON-10562573-project] Attributes excluded by policy engine: ['standard_attr_id', 'binding:profile', 'binding:host_id', 'binding:vif_type', 'binding:vif_details'] {{(pid=101267) _exclude_attributes_by_policy /opt/stack/neutron/neutron/pecan_wsgi/hooks/policy_enforcement.py:255}}
Aug 26 10:44:09.711745 n-d-778550-13 neutron-server[101267]: INFO neutron.wsgi [req-491a8224-525c-472e-9eae-1893441dba75 req-cc2492fc-1821-495c-9c29-6b0c02928e1f tempest-AggregatesAdminTestJSON-10562573 tempest-AggregatesAdminTestJSON-10562573-project] 10.222.0.21 "GET /v2.0/ports?device_id=e5ab80e9-f07b-4ad8-a62d-b3f8f4feab90 HTTP/1.1" status: 200 len: 969 time: 0.2102644
Aug 26 10:44:09.726968 n-d-778550-13 neutron-server[101267]: DEBUG neutron.pecan_wsgi.hooks.policy_enforcement [req-83bfacaa-d94d-4853-be9b-72328309ae58 req-40c75d01-4060-4866-bf2b-6a696dd7e65b tempest-MigrationsAdminTest-1676860816 tempest-MigrationsAdminTest-1676860816-project] Attributes excluded by policy engine: ['standard_attr_id', 'vlan_transparent', 'provider:network_type', 'provider:physical_network', 'provider:segmentation_id'] {{(pid=101267) _exclude_attributes_by_policy /opt/stack/neutron/neutron/pecan_wsgi/hooks/policy_enforcement.py:255}}
Aug 26 10:44:09.729589 n-d-778550-13 neutron-server[101267]: INFO neutron.wsgi [req-83bfacaa-d94d-4853-be9b-72328309ae58 req-40c75d01-4060-4866-bf2b-6a696dd7e65b tempest-MigrationsAdminTest-1676860816 tempest-MigrationsAdminTest-1676860816-project] 10.222.0.47 "GET /v2.0/networks?shared=True HTTP/1.1" status: 200 len: 769 time: 0.4093001
Aug 26 10:44:09.750933 n-d-778550-13 neutron-server[101266]: DEBUG neutron_lib.callbacks.manager [None req-402993af-ddbd-49af-8cf9-2f88cf39e881 admin admin] Notify callbacks ['neutron.plugins.ml2.ovo_rpc._ObjectChangeHandler.handle_event-3826402'] for security_group, after_delete {{(pid=101266) _notify_loop /usr/local/lib/python3.8/dist-packages/neutron_lib/callbacks/manager.py:192}}
Aug 26 10:44:09.754840 n-d-778550-13 neutron-server[101266]: DEBUG neutron_lib.callbacks.manager [None req-402993af-ddbd-49af-8cf9-2f88cf39e881 admin admin] Notify callbacks [] for security_group, before_response {{(pid=101266) _notify_loop /usr/local/lib/python3.8/dist-packages/neutron_lib/callbacks/manager.py:192}}
Aug 26 10:44:09.760133 n-d-778550-13 neutron-server[101266]: INFO neutron.wsgi [None req-402993af-ddbd-49af-8cf9-2f88cf39e881 admin admin] 10.222.0.21 "DELETE /v2.0/security-groups/ffe0e0f3-7f7a-4d5f-8984-efa5741d1e99 HTTP/1.1" status: 204 len: 168 time: 0.4125695
Aug 26 10:44:09.774673 n-d-778550-13 neutron-server[101266]: DEBUG neutron.api.rpc.handlers.resources_rpc [None req-402993af-ddbd-49af-8cf9-2f88cf39e881 admin admin] Pushing event deleted for resources: {'SecurityGroup': ['ID=ffe0e0f3-7f7a-4d5f-8984-efa5741d1e99,revision_number=None']} {{(pid=101266) push /opt/stack/neutron/neutron/api/rpc/handlers/resources_rpc.py:237}}
Aug 26 10:44:09.780798 n-d-778550-13 neutron-server[101268]: DEBUG neutron.notifiers.nova [-] Sending events: [{'server_uuid': 'e5ab80e9-f07b-4ad8-a62d-b3f8f4feab90', 'name': 'network-vif-plugged', 'status': 'completed', 'tag': 'b790792f-613d-417e-9b85-6ecf76090e9b'}] {{(pid=101268) send_events /opt/stack/neutron/neutron/notifiers/nova.py:262}}
Aug 26 10:44:09.816077 n-d-778550-13 neutron-server[101267]: INFO neutron.wsgi [req-491a8224-525c-472e-9eae-1893441dba75 req-062b79c4-751c-49d5-b616-34c32a31f001 tempest-AggregatesAdminTestJSON-10562573 tempest-AggregatesAdminTestJSON-10562573-project] 10.222.0.21 "GET /v2.0/security-groups?id=8a458a01-4194-452b-92a6-38f5c62a5383&fields=id&fields=name HTTP/1.1" status: 200 len: 286 time: 0.1028459
Aug 26 10:44:09.840645 n-d-778550-13 neutron-server[101267]: DEBUG neutron_lib.callbacks.manager [None req-f8e7aa66-c629-46dc-8ada-4f49a4771d02 admin admin] Notify callbacks [] for security_group, precommit_create {{(pid=101267) _notify_loop /usr/local/lib/python3.8/dist-packages/neutron_lib/callbacks/manager.py:192}}
Aug 26 10:44:09.847762 n-d-778550-13 neutron-server[101267]: DEBUG neutron_lib.callbacks.manager [None req-f8e7aa66-c629-46dc-8ada-4f49a4771d02 admin admin] Notify callbacks ['neutron.plugins.ml2.ovo_rpc._ObjectChangeHandler.handle_event-3826402'] for security_group, after_create {{(pid=101267) _notify_loop /usr/local/lib/python3.8/dist-packages/neutron_lib/callbacks/manager.py:192}}
Aug 26 10:44:09.899395 n-d-778550-13 neutron-server[101266]: DEBUG neutron_lib.callbacks.manager [None req-37fc37e6-be1b-490e-bde9-bfed81d36da0 tempest-ServersWithSpecificFlavorTestJSON-2069237739 tempest-ServersWithSpecificFlavorTestJSON-2069237739-project] Notify callbacks [] for security_group_rule, before_create {{(pid=101266) _notify_loop /usr/local/lib/python3.8/dist-packages/neutron_lib/callbacks/manager.py:192}}
Aug 26 10:44:09.906240 n-d-778550-13 neutron-server[101267]: INFO neutron.wsgi [None req-f8e7aa66-c629-46dc-8ada-4f49a4771d02 admin admin] 10.222.0.21 "GET /v2.0/security-groups?tenant_id=9131768277654457afc3a07745ae4e93&name=default HTTP/1.1" status: 200 len: 2979 time: 1.3691289
Aug 26 10:44:09.910034 n-d-778550-13 neutron-server[101267]: DEBUG neutron.wsgi [-] (101267) accepted ('10.222.0.21', 34666) {{(pid=101267) server /usr/local/lib/python3.8/dist-packages/eventlet/wsgi.py:982}}
Aug 26 10:44:09.925312 n-d-778550-13 neutron-server[101267]: DEBUG neutron.api.rpc.handlers.resources_rpc [None req-f8e7aa66-c629-46dc-8ada-4f49a4771d02 admin admin] Pushing event updated for resources: {'SecurityGroup': ['ID=7b935128-051b-4da8-85d1-da346953fc0b,revision_number=1']} {{(pid=101267) push /opt/stack/neutron/neutron/api/rpc/handlers/resources_rpc.py:237}}
