Aug 19 17:48:38.783514 n-d-778550-10 neutron-server[101326]: DEBUG neutron.plugins.ml2.db [None req-2c310813-962d-47ca-8b47-328ebb520982 None None] For port 1ed3fd68-2265-40e6-9300-1e77444c4877, host n-h2-778550-10, got binding levels [PortBindingLevel(driver='hyperv',host='n-h2-778550-10',level=0,port_id=1ed3fd68-2265-40e6-9300-1e77444c4877,segment=NetworkSegment(d75b7d95-b8ab-48a3-a7e0-b982b015214b),segment_id=d75b7d95-b8ab-48a3-a7e0-b982b015214b)] {{(pid=101326) get_binding_level_objs /opt/stack/neutron/neutron/plugins/ml2/db.py:74}}
Aug 19 17:48:38.794992 n-d-778550-10 neutron-server[101326]: DEBUG neutron_lib.callbacks.manager [None req-2c310813-962d-47ca-8b47-328ebb520982 None None] Notify callbacks ['neutron.plugins.ml2.plugin.SecurityGroupServerNotifierRpcMixin._notify_sg_on_port_change-1987391', 'neutron.plugins.ml2.ovo_rpc._ObjectChangeHandler.handle_event-368122', 'neutron.api.rpc.agentnotifiers.dhcp_rpc_agent_api.DhcpAgentNotifyAPI._native_event_send_dhcp_notification-536793', 'neutron.db.l3_db.L3RpcNotifierMixin._notify_gateway_port_ip_changed-8728045468016', 'neutron.db.l3_dvrscheduler_db._notify_l3_agent_port_update-8728044965205', 'neutron.db.l3_hascheduler_db._notify_l3_agent_ha_port_update-8728044965223'] for port, after_update {{(pid=101326) _notify_loop /usr/local/lib/python3.8/dist-packages/neutron_lib/callbacks/manager.py:192}}
Aug 19 17:48:38.848458 n-d-778550-10 neutron-server[101326]: DEBUG neutron.api.rpc.handlers.resources_rpc [None req-2c310813-962d-47ca-8b47-328ebb520982 None None] Pushing event updated for resources: {'Port': ['ID=1ed3fd68-2265-40e6-9300-1e77444c4877,revision_number=4']} {{(pid=101326) push /opt/stack/neutron/neutron/api/rpc/handlers/resources_rpc.py:237}}
Aug 19 17:48:38.916911 n-d-778550-10 neutron-server[101324]: DEBUG neutron_lib.callbacks.manager [req-009daf7a-6def-46f9-bfe8-71332f1a08c2 req-17684bfe-b51f-47ef-bc0c-b649a461c3f3 tempest-SecurityGroupsTestAdminJSON-2049243648 tempest-SecurityGroupsTestAdminJSON-2049243648-project] Notify callbacks [] for security_group, before_create {{(pid=101324) _notify_loop /usr/local/lib/python3.8/dist-packages/neutron_lib/callbacks/manager.py:192}}
Aug 19 17:48:38.939212 n-d-778550-10 neutron-server[101324]: INFO neutron.wsgi [req-1363df7b-1f06-4b64-a921-2751b0821910 req-6213e506-7782-4e53-9d0b-03203bdd51ba tempest-ServerDiagnosticsNegativeTest-568874535 tempest-ServerDiagnosticsNegativeTest-568874535-project] 10.222.0.36 "GET /v2.0/security-groups?id=8466c3ab-06ee-4c0e-baa4-e596a5f89ca4&fields=id&fields=name HTTP/1.1" status: 200 len: 286 time: 0.3383226
Aug 19 17:48:39.022929 n-d-778550-10 neutron-server[101324]: DEBUG neutron.api.rpc.handlers.resources_rpc [None req-57e85733-f23e-4a6e-96c9-47209d3af878 service neutron] Pushing event updated for resources: {'Port': ['ID=27adcb6f-12cd-4c22-9c19-be679c9eaf47,revision_number=7']} {{(pid=101324) push /opt/stack/neutron/neutron/api/rpc/handlers/resources_rpc.py:237}}
Aug 19 17:48:39.050439 n-d-778550-10 neutron-server[101324]: DEBUG neutron.api.rpc.callbacks.version_manager [None req-57e85733-f23e-4a6e-96c9-47209d3af878 service neutron] Version for resource type AddressGroup changed None to 1.2 on consumer Open vSwitch agent@n-d-778550-10 {{(pid=101324) _set_version /opt/stack/neutron/neutron/api/rpc/callbacks/version_manager.py:113}}
Aug 19 17:48:39.050789 n-d-778550-10 neutron-server[101324]: DEBUG neutron.api.rpc.callbacks.version_manager [None req-57e85733-f23e-4a6e-96c9-47209d3af878 service neutron] Version for resource type ConntrackHelper changed None to 1.0 on consumer Open vSwitch agent@n-d-778550-10 {{(pid=101324) _set_version /opt/stack/neutron/neutron/api/rpc/callbacks/version_manager.py:113}}
Aug 19 17:48:39.051134 n-d-778550-10 neutron-server[101324]: DEBUG neutron.api.rpc.callbacks.version_manager [None req-57e85733-f23e-4a6e-96c9-47209d3af878 service neutron] Version for resource type Log changed None to 1.0 on consumer Open vSwitch agent@n-d-778550-10 {{(pid=101324) _set_version /opt/stack/neutron/neutron/api/rpc/callbacks/version_manager.py:113}}
Aug 19 17:48:39.051501 n-d-778550-10 neutron-server[101324]: DEBUG neutron.api.rpc.callbacks.version_manager [None req-57e85733-f23e-4a6e-96c9-47209d3af878 service neutron] Version for resource type Network changed None to 1.1 on consumer Open vSwitch agent@n-d-778550-10 {{(pid=101324) _set_version /opt/stack/neutron/neutron/api/rpc/callbacks/version_manager.py:113}}
Aug 19 17:48:39.051841 n-d-778550-10 neutron-server[101324]: DEBUG neutron.api.rpc.callbacks.version_manager [None req-57e85733-f23e-4a6e-96c9-47209d3af878 service neutron] Version for resource type Port changed None to 1.7 on consumer Open vSwitch agent@n-d-778550-10 {{(pid=101324) _set_version /opt/stack/neutron/neutron/api/rpc/callbacks/version_manager.py:113}}
Aug 19 17:48:39.052177 n-d-778550-10 neutron-server[101324]: DEBUG neutron.api.rpc.callbacks.version_manager [None req-57e85733-f23e-4a6e-96c9-47209d3af878 service neutron] Version for resource type PortForwarding changed None to 1.2 on consumer Open vSwitch agent@n-d-778550-10 {{(pid=101324) _set_version /opt/stack/neutron/neutron/api/rpc/callbacks/version_manager.py:113}}
Aug 19 17:48:39.052507 n-d-778550-10 neutron-server[101324]: DEBUG neutron.api.rpc.callbacks.version_manager [None req-57e85733-f23e-4a6e-96c9-47209d3af878 service neutron] Version for resource type QosPolicy changed None to 1.9 on consumer Open vSwitch agent@n-d-778550-10 {{(pid=101324) _set_version /opt/stack/neutron/neutron/api/rpc/callbacks/version_manager.py:113}}
Aug 19 17:48:39.052841 n-d-778550-10 neutron-server[101324]: DEBUG neutron.api.rpc.callbacks.version_manager [None req-57e85733-f23e-4a6e-96c9-47209d3af878 service neutron] Version for resource type SecurityGroup changed None to 1.4 on consumer Open vSwitch agent@n-d-778550-10 {{(pid=101324) _set_version /opt/stack/neutron/neutron/api/rpc/callbacks/version_manager.py:113}}
Aug 19 17:48:39.053172 n-d-778550-10 neutron-server[101324]: DEBUG neutron.api.rpc.callbacks.version_manager [None req-57e85733-f23e-4a6e-96c9-47209d3af878 service neutron] Version for resource type SecurityGroupRule changed None to 1.2 on consumer Open vSwitch agent@n-d-778550-10 {{(pid=101324) _set_version /opt/stack/neutron/neutron/api/rpc/callbacks/version_manager.py:113}}
Aug 19 17:48:39.053496 n-d-778550-10 neutron-server[101324]: DEBUG neutron.api.rpc.callbacks.version_manager [None req-57e85733-f23e-4a6e-96c9-47209d3af878 service neutron] Version for resource type SubPort changed None to 1.0 on consumer Open vSwitch agent@n-d-778550-10 {{(pid=101324) _set_version /opt/stack/neutron/neutron/api/rpc/callbacks/version_manager.py:113}}
Aug 19 17:48:39.053825 n-d-778550-10 neutron-server[101324]: DEBUG neutron.api.rpc.callbacks.version_manager [None req-57e85733-f23e-4a6e-96c9-47209d3af878 service neutron] Version for resource type Subnet changed None to 1.1 on consumer Open vSwitch agent@n-d-778550-10 {{(pid=101324) _set_version /opt/stack/neutron/neutron/api/rpc/callbacks/version_manager.py:113}}
Aug 19 17:48:39.054151 n-d-778550-10 neutron-server[101324]: DEBUG neutron.api.rpc.callbacks.version_manager [None req-57e85733-f23e-4a6e-96c9-47209d3af878 service neutron] Version for resource type Trunk changed None to 1.1 on consumer Open vSwitch agent@n-d-778550-10 {{(pid=101324) _set_version /opt/stack/neutron/neutron/api/rpc/callbacks/version_manager.py:113}}
Aug 19 17:48:39.067990 n-d-778550-10 neutron-server[101324]: DEBUG neutron_lib.callbacks.manager [req-f9fa2af1-ff35-481e-b31d-5d8919c138f0 req-7356a35f-a183-4c31-8621-8a4c671829ed tempest-ServerDiagnosticsNegativeTest-568874535 tempest-ServerDiagnosticsNegativeTest-568874535-project] Notify callbacks ['neutron.plugins.ml2.plugin.SecurityGroupServerNotifierRpcMixin._notify_sg_on_port_change-1987391', 'neutron.plugins.ml2.ovo_rpc._ObjectChangeHandler.handle_event-368122', 'neutron.api.rpc.agentnotifiers.dhcp_rpc_agent_api.DhcpAgentNotifyAPI._native_event_send_dhcp_notification-536793', 'neutron.db.l3_db.L3RpcNotifierMixin._notify_routers_callback-8728045468025', 'neutron.db.l3_dvrscheduler_db._notify_port_delete-8728044965196'] for port, after_delete {{(pid=101324) _notify_loop /usr/local/lib/python3.8/dist-packages/neutron_lib/callbacks/manager.py:192}}
Aug 19 17:48:39.079690 n-d-778550-10 neutron-server[101326]: DEBUG neutron.plugins.ml2.db [None req-114baba8-7afb-4e24-b176-f9e7425c7b03 None None] get_ports_and_sgs() called for port_ids ['8fead7f5-5605-43a5-b75a-a5c74010932a'] {{(pid=101326) get_ports_and_sgs /opt/stack/neutron/neutron/plugins/ml2/db.py:156}}
Aug 19 17:48:39.106341 n-d-778550-10 neutron-server[101324]: DEBUG neutron.plugins.ml2.managers [req-c3358e18-f4d3-40ec-9fab-c469e8af1c74 req-57e85733-f23e-4a6e-96c9-47209d3af878 service neutron] Attempting to bind port 27adcb6f-12cd-4c22-9c19-be679c9eaf47 on host n-h2-778550-10 for vnic_type normal with profile {"migrating_to": "n-h1-778550-10"} {{(pid=101324) bind_port /opt/stack/neutron/neutron/plugins/ml2/managers.py:790}}
Aug 19 17:48:39.106678 n-d-778550-10 neutron-server[101324]: DEBUG neutron.plugins.ml2.managers [req-c3358e18-f4d3-40ec-9fab-c469e8af1c74 req-57e85733-f23e-4a6e-96c9-47209d3af878 service neutron] Attempting to bind port 27adcb6f-12cd-4c22-9c19-be679c9eaf47 by drivers openvswitch,hyperv on host n-h2-778550-10 at level 0 using segments [{'id': '1f5ff6e4-9829-499c-ab7a-6cd940435d6f', 'network_type': 'vlan', 'physical_network': 'physnet1', 'segmentation_id': 188, 'network_id': 'eeba6be0-a102-4ade-b4fd-d2d5204fef87'}] {{(pid=101324) _bind_port_level /opt/stack/neutron/neutron/plugins/ml2/managers.py:815}}
Aug 19 17:48:39.107008 n-d-778550-10 neutron-server[101324]: DEBUG neutron.plugins.ml2.drivers.mech_agent [req-c3358e18-f4d3-40ec-9fab-c469e8af1c74 req-57e85733-f23e-4a6e-96c9-47209d3af878 service neutron] Attempting to bind port 27adcb6f-12cd-4c22-9c19-be679c9eaf47 on network eeba6be0-a102-4ade-b4fd-d2d5204fef87 {{(pid=101324) bind_port /opt/stack/neutron/neutron/plugins/ml2/drivers/mech_agent.py:85}}
Aug 19 17:48:39.124791 n-d-778550-10 neutron-server[101326]: DEBUG neutron.plugins.ml2.db [None req-2c310813-962d-47ca-8b47-328ebb520982 None None] get_ports_and_sgs() called for port_ids ['1ed3fd68-2265-40e6-9300-1e77444c4877'] {{(pid=101326) get_ports_and_sgs /opt/stack/neutron/neutron/plugins/ml2/db.py:156}}
Aug 19 17:48:39.136397 n-d-778550-10 neutron-server[101324]: DEBUG neutron.api.rpc.handlers.resources_rpc [None req-7356a35f-a183-4c31-8621-8a4c671829ed tempest-ServerDiagnosticsNegativeTest-568874535 tempest-ServerDiagnosticsNegativeTest-568874535-project] Pushing event deleted for resources: {'Port': ['ID=8fead7f5-5605-43a5-b75a-a5c74010932a,revision_number=None']} {{(pid=101324) push /opt/stack/neutron/neutron/api/rpc/handlers/resources_rpc.py:237}}
Aug 19 17:48:39.141647 n-d-778550-10 neutron-server[101324]: DEBUG neutron.plugins.ml2.drivers.mech_agent [req-c3358e18-f4d3-40ec-9fab-c469e8af1c74 req-57e85733-f23e-4a6e-96c9-47209d3af878 service neutron] Port 27adcb6f-12cd-4c22-9c19-be679c9eaf47 on network eeba6be0-a102-4ade-b4fd-d2d5204fef87 not bound, no agent of type Open vSwitch agent registered on host n-h2-778550-10 {{(pid=101324) bind_port /opt/stack/neutron/neutron/plugins/ml2/drivers/mech_agent.py:97}}
Aug 19 17:48:39.141978 n-d-778550-10 neutron-server[101324]: DEBUG neutron.plugins.ml2.drivers.mech_agent [req-c3358e18-f4d3-40ec-9fab-c469e8af1c74 req-57e85733-f23e-4a6e-96c9-47209d3af878 service neutron] Attempting to bind port 27adcb6f-12cd-4c22-9c19-be679c9eaf47 on network eeba6be0-a102-4ade-b4fd-d2d5204fef87 {{(pid=101324) bind_port /opt/stack/neutron/neutron/plugins/ml2/drivers/mech_agent.py:85}}
Aug 19 17:48:39.173876 n-d-778550-10 neutron-server[101324]: DEBUG neutron.plugins.ml2.drivers.mech_agent [req-c3358e18-f4d3-40ec-9fab-c469e8af1c74 req-57e85733-f23e-4a6e-96c9-47209d3af878 service neutron] Checking agent: {'id': 'd5943718-3e75-464f-91b4-b744eafcd9bd', 'agent_type': 'HyperV agent', 'binary': 'neutron-hyperv-agent', 'topic': 'N/A', 'host': 'n-h2-778550-10', 'admin_state_up': True, 'created_at': datetime.datetime(2021, 8, 19, 17, 45, 26), 'started_at': datetime.datetime(2021, 8, 19, 17, 45, 26), 'heartbeat_timestamp': datetime.datetime(2021, 8, 19, 17, 48, 26), 'description': None, 'resources_synced': None, 'availability_zone': None, 'alive': True, 'configurations': {'vswitch_mappings': {'physnet1$': 'br-data'}}, 'resource_versions': {}} {{(pid=101324) bind_port /opt/stack/neutron/neutron/plugins/ml2/drivers/mech_agent.py:104}}
Aug 19 17:48:39.174227 n-d-778550-10 neutron-server[101324]: DEBUG neutron.plugins.ml2.drivers.mech_agent [req-c3358e18-f4d3-40ec-9fab-c469e8af1c74 req-57e85733-f23e-4a6e-96c9-47209d3af878 service neutron] Checking segment: {'id': '1f5ff6e4-9829-499c-ab7a-6cd940435d6f', 'network_type': 'vlan', 'physical_network': 'physnet1', 'segmentation_id': 188, 'network_id': 'eeba6be0-a102-4ade-b4fd-d2d5204fef87'} for mappings: {'physnet1$': 'br-data'} with network types: ['local', 'flat', 'vlan'] {{(pid=101324) check_segment_for_agent /opt/stack/neutron/neutron/plugins/ml2/drivers/mech_agent.py:352}}
Aug 19 17:48:39.174686 n-d-778550-10 neutron-server[101324]: DEBUG neutron.plugins.ml2.drivers.mech_agent [req-c3358e18-f4d3-40ec-9fab-c469e8af1c74 req-57e85733-f23e-4a6e-96c9-47209d3af878 service neutron] Bound using segment: {'id': '1f5ff6e4-9829-499c-ab7a-6cd940435d6f', 'network_type': 'vlan', 'physical_network': 'physnet1', 'segmentation_id': 188, 'network_id': 'eeba6be0-a102-4ade-b4fd-d2d5204fef87'} {{(pid=101324) bind_port /opt/stack/neutron/neutron/plugins/ml2/drivers/mech_agent.py:114}}
Aug 19 17:48:39.175059 n-d-778550-10 neutron-server[101324]: DEBUG neutron.plugins.ml2.managers [req-c3358e18-f4d3-40ec-9fab-c469e8af1c74 req-57e85733-f23e-4a6e-96c9-47209d3af878 service neutron] Bound port: 27adcb6f-12cd-4c22-9c19-be679c9eaf47, host: n-h2-778550-10, vif_type: hyperv, vif_details: {"connectivity": "legacy", "port_filter": false}, binding_levels: [{'bound_driver': 'hyperv', 'bound_segment': {'id': '1f5ff6e4-9829-499c-ab7a-6cd940435d6f', 'network_type': 'vlan', 'physical_network': 'physnet1', 'segmentation_id': 188, 'network_id': 'eeba6be0-a102-4ade-b4fd-d2d5204fef87'}}] {{(pid=101324) _bind_port_level /opt/stack/neutron/neutron/plugins/ml2/managers.py:928}}
Aug 19 17:48:39.175739 n-d-778550-10 neutron-server[101324]: DEBUG neutron_lib.callbacks.manager [req-c3358e18-f4d3-40ec-9fab-c469e8af1c74 req-57e85733-f23e-4a6e-96c9-47209d3af878 service neutron] Notify callbacks ['neutron.plugins.ml2.plugin.SecurityGroupDbMixin._ensure_default_security_group_handler-1987454'] for port, before_update {{(pid=101324) _notify_loop /usr/local/lib/python3.8/dist-packages/neutron_lib/callbacks/manager.py:192}}
Aug 19 17:48:39.217329 n-d-778550-10 neutron-server[101324]: DEBUG neutron.db.l3_dvrscheduler_db [req-f9fa2af1-ff35-481e-b31d-5d8919c138f0 req-7356a35f-a183-4c31-8621-8a4c671829ed tempest-ServerDiagnosticsNegativeTest-568874535 tempest-ServerDiagnosticsNegativeTest-568874535-project] No DVR routers for this DVR port 8fead7f5-5605-43a5-b75a-a5c74010932a on host n-h1-778550-10 {{(pid=101324) get_dvr_routers_to_remove /opt/stack/neutron/neutron/db/l3_dvrscheduler_db.py:214}}
Aug 19 17:48:39.223638 n-d-778550-10 neutron-server[101324]: DEBUG neutron_lib.callbacks.manager [req-f9fa2af1-ff35-481e-b31d-5d8919c138f0 req-7356a35f-a183-4c31-8621-8a4c671829ed tempest-ServerDiagnosticsNegativeTest-568874535 tempest-ServerDiagnosticsNegativeTest-568874535-project] Notify callbacks ['neutron.notifiers.nova.Notifier._send_nova_notification-419834'] for port, before_response {{(pid=101324) _notify_loop /usr/local/lib/python3.8/dist-packages/neutron_lib/callbacks/manager.py:192}}
Aug 19 17:48:39.225703 n-d-778550-10 neutron-server[101324]: INFO neutron.wsgi [req-f9fa2af1-ff35-481e-b31d-5d8919c138f0 req-7356a35f-a183-4c31-8621-8a4c671829ed tempest-ServerDiagnosticsNegativeTest-568874535 tempest-ServerDiagnosticsNegativeTest-568874535-project] 10.222.0.42 "DELETE /v2.0/ports/8fead7f5-5605-43a5-b75a-a5c74010932a HTTP/1.1" status: 204 len: 173 time: 1.3479617
Aug 19 17:48:39.238550 n-d-778550-10 neutron-server[101324]: DEBUG neutron.pecan_wsgi.hooks.policy_enforcement [req-46411283-cfec-455a-a7ed-a755e97125fe req-1ae51dbc-b9d4-48dd-8ce2-ef7ce4b46135 tempest-MigrationsAdminTest-690407965 tempest-MigrationsAdminTest-690407965-project] Attributes excluded by policy engine: ['standard_attr_id', 'binding:profile', 'binding:host_id', 'binding:vif_type', 'binding:vif_details'] {{(pid=101324) _exclude_attributes_by_policy /opt/stack/neutron/neutron/pecan_wsgi/hooks/policy_enforcement.py:255}}
Aug 19 17:48:39.240155 n-d-778550-10 neutron-server[101324]: INFO neutron.wsgi [req-46411283-cfec-455a-a7ed-a755e97125fe req-1ae51dbc-b9d4-48dd-8ce2-ef7ce4b46135 tempest-MigrationsAdminTest-690407965 tempest-MigrationsAdminTest-690407965-project] 10.222.0.36 "GET /v2.0/ports?device_id=a829d935-5ef1-41b3-ba30-8f4183007405 HTTP/1.1" status: 200 len: 949 time: 0.2028613
Aug 19 17:48:39.273269 n-d-778550-10 neutron-server[101324]: DEBUG neutron_lib.callbacks.manager [req-009daf7a-6def-46f9-bfe8-71332f1a08c2 req-17684bfe-b51f-47ef-bc0c-b649a461c3f3 tempest-SecurityGroupsTestAdminJSON-2049243648 tempest-SecurityGroupsTestAdminJSON-2049243648-project] Notify callbacks [] for security_group, precommit_create {{(pid=101324) _notify_loop /usr/local/lib/python3.8/dist-packages/neutron_lib/callbacks/manager.py:192}}
Aug 19 17:48:39.293015 n-d-778550-10 neutron-server[101324]: DEBUG neutron_lib.callbacks.manager [req-009daf7a-6def-46f9-bfe8-71332f1a08c2 req-17684bfe-b51f-47ef-bc0c-b649a461c3f3 tempest-SecurityGroupsTestAdminJSON-2049243648 tempest-SecurityGroupsTestAdminJSON-2049243648-project] Notify callbacks ['neutron.plugins.ml2.ovo_rpc._ObjectChangeHandler.handle_event-798949'] for security_group, after_create {{(pid=101324) _notify_loop /usr/local/lib/python3.8/dist-packages/neutron_lib/callbacks/manager.py:192}}
Aug 19 17:48:39.339928 n-d-778550-10 neutron-server[101324]: DEBUG neutron_lib.callbacks.manager [req-009daf7a-6def-46f9-bfe8-71332f1a08c2 req-17684bfe-b51f-47ef-bc0c-b649a461c3f3 tempest-SecurityGroupsTestAdminJSON-2049243648 tempest-SecurityGroupsTestAdminJSON-2049243648-project] Notify callbacks [] for security_group, before_response {{(pid=101324) _notify_loop /usr/local/lib/python3.8/dist-packages/neutron_lib/callbacks/manager.py:192}}
Aug 19 17:48:39.341180 n-d-778550-10 neutron-server[101324]: INFO neutron.wsgi [req-009daf7a-6def-46f9-bfe8-71332f1a08c2 req-17684bfe-b51f-47ef-bc0c-b649a461c3f3 tempest-SecurityGroupsTestAdminJSON-2049243648 tempest-SecurityGroupsTestAdminJSON-2049243648-project] 10.222.0.36 "POST /v2.0/security-groups HTTP/1.1" status: 201 len: 1780 time: 0.7465794
Aug 19 17:48:39.369306 n-d-778550-10 neutron-server[101324]: INFO neutron.wsgi [req-46411283-cfec-455a-a7ed-a755e97125fe req-18b4e4c9-3c69-4246-b8f1-92caba489ace tempest-MigrationsAdminTest-690407965 tempest-MigrationsAdminTest-690407965-project] 10.222.0.36 "GET /v2.0/security-groups?id=6b81ad3f-85e9-4fda-bdc6-7f74e314053c&fields=id&fields=name HTTP/1.1" status: 200 len: 286 time: 0.1210892
Aug 19 17:48:39.369844 n-d-778550-10 neutron-server[101324]: DEBUG neutron.api.rpc.handlers.resources_rpc [None req-17684bfe-b51f-47ef-bc0c-b649a461c3f3 tempest-SecurityGroupsTestAdminJSON-2049243648 tempest-SecurityGroupsTestAdminJSON-2049243648-project] Pushing event updated for resources: {'SecurityGroup': ['ID=4d9487d8-9cda-4998-8552-3f2f62d29b01,revision_number=1']} {{(pid=101324) push /opt/stack/neutron/neutron/api/rpc/handlers/resources_rpc.py:237}}
Aug 19 17:48:39.374383 n-d-778550-10 neutron-server[101324]: DEBUG neutron.plugins.ml2.db [req-c3358e18-f4d3-40ec-9fab-c469e8af1c74 req-57e85733-f23e-4a6e-96c9-47209d3af878 service neutron] For port 27adcb6f-12cd-4c22-9c19-be679c9eaf47, host n-h2-778550-10, cleared binding levels {{(pid=101324) clear_binding_levels /opt/stack/neutron/neutron/plugins/ml2/db.py:87}}
Aug 19 17:48:39.377978 n-d-778550-10 neutron-server[101324]: DEBUG neutron.plugins.ml2.db [req-c3358e18-f4d3-40ec-9fab-c469e8af1c74 req-57e85733-f23e-4a6e-96c9-47209d3af878 service neutron] For port 27adcb6f-12cd-4c22-9c19-be679c9eaf47, host n-h2-778550-10, set binding levels [PortBindingLevel(driver='hyperv',host='n-h2-778550-10',level=0,port_id=27adcb6f-12cd-4c22-9c19-be679c9eaf47,segment=NetworkSegment(1f5ff6e4-9829-499c-ab7a-6cd940435d6f),segment_id=1f5ff6e4-9829-499c-ab7a-6cd940435d6f)] {{(pid=101324) set_binding_levels /opt/stack/neutron/neutron/plugins/ml2/db.py:59}}
Aug 19 17:48:39.389026 n-d-778550-10 neutron-server[101324]: DEBUG neutron_lib.callbacks.manager [req-c3358e18-f4d3-40ec-9fab-c469e8af1c74 req-57e85733-f23e-4a6e-96c9-47209d3af878 service neutron] Notify callbacks ['neutron.plugins.ml2.plugin.SecurityGroupServerNotifierRpcMixin._notify_sg_on_port_change-1987391', 'neutron.plugins.ml2.ovo_rpc._ObjectChangeHandler.handle_event-368122', 'neutron.api.rpc.agentnotifiers.dhcp_rpc_agent_api.DhcpAgentNotifyAPI._native_event_send_dhcp_notification-536793', 'neutron.db.l3_db.L3RpcNotifierMixin._notify_gateway_port_ip_changed-8728045468016', 'neutron.db.l3_dvrscheduler_db._notify_l3_agent_port_update-8728044965205', 'neutron.db.l3_hascheduler_db._notify_l3_agent_ha_port_update-8728044965223'] for port, after_update {{(pid=101324) _notify_loop /usr/local/lib/python3.8/dist-packages/neutron_lib/callbacks/manager.py:192}}
Aug 19 17:48:39.400465 n-d-778550-10 neutron-server[101324]: DEBUG novaclient.v2.client [-] RESP: [200] Connection: close Content-Length: 185 Content-Type: application/json Date: Thu, 19 Aug 2021 17:48:38 GMT OpenStack-API-Version: compute 2.1 Server: Apache/2.4.41 (Ubuntu) Vary: OpenStack-API-Version,X-OpenStack-Nova-API-Version X-OpenStack-Nova-API-Version: 2.1 x-compute-request-id: req-3c37b1d4-d14f-46b3-b6ef-edf932b92b6d x-openstack-request-id: req-3c37b1d4-d14f-46b3-b6ef-edf932b92b6d {{(pid=101324) _http_log_response /usr/local/lib/python3.8/dist-packages/keystoneauth1/session.py:550}}
Aug 19 17:48:39.400755 n-d-778550-10 neutron-server[101324]: DEBUG novaclient.v2.client [-] RESP BODY: {"events": [{"server_uuid": "bf7d94ab-2e16-406c-b4cd-cab903cfcfcc", "name": "network-vif-unplugged", "status": "completed", "tag": "27adcb6f-12cd-4c22-9c19-be679c9eaf47", "code": 200}]} {{(pid=101324) _http_log_response /usr/local/lib/python3.8/dist-packages/keystoneauth1/session.py:582}}
Aug 19 17:48:39.401006 n-d-778550-10 neutron-server[101324]: DEBUG novaclient.v2.client [-] POST call to compute for http://10.222.0.36/compute/v2.1/os-server-external-events used request id req-3c37b1d4-d14f-46b3-b6ef-edf932b92b6d {{(pid=101324) request /usr/local/lib/python3.8/dist-packages/keystoneauth1/session.py:954}}
Aug 19 17:48:39.401396 n-d-778550-10 neutron-server[101324]: INFO neutron.notifiers.nova [-] Nova event response: {'server_uuid': 'bf7d94ab-2e16-406c-b4cd-cab903cfcfcc', 'name': 'network-vif-unplugged', 'status': 'completed', 'tag': '27adcb6f-12cd-4c22-9c19-be679c9eaf47', 'code': 200}
Aug 19 17:48:39.473727 n-d-778550-10 neutron-server[101324]: DEBUG neutron.pecan_wsgi.hooks.policy_enforcement [req-c3358e18-f4d3-40ec-9fab-c469e8af1c74 req-57e85733-f23e-4a6e-96c9-47209d3af878 service neutron] Attributes excluded by policy engine: ['standard_attr_id'] {{(pid=101324) _exclude_attributes_by_policy /opt/stack/neutron/neutron/pecan_wsgi/hooks/policy_enforcement.py:255}}
Aug 19 17:48:39.474405 n-d-778550-10 neutron-server[101324]: DEBUG neutron_lib.callbacks.manager [req-c3358e18-f4d3-40ec-9fab-c469e8af1c74 req-57e85733-f23e-4a6e-96c9-47209d3af878 service neutron] Notify callbacks ['neutron.notifiers.nova.Notifier._send_nova_notification-419834'] for port, before_response {{(pid=101324) _notify_loop /usr/local/lib/python3.8/dist-packages/neutron_lib/callbacks/manager.py:192}}
Aug 19 17:48:39.476154 n-d-778550-10 neutron-server[101324]: INFO neutron.wsgi [req-c3358e18-f4d3-40ec-9fab-c469e8af1c74 req-57e85733-f23e-4a6e-96c9-47209d3af878 service neutron] 10.222.0.42 "PUT /v2.0/ports/27adcb6f-12cd-4c22-9c19-be679c9eaf47 HTTP/1.1" status: 200 len: 1123 time: 1.6452549
Aug 19 17:48:39.480081 n-d-778550-10 neutron-server[101324]: DEBUG neutron.api.rpc.handlers.resources_rpc [None req-57e85733-f23e-4a6e-96c9-47209d3af878 service neutron] Pushing event updated for resources: {'Port': ['ID=27adcb6f-12cd-4c22-9c19-be679c9eaf47,revision_number=8']} {{(pid=101324) push /opt/stack/neutron/neutron/api/rpc/handlers/resources_rpc.py:237}}
Aug 19 17:48:39.562116 n-d-778550-10 neutron-server[101324]: DEBUG neutron.pecan_wsgi.hooks.policy_enforcement [req-c904db32-12c1-4483-be73-38d493f8bdbc req-29f92f80-168a-491b-80f4-ed2a66878ea0 tempest-LiveAutoBlockMigrationV225Test-837096052 tempest-LiveAutoBlockMigrationV225Test-837096052-project] Attributes excluded by policy engine: ['standard_attr_id', 'binding:profile', 'binding:host_id', 'binding:vif_type', 'binding:vif_details'] {{(pid=101324) _exclude_attributes_by_policy /opt/stack/neutron/neutron/pecan_wsgi/hooks/policy_enforcement.py:255}}
Aug 19 17:48:39.567936 n-d-778550-10 neutron-server[101324]: INFO neutron.wsgi [req-c904db32-12c1-4483-be73-38d493f8bdbc req-29f92f80-168a-491b-80f4-ed2a66878ea0 tempest-LiveAutoBlockMigrationV225Test-837096052 tempest-LiveAutoBlockMigrationV225Test-837096052-project] 10.222.0.36 "GET /v2.0/ports?device_id=bf7d94ab-2e16-406c-b4cd-cab903cfcfcc HTTP/1.1" status: 200 len: 943 time: 0.0610094
Aug 19 17:48:39.603892 n-d-778550-10 neutron-server[101324]: INFO neutron.wsgi [req-c904db32-12c1-4483-be73-38d493f8bdbc req-34dda31a-c264-40a8-afb8-c1b737855d2e tempest-LiveAutoBlockMigrationV225Test-837096052 tempest-LiveAutoBlockMigrationV225Test-837096052-project] 10.222.0.36 "GET /v2.0/security-groups?id=17c4a0aa-1f57-4a8b-b436-1daab0112601&fields=id&fields=name HTTP/1.1" status: 200 len: 286 time: 0.0342045
Aug 19 17:48:39.641095 n-d-778550-10 neutron-server[101326]: DEBUG neutron.plugins.ml2.db [None req-2c310813-962d-47ca-8b47-328ebb520982 None None] get_ports_and_sgs() called for port_ids ['27adcb6f-12cd-4c22-9c19-be679c9eaf47'] {{(pid=101326) get_ports_and_sgs /opt/stack/neutron/neutron/plugins/ml2/db.py:156}}
Aug 19 17:48:39.853256 n-d-778550-10 neutron-server[101324]: DEBUG neutron.pecan_wsgi.hooks.policy_enforcement [req-3cb71eae-9410-45ba-bb3a-fe5609702440 req-333f799e-5de3-4096-8151-09501caae84a tempest-DeleteServersAdminTestJSON-2129934586 tempest-DeleteServersAdminTestJSON-2129934586-project] Attributes excluded by policy engine: ['standard_attr_id', 'binding:profile', 'binding:host_id', 'binding:vif_type', 'binding:vif_details'] {{(pid=101324) _exclude_attributes_by_policy /opt/stack/neutron/neutron/pecan_wsgi/hooks/policy_enforcement.py:255}}
Aug 19 17:48:39.854847 n-d-778550-10 neutron-server[101324]: INFO neutron.wsgi [req-3cb71eae-9410-45ba-bb3a-fe5609702440 req-333f799e-5de3-4096-8151-09501caae84a tempest-DeleteServersAdminTestJSON-2129934586 tempest-DeleteServersAdminTestJSON-2129934586-project] 10.222.0.36 "GET /v2.0/ports?device_id=fd64d33d-cc60-4816-a850-ffcebf15d247 HTTP/1.1" status: 200 len: 948 time: 0.0606956
Aug 19 17:48:39.859313 n-d-778550-10 neutron-server[101324]: DEBUG neutron.api.v2.base [req-6fdb79bc-ac85-4d09-ab9b-eb1266b0708b req-71a893d9-5e05-4651-b44c-856707202560 tempest-SecurityGroupsTestAdminJSON-1617415949 tempest-SecurityGroupsTestAdminJSON-1617415949-project-admin] Request body: {'security_group': {'name': 'tempest-securitygroup-1158843610', 'description': 'tempest-description-830606579'}} {{(pid=101324) prepare_request_body /opt/stack/neutron/neutron/api/v2/base.py:730}}
Aug 19 17:48:39.898395 n-d-778550-10 neutron-server[101324]: DEBUG neutron_lib.callbacks.manager [req-6fdb79bc-ac85-4d09-ab9b-eb1266b0708b req-71a893d9-5e05-4651-b44c-856707202560 tempest-SecurityGroupsTestAdminJSON-1617415949 tempest-SecurityGroupsTestAdminJSON-1617415949-project-admin] Notify callbacks [] for security_group, before_create {{(pid=101324) _notify_loop /usr/local/lib/python3.8/dist-packages/neutron_lib/callbacks/manager.py:192}}
Aug 19 17:48:39.913018 n-d-778550-10 neutron-server[101324]: INFO neutron.wsgi [req-3cb71eae-9410-45ba-bb3a-fe5609702440 req-a0451089-6be8-4baf-bd69-cb74f1571286 tempest-DeleteServersAdminTestJSON-2129934586 tempest-DeleteServersAdminTestJSON-2129934586-project] 10.222.0.36 "GET /v2.0/security-groups?id=00d15616-906f-4724-9ddb-b2c58a63707e&fields=id&fields=name HTTP/1.1" status: 200 len: 286 time: 0.0506971
Aug 19 17:48:39.913803 n-d-778550-10 neutron-server[101324]: DEBUG neutron_lib.callbacks.manager [req-6fdb79bc-ac85-4d09-ab9b-eb1266b0708b req-71a893d9-5e05-4651-b44c-856707202560 tempest-SecurityGroupsTestAdminJSON-1617415949 tempest-SecurityGroupsTestAdminJSON-1617415949-project-admin] Notify callbacks [] for security_group, before_create {{(pid=101324) _notify_loop /usr/local/lib/python3.8/dist-packages/neutron_lib/callbacks/manager.py:192}}
Aug 19 17:48:40.012014 n-d-778550-10 neutron-server[101324]: DEBUG neutron_lib.callbacks.manager [req-6fdb79bc-ac85-4d09-ab9b-eb1266b0708b req-71a893d9-5e05-4651-b44c-856707202560 tempest-SecurityGroupsTestAdminJSON-1617415949 tempest-SecurityGroupsTestAdminJSON-1617415949-project-admin] Notify callbacks [] for security_group, precommit_create {{(pid=101324) _notify_loop /usr/local/lib/python3.8/dist-packages/neutron_lib/callbacks/manager.py:192}}
Aug 19 17:48:40.016037 n-d-778550-10 neutron-server[101324]: DEBUG neutron_lib.callbacks.manager [req-6fdb79bc-ac85-4d09-ab9b-eb1266b0708b req-71a893d9-5e05-4651-b44c-856707202560 tempest-SecurityGroupsTestAdminJSON-1617415949 tempest-SecurityGroupsTestAdminJSON-1617415949-project-admin] Notify callbacks ['neutron.plugins.ml2.ovo_rpc._ObjectChangeHandler.handle_event-798949'] for security_group, after_create {{(pid=101324) _notify_loop /usr/local/lib/python3.8/dist-packages/neutron_lib/callbacks/manager.py:192}}
Aug 19 17:48:40.050752 n-d-778550-10 neutron-server[101324]: DEBUG neutron.api.rpc.handlers.resources_rpc [None req-71a893d9-5e05-4651-b44c-856707202560 tempest-SecurityGroupsTestAdminJSON-1617415949 tempest-SecurityGroupsTestAdminJSON-1617415949-project-admin] Pushing event updated for resources: {'SecurityGroup': ['ID=50f601cf-e0d5-414f-a8cd-7afbf44ed049,revision_number=1']} {{(pid=101324) push /opt/stack/neutron/neutron/api/rpc/handlers/resources_rpc.py:237}}
Aug 19 17:48:40.107515 n-d-778550-10 neutron-server[101324]: DEBUG neutron_lib.callbacks.manager [req-6fdb79bc-ac85-4d09-ab9b-eb1266b0708b req-71a893d9-5e05-4651-b44c-856707202560 tempest-SecurityGroupsTestAdminJSON-1617415949 tempest-SecurityGroupsTestAdminJSON-1617415949-project-admin] Notify callbacks [] for security_group, precommit_create {{(pid=101324) _notify_loop /usr/local/lib/python3.8/dist-packages/neutron_lib/callbacks/manager.py:192}}
Aug 19 17:48:40.111015 n-d-778550-10 neutron-server[101324]: DEBUG neutron_lib.callbacks.manager [req-6fdb79bc-ac85-4d09-ab9b-eb1266b0708b req-71a893d9-5e05-4651-b44c-856707202560 tempest-SecurityGroupsTestAdminJSON-1617415949 tempest-SecurityGroupsTestAdminJSON-1617415949-project-admin] Notify callbacks ['neutron.plugins.ml2.ovo_rpc._ObjectChangeHandler.handle_event-798949'] for security_group, after_create {{(pid=101324) _notify_loop /usr/local/lib/python3.8/dist-packages/neutron_lib/callbacks/manager.py:192}}
Aug 19 17:48:40.138813 n-d-778550-10 neutron-server[101324]: DEBUG neutron_lib.callbacks.manager [req-6fdb79bc-ac85-4d09-ab9b-eb1266b0708b req-71a893d9-5e05-4651-b44c-856707202560 tempest-SecurityGroupsTestAdminJSON-1617415949 tempest-SecurityGroupsTestAdminJSON-1617415949-project-admin] Notify callbacks [] for security_group, before_response {{(pid=101324) _notify_loop /usr/local/lib/python3.8/dist-packages/neutron_lib/callbacks/manager.py:192}}
Aug 19 17:48:40.140093 n-d-778550-10 neutron-server[101324]: INFO neutron.wsgi [req-6fdb79bc-ac85-4d09-ab9b-eb1266b0708b req-71a893d9-5e05-4651-b44c-856707202560 tempest-SecurityGroupsTestAdminJSON-1617415949 tempest-SecurityGroupsTestAdminJSON-1617415949-project-admin] 10.222.0.36 "POST /v2.0/security-groups HTTP/1.1" status: 201 len: 1782 time: 0.2844017
Aug 19 17:48:40.141078 n-d-778550-10 neutron-server[101324]: DEBUG neutron.api.rpc.handlers.resources_rpc [None req-71a893d9-5e05-4651-b44c-856707202560 tempest-SecurityGroupsTestAdminJSON-1617415949 tempest-SecurityGroupsTestAdminJSON-1617415949-project-admin] Pushing event updated for resources: {'SecurityGroup': ['ID=fc4c3c06-ad5d-4756-a4fa-e54b5de34dd4,revision_number=1']} {{(pid=101324) push /opt/stack/neutron/neutron/api/rpc/handlers/resources_rpc.py:237}}
Aug 19 17:48:40.231419 n-d-778550-10 neutron-server[101324]: DEBUG neutron.api.v2.base [req-1b9d71aa-747f-4b7e-bf62-d7f328cacf01 req-33552005-06e8-41e2-b5b5-e25d9b01fad0 tempest-SecurityGroupsTestAdminJSON-1617415949 tempest-SecurityGroupsTestAdminJSON-1617415949-project-admin] Request body: {'security_group': {'name': 'tempest-securitygroup-2038933185', 'description': 'tempest-description-1448019887'}} {{(pid=101324) prepare_request_body /opt/stack/neutron/neutron/api/v2/base.py:730}}
Aug 19 17:48:40.252612 n-d-778550-10 neutron-server[101324]: DEBUG neutron_lib.callbacks.manager [req-1b9d71aa-747f-4b7e-bf62-d7f328cacf01 req-33552005-06e8-41e2-b5b5-e25d9b01fad0 tempest-SecurityGroupsTestAdminJSON-1617415949 tempest-SecurityGroupsTestAdminJSON-1617415949-project-admin] Notify callbacks [] for security_group, before_create {{(pid=101324) _notify_loop /usr/local/lib/python3.8/dist-packages/neutron_lib/callbacks/manager.py:192}}
Aug 19 17:48:40.346382 n-d-778550-10 neutron-server[101324]: DEBUG neutron_lib.callbacks.manager [req-1b9d71aa-747f-4b7e-bf62-d7f328cacf01 req-33552005-06e8-41e2-b5b5-e25d9b01fad0 tempest-SecurityGroupsTestAdminJSON-1617415949 tempest-SecurityGroupsTestAdminJSON-1617415949-project-admin] Notify callbacks [] for security_group, precommit_create {{(pid=101324) _notify_loop /usr/local/lib/python3.8/dist-packages/neutron_lib/callbacks/manager.py:192}}
Aug 19 17:48:40.357832 n-d-778550-10 neutron-server[101324]: DEBUG neutron_lib.callbacks.manager [req-1b9d71aa-747f-4b7e-bf62-d7f328cacf01 req-33552005-06e8-41e2-b5b5-e25d9b01fad0 tempest-SecurityGroupsTestAdminJSON-1617415949 tempest-SecurityGroupsTestAdminJSON-1617415949-project-admin] Notify callbacks ['neutron.plugins.ml2.ovo_rpc._ObjectChangeHandler.handle_event-798949'] for security_group, after_create {{(pid=101324) _notify_loop /usr/local/lib/python3.8/dist-packages/neutron_lib/callbacks/manager.py:192}}
Aug 19 17:48:40.386548 n-d-778550-10 neutron-server[101324]: DEBUG neutron_lib.callbacks.manager [req-1b9d71aa-747f-4b7e-bf62-d7f328cacf01 req-33552005-06e8-41e2-b5b5-e25d9b01fad0 tempest-SecurityGroupsTestAdminJSON-1617415949 tempest-SecurityGroupsTestAdminJSON-1617415949-project-admin] Notify callbacks [] for security_group, before_response {{(pid=101324) _notify_loop /usr/local/lib/python3.8/dist-packages/neutron_lib/callbacks/manager.py:192}}
Aug 19 17:48:40.387900 n-d-778550-10 neutron-server[101324]: INFO neutron.wsgi [req-1b9d71aa-747f-4b7e-bf62-d7f328cacf01 req-33552005-06e8-41e2-b5b5-e25d9b01fad0 tempest-SecurityGroupsTestAdminJSON-1617415949 tempest-SecurityGroupsTestAdminJSON-1617415949-project-admin] 10.222.0.36 "POST /v2.0/security-groups HTTP/1.1" status: 201 len: 1783 time: 0.1610050
Aug 19 17:48:40.397988 n-d-778550-10 neutron-server[101324]: DEBUG neutron.api.rpc.handlers.resources_rpc [None req-33552005-06e8-41e2-b5b5-e25d9b01fad0 tempest-SecurityGroupsTestAdminJSON-1617415949 tempest-SecurityGroupsTestAdminJSON-1617415949-project-admin] Pushing event updated for resources: {'SecurityGroup': ['ID=5aea5a35-7b02-4594-96b4-260ec809206c,revision_number=1']} {{(pid=101324) push /opt/stack/neutron/neutron/api/rpc/handlers/resources_rpc.py:237}}
Aug 19 17:48:40.477618 n-d-778550-10 neutron-server[101326]: DEBUG neutron.plugins.ml2.rpc [None req-2c310813-962d-47ca-8b47-328ebb520982 None None] Device 1ed3fd68-2265-40e6-9300-1e77444c4877 up at agent hyperv_n-h2-778550-10 {{(pid=101326) update_device_up /opt/stack/neutron/neutron/plugins/ml2/rpc.py:296}}
Aug 19 17:48:40.530768 n-d-778550-10 neutron-server[101325]: DEBUG neutron.wsgi [-] (101325) accepted ('10.222.0.36', 38332) {{(pid=101325) server /usr/local/lib/python3.8/dist-packages/eventlet/wsgi.py:982}}
Aug 19 17:48:40.537394 n-d-778550-10 neutron-server[101326]: DEBUG neutron.db.provisioning_blocks [None req-2c310813-962d-47ca-8b47-328ebb520982 None None] Provisioning for port 1ed3fd68-2265-40e6-9300-1e77444c4877 completed by entity L2. {{(pid=101326) provisioning_complete /opt/stack/neutron/neutron/db/provisioning_blocks.py:133}}
Aug 19 17:48:40.542598 n-d-778550-10 neutron-server[101326]: DEBUG neutron.db.provisioning_blocks [None req-2c310813-962d-47ca-8b47-328ebb520982 None None] Provisioning complete for port 1ed3fd68-2265-40e6-9300-1e77444c4877 triggered by entity L2. {{(pid=101326) provisioning_complete /opt/stack/neutron/neutron/db/provisioning_blocks.py:139}}
Aug 19 17:48:40.542970 n-d-778550-10 neutron-server[101326]: DEBUG neutron_lib.callbacks.manager [None req-2c310813-962d-47ca-8b47-328ebb520982 None None] Notify callbacks ['neutron.plugins.ml2.plugin.Ml2Plugin._port_provisioned-2063833'] for port, provisioning_complete {{(pid=101326) _notify_loop /usr/local/lib/python3.8/dist-packages/neutron_lib/callbacks/manager.py:192}}
Aug 19 17:48:40.575782 n-d-778550-10 neutron-server[101324]: DEBUG neutron.pecan_wsgi.hooks.policy_enforcement [req-5d581d6a-349d-447b-a144-fa9a93ac73e4 req-bd528cb4-6768-4aa1-8b13-e26a1e64cc0c tempest-MigrationsAdminTest-690407965 tempest-MigrationsAdminTest-690407965-project] Attributes excluded by policy engine: ['standard_attr_id', 'binding:profile', 'binding:host_id', 'binding:vif_type', 'binding:vif_details'] {{(pid=101324) _exclude_attributes_by_policy /opt/stack/neutron/neutron/pecan_wsgi/hooks/policy_enforcement.py:255}}
Aug 19 17:48:40.577405 n-d-778550-10 neutron-server[101324]: INFO neutron.wsgi [req-5d581d6a-349d-447b-a144-fa9a93ac73e4 req-bd528cb4-6768-4aa1-8b13-e26a1e64cc0c tempest-MigrationsAdminTest-690407965 tempest-MigrationsAdminTest-690407965-project] 10.222.0.36 "GET /v2.0/ports?device_id=a829d935-5ef1-41b3-ba30-8f4183007405 HTTP/1.1" status: 200 len: 949 time: 0.0919642
Aug 19 17:48:40.626792 n-d-778550-10 neutron-server[101326]: DEBUG neutron_lib.callbacks.manager [None req-2c310813-962d-47ca-8b47-328ebb520982 None None] Notify callbacks ['neutron.plugins.ml2.plugin.SecurityGroupDbMixin._ensure_default_security_group_handler-1987454'] for port, before_update {{(pid=101326) _notify_loop /usr/local/lib/python3.8/dist-packages/neutron_lib/callbacks/manager.py:192}}
Aug 19 17:48:40.652898 n-d-778550-10 neutron-server[101326]: DEBUG neutron.notifiers.nova [-] Sending events: [{'server_uuid': 'fd64d33d-cc60-4816-a850-ffcebf15d247', 'name': 'network-vif-plugged', 'status': 'completed', 'tag': '1ed3fd68-2265-40e6-9300-1e77444c4877'}] {{(pid=101326) send_events /opt/stack/neutron/neutron/notifiers/nova.py:262}}
Aug 19 17:48:40.656130 n-d-778550-10 neutron-server[101326]: DEBUG novaclient.v2.client [-] REQ: curl -g -i --cacert "/opt/stack/data/ca-bundle.pem" -X POST http://10.222.0.36/compute/v2.1/os-server-external-events -H "Accept: application/json" -H "Content-Type: application/json" -H "User-Agent: python-novaclient" -H "X-Auth-Token: {SHA256}aa7a72f3c97b5df54c7d4b15cc2d8c261ea7f234276042822ee4abd7bc2af6bd" -H "X-OpenStack-Nova-API-Version: 2.1" -H "X-OpenStack-Request-ID: req-bfb8e3bd-5043-41e0-a7e9-7519eb49e701" -d '{"events": [{"server_uuid": "fd64d33d-cc60-4816-a850-ffcebf15d247", "name": "network-vif-plugged", "status": "completed", "tag": "1ed3fd68-2265-40e6-9300-1e77444c4877"}]}' {{(pid=101326) _http_log_request /usr/local/lib/python3.8/dist-packages/keystoneauth1/session.py:519}}
Aug 19 17:48:40.663730 n-d-778550-10 neutron-server[101324]: INFO neutron.wsgi [req-5d581d6a-349d-447b-a144-fa9a93ac73e4 req-5bcf1825-2a0a-4195-900c-af502bb54a4b tempest-MigrationsAdminTest-690407965 tempest-MigrationsAdminTest-690407965-project] 10.222.0.36 "GET /v2.0/security-groups?id=6b81ad3f-85e9-4fda-bdc6-7f74e314053c&fields=id&fields=name HTTP/1.1" status: 200 len: 286 time: 0.0704720
Aug 19 17:48:40.669583 n-d-778550-10 neutron-server[101326]: DEBUG neutron.plugins.ml2.db [None req-2c310813-962d-47ca-8b47-328ebb520982 None None] For port 1ed3fd68-2265-40e6-9300-1e77444c4877, host n-h2-778550-10, got binding levels [PortBindingLevel(driver='hyperv',host='n-h2-778550-10',level=0,port_id=1ed3fd68-2265-40e6-9300-1e77444c4877,segment=NetworkSegment(d75b7d95-b8ab-48a3-a7e0-b982b015214b),segment_id=d75b7d95-b8ab-48a3-a7e0-b982b015214b)] {{(pid=101326) get_binding_level_objs /opt/stack/neutron/neutron/plugins/ml2/db.py:74}}
Aug 19 17:48:40.676028 n-d-778550-10 neutron-server[101326]: DEBUG neutron_lib.callbacks.manager [None req-2c310813-962d-47ca-8b47-328ebb520982 None None] Notify callbacks ['neutron.plugins.ml2.plugin.SecurityGroupServerNotifierRpcMixin._notify_sg_on_port_change-1987391', 'neutron.plugins.ml2.ovo_rpc._ObjectChangeHandler.handle_event-368122', 'neutron.api.rpc.agentnotifiers.dhcp_rpc_agent_api.DhcpAgentNotifyAPI._native_event_send_dhcp_notification-536793', 'neutron.db.l3_db.L3RpcNotifierMixin._notify_gateway_port_ip_changed-8728045468016', 'neutron.db.l3_dvrscheduler_db._notify_l3_agent_port_update-8728044965205', 'neutron.db.l3_hascheduler_db._notify_l3_agent_ha_port_update-8728044965223'] for port, after_update {{(pid=101326) _notify_loop /usr/local/lib/python3.8/dist-packages/neutron_lib/callbacks/manager.py:192}}
Aug 19 17:48:40.681613 n-d-778550-10 neutron-server[101325]: INFO neutron.wsgi [None req-226aaad2-6cd2-49d2-ab1d-8c976953e661 admin admin] 10.222.0.36 "GET /v2.0/security-groups?tenant_id=eae2323fba7d4e95a2b7745c65d126d0&name=default HTTP/1.1" status: 200 len: 2979 time: 0.1490250
Aug 19 17:48:40.683975 n-d-778550-10 neutron-server[101325]: DEBUG neutron.wsgi [-] (101325) accepted ('10.222.0.36', 38340) {{(pid=101325) server /usr/local/lib/python3.8/dist-packages/eventlet/wsgi.py:982}}
Aug 19 17:48:40.750516 n-d-778550-10 neutron-server[101325]: DEBUG neutron_lib.callbacks.manager [None req-e426105a-3275-44d2-8fcb-d900e12340d4 admin admin] Notify callbacks [] for security_group, before_delete {{(pid=101325) _notify_loop /usr/local/lib/python3.8/dist-packages/neutron_lib/callbacks/manager.py:192}}
Aug 19 17:48:40.754938 n-d-778550-10 neutron-server[101326]: DEBUG neutron.api.rpc.handlers.resources_rpc [None req-2c310813-962d-47ca-8b47-328ebb520982 None None] Pushing event updated for resources: {'Port': ['ID=1ed3fd68-2265-40e6-9300-1e77444c4877,revision_number=5']} {{(pid=101326) push /opt/stack/neutron/neutron/api/rpc/handlers/resources_rpc.py:237}}
Aug 19 17:48:40.755811 n-d-778550-10 neutron-server[101324]: INFO neutron.wsgi [req-c2b8a050-976f-4243-83b7-2e050525ad89 req-042ba378-c3a9-49d8-8e55-87f9193c685f tempest-SecurityGroupsTestAdminJSON-1617415949 tempest-SecurityGroupsTestAdminJSON-1617415949-project-admin] 10.222.0.36 "GET /v2.0/security-groups HTTP/1.1" status: 200 len: 45078 time: 0.3389366
Aug 19 17:48:40.763533 n-d-778550-10 neutron-server[101326]: DEBUG neutron.api.rpc.callbacks.version_manager [None req-2c310813-962d-47ca-8b47-328ebb520982 None None] Version for resource type AddressGroup changed None to 1.2 on consumer Open vSwitch agent@n-d-778550-10 {{(pid=101326) _set_version /opt/stack/neutron/neutron/api/rpc/callbacks/version_manager.py:113}}
Aug 19 17:48:40.764085 n-d-778550-10 neutron-server[101326]: DEBUG neutron.api.rpc.callbacks.version_manager [None req-2c310813-962d-47ca-8b47-328ebb520982 None None] Version for resource type ConntrackHelper changed None to 1.0 on consumer Open vSwitch agent@n-d-778550-10 {{(pid=101326) _set_version /opt/stack/neutron/neutron/api/rpc/callbacks/version_manager.py:113}}
Aug 19 17:48:40.764592 n-d-778550-10 neutron-server[101326]: DEBUG neutron.api.rpc.callbacks.version_manager [None req-2c310813-962d-47ca-8b47-328ebb520982 None None] Version for resource type Log changed None to 1.0 on consumer Open vSwitch agent@n-d-778550-10 {{(pid=101326) _set_version /opt/stack/neutron/neutron/api/rpc/callbacks/version_manager.py:113}}
Aug 19 17:48:40.765067 n-d-778550-10 neutron-server[101326]: DEBUG neutron.api.rpc.callbacks.version_manager [None req-2c310813-962d-47ca-8b47-328ebb520982 None None] Version for resource type Network changed None to 1.1 on consumer Open vSwitch agent@n-d-778550-10 {{(pid=101326) _set_version /opt/stack/neutron/neutron/api/rpc/callbacks/version_manager.py:113}}
Aug 19 17:48:40.765543 n-d-778550-10 neutron-server[101326]: DEBUG neutron.api.rpc.callbacks.version_manager [None req-2c310813-962d-47ca-8b47-328ebb520982 None None] Version for resource type Port changed None to 1.7 on consumer Open vSwitch agent@n-d-778550-10 {{(pid=101326) _set_version /opt/stack/neutron/neutron/api/rpc/callbacks/version_manager.py:113}}
Aug 19 17:48:40.766272 n-d-778550-10 neutron-server[101326]: DEBUG neutron.api.rpc.callbacks.version_manager [None req-2c310813-962d-47ca-8b47-328ebb520982 None None] Version for resource type PortForwarding changed None to 1.2 on consumer Open vSwitch agent@n-d-778550-10 {{(pid=101326) _set_version /opt/stack/neutron/neutron/api/rpc/callbacks/version_manager.py:113}}
Aug 19 17:48:40.766872 n-d-778550-10 neutron-server[101326]: DEBUG neutron.api.rpc.callbacks.version_manager [None req-2c310813-962d-47ca-8b47-328ebb520982 None None] Version for resource type QosPolicy changed None to 1.9 on consumer Open vSwitch agent@n-d-778550-10 {{(pid=101326) _set_version /opt/stack/neutron/neutron/api/rpc/callbacks/version_manager.py:113}}
Aug 19 17:48:40.767510 n-d-778550-10 neutron-server[101326]: DEBUG neutron.api.rpc.callbacks.version_manager [None req-2c310813-962d-47ca-8b47-328ebb520982 None None] Version for resource type SecurityGroup changed None to 1.4 on consumer Open vSwitch agent@n-d-778550-10 {{(pid=101326) _set_version /opt/stack/neutron/neutron/api/rpc/callbacks/version_manager.py:113}}
Aug 19 17:48:40.767980 n-d-778550-10 neutron-server[101326]: DEBUG neutron.api.rpc.callbacks.version_manager [None req-2c310813-962d-47ca-8b47-328ebb520982 None None] Version for resource type SecurityGroupRule changed None to 1.2 on consumer Open vSwitch agent@n-d-778550-10 {{(pid=101326) _set_version /opt/stack/neutron/neutron/api/rpc/callbacks/version_manager.py:113}}
Aug 19 17:48:40.768458 n-d-778550-10 neutron-server[101326]: DEBUG neutron.api.rpc.callbacks.version_manager [None req-2c310813-962d-47ca-8b47-328ebb520982 None None] Version for resource type SubPort changed None to 1.0 on consumer Open vSwitch agent@n-d-778550-10 {{(pid=101326) _set_version /opt/stack/neutron/neutron/api/rpc/callbacks/version_manager.py:113}}
Aug 19 17:48:40.768785 n-d-778550-10 neutron-server[101326]: DEBUG neutron.api.rpc.callbacks.version_manager [None req-2c310813-962d-47ca-8b47-328ebb520982 None None] Version for resource type Subnet changed None to 1.1 on consumer Open vSwitch agent@n-d-778550-10 {{(pid=101326) _set_version /opt/stack/neutron/neutron/api/rpc/callbacks/version_manager.py:113}}
Aug 19 17:48:40.769114 n-d-778550-10 neutron-server[101326]: DEBUG neutron.api.rpc.callbacks.version_manager [None req-2c310813-962d-47ca-8b47-328ebb520982 None None] Version for resource type Trunk changed None to 1.1 on consumer Open vSwitch agent@n-d-778550-10 {{(pid=101326) _set_version /opt/stack/neutron/neutron/api/rpc/callbacks/version_manager.py:113}}
Aug 19 17:48:40.782961 n-d-778550-10 neutron-server[101325]: DEBUG neutron_lib.callbacks.manager [None req-e426105a-3275-44d2-8fcb-d900e12340d4 admin admin] Notify callbacks [] for security_group, precommit_delete {{(pid=101325) _notify_loop /usr/local/lib/python3.8/dist-packages/neutron_lib/callbacks/manager.py:192}}
Aug 19 17:48:40.806355 n-d-778550-10 neutron-server[101324]: INFO neutron.wsgi [req-c2b8a050-976f-4243-83b7-2e050525ad89 req-95f879cd-6955-4fb0-a789-d4ef32f10c87 tempest-SecurityGroupsTestAdminJSON-1617415949 tempest-SecurityGroupsTestAdminJSON-1617415949-project-admin] 10.222.0.36 "GET /v2.0/security-groups/00d15616-906f-4724-9ddb-b2c58a63707e HTTP/1.1" status: 200 len: 2981 time: 0.0431533
Aug 19 17:48:40.843782 n-d-778550-10 neutron-server[101325]: DEBUG neutron_lib.callbacks.manager [None req-e426105a-3275-44d2-8fcb-d900e12340d4 admin admin] Notify callbacks ['neutron.plugins.ml2.ovo_rpc._ObjectChangeHandler.handle_event-798949'] for security_group, after_delete {{(pid=101325) _notify_loop /usr/local/lib/python3.8/dist-packages/neutron_lib/callbacks/manager.py:192}}
Aug 19 17:48:40.846550 n-d-778550-10 neutron-server[101325]: DEBUG neutron_lib.callbacks.manager [None req-e426105a-3275-44d2-8fcb-d900e12340d4 admin admin] Notify callbacks [] for security_group, before_response {{(pid=101325) _notify_loop /usr/local/lib/python3.8/dist-packages/neutron_lib/callbacks/manager.py:192}}
Aug 19 17:48:40.851265 n-d-778550-10 neutron-server[101324]: INFO neutron.wsgi [req-c2b8a050-976f-4243-83b7-2e050525ad89 req-d93a6bf0-287c-44cf-8ed3-82d7fc2e1f8e tempest-SecurityGroupsTestAdminJSON-1617415949 tempest-SecurityGroupsTestAdminJSON-1617415949-project-admin] 10.222.0.36 "GET /v2.0/security-groups/00d15616-906f-4724-9ddb-b2c58a63707e HTTP/1.1" status: 200 len: 2981 time: 0.0388401
Aug 19 17:48:40.851973 n-d-778550-10 neutron-server[101325]: INFO neutron.wsgi [None req-e426105a-3275-44d2-8fcb-d900e12340d4 admin admin] 10.222.0.36 "DELETE /v2.0/security-groups/8466c3ab-06ee-4c0e-baa4-e596a5f89ca4 HTTP/1.1" status: 204 len: 168 time: 0.1666348
Aug 19 17:48:40.865253 n-d-778550-10 neutron-server[101325]: DEBUG neutron.api.rpc.handlers.resources_rpc [None req-e426105a-3275-44d2-8fcb-d900e12340d4 admin admin] Pushing event deleted for resources: {'SecurityGroup': ['ID=8466c3ab-06ee-4c0e-baa4-e596a5f89ca4,revision_number=None']} {{(pid=101325) push /opt/stack/neutron/neutron/api/rpc/handlers/resources_rpc.py:237}}
