Aug 06 15:05:16.002535 n-d-778549-6 devstack@placement-api.service[109702]: DEBUG placement.objects.allocation_candidate [req-45e66dd7-7af4-4541-b467-963eb9ebbbe6 req-87bfabc5-2d93-48f8-a614-5bf9ef8b5ef6 service placement] RequestGroup(use_same_provider=False, resources={DISK_GB:1, MEMORY_MB:1024, VCPU:1}, traits=[], aggregates=[]) (suffix '') returned 2 matches {{(pid=109702) _get_by_requests /opt/stack/placement/placement/objects/allocation_candidate.py:145}}
Aug 06 15:05:16.002908 n-d-778549-6 devstack@placement-api.service[109702]: DEBUG placement.objects.allocation_candidate [req-45e66dd7-7af4-4541-b467-963eb9ebbbe6 req-87bfabc5-2d93-48f8-a614-5bf9ef8b5ef6 service placement] Merging candidates yields 2 allocation requests and 2 provider summaries {{(pid=109702) _merge_candidates /opt/stack/placement/placement/objects/allocation_candidate.py:783}}
Aug 06 15:05:16.009440 n-d-778549-6 devstack@placement-api.service[109702]: INFO placement.requestlog [req-45e66dd7-7af4-4541-b467-963eb9ebbbe6 req-87bfabc5-2d93-48f8-a614-5bf9ef8b5ef6 service placement] 10.222.0.50 "GET /placement/allocation_candidates?limit=1000&resources=DISK_GB%3A1%2CMEMORY_MB%3A1024%2CVCPU%3A1&root_required=%21COMPUTE_STATUS_DISABLED" status: 200 len: 1309 microversion: 1.35
Aug 06 15:05:16.009685 n-d-778549-6 devstack@placement-api.service[109702]: [pid: 109702|app: 0|req: 223/445] 10.222.0.50 () {60 vars in 1507 bytes} [Fri Aug 6 15:05:15 2021] GET /placement/allocation_candidates?limit=1000&resources=DISK_GB%3A1%2CMEMORY_MB%3A1024%2CVCPU%3A1&root_required=%21COMPUTE_STATUS_DISABLED => generated 1309 bytes in 134 msecs (HTTP/1.1 200) 8 headers in 297 bytes (1 switches on core 0)
Aug 06 15:05:16.132840 n-d-778549-6 devstack@placement-api.service[109701]: DEBUG placement.requestlog [req-45e66dd7-7af4-4541-b467-963eb9ebbbe6 req-99cd75e6-dab9-4bae-afd2-394eb7130364 None None] Starting request: 10.222.0.50 "GET /placement/allocations/07740321-fd8c-44b7-8115-6f0ee349784e" {{(pid=109701) __call__ /opt/stack/placement/placement/requestlog.py:55}}
Aug 06 15:05:16.149455 n-d-778549-6 devstack@placement-api.service[109701]: INFO placement.requestlog [req-45e66dd7-7af4-4541-b467-963eb9ebbbe6 req-99cd75e6-dab9-4bae-afd2-394eb7130364 service placement] 10.222.0.50 "GET /placement/allocations/07740321-fd8c-44b7-8115-6f0ee349784e" status: 200 len: 19 microversion: 1.28
Aug 06 15:05:16.162899 n-d-778549-6 devstack@placement-api.service[109701]: [pid: 109701|app: 0|req: 223/446] 10.222.0.50 () {60 vars in 1381 bytes} [Fri Aug 6 15:05:16 2021] GET /placement/allocations/07740321-fd8c-44b7-8115-6f0ee349784e => generated 19 bytes in 21 msecs (HTTP/1.1 200) 8 headers in 295 bytes (1 switches on core 0)
Aug 06 15:05:16.163016 n-d-778549-6 devstack@placement-api.service[109702]: DEBUG placement.requestlog [req-45e66dd7-7af4-4541-b467-963eb9ebbbe6 req-674a6409-c510-4038-9d6e-b4353f1bfec0 None None] Starting request: 10.222.0.50 "PUT /placement/allocations/07740321-fd8c-44b7-8115-6f0ee349784e" {{(pid=109702) __call__ /opt/stack/placement/placement/requestlog.py:55}}
Aug 06 15:05:16.299290 n-d-778549-6 devstack@placement-api.service[109702]: DEBUG placement.handlers.allocation [req-45e66dd7-7af4-4541-b467-963eb9ebbbe6 req-674a6409-c510-4038-9d6e-b4353f1bfec0 service placement] Successfully wrote allocations [, , ] {{(pid=109702) _create_allocations /opt/stack/placement/placement/handlers/allocation.py:435}}
Aug 06 15:05:16.300506 n-d-778549-6 devstack@placement-api.service[109702]: INFO placement.requestlog [req-45e66dd7-7af4-4541-b467-963eb9ebbbe6 req-674a6409-c510-4038-9d6e-b4353f1bfec0 service placement] 10.222.0.50 "PUT /placement/allocations/07740321-fd8c-44b7-8115-6f0ee349784e" status: 204 len: 0 microversion: 1.35
Aug 06 15:05:16.301304 n-d-778549-6 devstack@placement-api.service[109702]: [pid: 109702|app: 0|req: 224/447] 10.222.0.50 () {64 vars in 1434 bytes} [Fri Aug 6 15:05:16 2021] PUT /placement/allocations/07740321-fd8c-44b7-8115-6f0ee349784e => generated 0 bytes in 142 msecs (HTTP/1.1 204) 5 headers in 199 bytes (2 switches on core 0)
Aug 06 15:05:17.003681 n-d-778549-6 devstack@placement-api.service[109701]: DEBUG placement.requestlog [req-45e66dd7-7af4-4541-b467-963eb9ebbbe6 req-472776de-ef36-4e4d-b841-d3fe7b761b1e None None] Starting request: 10.222.0.54 "GET /placement/allocations/07740321-fd8c-44b7-8115-6f0ee349784e" {{(pid=109701) __call__ /opt/stack/placement/placement/requestlog.py:55}}
Aug 06 15:05:17.024816 n-d-778549-6 devstack@placement-api.service[109701]: INFO placement.requestlog [req-45e66dd7-7af4-4541-b467-963eb9ebbbe6 req-472776de-ef36-4e4d-b841-d3fe7b761b1e service placement] 10.222.0.54 "GET /placement/allocations/07740321-fd8c-44b7-8115-6f0ee349784e" status: 200 len: 259 microversion: 1.28
Aug 06 15:05:17.025543 n-d-778549-6 devstack@placement-api.service[109701]: [pid: 109701|app: 0|req: 224/448] 10.222.0.54 () {60 vars in 1378 bytes} [Fri Aug 6 15:05:17 2021] GET /placement/allocations/07740321-fd8c-44b7-8115-6f0ee349784e => generated 259 bytes in 22 msecs (HTTP/1.1 200) 8 headers in 296 bytes (1 switches on core 0)
Aug 06 15:05:22.972067 n-d-778549-6 devstack@placement-api.service[109702]: DEBUG placement.requestlog [req-9bbbf17d-923d-4fb7-b748-0e0c7021fa2f req-49202ea7-138b-4f91-ad90-181b764a38c9 None None] Starting request: 10.222.0.50 "GET /placement/allocation_candidates?limit=1000&resources=DISK_GB%3A1%2CMEMORY_MB%3A1024%2CVCPU%3A1&root_required=%21COMPUTE_STATUS_DISABLED" {{(pid=109702) __call__ /opt/stack/placement/placement/requestlog.py:55}}
Aug 06 15:05:23.023480 n-d-778549-6 devstack@placement-api.service[109702]: DEBUG placement.objects.research_context [req-9bbbf17d-923d-4fb7-b748-0e0c7021fa2f req-49202ea7-138b-4f91-ad90-181b764a38c9 service placement] getting providers with 1 DISK_GB {{(pid=109702) __init__ /opt/stack/placement/placement/objects/research_context.py:126}}
Aug 06 15:05:23.032725 n-d-778549-6 devstack@placement-api.service[109702]: DEBUG placement.objects.research_context [req-9bbbf17d-923d-4fb7-b748-0e0c7021fa2f req-49202ea7-138b-4f91-ad90-181b764a38c9 service placement] getting providers with 1024 MEMORY_MB {{(pid=109702) __init__ /opt/stack/placement/placement/objects/research_context.py:126}}
Aug 06 15:05:23.050503 n-d-778549-6 devstack@placement-api.service[109702]: DEBUG placement.objects.research_context [req-9bbbf17d-923d-4fb7-b748-0e0c7021fa2f req-49202ea7-138b-4f91-ad90-181b764a38c9 service placement] getting providers with 1 VCPU {{(pid=109702) __init__ /opt/stack/placement/placement/objects/research_context.py:126}}
Aug 06 15:05:23.064909 n-d-778549-6 devstack@placement-api.service[109702]: DEBUG placement.objects.research_context [req-9bbbf17d-923d-4fb7-b748-0e0c7021fa2f req-49202ea7-138b-4f91-ad90-181b764a38c9 service placement] found 2 providers with available 1 DISK_GB {{(pid=109702) get_provider_ids_matching /opt/stack/placement/placement/objects/research_context.py:549}}
Aug 06 15:05:23.065597 n-d-778549-6 devstack@placement-api.service[109702]: DEBUG placement.objects.research_context [req-9bbbf17d-923d-4fb7-b748-0e0c7021fa2f req-49202ea7-138b-4f91-ad90-181b764a38c9 service placement] found 2 providers with available 1024 MEMORY_MB {{(pid=109702) get_provider_ids_matching /opt/stack/placement/placement/objects/research_context.py:549}}
Aug 06 15:05:23.066063 n-d-778549-6 devstack@placement-api.service[109702]: DEBUG placement.objects.research_context [req-9bbbf17d-923d-4fb7-b748-0e0c7021fa2f req-49202ea7-138b-4f91-ad90-181b764a38c9 service placement] found 2 providers after filtering by previous result {{(pid=109702) get_provider_ids_matching /opt/stack/placement/placement/objects/research_context.py:580}}
Aug 06 15:05:23.066506 n-d-778549-6 devstack@placement-api.service[109702]: DEBUG placement.objects.research_context [req-9bbbf17d-923d-4fb7-b748-0e0c7021fa2f req-49202ea7-138b-4f91-ad90-181b764a38c9 service placement] found 2 providers with available 1 VCPU {{(pid=109702) get_provider_ids_matching /opt/stack/placement/placement/objects/research_context.py:549}}
Aug 06 15:05:23.072501 n-d-778549-6 devstack@placement-api.service[109702]: DEBUG placement.objects.research_context [req-9bbbf17d-923d-4fb7-b748-0e0c7021fa2f req-49202ea7-138b-4f91-ad90-181b764a38c9 service placement] found 2 providers after filtering by previous result {{(pid=109702) get_provider_ids_matching /opt/stack/placement/placement/objects/research_context.py:580}}
Aug 06 15:05:23.091217 n-d-778549-6 devstack@placement-api.service[109702]: DEBUG placement.objects.allocation_candidate [req-9bbbf17d-923d-4fb7-b748-0e0c7021fa2f req-49202ea7-138b-4f91-ad90-181b764a38c9 service placement] RequestGroup(use_same_provider=False, resources={DISK_GB:1, MEMORY_MB:1024, VCPU:1}, traits=[], aggregates=[]) (suffix '') returned 2 matches {{(pid=109702) _get_by_requests /opt/stack/placement/placement/objects/allocation_candidate.py:145}}
Aug 06 15:05:23.091861 n-d-778549-6 devstack@placement-api.service[109702]: DEBUG placement.objects.allocation_candidate [req-9bbbf17d-923d-4fb7-b748-0e0c7021fa2f req-49202ea7-138b-4f91-ad90-181b764a38c9 service placement] Merging candidates yields 2 allocation requests and 2 provider summaries {{(pid=109702) _merge_candidates /opt/stack/placement/placement/objects/allocation_candidate.py:783}}
Aug 06 15:05:23.094143 n-d-778549-6 devstack@placement-api.service[109702]: INFO placement.requestlog [req-9bbbf17d-923d-4fb7-b748-0e0c7021fa2f req-49202ea7-138b-4f91-ad90-181b764a38c9 service placement] 10.222.0.50 "GET /placement/allocation_candidates?limit=1000&resources=DISK_GB%3A1%2CMEMORY_MB%3A1024%2CVCPU%3A1&root_required=%21COMPUTE_STATUS_DISABLED" status: 200 len: 1309 microversion: 1.35
Aug 06 15:05:23.094999 n-d-778549-6 devstack@placement-api.service[109702]: [pid: 109702|app: 0|req: 225/449] 10.222.0.50 () {60 vars in 1507 bytes} [Fri Aug 6 15:05:22 2021] GET /placement/allocation_candidates?limit=1000&resources=DISK_GB%3A1%2CMEMORY_MB%3A1024%2CVCPU%3A1&root_required=%21COMPUTE_STATUS_DISABLED => generated 1309 bytes in 123 msecs (HTTP/1.1 200) 8 headers in 297 bytes (1 switches on core 0)
Aug 06 15:05:23.199006 n-d-778549-6 devstack@placement-api.service[109701]: DEBUG placement.requestlog [req-9bbbf17d-923d-4fb7-b748-0e0c7021fa2f req-06229cee-6c68-4053-8c77-43b2978714b9 None None] Starting request: 10.222.0.50 "GET /placement/allocations/dd5f791f-b325-4dce-bf5f-7829e071d44d" {{(pid=109701) __call__ /opt/stack/placement/placement/requestlog.py:55}}
Aug 06 15:05:23.216265 n-d-778549-6 devstack@placement-api.service[109701]: INFO placement.requestlog [req-9bbbf17d-923d-4fb7-b748-0e0c7021fa2f req-06229cee-6c68-4053-8c77-43b2978714b9 service placement] 10.222.0.50 "GET /placement/allocations/dd5f791f-b325-4dce-bf5f-7829e071d44d" status: 200 len: 19 microversion: 1.28
Aug 06 15:05:23.216736 n-d-778549-6 devstack@placement-api.service[109701]: [pid: 109701|app: 0|req: 225/450] 10.222.0.50 () {60 vars in 1381 bytes} [Fri Aug 6 15:05:23 2021] GET /placement/allocations/dd5f791f-b325-4dce-bf5f-7829e071d44d => generated 19 bytes in 18 msecs (HTTP/1.1 200) 8 headers in 295 bytes (1 switches on core 0)
Aug 06 15:05:23.225242 n-d-778549-6 devstack@placement-api.service[109702]: DEBUG placement.requestlog [req-9bbbf17d-923d-4fb7-b748-0e0c7021fa2f req-92ec737a-b1bc-4201-9491-b13962bc75f6 None None] Starting request: 10.222.0.50 "PUT /placement/allocations/dd5f791f-b325-4dce-bf5f-7829e071d44d" {{(pid=109702) __call__ /opt/stack/placement/placement/requestlog.py:55}}
Aug 06 15:05:23.341845 n-d-778549-6 devstack@placement-api.service[109702]: DEBUG placement.handlers.allocation [req-9bbbf17d-923d-4fb7-b748-0e0c7021fa2f req-92ec737a-b1bc-4201-9491-b13962bc75f6 service placement] Successfully wrote allocations [, , ] {{(pid=109702) _create_allocations /opt/stack/placement/placement/handlers/allocation.py:435}}
Aug 06 15:05:23.343647 n-d-778549-6 devstack@placement-api.service[109702]: INFO placement.requestlog [req-9bbbf17d-923d-4fb7-b748-0e0c7021fa2f req-92ec737a-b1bc-4201-9491-b13962bc75f6 service placement] 10.222.0.50 "PUT /placement/allocations/dd5f791f-b325-4dce-bf5f-7829e071d44d" status: 204 len: 0 microversion: 1.35
Aug 06 15:05:23.344469 n-d-778549-6 devstack@placement-api.service[109702]: [pid: 109702|app: 0|req: 226/451] 10.222.0.50 () {64 vars in 1434 bytes} [Fri Aug 6 15:05:23 2021] PUT /placement/allocations/dd5f791f-b325-4dce-bf5f-7829e071d44d => generated 0 bytes in 119 msecs (HTTP/1.1 204) 5 headers in 199 bytes (1 switches on core 0)
Aug 06 15:05:23.879216 n-d-778549-6 devstack@placement-api.service[109701]: DEBUG placement.requestlog [req-9bbbf17d-923d-4fb7-b748-0e0c7021fa2f req-9c33d9f8-56ed-44b1-a5bd-b61b17e998f6 None None] Starting request: 10.222.0.43 "GET /placement/allocations/dd5f791f-b325-4dce-bf5f-7829e071d44d" {{(pid=109701) __call__ /opt/stack/placement/placement/requestlog.py:55}}
Aug 06 15:05:23.904321 n-d-778549-6 devstack@placement-api.service[109701]: INFO placement.requestlog [req-9bbbf17d-923d-4fb7-b748-0e0c7021fa2f req-9c33d9f8-56ed-44b1-a5bd-b61b17e998f6 service placement] 10.222.0.43 "GET /placement/allocations/dd5f791f-b325-4dce-bf5f-7829e071d44d" status: 200 len: 259 microversion: 1.28
Aug 06 15:05:23.904714 n-d-778549-6 devstack@placement-api.service[109701]: [pid: 109701|app: 0|req: 226/452] 10.222.0.43 () {60 vars in 1378 bytes} [Fri Aug 6 15:05:23 2021] GET /placement/allocations/dd5f791f-b325-4dce-bf5f-7829e071d44d => generated 259 bytes in 26 msecs (HTTP/1.1 200) 8 headers in 296 bytes (1 switches on core 0)
Aug 06 15:05:25.519499 n-d-778549-6 devstack@placement-api.service[109702]: DEBUG placement.requestlog [req-de5b4f18-7d92-4d39-9e6d-07dcfc02dc22 req-925b10ca-ecb4-4382-b74a-a8830866ec14 None None] Starting request: 10.222.0.43 "GET /placement/allocations/9e8bcf92-844c-4a4e-8cff-e726176e790a" {{(pid=109702) __call__ /opt/stack/placement/placement/requestlog.py:55}}
Aug 06 15:05:25.546263 n-d-778549-6 devstack@placement-api.service[109702]: INFO placement.requestlog [req-de5b4f18-7d92-4d39-9e6d-07dcfc02dc22 req-925b10ca-ecb4-4382-b74a-a8830866ec14 service placement] 10.222.0.43 "GET /placement/allocations/9e8bcf92-844c-4a4e-8cff-e726176e790a" status: 200 len: 259 microversion: 1.28
Aug 06 15:05:25.546833 n-d-778549-6 devstack@placement-api.service[109702]: [pid: 109702|app: 0|req: 227/453] 10.222.0.43 () {60 vars in 1378 bytes} [Fri Aug 6 15:05:25 2021] GET /placement/allocations/9e8bcf92-844c-4a4e-8cff-e726176e790a => generated 259 bytes in 28 msecs (HTTP/1.1 200) 8 headers in 296 bytes (2 switches on core 0)
Aug 06 15:05:25.570499 n-d-778549-6 devstack@placement-api.service[109701]: DEBUG placement.requestlog [req-de5b4f18-7d92-4d39-9e6d-07dcfc02dc22 req-845a3cf5-8260-4a20-8e6e-f9e219e78e2a None None] Starting request: 10.222.0.43 "PUT /placement/allocations/9e8bcf92-844c-4a4e-8cff-e726176e790a" {{(pid=109701) __call__ /opt/stack/placement/placement/requestlog.py:55}}
Aug 06 15:05:25.647388 n-d-778549-6 devstack@placement-api.service[109701]: DEBUG placement.handlers.allocation [req-de5b4f18-7d92-4d39-9e6d-07dcfc02dc22 req-845a3cf5-8260-4a20-8e6e-f9e219e78e2a service placement] Successfully wrote allocations [, , ] {{(pid=109701) _create_allocations /opt/stack/placement/placement/handlers/allocation.py:435}}
Aug 06 15:05:25.648359 n-d-778549-6 devstack@placement-api.service[109701]: INFO placement.requestlog [req-de5b4f18-7d92-4d39-9e6d-07dcfc02dc22 req-845a3cf5-8260-4a20-8e6e-f9e219e78e2a service placement] 10.222.0.43 "PUT /placement/allocations/9e8bcf92-844c-4a4e-8cff-e726176e790a" status: 204 len: 0 microversion: 1.28
Aug 06 15:05:25.648697 n-d-778549-6 devstack@placement-api.service[109701]: [pid: 109701|app: 0|req: 227/454] 10.222.0.43 () {64 vars in 1431 bytes} [Fri Aug 6 15:05:25 2021] PUT /placement/allocations/9e8bcf92-844c-4a4e-8cff-e726176e790a => generated 0 bytes in 81 msecs (HTTP/1.1 204) 5 headers in 199 bytes (1 switches on core 0)
Aug 06 15:05:37.644098 n-d-778549-6 devstack@placement-api.service[109702]: DEBUG placement.requestlog [req-e9e0c1c9-941c-4992-9c53-9d1e83a10509 req-2907898b-b4cc-4dd3-a5c3-8459a1e5d453 None None] Starting request: 10.222.0.54 "GET /placement/allocations/de27b5e9-aea8-4367-81c6-3021f29fdcaa" {{(pid=109702) __call__ /opt/stack/placement/placement/requestlog.py:55}}
Aug 06 15:05:37.674423 n-d-778549-6 devstack@placement-api.service[109702]: INFO placement.requestlog [req-e9e0c1c9-941c-4992-9c53-9d1e83a10509 req-2907898b-b4cc-4dd3-a5c3-8459a1e5d453 service placement] 10.222.0.54 "GET /placement/allocations/de27b5e9-aea8-4367-81c6-3021f29fdcaa" status: 200 len: 259 microversion: 1.28
Aug 06 15:05:37.679105 n-d-778549-6 devstack@placement-api.service[109702]: [pid: 109702|app: 0|req: 228/455] 10.222.0.54 () {60 vars in 1378 bytes} [Fri Aug 6 15:05:37 2021] GET /placement/allocations/de27b5e9-aea8-4367-81c6-3021f29fdcaa => generated 259 bytes in 35 msecs (HTTP/1.1 200) 8 headers in 296 bytes (1 switches on core 0)
Aug 06 15:05:37.717737 n-d-778549-6 devstack@placement-api.service[109701]: DEBUG placement.requestlog [req-e9e0c1c9-941c-4992-9c53-9d1e83a10509 req-4e6bb219-6061-47a3-a1a1-48ab7d673a56 None None] Starting request: 10.222.0.54 "PUT /placement/allocations/de27b5e9-aea8-4367-81c6-3021f29fdcaa" {{(pid=109701) __call__ /opt/stack/placement/placement/requestlog.py:55}}
Aug 06 15:05:37.827863 n-d-778549-6 devstack@placement-api.service[109701]: DEBUG placement.handlers.allocation [req-e9e0c1c9-941c-4992-9c53-9d1e83a10509 req-4e6bb219-6061-47a3-a1a1-48ab7d673a56 service placement] Successfully wrote allocations [, , ] {{(pid=109701) _create_allocations /opt/stack/placement/placement/handlers/allocation.py:435}}
Aug 06 15:05:37.828884 n-d-778549-6 devstack@placement-api.service[109701]: INFO placement.requestlog [req-e9e0c1c9-941c-4992-9c53-9d1e83a10509 req-4e6bb219-6061-47a3-a1a1-48ab7d673a56 service placement] 10.222.0.54 "PUT /placement/allocations/de27b5e9-aea8-4367-81c6-3021f29fdcaa" status: 204 len: 0 microversion: 1.28
Aug 06 15:05:37.829653 n-d-778549-6 devstack@placement-api.service[109701]: [pid: 109701|app: 0|req: 228/456] 10.222.0.54 () {64 vars in 1431 bytes} [Fri Aug 6 15:05:37 2021] PUT /placement/allocations/de27b5e9-aea8-4367-81c6-3021f29fdcaa => generated 0 bytes in 112 msecs (HTTP/1.1 204) 5 headers in 199 bytes (2 switches on core 0)
Aug 06 15:05:39.208164 n-d-778549-6 devstack@placement-api.service[109702]: DEBUG placement.requestlog [req-d374484c-886e-44b7-be38-4b55f08d3dfb req-e4261d8c-2b6a-47de-8a9f-975707828e25 None None] Starting request: 10.222.0.50 "GET /placement/allocation_candidates?limit=1000&resources=DISK_GB%3A1%2CMEMORY_MB%3A1024%2CVCPU%3A1&root_required=%21COMPUTE_STATUS_DISABLED" {{(pid=109702) __call__ /opt/stack/placement/placement/requestlog.py:55}}
Aug 06 15:05:39.302496 n-d-778549-6 devstack@placement-api.service[109702]: DEBUG placement.objects.research_context [req-d374484c-886e-44b7-be38-4b55f08d3dfb req-e4261d8c-2b6a-47de-8a9f-975707828e25 service placement] getting providers with 1 DISK_GB {{(pid=109702) __init__ /opt/stack/placement/placement/objects/research_context.py:126}}
Aug 06 15:05:39.328709 n-d-778549-6 devstack@placement-api.service[109702]: DEBUG placement.objects.research_context [req-d374484c-886e-44b7-be38-4b55f08d3dfb req-e4261d8c-2b6a-47de-8a9f-975707828e25 service placement] getting providers with 1024 MEMORY_MB {{(pid=109702) __init__ /opt/stack/placement/placement/objects/research_context.py:126}}
Aug 06 15:05:39.358970 n-d-778549-6 devstack@placement-api.service[109702]: DEBUG placement.objects.research_context [req-d374484c-886e-44b7-be38-4b55f08d3dfb req-e4261d8c-2b6a-47de-8a9f-975707828e25 service placement] getting providers with 1 VCPU {{(pid=109702) __init__ /opt/stack/placement/placement/objects/research_context.py:126}}
Aug 06 15:05:39.383091 n-d-778549-6 devstack@placement-api.service[109702]: DEBUG placement.objects.research_context [req-d374484c-886e-44b7-be38-4b55f08d3dfb req-e4261d8c-2b6a-47de-8a9f-975707828e25 service placement] found 2 providers with available 1 DISK_GB {{(pid=109702) get_provider_ids_matching /opt/stack/placement/placement/objects/research_context.py:549}}
Aug 06 15:05:39.387011 n-d-778549-6 devstack@placement-api.service[109702]: DEBUG placement.objects.research_context [req-d374484c-886e-44b7-be38-4b55f08d3dfb req-e4261d8c-2b6a-47de-8a9f-975707828e25 service placement] found 2 providers with available 1024 MEMORY_MB {{(pid=109702) get_provider_ids_matching /opt/stack/placement/placement/objects/research_context.py:549}}
Aug 06 15:05:39.387480 n-d-778549-6 devstack@placement-api.service[109702]: DEBUG placement.objects.research_context [req-d374484c-886e-44b7-be38-4b55f08d3dfb req-e4261d8c-2b6a-47de-8a9f-975707828e25 service placement] found 2 providers after filtering by previous result {{(pid=109702) get_provider_ids_matching /opt/stack/placement/placement/objects/research_context.py:580}}
Aug 06 15:05:39.387950 n-d-778549-6 devstack@placement-api.service[109702]: DEBUG placement.objects.research_context [req-d374484c-886e-44b7-be38-4b55f08d3dfb req-e4261d8c-2b6a-47de-8a9f-975707828e25 service placement] found 2 providers with available 1 VCPU {{(pid=109702) get_provider_ids_matching /opt/stack/placement/placement/objects/research_context.py:549}}
Aug 06 15:05:39.388420 n-d-778549-6 devstack@placement-api.service[109702]: DEBUG placement.objects.research_context [req-d374484c-886e-44b7-be38-4b55f08d3dfb req-e4261d8c-2b6a-47de-8a9f-975707828e25 service placement] found 2 providers after filtering by previous result {{(pid=109702) get_provider_ids_matching /opt/stack/placement/placement/objects/research_context.py:580}}
Aug 06 15:05:39.419427 n-d-778549-6 devstack@placement-api.service[109702]: DEBUG placement.objects.allocation_candidate [req-d374484c-886e-44b7-be38-4b55f08d3dfb req-e4261d8c-2b6a-47de-8a9f-975707828e25 service placement] RequestGroup(use_same_provider=False, resources={DISK_GB:1, MEMORY_MB:1024, VCPU:1}, traits=[], aggregates=[]) (suffix '') returned 2 matches {{(pid=109702) _get_by_requests /opt/stack/placement/placement/objects/allocation_candidate.py:145}}
Aug 06 15:05:39.420863 n-d-778549-6 devstack@placement-api.service[109702]: DEBUG placement.objects.allocation_candidate [req-d374484c-886e-44b7-be38-4b55f08d3dfb req-e4261d8c-2b6a-47de-8a9f-975707828e25 service placement] Merging candidates yields 2 allocation requests and 2 provider summaries {{(pid=109702) _merge_candidates /opt/stack/placement/placement/objects/allocation_candidate.py:783}}
Aug 06 15:05:39.429446 n-d-778549-6 devstack@placement-api.service[109702]: INFO placement.requestlog [req-d374484c-886e-44b7-be38-4b55f08d3dfb req-e4261d8c-2b6a-47de-8a9f-975707828e25 service placement] 10.222.0.50 "GET /placement/allocation_candidates?limit=1000&resources=DISK_GB%3A1%2CMEMORY_MB%3A1024%2CVCPU%3A1&root_required=%21COMPUTE_STATUS_DISABLED" status: 200 len: 1309 microversion: 1.35
Aug 06 15:05:39.434748 n-d-778549-6 devstack@placement-api.service[109702]: [pid: 109702|app: 0|req: 229/457] 10.222.0.50 () {60 vars in 1507 bytes} [Fri Aug 6 15:05:39 2021] GET /placement/allocation_candidates?limit=1000&resources=DISK_GB%3A1%2CMEMORY_MB%3A1024%2CVCPU%3A1&root_required=%21COMPUTE_STATUS_DISABLED => generated 1309 bytes in 227 msecs (HTTP/1.1 200) 8 headers in 297 bytes (1 switches on core 0)
Aug 06 15:05:39.597259 n-d-778549-6 devstack@placement-api.service[109701]: DEBUG placement.requestlog [req-d374484c-886e-44b7-be38-4b55f08d3dfb req-c8e2254f-06d6-4b47-8779-5c27daf89b07 None None] Starting request: 10.222.0.50 "GET /placement/allocations/3b38d1a8-0d03-4ff9-ad72-cfc9663c9faa" {{(pid=109701) __call__ /opt/stack/placement/placement/requestlog.py:55}}
Aug 06 15:05:39.613308 n-d-778549-6 devstack@placement-api.service[109701]: INFO placement.requestlog [req-d374484c-886e-44b7-be38-4b55f08d3dfb req-c8e2254f-06d6-4b47-8779-5c27daf89b07 service placement] 10.222.0.50 "GET /placement/allocations/3b38d1a8-0d03-4ff9-ad72-cfc9663c9faa" status: 200 len: 19 microversion: 1.28
Aug 06 15:05:39.613608 n-d-778549-6 devstack@placement-api.service[109701]: [pid: 109701|app: 0|req: 229/458] 10.222.0.50 () {60 vars in 1381 bytes} [Fri Aug 6 15:05:39 2021] GET /placement/allocations/3b38d1a8-0d03-4ff9-ad72-cfc9663c9faa => generated 19 bytes in 17 msecs (HTTP/1.1 200) 8 headers in 295 bytes (1 switches on core 0)
Aug 06 15:05:39.625315 n-d-778549-6 devstack@placement-api.service[109702]: DEBUG placement.requestlog [req-d374484c-886e-44b7-be38-4b55f08d3dfb req-cdb5d236-660e-4a4e-a975-18ada2ba0874 None None] Starting request: 10.222.0.50 "PUT /placement/allocations/3b38d1a8-0d03-4ff9-ad72-cfc9663c9faa" {{(pid=109702) __call__ /opt/stack/placement/placement/requestlog.py:55}}
Aug 06 15:05:39.792784 n-d-778549-6 devstack@placement-api.service[109702]: DEBUG placement.handlers.allocation [req-d374484c-886e-44b7-be38-4b55f08d3dfb req-cdb5d236-660e-4a4e-a975-18ada2ba0874 service placement] Successfully wrote allocations [, , ] {{(pid=109702) _create_allocations /opt/stack/placement/placement/handlers/allocation.py:435}}
Aug 06 15:05:39.793687 n-d-778549-6 devstack@placement-api.service[109702]: INFO placement.requestlog [req-d374484c-886e-44b7-be38-4b55f08d3dfb req-cdb5d236-660e-4a4e-a975-18ada2ba0874 service placement] 10.222.0.50 "PUT /placement/allocations/3b38d1a8-0d03-4ff9-ad72-cfc9663c9faa" status: 204 len: 0 microversion: 1.35
Aug 06 15:05:39.811169 n-d-778549-6 devstack@placement-api.service[109702]: [pid: 109702|app: 0|req: 230/459] 10.222.0.50 () {64 vars in 1434 bytes} [Fri Aug 6 15:05:39 2021] PUT /placement/allocations/3b38d1a8-0d03-4ff9-ad72-cfc9663c9faa => generated 0 bytes in 175 msecs (HTTP/1.1 204) 5 headers in 199 bytes (2 switches on core 0)
Aug 06 15:05:39.817399 n-d-778549-6 devstack@placement-api.service[109701]: DEBUG placement.requestlog [req-d374484c-886e-44b7-be38-4b55f08d3dfb req-7efafc1f-8989-48a5-9309-f237115e65d5 None None] Starting request: 10.222.0.50 "GET /placement/allocations/cfb1e533-2076-4deb-8ad8-16e0fba4ac17" {{(pid=109701) __call__ /opt/stack/placement/placement/requestlog.py:55}}
Aug 06 15:05:39.835922 n-d-778549-6 devstack@placement-api.service[109701]: INFO placement.requestlog [req-d374484c-886e-44b7-be38-4b55f08d3dfb req-7efafc1f-8989-48a5-9309-f237115e65d5 service placement] 10.222.0.50 "GET /placement/allocations/cfb1e533-2076-4deb-8ad8-16e0fba4ac17" status: 200 len: 19 microversion: 1.28
Aug 06 15:05:39.837604 n-d-778549-6 devstack@placement-api.service[109701]: [pid: 109701|app: 0|req: 230/460] 10.222.0.50 () {60 vars in 1381 bytes} [Fri Aug 6 15:05:39 2021] GET /placement/allocations/cfb1e533-2076-4deb-8ad8-16e0fba4ac17 => generated 19 bytes in 20 msecs (HTTP/1.1 200) 8 headers in 295 bytes (1 switches on core 0)
Aug 06 15:05:39.847998 n-d-778549-6 devstack@placement-api.service[109702]: DEBUG placement.requestlog [req-d374484c-886e-44b7-be38-4b55f08d3dfb req-c31d801e-4ce4-49db-870f-bf5f1651f04e None None] Starting request: 10.222.0.50 "PUT /placement/allocations/cfb1e533-2076-4deb-8ad8-16e0fba4ac17" {{(pid=109702) __call__ /opt/stack/placement/placement/requestlog.py:55}}
Aug 06 15:05:40.017588 n-d-778549-6 devstack@placement-api.service[109702]: DEBUG placement.handlers.allocation [req-d374484c-886e-44b7-be38-4b55f08d3dfb req-c31d801e-4ce4-49db-870f-bf5f1651f04e service placement] Successfully wrote allocations [, , ] {{(pid=109702) _create_allocations /opt/stack/placement/placement/handlers/allocation.py:435}}
Aug 06 15:05:40.018130 n-d-778549-6 devstack@placement-api.service[109702]: INFO placement.requestlog [req-d374484c-886e-44b7-be38-4b55f08d3dfb req-c31d801e-4ce4-49db-870f-bf5f1651f04e service placement] 10.222.0.50 "PUT /placement/allocations/cfb1e533-2076-4deb-8ad8-16e0fba4ac17" status: 204 len: 0 microversion: 1.35
Aug 06 15:05:40.018408 n-d-778549-6 devstack@placement-api.service[109702]: [pid: 109702|app: 0|req: 231/461] 10.222.0.50 () {64 vars in 1434 bytes} [Fri Aug 6 15:05:39 2021] PUT /placement/allocations/cfb1e533-2076-4deb-8ad8-16e0fba4ac17 => generated 0 bytes in 171 msecs (HTTP/1.1 204) 5 headers in 199 bytes (1 switches on core 0)
Aug 06 15:05:40.202953 n-d-778549-6 devstack@placement-api.service[109701]: DEBUG placement.requestlog [req-b6955b76-8036-4bc3-807a-22ff6f476d7d req-07f5426b-f58c-416f-aca2-f2cb7a375353 None None] Starting request: 10.222.0.54 "GET /placement/allocations/eaa55b3b-912b-42b9-b9d8-f124af481a3e" {{(pid=109701) __call__ /opt/stack/placement/placement/requestlog.py:55}}
Aug 06 15:05:40.257568 n-d-778549-6 devstack@placement-api.service[109701]: INFO placement.requestlog [req-b6955b76-8036-4bc3-807a-22ff6f476d7d req-07f5426b-f58c-416f-aca2-f2cb7a375353 service placement] 10.222.0.54 "GET /placement/allocations/eaa55b3b-912b-42b9-b9d8-f124af481a3e" status: 200 len: 259 microversion: 1.28
Aug 06 15:05:40.264046 n-d-778549-6 devstack@placement-api.service[109701]: [pid: 109701|app: 0|req: 231/462] 10.222.0.54 () {60 vars in 1378 bytes} [Fri Aug 6 15:05:40 2021] GET /placement/allocations/eaa55b3b-912b-42b9-b9d8-f124af481a3e => generated 259 bytes in 60 msecs (HTTP/1.1 200) 8 headers in 296 bytes (1 switches on core 0)
Aug 06 15:05:40.278935 n-d-778549-6 devstack@placement-api.service[109702]: DEBUG placement.requestlog [req-b6955b76-8036-4bc3-807a-22ff6f476d7d req-2466bae0-31ff-454b-a58b-f4cba2c0267f None None] Starting request: 10.222.0.54 "PUT /placement/allocations/eaa55b3b-912b-42b9-b9d8-f124af481a3e" {{(pid=109702) __call__ /opt/stack/placement/placement/requestlog.py:55}}
Aug 06 15:05:40.388891 n-d-778549-6 devstack@placement-api.service[109702]: DEBUG placement.handlers.allocation [req-b6955b76-8036-4bc3-807a-22ff6f476d7d req-2466bae0-31ff-454b-a58b-f4cba2c0267f service placement] Successfully wrote allocations [, , ] {{(pid=109702) _create_allocations /opt/stack/placement/placement/handlers/allocation.py:435}}
Aug 06 15:05:40.389485 n-d-778549-6 devstack@placement-api.service[109702]: INFO placement.requestlog [req-b6955b76-8036-4bc3-807a-22ff6f476d7d req-2466bae0-31ff-454b-a58b-f4cba2c0267f service placement] 10.222.0.54 "PUT /placement/allocations/eaa55b3b-912b-42b9-b9d8-f124af481a3e" status: 204 len: 0 microversion: 1.28
Aug 06 15:05:40.390444 n-d-778549-6 devstack@placement-api.service[109702]: [pid: 109702|app: 0|req: 232/463] 10.222.0.54 () {64 vars in 1431 bytes} [Fri Aug 6 15:05:40 2021] PUT /placement/allocations/eaa55b3b-912b-42b9-b9d8-f124af481a3e => generated 0 bytes in 112 msecs (HTTP/1.1 204) 5 headers in 199 bytes (1 switches on core 0)
Aug 06 15:05:40.858270 n-d-778549-6 devstack@placement-api.service[109701]: DEBUG placement.requestlog [req-d374484c-886e-44b7-be38-4b55f08d3dfb req-650b2eb0-febc-4b06-a36e-e2820210d18b None None] Starting request: 10.222.0.54 "GET /placement/allocations/3b38d1a8-0d03-4ff9-ad72-cfc9663c9faa" {{(pid=109701) __call__ /opt/stack/placement/placement/requestlog.py:55}}
Aug 06 15:05:40.886319 n-d-778549-6 devstack@placement-api.service[109701]: INFO placement.requestlog [req-d374484c-886e-44b7-be38-4b55f08d3dfb req-650b2eb0-febc-4b06-a36e-e2820210d18b service placement] 10.222.0.54 "GET /placement/allocations/3b38d1a8-0d03-4ff9-ad72-cfc9663c9faa" status: 200 len: 259 microversion: 1.28
Aug 06 15:05:40.887397 n-d-778549-6 devstack@placement-api.service[109701]: [pid: 109701|app: 0|req: 232/464] 10.222.0.54 () {60 vars in 1378 bytes} [Fri Aug 6 15:05:40 2021] GET /placement/allocations/3b38d1a8-0d03-4ff9-ad72-cfc9663c9faa => generated 259 bytes in 30 msecs (HTTP/1.1 200) 8 headers in 296 bytes (1 switches on core 0)
Aug 06 15:05:40.943037 n-d-778549-6 devstack@placement-api.service[109702]: DEBUG placement.requestlog [req-d374484c-886e-44b7-be38-4b55f08d3dfb req-14490102-7e7c-49a1-9fdc-476bed23954f None None] Starting request: 10.222.0.54 "GET /placement/allocations/cfb1e533-2076-4deb-8ad8-16e0fba4ac17" {{(pid=109702) __call__ /opt/stack/placement/placement/requestlog.py:55}}
Aug 06 15:05:40.976620 n-d-778549-6 devstack@placement-api.service[109702]: INFO placement.requestlog [req-d374484c-886e-44b7-be38-4b55f08d3dfb req-14490102-7e7c-49a1-9fdc-476bed23954f service placement] 10.222.0.54 "GET /placement/allocations/cfb1e533-2076-4deb-8ad8-16e0fba4ac17" status: 200 len: 259 microversion: 1.28
Aug 06 15:05:40.978815 n-d-778549-6 devstack@placement-api.service[109702]: [pid: 109702|app: 0|req: 233/465] 10.222.0.54 () {60 vars in 1378 bytes} [Fri Aug 6 15:05:40 2021] GET /placement/allocations/cfb1e533-2076-4deb-8ad8-16e0fba4ac17 => generated 259 bytes in 36 msecs (HTTP/1.1 200) 8 headers in 296 bytes (1 switches on core 0)
Aug 06 15:05:42.768077 n-d-778549-6 devstack@placement-api.service[109701]: DEBUG placement.requestlog [req-22ba3846-a460-4146-bd28-b029a6ecca7b req-28379461-1ccf-46d5-b638-cb22a1169c15 None None] Starting request: 10.222.0.43 "GET /placement/allocations/392547bb-57e8-47b6-af54-c2ba6c3ed63f" {{(pid=109701) __call__ /opt/stack/placement/placement/requestlog.py:55}}
Aug 06 15:05:42.820555 n-d-778549-6 devstack@placement-api.service[109701]: INFO placement.requestlog [req-22ba3846-a460-4146-bd28-b029a6ecca7b req-28379461-1ccf-46d5-b638-cb22a1169c15 service placement] 10.222.0.43 "GET /placement/allocations/392547bb-57e8-47b6-af54-c2ba6c3ed63f" status: 200 len: 259 microversion: 1.28
Aug 06 15:05:42.822094 n-d-778549-6 devstack@placement-api.service[109701]: [pid: 109701|app: 0|req: 233/466] 10.222.0.43 () {60 vars in 1378 bytes} [Fri Aug 6 15:05:42 2021] GET /placement/allocations/392547bb-57e8-47b6-af54-c2ba6c3ed63f => generated 259 bytes in 54 msecs (HTTP/1.1 200) 8 headers in 296 bytes (1 switches on core 0)
Aug 06 15:05:42.845473 n-d-778549-6 devstack@placement-api.service[109702]: DEBUG placement.requestlog [req-22ba3846-a460-4146-bd28-b029a6ecca7b req-326eed4e-3990-42a0-ad54-08d49ccb9359 None None] Starting request: 10.222.0.43 "PUT /placement/allocations/392547bb-57e8-47b6-af54-c2ba6c3ed63f" {{(pid=109702) __call__ /opt/stack/placement/placement/requestlog.py:55}}
Aug 06 15:05:42.889865 n-d-778549-6 devstack@placement-api.service[109701]: DEBUG placement.requestlog [req-45c1d0cc-8b4a-4a0c-b3ce-1d3919e031f6 req-316993ca-da9e-4577-a4aa-e64a2ae06f65 None None] Starting request: 10.222.0.54 "GET /placement/allocations/07740321-fd8c-44b7-8115-6f0ee349784e" {{(pid=109701) __call__ /opt/stack/placement/placement/requestlog.py:55}}
Aug 06 15:05:42.924273 n-d-778549-6 devstack@placement-api.service[109701]: INFO placement.requestlog [req-45c1d0cc-8b4a-4a0c-b3ce-1d3919e031f6 req-316993ca-da9e-4577-a4aa-e64a2ae06f65 service placement] 10.222.0.54 "GET /placement/allocations/07740321-fd8c-44b7-8115-6f0ee349784e" status: 200 len: 259 microversion: 1.28
Aug 06 15:05:42.925289 n-d-778549-6 devstack@placement-api.service[109701]: [pid: 109701|app: 0|req: 234/467] 10.222.0.54 () {60 vars in 1378 bytes} [Fri Aug 6 15:05:42 2021] GET /placement/allocations/07740321-fd8c-44b7-8115-6f0ee349784e => generated 259 bytes in 36 msecs (HTTP/1.1 200) 8 headers in 296 bytes (2 switches on core 0)
Aug 06 15:05:42.954650 n-d-778549-6 devstack@placement-api.service[109701]: DEBUG placement.requestlog [req-45c1d0cc-8b4a-4a0c-b3ce-1d3919e031f6 req-3eaf57e2-2482-4ead-987b-491ee1434519 None None] Starting request: 10.222.0.54 "PUT /placement/allocations/07740321-fd8c-44b7-8115-6f0ee349784e" {{(pid=109701) __call__ /opt/stack/placement/placement/requestlog.py:55}}
Aug 06 15:05:42.972861 n-d-778549-6 devstack@placement-api.service[109702]: DEBUG placement.handlers.allocation [req-22ba3846-a460-4146-bd28-b029a6ecca7b req-326eed4e-3990-42a0-ad54-08d49ccb9359 service placement] Successfully wrote allocations [, , ] {{(pid=109702) _create_allocations /opt/stack/placement/placement/handlers/allocation.py:435}}
Aug 06 15:05:42.973804 n-d-778549-6 devstack@placement-api.service[109702]: INFO placement.requestlog [req-22ba3846-a460-4146-bd28-b029a6ecca7b req-326eed4e-3990-42a0-ad54-08d49ccb9359 service placement] 10.222.0.43 "PUT /placement/allocations/392547bb-57e8-47b6-af54-c2ba6c3ed63f" status: 204 len: 0 microversion: 1.28
Aug 06 15:05:42.974940 n-d-778549-6 devstack@placement-api.service[109702]: [pid: 109702|app: 0|req: 234/468] 10.222.0.43 () {64 vars in 1431 bytes} [Fri Aug 6 15:05:42 2021] PUT /placement/allocations/392547bb-57e8-47b6-af54-c2ba6c3ed63f => generated 0 bytes in 130 msecs (HTTP/1.1 204) 5 headers in 199 bytes (2 switches on core 0)
Aug 06 15:05:43.069085 n-d-778549-6 devstack@placement-api.service[109701]: DEBUG placement.handlers.allocation [req-45c1d0cc-8b4a-4a0c-b3ce-1d3919e031f6 req-3eaf57e2-2482-4ead-987b-491ee1434519 service placement] Successfully wrote allocations [, , ] {{(pid=109701) _create_allocations /opt/stack/placement/placement/handlers/allocation.py:435}}
Aug 06 15:05:43.069858 n-d-778549-6 devstack@placement-api.service[109701]: INFO placement.requestlog [req-45c1d0cc-8b4a-4a0c-b3ce-1d3919e031f6 req-3eaf57e2-2482-4ead-987b-491ee1434519 service placement] 10.222.0.54 "PUT /placement/allocations/07740321-fd8c-44b7-8115-6f0ee349784e" status: 204 len: 0 microversion: 1.28
Aug 06 15:05:43.070518 n-d-778549-6 devstack@placement-api.service[109701]: [pid: 109701|app: 0|req: 235/469] 10.222.0.54 () {64 vars in 1431 bytes} [Fri Aug 6 15:05:42 2021] PUT /placement/allocations/07740321-fd8c-44b7-8115-6f0ee349784e => generated 0 bytes in 116 msecs (HTTP/1.1 204) 5 headers in 199 bytes (2 switches on core 0)
Aug 06 15:05:44.214198 n-d-778549-6 devstack@placement-api.service[109702]: DEBUG placement.requestlog [req-39b8505b-ac6e-4504-9637-ccdbea2a2ace req-8898558f-76e9-4bb2-b699-0ae875fd9381 None None] Starting request: 10.222.0.54 "GET /placement/resource_providers/bd4a1e16-38de-46fc-9cd5-4fd060137ffc/allocations" {{(pid=109702) __call__ /opt/stack/placement/placement/requestlog.py:55}}
Aug 06 15:05:44.254845 n-d-778549-6 devstack@placement-api.service[109702]: INFO placement.requestlog [req-39b8505b-ac6e-4504-9637-ccdbea2a2ace req-8898558f-76e9-4bb2-b699-0ae875fd9381 service placement] 10.222.0.54 "GET /placement/resource_providers/bd4a1e16-38de-46fc-9cd5-4fd060137ffc/allocations" status: 200 len: 356 microversion: 1.0
Aug 06 15:05:44.256989 n-d-778549-6 devstack@placement-api.service[109702]: [pid: 109702|app: 0|req: 235/470] 10.222.0.54 () {58 vars in 1391 bytes} [Fri Aug 6 15:05:44 2021] GET /placement/resource_providers/bd4a1e16-38de-46fc-9cd5-4fd060137ffc/allocations => generated 356 bytes in 43 msecs (HTTP/1.1 200) 6 headers in 224 bytes (1 switches on core 0)
Aug 06 15:05:47.725086 n-d-778549-6 devstack@placement-api.service[109701]: DEBUG placement.requestlog [req-3b9dc913-8fcd-4802-8b02-0e36d67fa370 req-73cf0217-f71b-4971-85d6-4a78250432ab None None] Starting request: 10.222.0.50 "GET /placement/allocation_candidates?limit=1000&resources=DISK_GB%3A1%2CMEMORY_MB%3A1024%2CVCPU%3A1&root_required=%21COMPUTE_STATUS_DISABLED" {{(pid=109701) __call__ /opt/stack/placement/placement/requestlog.py:55}}
Aug 06 15:05:47.814617 n-d-778549-6 devstack@placement-api.service[109701]: DEBUG placement.objects.research_context [req-3b9dc913-8fcd-4802-8b02-0e36d67fa370 req-73cf0217-f71b-4971-85d6-4a78250432ab service placement] getting providers with 1 DISK_GB {{(pid=109701) __init__ /opt/stack/placement/placement/objects/research_context.py:126}}
Aug 06 15:05:47.830362 n-d-778549-6 devstack@placement-api.service[109701]: DEBUG placement.objects.research_context [req-3b9dc913-8fcd-4802-8b02-0e36d67fa370 req-73cf0217-f71b-4971-85d6-4a78250432ab service placement] getting providers with 1024 MEMORY_MB {{(pid=109701) __init__ /opt/stack/placement/placement/objects/research_context.py:126}}
Aug 06 15:05:47.850674 n-d-778549-6 devstack@placement-api.service[109701]: DEBUG placement.objects.research_context [req-3b9dc913-8fcd-4802-8b02-0e36d67fa370 req-73cf0217-f71b-4971-85d6-4a78250432ab service placement] getting providers with 1 VCPU {{(pid=109701) __init__ /opt/stack/placement/placement/objects/research_context.py:126}}
Aug 06 15:05:47.872517 n-d-778549-6 devstack@placement-api.service[109701]: DEBUG placement.objects.research_context [req-3b9dc913-8fcd-4802-8b02-0e36d67fa370 req-73cf0217-f71b-4971-85d6-4a78250432ab service placement] found 2 providers with available 1 DISK_GB {{(pid=109701) get_provider_ids_matching /opt/stack/placement/placement/objects/research_context.py:549}}
Aug 06 15:05:47.873660 n-d-778549-6 devstack@placement-api.service[109701]: DEBUG placement.objects.research_context [req-3b9dc913-8fcd-4802-8b02-0e36d67fa370 req-73cf0217-f71b-4971-85d6-4a78250432ab service placement] found 2 providers with available 1024 MEMORY_MB {{(pid=109701) get_provider_ids_matching /opt/stack/placement/placement/objects/research_context.py:549}}
Aug 06 15:05:47.874332 n-d-778549-6 devstack@placement-api.service[109701]: DEBUG placement.objects.research_context [req-3b9dc913-8fcd-4802-8b02-0e36d67fa370 req-73cf0217-f71b-4971-85d6-4a78250432ab service placement] found 2 providers after filtering by previous result {{(pid=109701) get_provider_ids_matching /opt/stack/placement/placement/objects/research_context.py:580}}
Aug 06 15:05:47.875705 n-d-778549-6 devstack@placement-api.service[109701]: DEBUG placement.objects.research_context [req-3b9dc913-8fcd-4802-8b02-0e36d67fa370 req-73cf0217-f71b-4971-85d6-4a78250432ab service placement] found 2 providers with available 1 VCPU {{(pid=109701) get_provider_ids_matching /opt/stack/placement/placement/objects/research_context.py:549}}
Aug 06 15:05:47.876954 n-d-778549-6 devstack@placement-api.service[109701]: DEBUG placement.objects.research_context [req-3b9dc913-8fcd-4802-8b02-0e36d67fa370 req-73cf0217-f71b-4971-85d6-4a78250432ab service placement] found 2 providers after filtering by previous result {{(pid=109701) get_provider_ids_matching /opt/stack/placement/placement/objects/research_context.py:580}}
Aug 06 15:05:47.911039 n-d-778549-6 devstack@placement-api.service[109701]: DEBUG placement.objects.allocation_candidate [req-3b9dc913-8fcd-4802-8b02-0e36d67fa370 req-73cf0217-f71b-4971-85d6-4a78250432ab service placement] RequestGroup(use_same_provider=False, resources={DISK_GB:1, MEMORY_MB:1024, VCPU:1}, traits=[], aggregates=[]) (suffix '') returned 2 matches {{(pid=109701) _get_by_requests /opt/stack/placement/placement/objects/allocation_candidate.py:145}}
Aug 06 15:05:47.912766 n-d-778549-6 devstack@placement-api.service[109701]: DEBUG placement.objects.allocation_candidate [req-3b9dc913-8fcd-4802-8b02-0e36d67fa370 req-73cf0217-f71b-4971-85d6-4a78250432ab service placement] Merging candidates yields 2 allocation requests and 2 provider summaries {{(pid=109701) _merge_candidates /opt/stack/placement/placement/objects/allocation_candidate.py:783}}
Aug 06 15:05:47.915647 n-d-778549-6 devstack@placement-api.service[109701]: INFO placement.requestlog [req-3b9dc913-8fcd-4802-8b02-0e36d67fa370 req-73cf0217-f71b-4971-85d6-4a78250432ab service placement] 10.222.0.50 "GET /placement/allocation_candidates?limit=1000&resources=DISK_GB%3A1%2CMEMORY_MB%3A1024%2CVCPU%3A1&root_required=%21COMPUTE_STATUS_DISABLED" status: 200 len: 1309 microversion: 1.35
Aug 06 15:05:47.917890 n-d-778549-6 devstack@placement-api.service[109701]: [pid: 109701|app: 0|req: 236/471] 10.222.0.50 () {60 vars in 1507 bytes} [Fri Aug 6 15:05:47 2021] GET /placement/allocation_candidates?limit=1000&resources=DISK_GB%3A1%2CMEMORY_MB%3A1024%2CVCPU%3A1&root_required=%21COMPUTE_STATUS_DISABLED => generated 1309 bytes in 193 msecs (HTTP/1.1 200) 8 headers in 297 bytes (1 switches on core 0)
Aug 06 15:05:48.040201 n-d-778549-6 devstack@placement-api.service[109702]: DEBUG placement.requestlog [req-13705e40-33c8-4bed-afed-bd44bb4c68d3 req-5c121b75-9e53-4739-893d-bce45915a04b None None] Starting request: 10.222.0.50 "GET /placement/allocation_candidates?limit=1000&resources=DISK_GB%3A1%2CMEMORY_MB%3A1024%2CVCPU%3A1&root_required=%21COMPUTE_STATUS_DISABLED" {{(pid=109702) __call__ /opt/stack/placement/placement/requestlog.py:55}}
Aug 06 15:05:48.152085 n-d-778549-6 devstack@placement-api.service[109702]: DEBUG placement.objects.research_context [req-13705e40-33c8-4bed-afed-bd44bb4c68d3 req-5c121b75-9e53-4739-893d-bce45915a04b service placement] getting providers with 1 DISK_GB {{(pid=109702) __init__ /opt/stack/placement/placement/objects/research_context.py:126}}
Aug 06 15:05:48.153731 n-d-778549-6 devstack@placement-api.service[109701]: DEBUG placement.requestlog [req-3b9dc913-8fcd-4802-8b02-0e36d67fa370 req-6e441148-3703-4cc7-8a41-0b948a7f2fbb None None] Starting request: 10.222.0.50 "GET /placement/allocations/70973a50-1172-486d-9df8-13de5c744ed9" {{(pid=109701) __call__ /opt/stack/placement/placement/requestlog.py:55}}
Aug 06 15:05:48.187126 n-d-778549-6 devstack@placement-api.service[109701]: INFO placement.requestlog [req-3b9dc913-8fcd-4802-8b02-0e36d67fa370 req-6e441148-3703-4cc7-8a41-0b948a7f2fbb service placement] 10.222.0.50 "GET /placement/allocations/70973a50-1172-486d-9df8-13de5c744ed9" status: 200 len: 19 microversion: 1.28
Aug 06 15:05:48.193969 n-d-778549-6 devstack@placement-api.service[109701]: [pid: 109701|app: 0|req: 237/472] 10.222.0.50 () {60 vars in 1381 bytes} [Fri Aug 6 15:05:48 2021] GET /placement/allocations/70973a50-1172-486d-9df8-13de5c744ed9 => generated 19 bytes in 40 msecs (HTTP/1.1 200) 8 headers in 295 bytes (1 switches on core 0)
Aug 06 15:05:48.196484 n-d-778549-6 devstack@placement-api.service[109701]: DEBUG placement.requestlog [req-3b9dc913-8fcd-4802-8b02-0e36d67fa370 req-42df823e-278f-48f3-83ef-8737122603c7 None None] Starting request: 10.222.0.50 "PUT /placement/allocations/70973a50-1172-486d-9df8-13de5c744ed9" {{(pid=109701) __call__ /opt/stack/placement/placement/requestlog.py:55}}
Aug 06 15:05:48.214357 n-d-778549-6 devstack@placement-api.service[109702]: DEBUG placement.objects.research_context [req-13705e40-33c8-4bed-afed-bd44bb4c68d3 req-5c121b75-9e53-4739-893d-bce45915a04b service placement] getting providers with 1024 MEMORY_MB {{(pid=109702) __init__ /opt/stack/placement/placement/objects/research_context.py:126}}
Aug 06 15:05:48.238057 n-d-778549-6 devstack@placement-api.service[109702]: DEBUG placement.objects.research_context [req-13705e40-33c8-4bed-afed-bd44bb4c68d3 req-5c121b75-9e53-4739-893d-bce45915a04b service placement] getting providers with 1 VCPU {{(pid=109702) __init__ /opt/stack/placement/placement/objects/research_context.py:126}}
Aug 06 15:05:48.267707 n-d-778549-6 devstack@placement-api.service[109702]: DEBUG placement.objects.research_context [req-13705e40-33c8-4bed-afed-bd44bb4c68d3 req-5c121b75-9e53-4739-893d-bce45915a04b service placement] found 2 providers with available 1 DISK_GB {{(pid=109702) get_provider_ids_matching /opt/stack/placement/placement/objects/research_context.py:549}}
Aug 06 15:05:48.267984 n-d-778549-6 devstack@placement-api.service[109702]: DEBUG placement.objects.research_context [req-13705e40-33c8-4bed-afed-bd44bb4c68d3 req-5c121b75-9e53-4739-893d-bce45915a04b service placement] found 2 providers with available 1024 MEMORY_MB {{(pid=109702) get_provider_ids_matching /opt/stack/placement/placement/objects/research_context.py:549}}
Aug 06 15:05:48.271387 n-d-778549-6 devstack@placement-api.service[109702]: DEBUG placement.objects.research_context [req-13705e40-33c8-4bed-afed-bd44bb4c68d3 req-5c121b75-9e53-4739-893d-bce45915a04b service placement] found 2 providers after filtering by previous result {{(pid=109702) get_provider_ids_matching /opt/stack/placement/placement/objects/research_context.py:580}}
Aug 06 15:05:48.271874 n-d-778549-6 devstack@placement-api.service[109702]: DEBUG placement.objects.research_context [req-13705e40-33c8-4bed-afed-bd44bb4c68d3 req-5c121b75-9e53-4739-893d-bce45915a04b service placement] found 2 providers with available 1 VCPU {{(pid=109702) get_provider_ids_matching /opt/stack/placement/placement/objects/research_context.py:549}}
Aug 06 15:05:48.272308 n-d-778549-6 devstack@placement-api.service[109702]: DEBUG placement.objects.research_context [req-13705e40-33c8-4bed-afed-bd44bb4c68d3 req-5c121b75-9e53-4739-893d-bce45915a04b service placement] found 2 providers after filtering by previous result {{(pid=109702) get_provider_ids_matching /opt/stack/placement/placement/objects/research_context.py:580}}
Aug 06 15:05:48.312288 n-d-778549-6 devstack@placement-api.service[109702]: DEBUG placement.objects.allocation_candidate [req-13705e40-33c8-4bed-afed-bd44bb4c68d3 req-5c121b75-9e53-4739-893d-bce45915a04b service placement] RequestGroup(use_same_provider=False, resources={DISK_GB:1, MEMORY_MB:1024, VCPU:1}, traits=[], aggregates=[]) (suffix '') returned 2 matches {{(pid=109702) _get_by_requests /opt/stack/placement/placement/objects/allocation_candidate.py:145}}
Aug 06 15:05:48.312857 n-d-778549-6 devstack@placement-api.service[109702]: DEBUG placement.objects.allocation_candidate [req-13705e40-33c8-4bed-afed-bd44bb4c68d3 req-5c121b75-9e53-4739-893d-bce45915a04b service placement] Merging candidates yields 2 allocation requests and 2 provider summaries {{(pid=109702) _merge_candidates /opt/stack/placement/placement/objects/allocation_candidate.py:783}}
Aug 06 15:05:48.317338 n-d-778549-6 devstack@placement-api.service[109702]: INFO placement.requestlog [req-13705e40-33c8-4bed-afed-bd44bb4c68d3 req-5c121b75-9e53-4739-893d-bce45915a04b service placement] 10.222.0.50 "GET /placement/allocation_candidates?limit=1000&resources=DISK_GB%3A1%2CMEMORY_MB%3A1024%2CVCPU%3A1&root_required=%21COMPUTE_STATUS_DISABLED" status: 200 len: 1309 microversion: 1.35
Aug 06 15:05:48.319456 n-d-778549-6 devstack@placement-api.service[109702]: [pid: 109702|app: 0|req: 236/473] 10.222.0.50 () {60 vars in 1507 bytes} [Fri Aug 6 15:05:48 2021] GET /placement/allocation_candidates?limit=1000&resources=DISK_GB%3A1%2CMEMORY_MB%3A1024%2CVCPU%3A1&root_required=%21COMPUTE_STATUS_DISABLED => generated 1309 bytes in 279 msecs (HTTP/1.1 200) 8 headers in 297 bytes (1 switches on core 0)
