Jul 23 16:18:45.234627 n-d-778549-4 devstack@placement-api.service[94496]: [pid: 94496|app: 0|req: 83/163] 10.222.0.97 () {60 vars in 1378 bytes} [Fri Jul 23 16:18:45 2021] GET /placement/allocations/1abb291f-bbe6-4c1f-a782-ef5036051b7e => generated 259 bytes in 30 msecs (HTTP/1.1 200) 8 headers in 296 bytes (1 switches on core 0)
Jul 23 16:18:45.242633 n-d-778549-4 devstack@placement-api.service[94497]: DEBUG placement.requestlog [req-99052faf-2014-461a-8b5d-f51e062d2515 req-0f021d43-6d18-4668-ba67-f21810a97326 None None] Starting request: 10.222.0.97 "PUT /placement/allocations/1abb291f-bbe6-4c1f-a782-ef5036051b7e" {{(pid=94497) __call__ /opt/stack/placement/placement/requestlog.py:55}}
Jul 23 16:18:45.281931 n-d-778549-4 devstack@placement-api.service[94496]: DEBUG placement.requestlog [req-1187d274-e925-4857-9c23-85a7b57b4bd7 req-a33cc42c-0ab9-4300-87cb-cfcd73a459c6 None None] Starting request: 10.222.0.73 "GET /placement/allocations/e721c824-b100-4463-8166-d259bcc79582" {{(pid=94496) __call__ /opt/stack/placement/placement/requestlog.py:55}}
Jul 23 16:18:45.298271 n-d-778549-4 devstack@placement-api.service[94496]: INFO placement.requestlog [req-1187d274-e925-4857-9c23-85a7b57b4bd7 req-a33cc42c-0ab9-4300-87cb-cfcd73a459c6 service placement] 10.222.0.73 "GET /placement/allocations/e721c824-b100-4463-8166-d259bcc79582" status: 200 len: 19 microversion: 1.28
Jul 23 16:18:45.299380 n-d-778549-4 devstack@placement-api.service[94496]: [pid: 94496|app: 0|req: 84/164] 10.222.0.73 () {60 vars in 1381 bytes} [Fri Jul 23 16:18:45 2021] GET /placement/allocations/e721c824-b100-4463-8166-d259bcc79582 => generated 19 bytes in 18 msecs (HTTP/1.1 200) 8 headers in 295 bytes (1 switches on core 0)
Jul 23 16:18:45.335727 n-d-778549-4 devstack@placement-api.service[94496]: DEBUG placement.requestlog [req-1187d274-e925-4857-9c23-85a7b57b4bd7 req-247e097b-47dd-4e73-944e-968e9b9a8e52 None None] Starting request: 10.222.0.73 "PUT /placement/allocations/e721c824-b100-4463-8166-d259bcc79582" {{(pid=94496) __call__ /opt/stack/placement/placement/requestlog.py:55}}
Jul 23 16:18:45.371819 n-d-778549-4 devstack@placement-api.service[94497]: DEBUG placement.handlers.allocation [req-99052faf-2014-461a-8b5d-f51e062d2515 req-0f021d43-6d18-4668-ba67-f21810a97326 service placement] Successfully wrote allocations [, , ] {{(pid=94497) _create_allocations /opt/stack/placement/placement/handlers/allocation.py:435}}
Jul 23 16:18:45.372331 n-d-778549-4 devstack@placement-api.service[94497]: INFO placement.requestlog [req-99052faf-2014-461a-8b5d-f51e062d2515 req-0f021d43-6d18-4668-ba67-f21810a97326 service placement] 10.222.0.97 "PUT /placement/allocations/1abb291f-bbe6-4c1f-a782-ef5036051b7e" status: 204 len: 0 microversion: 1.28
Jul 23 16:18:45.372858 n-d-778549-4 devstack@placement-api.service[94497]: [pid: 94497|app: 0|req: 81/165] 10.222.0.97 () {64 vars in 1431 bytes} [Fri Jul 23 16:18:45 2021] PUT /placement/allocations/1abb291f-bbe6-4c1f-a782-ef5036051b7e => generated 0 bytes in 130 msecs (HTTP/1.1 204) 5 headers in 199 bytes (1 switches on core 0)
Jul 23 16:18:45.503394 n-d-778549-4 devstack@placement-api.service[94496]: DEBUG placement.handlers.allocation [req-1187d274-e925-4857-9c23-85a7b57b4bd7 req-247e097b-47dd-4e73-944e-968e9b9a8e52 service placement] Successfully wrote allocations [, , ] {{(pid=94496) _create_allocations /opt/stack/placement/placement/handlers/allocation.py:435}}
Jul 23 16:18:45.505124 n-d-778549-4 devstack@placement-api.service[94496]: INFO placement.requestlog [req-1187d274-e925-4857-9c23-85a7b57b4bd7 req-247e097b-47dd-4e73-944e-968e9b9a8e52 service placement] 10.222.0.73 "PUT /placement/allocations/e721c824-b100-4463-8166-d259bcc79582" status: 204 len: 0 microversion: 1.35
Jul 23 16:18:45.520609 n-d-778549-4 devstack@placement-api.service[94496]: [pid: 94496|app: 0|req: 85/166] 10.222.0.73 () {64 vars in 1434 bytes} [Fri Jul 23 16:18:45 2021] PUT /placement/allocations/e721c824-b100-4463-8166-d259bcc79582 => generated 0 bytes in 170 msecs (HTTP/1.1 204) 5 headers in 199 bytes (1 switches on core 0)
Jul 23 16:18:45.798726 n-d-778549-4 devstack@placement-api.service[94497]: DEBUG placement.requestlog [req-1187d274-e925-4857-9c23-85a7b57b4bd7 req-b8a2783c-6efb-4869-9409-bcc4f86d0352 None None] Starting request: 10.222.0.74 "GET /placement/allocations/e721c824-b100-4463-8166-d259bcc79582" {{(pid=94497) __call__ /opt/stack/placement/placement/requestlog.py:55}}
Jul 23 16:18:45.819927 n-d-778549-4 devstack@placement-api.service[94497]: INFO placement.requestlog [req-1187d274-e925-4857-9c23-85a7b57b4bd7 req-b8a2783c-6efb-4869-9409-bcc4f86d0352 service placement] 10.222.0.74 "GET /placement/allocations/e721c824-b100-4463-8166-d259bcc79582" status: 200 len: 258 microversion: 1.28
Jul 23 16:18:45.820519 n-d-778549-4 devstack@placement-api.service[94497]: [pid: 94497|app: 0|req: 82/167] 10.222.0.74 () {60 vars in 1378 bytes} [Fri Jul 23 16:18:45 2021] GET /placement/allocations/e721c824-b100-4463-8166-d259bcc79582 => generated 258 bytes in 22 msecs (HTTP/1.1 200) 8 headers in 296 bytes (1 switches on core 0)
Jul 23 16:18:47.156941 n-d-778549-4 devstack@placement-api.service[94496]: DEBUG placement.requestlog [req-1b73ab9a-4fe4-443f-a8bf-7863920aaf0c req-87a05310-b31f-4fd5-89f2-53ec828cf74a None None] Starting request: 10.222.0.73 "GET /placement/allocation_candidates?limit=1000&resources=DISK_GB%3A1%2CMEMORY_MB%3A1024%2CVCPU%3A1&root_required=%21COMPUTE_STATUS_DISABLED" {{(pid=94496) __call__ /opt/stack/placement/placement/requestlog.py:55}}
Jul 23 16:18:47.242989 n-d-778549-4 devstack@placement-api.service[94496]: DEBUG placement.objects.research_context [req-1b73ab9a-4fe4-443f-a8bf-7863920aaf0c req-87a05310-b31f-4fd5-89f2-53ec828cf74a service placement] getting providers with 1 DISK_GB {{(pid=94496) __init__ /opt/stack/placement/placement/objects/research_context.py:126}}
Jul 23 16:18:47.257522 n-d-778549-4 devstack@placement-api.service[94496]: DEBUG placement.objects.research_context [req-1b73ab9a-4fe4-443f-a8bf-7863920aaf0c req-87a05310-b31f-4fd5-89f2-53ec828cf74a service placement] getting providers with 1024 MEMORY_MB {{(pid=94496) __init__ /opt/stack/placement/placement/objects/research_context.py:126}}
Jul 23 16:18:47.271572 n-d-778549-4 devstack@placement-api.service[94496]: DEBUG placement.objects.research_context [req-1b73ab9a-4fe4-443f-a8bf-7863920aaf0c req-87a05310-b31f-4fd5-89f2-53ec828cf74a service placement] getting providers with 1 VCPU {{(pid=94496) __init__ /opt/stack/placement/placement/objects/research_context.py:126}}
Jul 23 16:18:47.284684 n-d-778549-4 devstack@placement-api.service[94496]: DEBUG placement.objects.research_context [req-1b73ab9a-4fe4-443f-a8bf-7863920aaf0c req-87a05310-b31f-4fd5-89f2-53ec828cf74a service placement] found 2 providers with available 1 DISK_GB {{(pid=94496) get_provider_ids_matching /opt/stack/placement/placement/objects/research_context.py:549}}
Jul 23 16:18:47.289136 n-d-778549-4 devstack@placement-api.service[94496]: DEBUG placement.objects.research_context [req-1b73ab9a-4fe4-443f-a8bf-7863920aaf0c req-87a05310-b31f-4fd5-89f2-53ec828cf74a service placement] found 2 providers with available 1024 MEMORY_MB {{(pid=94496) get_provider_ids_matching /opt/stack/placement/placement/objects/research_context.py:549}}
Jul 23 16:18:47.289673 n-d-778549-4 devstack@placement-api.service[94496]: DEBUG placement.objects.research_context [req-1b73ab9a-4fe4-443f-a8bf-7863920aaf0c req-87a05310-b31f-4fd5-89f2-53ec828cf74a service placement] found 2 providers after filtering by previous result {{(pid=94496) get_provider_ids_matching /opt/stack/placement/placement/objects/research_context.py:580}}
Jul 23 16:18:47.290212 n-d-778549-4 devstack@placement-api.service[94496]: DEBUG placement.objects.research_context [req-1b73ab9a-4fe4-443f-a8bf-7863920aaf0c req-87a05310-b31f-4fd5-89f2-53ec828cf74a service placement] found 2 providers with available 1 VCPU {{(pid=94496) get_provider_ids_matching /opt/stack/placement/placement/objects/research_context.py:549}}
Jul 23 16:18:47.290628 n-d-778549-4 devstack@placement-api.service[94496]: DEBUG placement.objects.research_context [req-1b73ab9a-4fe4-443f-a8bf-7863920aaf0c req-87a05310-b31f-4fd5-89f2-53ec828cf74a service placement] found 2 providers after filtering by previous result {{(pid=94496) get_provider_ids_matching /opt/stack/placement/placement/objects/research_context.py:580}}
Jul 23 16:18:47.319533 n-d-778549-4 devstack@placement-api.service[94496]: DEBUG placement.objects.allocation_candidate [req-1b73ab9a-4fe4-443f-a8bf-7863920aaf0c req-87a05310-b31f-4fd5-89f2-53ec828cf74a service placement] RequestGroup(use_same_provider=False, resources={DISK_GB:1, MEMORY_MB:1024, VCPU:1}, traits=[], aggregates=[]) (suffix '') returned 2 matches {{(pid=94496) _get_by_requests /opt/stack/placement/placement/objects/allocation_candidate.py:145}}
Jul 23 16:18:47.320143 n-d-778549-4 devstack@placement-api.service[94496]: DEBUG placement.objects.allocation_candidate [req-1b73ab9a-4fe4-443f-a8bf-7863920aaf0c req-87a05310-b31f-4fd5-89f2-53ec828cf74a service placement] Merging candidates yields 2 allocation requests and 2 provider summaries {{(pid=94496) _merge_candidates /opt/stack/placement/placement/objects/allocation_candidate.py:783}}
Jul 23 16:18:47.322314 n-d-778549-4 devstack@placement-api.service[94496]: INFO placement.requestlog [req-1b73ab9a-4fe4-443f-a8bf-7863920aaf0c req-87a05310-b31f-4fd5-89f2-53ec828cf74a service placement] 10.222.0.73 "GET /placement/allocation_candidates?limit=1000&resources=DISK_GB%3A1%2CMEMORY_MB%3A1024%2CVCPU%3A1&root_required=%21COMPUTE_STATUS_DISABLED" status: 200 len: 1309 microversion: 1.35
Jul 23 16:18:47.327338 n-d-778549-4 devstack@placement-api.service[94496]: [pid: 94496|app: 0|req: 86/168] 10.222.0.73 () {60 vars in 1507 bytes} [Fri Jul 23 16:18:47 2021] GET /placement/allocation_candidates?limit=1000&resources=DISK_GB%3A1%2CMEMORY_MB%3A1024%2CVCPU%3A1&root_required=%21COMPUTE_STATUS_DISABLED => generated 1309 bytes in 170 msecs (HTTP/1.1 200) 8 headers in 297 bytes (1 switches on core 0)
Jul 23 16:18:47.426077 n-d-778549-4 devstack@placement-api.service[94497]: DEBUG placement.requestlog [req-1b73ab9a-4fe4-443f-a8bf-7863920aaf0c req-cd3f2e6e-dcba-4c95-8069-172ddd42543d None None] Starting request: 10.222.0.73 "GET /placement/allocations/7299739c-9c47-42e4-91d6-b0674ce38553" {{(pid=94497) __call__ /opt/stack/placement/placement/requestlog.py:55}}
Jul 23 16:18:47.441778 n-d-778549-4 devstack@placement-api.service[94497]: INFO placement.requestlog [req-1b73ab9a-4fe4-443f-a8bf-7863920aaf0c req-cd3f2e6e-dcba-4c95-8069-172ddd42543d service placement] 10.222.0.73 "GET /placement/allocations/7299739c-9c47-42e4-91d6-b0674ce38553" status: 200 len: 19 microversion: 1.28
Jul 23 16:18:47.442001 n-d-778549-4 devstack@placement-api.service[94497]: [pid: 94497|app: 0|req: 83/169] 10.222.0.73 () {60 vars in 1381 bytes} [Fri Jul 23 16:18:47 2021] GET /placement/allocations/7299739c-9c47-42e4-91d6-b0674ce38553 => generated 19 bytes in 16 msecs (HTTP/1.1 200) 8 headers in 295 bytes (1 switches on core 0)
Jul 23 16:18:47.448516 n-d-778549-4 devstack@placement-api.service[94496]: DEBUG placement.requestlog [req-1b73ab9a-4fe4-443f-a8bf-7863920aaf0c req-fb69c1fd-42c2-44f8-8a0e-ef09c96e576e None None] Starting request: 10.222.0.73 "PUT /placement/allocations/7299739c-9c47-42e4-91d6-b0674ce38553" {{(pid=94496) __call__ /opt/stack/placement/placement/requestlog.py:55}}
Jul 23 16:18:47.569301 n-d-778549-4 devstack@placement-api.service[94496]: DEBUG placement.handlers.allocation [req-1b73ab9a-4fe4-443f-a8bf-7863920aaf0c req-fb69c1fd-42c2-44f8-8a0e-ef09c96e576e service placement] Successfully wrote allocations [, , ] {{(pid=94496) _create_allocations /opt/stack/placement/placement/handlers/allocation.py:435}}
Jul 23 16:18:47.570054 n-d-778549-4 devstack@placement-api.service[94496]: INFO placement.requestlog [req-1b73ab9a-4fe4-443f-a8bf-7863920aaf0c req-fb69c1fd-42c2-44f8-8a0e-ef09c96e576e service placement] 10.222.0.73 "PUT /placement/allocations/7299739c-9c47-42e4-91d6-b0674ce38553" status: 204 len: 0 microversion: 1.35
Jul 23 16:18:47.570437 n-d-778549-4 devstack@placement-api.service[94496]: [pid: 94496|app: 0|req: 87/170] 10.222.0.73 () {64 vars in 1434 bytes} [Fri Jul 23 16:18:47 2021] PUT /placement/allocations/7299739c-9c47-42e4-91d6-b0674ce38553 => generated 0 bytes in 122 msecs (HTTP/1.1 204) 5 headers in 199 bytes (1 switches on core 0)
Jul 23 16:18:48.244157 n-d-778549-4 devstack@placement-api.service[94497]: DEBUG placement.requestlog [req-1b73ab9a-4fe4-443f-a8bf-7863920aaf0c req-474c1d5f-17ce-4502-969f-1b624f1aede7 None None] Starting request: 10.222.0.74 "GET /placement/allocations/7299739c-9c47-42e4-91d6-b0674ce38553" {{(pid=94497) __call__ /opt/stack/placement/placement/requestlog.py:55}}
Jul 23 16:18:48.273604 n-d-778549-4 devstack@placement-api.service[94497]: INFO placement.requestlog [req-1b73ab9a-4fe4-443f-a8bf-7863920aaf0c req-474c1d5f-17ce-4502-969f-1b624f1aede7 service placement] 10.222.0.74 "GET /placement/allocations/7299739c-9c47-42e4-91d6-b0674ce38553" status: 200 len: 259 microversion: 1.28
Jul 23 16:18:48.285370 n-d-778549-4 devstack@placement-api.service[94497]: [pid: 94497|app: 0|req: 84/171] 10.222.0.74 () {60 vars in 1378 bytes} [Fri Jul 23 16:18:48 2021] GET /placement/allocations/7299739c-9c47-42e4-91d6-b0674ce38553 => generated 259 bytes in 41 msecs (HTTP/1.1 200) 8 headers in 296 bytes (1 switches on core 0)
Jul 23 16:18:55.236933 n-d-778549-4 devstack@placement-api.service[94496]: DEBUG placement.requestlog [req-0aacc5ec-e194-4ce5-a68f-76dd26975a7c req-b0e7d800-7899-4edf-9bc2-b00c535cfe12 None None] Starting request: 10.222.0.73 "GET /placement/allocation_candidates?limit=1000&resources=DISK_GB%3A1%2CMEMORY_MB%3A1024%2CVCPU%3A1&root_required=%21COMPUTE_STATUS_DISABLED" {{(pid=94496) __call__ /opt/stack/placement/placement/requestlog.py:55}}
Jul 23 16:18:55.297681 n-d-778549-4 devstack@placement-api.service[94496]: DEBUG placement.objects.research_context [req-0aacc5ec-e194-4ce5-a68f-76dd26975a7c req-b0e7d800-7899-4edf-9bc2-b00c535cfe12 service placement] getting providers with 1 DISK_GB {{(pid=94496) __init__ /opt/stack/placement/placement/objects/research_context.py:126}}
Jul 23 16:18:55.311827 n-d-778549-4 devstack@placement-api.service[94496]: DEBUG placement.objects.research_context [req-0aacc5ec-e194-4ce5-a68f-76dd26975a7c req-b0e7d800-7899-4edf-9bc2-b00c535cfe12 service placement] getting providers with 1024 MEMORY_MB {{(pid=94496) __init__ /opt/stack/placement/placement/objects/research_context.py:126}}
Jul 23 16:18:55.323361 n-d-778549-4 devstack@placement-api.service[94496]: DEBUG placement.objects.research_context [req-0aacc5ec-e194-4ce5-a68f-76dd26975a7c req-b0e7d800-7899-4edf-9bc2-b00c535cfe12 service placement] getting providers with 1 VCPU {{(pid=94496) __init__ /opt/stack/placement/placement/objects/research_context.py:126}}
Jul 23 16:18:55.335381 n-d-778549-4 devstack@placement-api.service[94496]: DEBUG placement.objects.research_context [req-0aacc5ec-e194-4ce5-a68f-76dd26975a7c req-b0e7d800-7899-4edf-9bc2-b00c535cfe12 service placement] found 2 providers with available 1 DISK_GB {{(pid=94496) get_provider_ids_matching /opt/stack/placement/placement/objects/research_context.py:549}}
Jul 23 16:18:55.335747 n-d-778549-4 devstack@placement-api.service[94496]: DEBUG placement.objects.research_context [req-0aacc5ec-e194-4ce5-a68f-76dd26975a7c req-b0e7d800-7899-4edf-9bc2-b00c535cfe12 service placement] found 2 providers with available 1024 MEMORY_MB {{(pid=94496) get_provider_ids_matching /opt/stack/placement/placement/objects/research_context.py:549}}
Jul 23 16:18:55.336499 n-d-778549-4 devstack@placement-api.service[94496]: DEBUG placement.objects.research_context [req-0aacc5ec-e194-4ce5-a68f-76dd26975a7c req-b0e7d800-7899-4edf-9bc2-b00c535cfe12 service placement] found 2 providers after filtering by previous result {{(pid=94496) get_provider_ids_matching /opt/stack/placement/placement/objects/research_context.py:580}}
Jul 23 16:18:55.337115 n-d-778549-4 devstack@placement-api.service[94496]: DEBUG placement.objects.research_context [req-0aacc5ec-e194-4ce5-a68f-76dd26975a7c req-b0e7d800-7899-4edf-9bc2-b00c535cfe12 service placement] found 2 providers with available 1 VCPU {{(pid=94496) get_provider_ids_matching /opt/stack/placement/placement/objects/research_context.py:549}}
Jul 23 16:18:55.337569 n-d-778549-4 devstack@placement-api.service[94496]: DEBUG placement.objects.research_context [req-0aacc5ec-e194-4ce5-a68f-76dd26975a7c req-b0e7d800-7899-4edf-9bc2-b00c535cfe12 service placement] found 2 providers after filtering by previous result {{(pid=94496) get_provider_ids_matching /opt/stack/placement/placement/objects/research_context.py:580}}
Jul 23 16:18:55.350240 n-d-778549-4 devstack@placement-api.service[94496]: DEBUG placement.objects.allocation_candidate [req-0aacc5ec-e194-4ce5-a68f-76dd26975a7c req-b0e7d800-7899-4edf-9bc2-b00c535cfe12 service placement] RequestGroup(use_same_provider=False, resources={DISK_GB:1, MEMORY_MB:1024, VCPU:1}, traits=[], aggregates=[]) (suffix '') returned 2 matches {{(pid=94496) _get_by_requests /opt/stack/placement/placement/objects/allocation_candidate.py:145}}
Jul 23 16:18:55.350961 n-d-778549-4 devstack@placement-api.service[94496]: DEBUG placement.objects.allocation_candidate [req-0aacc5ec-e194-4ce5-a68f-76dd26975a7c req-b0e7d800-7899-4edf-9bc2-b00c535cfe12 service placement] Merging candidates yields 2 allocation requests and 2 provider summaries {{(pid=94496) _merge_candidates /opt/stack/placement/placement/objects/allocation_candidate.py:783}}
Jul 23 16:18:55.352766 n-d-778549-4 devstack@placement-api.service[94496]: INFO placement.requestlog [req-0aacc5ec-e194-4ce5-a68f-76dd26975a7c req-b0e7d800-7899-4edf-9bc2-b00c535cfe12 service placement] 10.222.0.73 "GET /placement/allocation_candidates?limit=1000&resources=DISK_GB%3A1%2CMEMORY_MB%3A1024%2CVCPU%3A1&root_required=%21COMPUTE_STATUS_DISABLED" status: 200 len: 1309 microversion: 1.35
Jul 23 16:18:55.353638 n-d-778549-4 devstack@placement-api.service[94496]: [pid: 94496|app: 0|req: 88/172] 10.222.0.73 () {60 vars in 1507 bytes} [Fri Jul 23 16:18:55 2021] GET /placement/allocation_candidates?limit=1000&resources=DISK_GB%3A1%2CMEMORY_MB%3A1024%2CVCPU%3A1&root_required=%21COMPUTE_STATUS_DISABLED => generated 1309 bytes in 117 msecs (HTTP/1.1 200) 8 headers in 297 bytes (1 switches on core 0)
Jul 23 16:18:55.425480 n-d-778549-4 devstack@placement-api.service[94497]: DEBUG placement.requestlog [req-0aacc5ec-e194-4ce5-a68f-76dd26975a7c req-88832b80-f999-439e-8f1e-47be90490da6 None None] Starting request: 10.222.0.73 "GET /placement/allocations/9fe1aba3-50ec-4dfe-8803-36bd47b8edb1" {{(pid=94497) __call__ /opt/stack/placement/placement/requestlog.py:55}}
Jul 23 16:18:55.438250 n-d-778549-4 devstack@placement-api.service[94497]: INFO placement.requestlog [req-0aacc5ec-e194-4ce5-a68f-76dd26975a7c req-88832b80-f999-439e-8f1e-47be90490da6 service placement] 10.222.0.73 "GET /placement/allocations/9fe1aba3-50ec-4dfe-8803-36bd47b8edb1" status: 200 len: 19 microversion: 1.28
Jul 23 16:18:55.438965 n-d-778549-4 devstack@placement-api.service[94497]: [pid: 94497|app: 0|req: 85/173] 10.222.0.73 () {60 vars in 1381 bytes} [Fri Jul 23 16:18:55 2021] GET /placement/allocations/9fe1aba3-50ec-4dfe-8803-36bd47b8edb1 => generated 19 bytes in 14 msecs (HTTP/1.1 200) 8 headers in 295 bytes (1 switches on core 0)
Jul 23 16:18:55.446269 n-d-778549-4 devstack@placement-api.service[94496]: DEBUG placement.requestlog [req-0aacc5ec-e194-4ce5-a68f-76dd26975a7c req-11b5034b-c9f3-4d7e-ac9c-49d7477bb273 None None] Starting request: 10.222.0.73 "PUT /placement/allocations/9fe1aba3-50ec-4dfe-8803-36bd47b8edb1" {{(pid=94496) __call__ /opt/stack/placement/placement/requestlog.py:55}}
Jul 23 16:18:55.566038 n-d-778549-4 devstack@placement-api.service[94496]: DEBUG placement.handlers.allocation [req-0aacc5ec-e194-4ce5-a68f-76dd26975a7c req-11b5034b-c9f3-4d7e-ac9c-49d7477bb273 service placement] Successfully wrote allocations [, , ] {{(pid=94496) _create_allocations /opt/stack/placement/placement/handlers/allocation.py:435}}
Jul 23 16:18:55.566480 n-d-778549-4 devstack@placement-api.service[94496]: INFO placement.requestlog [req-0aacc5ec-e194-4ce5-a68f-76dd26975a7c req-11b5034b-c9f3-4d7e-ac9c-49d7477bb273 service placement] 10.222.0.73 "PUT /placement/allocations/9fe1aba3-50ec-4dfe-8803-36bd47b8edb1" status: 204 len: 0 microversion: 1.35
Jul 23 16:18:55.576675 n-d-778549-4 devstack@placement-api.service[94496]: [pid: 94496|app: 0|req: 89/174] 10.222.0.73 () {64 vars in 1434 bytes} [Fri Jul 23 16:18:55 2021] PUT /placement/allocations/9fe1aba3-50ec-4dfe-8803-36bd47b8edb1 => generated 0 bytes in 121 msecs (HTTP/1.1 204) 5 headers in 199 bytes (1 switches on core 0)
Jul 23 16:18:55.969601 n-d-778549-4 devstack@placement-api.service[94497]: DEBUG placement.requestlog [req-0aacc5ec-e194-4ce5-a68f-76dd26975a7c req-0f90199d-f668-43e2-a5e7-2ac5263c40e1 None None] Starting request: 10.222.0.97 "GET /placement/allocations/9fe1aba3-50ec-4dfe-8803-36bd47b8edb1" {{(pid=94497) __call__ /opt/stack/placement/placement/requestlog.py:55}}
Jul 23 16:18:55.994135 n-d-778549-4 devstack@placement-api.service[94497]: INFO placement.requestlog [req-0aacc5ec-e194-4ce5-a68f-76dd26975a7c req-0f90199d-f668-43e2-a5e7-2ac5263c40e1 service placement] 10.222.0.97 "GET /placement/allocations/9fe1aba3-50ec-4dfe-8803-36bd47b8edb1" status: 200 len: 259 microversion: 1.28
Jul 23 16:18:55.995225 n-d-778549-4 devstack@placement-api.service[94497]: [pid: 94497|app: 0|req: 86/175] 10.222.0.97 () {60 vars in 1378 bytes} [Fri Jul 23 16:18:55 2021] GET /placement/allocations/9fe1aba3-50ec-4dfe-8803-36bd47b8edb1 => generated 259 bytes in 26 msecs (HTTP/1.1 200) 8 headers in 296 bytes (1 switches on core 0)
Jul 23 16:18:56.307976 n-d-778549-4 devstack@placement-api.service[94496]: DEBUG placement.requestlog [req-c9a30619-08ba-45b5-9b8d-82a37c5433c8 req-4e13b742-9014-45e4-aa2d-6a1b9b006e0c None None] Starting request: 10.222.0.73 "GET /placement/allocation_candidates?limit=1000&resources=DISK_GB%3A1%2CMEMORY_MB%3A1024%2CVCPU%3A1&root_required=%21COMPUTE_STATUS_DISABLED" {{(pid=94496) __call__ /opt/stack/placement/placement/requestlog.py:55}}
Jul 23 16:18:56.373845 n-d-778549-4 devstack@placement-api.service[94496]: DEBUG placement.objects.research_context [req-c9a30619-08ba-45b5-9b8d-82a37c5433c8 req-4e13b742-9014-45e4-aa2d-6a1b9b006e0c service placement] getting providers with 1 DISK_GB {{(pid=94496) __init__ /opt/stack/placement/placement/objects/research_context.py:126}}
Jul 23 16:18:56.455147 n-d-778549-4 devstack@placement-api.service[94496]: DEBUG placement.objects.research_context [req-c9a30619-08ba-45b5-9b8d-82a37c5433c8 req-4e13b742-9014-45e4-aa2d-6a1b9b006e0c service placement] getting providers with 1024 MEMORY_MB {{(pid=94496) __init__ /opt/stack/placement/placement/objects/research_context.py:126}}
Jul 23 16:18:56.461587 n-d-778549-4 devstack@placement-api.service[94496]: DEBUG placement.objects.research_context [req-c9a30619-08ba-45b5-9b8d-82a37c5433c8 req-4e13b742-9014-45e4-aa2d-6a1b9b006e0c service placement] getting providers with 1 VCPU {{(pid=94496) __init__ /opt/stack/placement/placement/objects/research_context.py:126}}
Jul 23 16:18:56.476967 n-d-778549-4 devstack@placement-api.service[94496]: DEBUG placement.objects.research_context [req-c9a30619-08ba-45b5-9b8d-82a37c5433c8 req-4e13b742-9014-45e4-aa2d-6a1b9b006e0c service placement] found 2 providers with available 1 DISK_GB {{(pid=94496) get_provider_ids_matching /opt/stack/placement/placement/objects/research_context.py:549}}
Jul 23 16:18:56.478100 n-d-778549-4 devstack@placement-api.service[94496]: DEBUG placement.objects.research_context [req-c9a30619-08ba-45b5-9b8d-82a37c5433c8 req-4e13b742-9014-45e4-aa2d-6a1b9b006e0c service placement] found 2 providers with available 1024 MEMORY_MB {{(pid=94496) get_provider_ids_matching /opt/stack/placement/placement/objects/research_context.py:549}}
Jul 23 16:18:56.478629 n-d-778549-4 devstack@placement-api.service[94496]: DEBUG placement.objects.research_context [req-c9a30619-08ba-45b5-9b8d-82a37c5433c8 req-4e13b742-9014-45e4-aa2d-6a1b9b006e0c service placement] found 2 providers after filtering by previous result {{(pid=94496) get_provider_ids_matching /opt/stack/placement/placement/objects/research_context.py:580}}
Jul 23 16:18:56.479129 n-d-778549-4 devstack@placement-api.service[94496]: DEBUG placement.objects.research_context [req-c9a30619-08ba-45b5-9b8d-82a37c5433c8 req-4e13b742-9014-45e4-aa2d-6a1b9b006e0c service placement] found 2 providers with available 1 VCPU {{(pid=94496) get_provider_ids_matching /opt/stack/placement/placement/objects/research_context.py:549}}
Jul 23 16:18:56.479600 n-d-778549-4 devstack@placement-api.service[94496]: DEBUG placement.objects.research_context [req-c9a30619-08ba-45b5-9b8d-82a37c5433c8 req-4e13b742-9014-45e4-aa2d-6a1b9b006e0c service placement] found 2 providers after filtering by previous result {{(pid=94496) get_provider_ids_matching /opt/stack/placement/placement/objects/research_context.py:580}}
Jul 23 16:18:56.493155 n-d-778549-4 devstack@placement-api.service[94496]: DEBUG placement.objects.allocation_candidate [req-c9a30619-08ba-45b5-9b8d-82a37c5433c8 req-4e13b742-9014-45e4-aa2d-6a1b9b006e0c service placement] RequestGroup(use_same_provider=False, resources={DISK_GB:1, MEMORY_MB:1024, VCPU:1}, traits=[], aggregates=[]) (suffix '') returned 2 matches {{(pid=94496) _get_by_requests /opt/stack/placement/placement/objects/allocation_candidate.py:145}}
Jul 23 16:18:56.493789 n-d-778549-4 devstack@placement-api.service[94496]: DEBUG placement.objects.allocation_candidate [req-c9a30619-08ba-45b5-9b8d-82a37c5433c8 req-4e13b742-9014-45e4-aa2d-6a1b9b006e0c service placement] Merging candidates yields 2 allocation requests and 2 provider summaries {{(pid=94496) _merge_candidates /opt/stack/placement/placement/objects/allocation_candidate.py:783}}
Jul 23 16:18:56.495861 n-d-778549-4 devstack@placement-api.service[94496]: INFO placement.requestlog [req-c9a30619-08ba-45b5-9b8d-82a37c5433c8 req-4e13b742-9014-45e4-aa2d-6a1b9b006e0c service placement] 10.222.0.73 "GET /placement/allocation_candidates?limit=1000&resources=DISK_GB%3A1%2CMEMORY_MB%3A1024%2CVCPU%3A1&root_required=%21COMPUTE_STATUS_DISABLED" status: 200 len: 1309 microversion: 1.35
Jul 23 16:18:56.503094 n-d-778549-4 devstack@placement-api.service[94496]: [pid: 94496|app: 0|req: 90/176] 10.222.0.73 () {60 vars in 1507 bytes} [Fri Jul 23 16:18:56 2021] GET /placement/allocation_candidates?limit=1000&resources=DISK_GB%3A1%2CMEMORY_MB%3A1024%2CVCPU%3A1&root_required=%21COMPUTE_STATUS_DISABLED => generated 1309 bytes in 195 msecs (HTTP/1.1 200) 8 headers in 297 bytes (1 switches on core 0)
Jul 23 16:18:56.570879 n-d-778549-4 devstack@placement-api.service[94497]: DEBUG placement.requestlog [req-c9a30619-08ba-45b5-9b8d-82a37c5433c8 req-c169a0bd-97df-4776-b028-345fb2e4637c None None] Starting request: 10.222.0.73 "GET /placement/allocations/32d8b566-2ec6-4daa-896d-806d8428ce08" {{(pid=94497) __call__ /opt/stack/placement/placement/requestlog.py:55}}
Jul 23 16:18:56.604192 n-d-778549-4 devstack@placement-api.service[94497]: INFO placement.requestlog [req-c9a30619-08ba-45b5-9b8d-82a37c5433c8 req-c169a0bd-97df-4776-b028-345fb2e4637c service placement] 10.222.0.73 "GET /placement/allocations/32d8b566-2ec6-4daa-896d-806d8428ce08" status: 200 len: 19 microversion: 1.28
Jul 23 16:18:56.604437 n-d-778549-4 devstack@placement-api.service[94497]: [pid: 94497|app: 0|req: 87/177] 10.222.0.73 () {60 vars in 1381 bytes} [Fri Jul 23 16:18:56 2021] GET /placement/allocations/32d8b566-2ec6-4daa-896d-806d8428ce08 => generated 19 bytes in 34 msecs (HTTP/1.1 200) 8 headers in 295 bytes (1 switches on core 0)
Jul 23 16:18:56.610940 n-d-778549-4 devstack@placement-api.service[94496]: DEBUG placement.requestlog [req-c9a30619-08ba-45b5-9b8d-82a37c5433c8 req-fd4a04e5-aca5-4402-bbee-55cbf0c214cf None None] Starting request: 10.222.0.73 "PUT /placement/allocations/32d8b566-2ec6-4daa-896d-806d8428ce08" {{(pid=94496) __call__ /opt/stack/placement/placement/requestlog.py:55}}
Jul 23 16:18:56.836470 n-d-778549-4 devstack@placement-api.service[94496]: DEBUG placement.handlers.allocation [req-c9a30619-08ba-45b5-9b8d-82a37c5433c8 req-fd4a04e5-aca5-4402-bbee-55cbf0c214cf service placement] Successfully wrote allocations [, , ] {{(pid=94496) _create_allocations /opt/stack/placement/placement/handlers/allocation.py:435}}
Jul 23 16:18:56.838433 n-d-778549-4 devstack@placement-api.service[94496]: INFO placement.requestlog [req-c9a30619-08ba-45b5-9b8d-82a37c5433c8 req-fd4a04e5-aca5-4402-bbee-55cbf0c214cf service placement] 10.222.0.73 "PUT /placement/allocations/32d8b566-2ec6-4daa-896d-806d8428ce08" status: 204 len: 0 microversion: 1.35
Jul 23 16:18:56.853311 n-d-778549-4 devstack@placement-api.service[94496]: [pid: 94496|app: 0|req: 91/178] 10.222.0.73 () {64 vars in 1434 bytes} [Fri Jul 23 16:18:56 2021] PUT /placement/allocations/32d8b566-2ec6-4daa-896d-806d8428ce08 => generated 0 bytes in 228 msecs (HTTP/1.1 204) 5 headers in 199 bytes (1 switches on core 0)
Jul 23 16:18:57.359124 n-d-778549-4 devstack@placement-api.service[94497]: DEBUG placement.requestlog [req-c9a30619-08ba-45b5-9b8d-82a37c5433c8 req-b2fa744f-8ef0-41ea-ae94-b230bb45e6ed None None] Starting request: 10.222.0.74 "GET /placement/allocations/32d8b566-2ec6-4daa-896d-806d8428ce08" {{(pid=94497) __call__ /opt/stack/placement/placement/requestlog.py:55}}
Jul 23 16:18:57.393552 n-d-778549-4 devstack@placement-api.service[94497]: INFO placement.requestlog [req-c9a30619-08ba-45b5-9b8d-82a37c5433c8 req-b2fa744f-8ef0-41ea-ae94-b230bb45e6ed service placement] 10.222.0.74 "GET /placement/allocations/32d8b566-2ec6-4daa-896d-806d8428ce08" status: 200 len: 259 microversion: 1.28
Jul 23 16:18:57.394516 n-d-778549-4 devstack@placement-api.service[94497]: [pid: 94497|app: 0|req: 88/179] 10.222.0.74 () {60 vars in 1378 bytes} [Fri Jul 23 16:18:57 2021] GET /placement/allocations/32d8b566-2ec6-4daa-896d-806d8428ce08 => generated 259 bytes in 35 msecs (HTTP/1.1 200) 8 headers in 296 bytes (1 switches on core 0)
Jul 23 16:19:00.195338 n-d-778549-4 devstack@placement-api.service[94496]: DEBUG placement.requestlog [req-c5096efa-ec90-4484-b6b2-999fa7354dc3 req-e9b589da-509b-4e65-b3ab-0c201606d535 None None] Starting request: 10.222.0.73 "GET /placement/allocation_candidates?limit=1000&resources=DISK_GB%3A1%2CMEMORY_MB%3A1024%2CVCPU%3A1&root_required=%21COMPUTE_STATUS_DISABLED" {{(pid=94496) __call__ /opt/stack/placement/placement/requestlog.py:55}}
Jul 23 16:19:00.276559 n-d-778549-4 devstack@placement-api.service[94496]: DEBUG placement.objects.research_context [req-c5096efa-ec90-4484-b6b2-999fa7354dc3 req-e9b589da-509b-4e65-b3ab-0c201606d535 service placement] getting providers with 1 DISK_GB {{(pid=94496) __init__ /opt/stack/placement/placement/objects/research_context.py:126}}
Jul 23 16:19:00.291172 n-d-778549-4 devstack@placement-api.service[94496]: DEBUG placement.objects.research_context [req-c5096efa-ec90-4484-b6b2-999fa7354dc3 req-e9b589da-509b-4e65-b3ab-0c201606d535 service placement] getting providers with 1024 MEMORY_MB {{(pid=94496) __init__ /opt/stack/placement/placement/objects/research_context.py:126}}
Jul 23 16:19:00.310403 n-d-778549-4 devstack@placement-api.service[94496]: DEBUG placement.objects.research_context [req-c5096efa-ec90-4484-b6b2-999fa7354dc3 req-e9b589da-509b-4e65-b3ab-0c201606d535 service placement] getting providers with 1 VCPU {{(pid=94496) __init__ /opt/stack/placement/placement/objects/research_context.py:126}}
Jul 23 16:19:00.326321 n-d-778549-4 devstack@placement-api.service[94496]: DEBUG placement.objects.research_context [req-c5096efa-ec90-4484-b6b2-999fa7354dc3 req-e9b589da-509b-4e65-b3ab-0c201606d535 service placement] found 2 providers with available 1 DISK_GB {{(pid=94496) get_provider_ids_matching /opt/stack/placement/placement/objects/research_context.py:549}}
Jul 23 16:19:00.327795 n-d-778549-4 devstack@placement-api.service[94496]: DEBUG placement.objects.research_context [req-c5096efa-ec90-4484-b6b2-999fa7354dc3 req-e9b589da-509b-4e65-b3ab-0c201606d535 service placement] found 2 providers with available 1024 MEMORY_MB {{(pid=94496) get_provider_ids_matching /opt/stack/placement/placement/objects/research_context.py:549}}
Jul 23 16:19:00.340603 n-d-778549-4 devstack@placement-api.service[94496]: DEBUG placement.objects.research_context [req-c5096efa-ec90-4484-b6b2-999fa7354dc3 req-e9b589da-509b-4e65-b3ab-0c201606d535 service placement] found 2 providers after filtering by previous result {{(pid=94496) get_provider_ids_matching /opt/stack/placement/placement/objects/research_context.py:580}}
Jul 23 16:19:00.344616 n-d-778549-4 devstack@placement-api.service[94496]: DEBUG placement.objects.research_context [req-c5096efa-ec90-4484-b6b2-999fa7354dc3 req-e9b589da-509b-4e65-b3ab-0c201606d535 service placement] found 2 providers with available 1 VCPU {{(pid=94496) get_provider_ids_matching /opt/stack/placement/placement/objects/research_context.py:549}}
Jul 23 16:19:00.347042 n-d-778549-4 devstack@placement-api.service[94496]: DEBUG placement.objects.research_context [req-c5096efa-ec90-4484-b6b2-999fa7354dc3 req-e9b589da-509b-4e65-b3ab-0c201606d535 service placement] found 2 providers after filtering by previous result {{(pid=94496) get_provider_ids_matching /opt/stack/placement/placement/objects/research_context.py:580}}
Jul 23 16:19:00.416721 n-d-778549-4 devstack@placement-api.service[94496]: DEBUG placement.objects.allocation_candidate [req-c5096efa-ec90-4484-b6b2-999fa7354dc3 req-e9b589da-509b-4e65-b3ab-0c201606d535 service placement] RequestGroup(use_same_provider=False, resources={DISK_GB:1, MEMORY_MB:1024, VCPU:1}, traits=[], aggregates=[]) (suffix '') returned 2 matches {{(pid=94496) _get_by_requests /opt/stack/placement/placement/objects/allocation_candidate.py:145}}
Jul 23 16:19:00.417192 n-d-778549-4 devstack@placement-api.service[94496]: DEBUG placement.objects.allocation_candidate [req-c5096efa-ec90-4484-b6b2-999fa7354dc3 req-e9b589da-509b-4e65-b3ab-0c201606d535 service placement] Merging candidates yields 2 allocation requests and 2 provider summaries {{(pid=94496) _merge_candidates /opt/stack/placement/placement/objects/allocation_candidate.py:783}}
Jul 23 16:19:00.426501 n-d-778549-4 devstack@placement-api.service[94496]: INFO placement.requestlog [req-c5096efa-ec90-4484-b6b2-999fa7354dc3 req-e9b589da-509b-4e65-b3ab-0c201606d535 service placement] 10.222.0.73 "GET /placement/allocation_candidates?limit=1000&resources=DISK_GB%3A1%2CMEMORY_MB%3A1024%2CVCPU%3A1&root_required=%21COMPUTE_STATUS_DISABLED" status: 200 len: 1309 microversion: 1.35
Jul 23 16:19:00.431486 n-d-778549-4 devstack@placement-api.service[94496]: [pid: 94496|app: 0|req: 92/180] 10.222.0.73 () {60 vars in 1507 bytes} [Fri Jul 23 16:19:00 2021] GET /placement/allocation_candidates?limit=1000&resources=DISK_GB%3A1%2CMEMORY_MB%3A1024%2CVCPU%3A1&root_required=%21COMPUTE_STATUS_DISABLED => generated 1309 bytes in 236 msecs (HTTP/1.1 200) 8 headers in 297 bytes (1 switches on core 0)
Jul 23 16:19:00.657394 n-d-778549-4 devstack@placement-api.service[94497]: DEBUG placement.requestlog [req-c5096efa-ec90-4484-b6b2-999fa7354dc3 req-a274b0c6-8b34-4af5-8f89-801610d2413b None None] Starting request: 10.222.0.73 "GET /placement/allocations/ea864fc6-5cff-4e70-80f5-75f87ee8685f" {{(pid=94497) __call__ /opt/stack/placement/placement/requestlog.py:55}}
Jul 23 16:19:00.687963 n-d-778549-4 devstack@placement-api.service[94497]: INFO placement.requestlog [req-c5096efa-ec90-4484-b6b2-999fa7354dc3 req-a274b0c6-8b34-4af5-8f89-801610d2413b service placement] 10.222.0.73 "GET /placement/allocations/ea864fc6-5cff-4e70-80f5-75f87ee8685f" status: 200 len: 19 microversion: 1.28
Jul 23 16:19:00.691253 n-d-778549-4 devstack@placement-api.service[94497]: [pid: 94497|app: 0|req: 89/181] 10.222.0.73 () {60 vars in 1381 bytes} [Fri Jul 23 16:19:00 2021] GET /placement/allocations/ea864fc6-5cff-4e70-80f5-75f87ee8685f => generated 19 bytes in 34 msecs (HTTP/1.1 200) 8 headers in 295 bytes (1 switches on core 0)
Jul 23 16:19:00.698021 n-d-778549-4 devstack@placement-api.service[94496]: DEBUG placement.requestlog [req-c5096efa-ec90-4484-b6b2-999fa7354dc3 req-5852ca62-827c-49a5-b930-646291e4eaa6 None None] Starting request: 10.222.0.73 "PUT /placement/allocations/ea864fc6-5cff-4e70-80f5-75f87ee8685f" {{(pid=94496) __call__ /opt/stack/placement/placement/requestlog.py:55}}
Jul 23 16:19:00.882481 n-d-778549-4 devstack@placement-api.service[94496]: DEBUG placement.handlers.allocation [req-c5096efa-ec90-4484-b6b2-999fa7354dc3 req-5852ca62-827c-49a5-b930-646291e4eaa6 service placement] Successfully wrote allocations [, , ] {{(pid=94496) _create_allocations /opt/stack/placement/placement/handlers/allocation.py:435}}
Jul 23 16:19:00.883387 n-d-778549-4 devstack@placement-api.service[94496]: INFO placement.requestlog [req-c5096efa-ec90-4484-b6b2-999fa7354dc3 req-5852ca62-827c-49a5-b930-646291e4eaa6 service placement] 10.222.0.73 "PUT /placement/allocations/ea864fc6-5cff-4e70-80f5-75f87ee8685f" status: 204 len: 0 microversion: 1.35
Jul 23 16:19:00.884004 n-d-778549-4 devstack@placement-api.service[94496]: [pid: 94496|app: 0|req: 93/182] 10.222.0.73 () {64 vars in 1434 bytes} [Fri Jul 23 16:19:00 2021] PUT /placement/allocations/ea864fc6-5cff-4e70-80f5-75f87ee8685f => generated 0 bytes in 186 msecs (HTTP/1.1 204) 5 headers in 199 bytes (1 switches on core 0)
Jul 23 16:19:01.545430 n-d-778549-4 devstack@placement-api.service[94497]: DEBUG placement.requestlog [req-c5096efa-ec90-4484-b6b2-999fa7354dc3 req-92e4614a-1e2c-4659-97e3-1c5fcec56869 None None] Starting request: 10.222.0.97 "GET /placement/allocations/ea864fc6-5cff-4e70-80f5-75f87ee8685f" {{(pid=94497) __call__ /opt/stack/placement/placement/requestlog.py:55}}
Jul 23 16:19:01.577810 n-d-778549-4 devstack@placement-api.service[94497]: INFO placement.requestlog [req-c5096efa-ec90-4484-b6b2-999fa7354dc3 req-92e4614a-1e2c-4659-97e3-1c5fcec56869 service placement] 10.222.0.97 "GET /placement/allocations/ea864fc6-5cff-4e70-80f5-75f87ee8685f" status: 200 len: 259 microversion: 1.28
Jul 23 16:19:01.579156 n-d-778549-4 devstack@placement-api.service[94497]: [pid: 94497|app: 0|req: 90/183] 10.222.0.97 () {60 vars in 1378 bytes} [Fri Jul 23 16:19:01 2021] GET /placement/allocations/ea864fc6-5cff-4e70-80f5-75f87ee8685f => generated 259 bytes in 34 msecs (HTTP/1.1 200) 8 headers in 296 bytes (1 switches on core 0)
Jul 23 16:19:16.859821 n-d-778549-4 devstack@placement-api.service[94496]: DEBUG placement.requestlog [req-1187d274-e925-4857-9c23-85a7b57b4bd7 req-04753255-8f29-422c-9efb-244159da4c5e None None] Starting request: 10.222.0.74 "GET /placement/allocations/e721c824-b100-4463-8166-d259bcc79582" {{(pid=94496) __call__ /opt/stack/placement/placement/requestlog.py:55}}
Jul 23 16:19:16.888887 n-d-778549-4 devstack@placement-api.service[94496]: INFO placement.requestlog [req-1187d274-e925-4857-9c23-85a7b57b4bd7 req-04753255-8f29-422c-9efb-244159da4c5e service placement] 10.222.0.74 "GET /placement/allocations/e721c824-b100-4463-8166-d259bcc79582" status: 200 len: 258 microversion: 1.28
Jul 23 16:19:16.890163 n-d-778549-4 devstack@placement-api.service[94496]: [pid: 94496|app: 0|req: 94/184] 10.222.0.74 () {60 vars in 1378 bytes} [Fri Jul 23 16:19:16 2021] GET /placement/allocations/e721c824-b100-4463-8166-d259bcc79582 => generated 258 bytes in 30 msecs (HTTP/1.1 200) 8 headers in 296 bytes (1 switches on core 0)
Jul 23 16:19:18.632193 n-d-778549-4 devstack@placement-api.service[94497]: DEBUG placement.requestlog [req-4d2723f9-9638-42da-a89b-64d0a773e116 req-b38efadd-5537-4f1d-bfe3-e32b26d674d3 None None] Starting request: 10.222.0.74 "GET /placement/allocations/19a8e0c9-ef52-4562-b63b-63ea9adaa3d2" {{(pid=94497) __call__ /opt/stack/placement/placement/requestlog.py:55}}
Jul 23 16:19:18.655857 n-d-778549-4 devstack@placement-api.service[94497]: INFO placement.requestlog [req-4d2723f9-9638-42da-a89b-64d0a773e116 req-b38efadd-5537-4f1d-bfe3-e32b26d674d3 service placement] 10.222.0.74 "GET /placement/allocations/19a8e0c9-ef52-4562-b63b-63ea9adaa3d2" status: 200 len: 259 microversion: 1.28
Jul 23 16:19:18.658401 n-d-778549-4 devstack@placement-api.service[94497]: [pid: 94497|app: 0|req: 91/185] 10.222.0.74 () {60 vars in 1378 bytes} [Fri Jul 23 16:19:18 2021] GET /placement/allocations/19a8e0c9-ef52-4562-b63b-63ea9adaa3d2 => generated 259 bytes in 26 msecs (HTTP/1.1 200) 8 headers in 296 bytes (1 switches on core 0)
Jul 23 16:19:21.851300 n-d-778549-4 devstack@placement-api.service[94496]: DEBUG placement.requestlog [req-3c8a2a2d-7c2c-460f-a047-21d12392f1e4 req-3bae0ad1-d259-4a33-8c1a-c4260e0ba6f0 None None] Starting request: 10.222.0.97 "GET /placement/allocations/7ff256df-ba80-44fe-85f4-6b02f97d081e" {{(pid=94496) __call__ /opt/stack/placement/placement/requestlog.py:55}}
Jul 23 16:19:21.877417 n-d-778549-4 devstack@placement-api.service[94496]: INFO placement.requestlog [req-3c8a2a2d-7c2c-460f-a047-21d12392f1e4 req-3bae0ad1-d259-4a33-8c1a-c4260e0ba6f0 service placement] 10.222.0.97 "GET /placement/allocations/7ff256df-ba80-44fe-85f4-6b02f97d081e" status: 200 len: 259 microversion: 1.28
Jul 23 16:19:21.877417 n-d-778549-4 devstack@placement-api.service[94496]: [pid: 94496|app: 0|req: 95/186] 10.222.0.97 () {60 vars in 1378 bytes} [Fri Jul 23 16:19:21 2021] GET /placement/allocations/7ff256df-ba80-44fe-85f4-6b02f97d081e => generated 259 bytes in 24 msecs (HTTP/1.1 200) 8 headers in 296 bytes (1 switches on core 0)
Jul 23 16:19:21.883464 n-d-778549-4 devstack@placement-api.service[94497]: DEBUG placement.requestlog [req-3c8a2a2d-7c2c-460f-a047-21d12392f1e4 req-a37f2727-6eb7-45aa-b368-3811e1989e5d None None] Starting request: 10.222.0.97 "PUT /placement/allocations/7ff256df-ba80-44fe-85f4-6b02f97d081e" {{(pid=94497) __call__ /opt/stack/placement/placement/requestlog.py:55}}
Jul 23 16:19:21.999436 n-d-778549-4 devstack@placement-api.service[94497]: DEBUG placement.handlers.allocation [req-3c8a2a2d-7c2c-460f-a047-21d12392f1e4 req-a37f2727-6eb7-45aa-b368-3811e1989e5d service placement] Successfully wrote allocations [, , ] {{(pid=94497) _create_allocations /opt/stack/placement/placement/handlers/allocation.py:435}}
Jul 23 16:19:22.000012 n-d-778549-4 devstack@placement-api.service[94497]: INFO placement.requestlog [req-3c8a2a2d-7c2c-460f-a047-21d12392f1e4 req-a37f2727-6eb7-45aa-b368-3811e1989e5d service placement] 10.222.0.97 "PUT /placement/allocations/7ff256df-ba80-44fe-85f4-6b02f97d081e" status: 204 len: 0 microversion: 1.28
Jul 23 16:19:22.000356 n-d-778549-4 devstack@placement-api.service[94497]: [pid: 94497|app: 0|req: 92/187] 10.222.0.97 () {64 vars in 1431 bytes} [Fri Jul 23 16:19:21 2021] PUT /placement/allocations/7ff256df-ba80-44fe-85f4-6b02f97d081e => generated 0 bytes in 118 msecs (HTTP/1.1 204) 5 headers in 199 bytes (1 switches on core 0)
Jul 23 16:19:24.564929 n-d-778549-4 devstack@placement-api.service[94496]: DEBUG placement.requestlog [req-1cf69f24-59cf-4e5f-89f3-9e851ac4933c req-308b953d-e66f-40fc-9ccf-9116878b5fe5 None None] Starting request: 10.222.0.73 "GET /placement/allocation_candidates?limit=1000&resources=DISK_GB%3A1%2CMEMORY_MB%3A1024%2CVCPU%3A1&root_required=%21COMPUTE_STATUS_DISABLED" {{(pid=94496) __call__ /opt/stack/placement/placement/requestlog.py:55}}
Jul 23 16:19:24.599667 n-d-778549-4 devstack@placement-api.service[94496]: DEBUG placement.objects.research_context [req-1cf69f24-59cf-4e5f-89f3-9e851ac4933c req-308b953d-e66f-40fc-9ccf-9116878b5fe5 service placement] getting providers with 1 DISK_GB {{(pid=94496) __init__ /opt/stack/placement/placement/objects/research_context.py:126}}
Jul 23 16:19:24.607928 n-d-778549-4 devstack@placement-api.service[94496]: DEBUG placement.objects.research_context [req-1cf69f24-59cf-4e5f-89f3-9e851ac4933c req-308b953d-e66f-40fc-9ccf-9116878b5fe5 service placement] getting providers with 1024 MEMORY_MB {{(pid=94496) __init__ /opt/stack/placement/placement/objects/research_context.py:126}}
Jul 23 16:19:24.616650 n-d-778549-4 devstack@placement-api.service[94496]: DEBUG placement.objects.research_context [req-1cf69f24-59cf-4e5f-89f3-9e851ac4933c req-308b953d-e66f-40fc-9ccf-9116878b5fe5 service placement] getting providers with 1 VCPU {{(pid=94496) __init__ /opt/stack/placement/placement/objects/research_context.py:126}}
Jul 23 16:19:24.623465 n-d-778549-4 devstack@placement-api.service[94496]: DEBUG placement.objects.research_context [req-1cf69f24-59cf-4e5f-89f3-9e851ac4933c req-308b953d-e66f-40fc-9ccf-9116878b5fe5 service placement] found 2 providers with available 1 DISK_GB {{(pid=94496) get_provider_ids_matching /opt/stack/placement/placement/objects/research_context.py:549}}
Jul 23 16:19:24.628879 n-d-778549-4 devstack@placement-api.service[94496]: DEBUG placement.objects.research_context [req-1cf69f24-59cf-4e5f-89f3-9e851ac4933c req-308b953d-e66f-40fc-9ccf-9116878b5fe5 service placement] found 2 providers with available 1024 MEMORY_MB {{(pid=94496) get_provider_ids_matching /opt/stack/placement/placement/objects/research_context.py:549}}
Jul 23 16:19:24.631523 n-d-778549-4 devstack@placement-api.service[94496]: DEBUG placement.objects.research_context [req-1cf69f24-59cf-4e5f-89f3-9e851ac4933c req-308b953d-e66f-40fc-9ccf-9116878b5fe5 service placement] found 2 providers after filtering by previous result {{(pid=94496) get_provider_ids_matching /opt/stack/placement/placement/objects/research_context.py:580}}
Jul 23 16:19:24.632284 n-d-778549-4 devstack@placement-api.service[94496]: DEBUG placement.objects.research_context [req-1cf69f24-59cf-4e5f-89f3-9e851ac4933c req-308b953d-e66f-40fc-9ccf-9116878b5fe5 service placement] found 2 providers with available 1 VCPU {{(pid=94496) get_provider_ids_matching /opt/stack/placement/placement/objects/research_context.py:549}}
Jul 23 16:19:24.632996 n-d-778549-4 devstack@placement-api.service[94496]: DEBUG placement.objects.research_context [req-1cf69f24-59cf-4e5f-89f3-9e851ac4933c req-308b953d-e66f-40fc-9ccf-9116878b5fe5 service placement] found 2 providers after filtering by previous result {{(pid=94496) get_provider_ids_matching /opt/stack/placement/placement/objects/research_context.py:580}}
Jul 23 16:19:24.666314 n-d-778549-4 devstack@placement-api.service[94496]: DEBUG placement.objects.allocation_candidate [req-1cf69f24-59cf-4e5f-89f3-9e851ac4933c req-308b953d-e66f-40fc-9ccf-9116878b5fe5 service placement] RequestGroup(use_same_provider=False, resources={DISK_GB:1, MEMORY_MB:1024, VCPU:1}, traits=[], aggregates=[]) (suffix '') returned 2 matches {{(pid=94496) _get_by_requests /opt/stack/placement/placement/objects/allocation_candidate.py:145}}
Jul 23 16:19:24.670998 n-d-778549-4 devstack@placement-api.service[94496]: DEBUG placement.objects.allocation_candidate [req-1cf69f24-59cf-4e5f-89f3-9e851ac4933c req-308b953d-e66f-40fc-9ccf-9116878b5fe5 service placement] Merging candidates yields 2 allocation requests and 2 provider summaries {{(pid=94496) _merge_candidates /opt/stack/placement/placement/objects/allocation_candidate.py:783}}
Jul 23 16:19:24.674950 n-d-778549-4 devstack@placement-api.service[94496]: INFO placement.requestlog [req-1cf69f24-59cf-4e5f-89f3-9e851ac4933c req-308b953d-e66f-40fc-9ccf-9116878b5fe5 service placement] 10.222.0.73 "GET /placement/allocation_candidates?limit=1000&resources=DISK_GB%3A1%2CMEMORY_MB%3A1024%2CVCPU%3A1&root_required=%21COMPUTE_STATUS_DISABLED" status: 200 len: 1309 microversion: 1.35
Jul 23 16:19:24.675770 n-d-778549-4 devstack@placement-api.service[94496]: [pid: 94496|app: 0|req: 96/188] 10.222.0.73 () {60 vars in 1507 bytes} [Fri Jul 23 16:19:24 2021] GET /placement/allocation_candidates?limit=1000&resources=DISK_GB%3A1%2CMEMORY_MB%3A1024%2CVCPU%3A1&root_required=%21COMPUTE_STATUS_DISABLED => generated 1309 bytes in 111 msecs (HTTP/1.1 200) 8 headers in 297 bytes (1 switches on core 0)
Jul 23 16:19:24.847040 n-d-778549-4 devstack@placement-api.service[94497]: DEBUG placement.requestlog [req-1cf69f24-59cf-4e5f-89f3-9e851ac4933c req-2b4eb73f-58dc-47a9-be30-6374518f4426 None None] Starting request: 10.222.0.73 "GET /placement/allocations/b66590e1-d314-4532-b8ad-8b23ab592ed4" {{(pid=94497) __call__ /opt/stack/placement/placement/requestlog.py:55}}
Jul 23 16:19:24.861006 n-d-778549-4 devstack@placement-api.service[94497]: INFO placement.requestlog [req-1cf69f24-59cf-4e5f-89f3-9e851ac4933c req-2b4eb73f-58dc-47a9-be30-6374518f4426 service placement] 10.222.0.73 "GET /placement/allocations/b66590e1-d314-4532-b8ad-8b23ab592ed4" status: 200 len: 19 microversion: 1.28
Jul 23 16:19:24.873450 n-d-778549-4 devstack@placement-api.service[94497]: [pid: 94497|app: 0|req: 93/189] 10.222.0.73 () {60 vars in 1381 bytes} [Fri Jul 23 16:19:24 2021] GET /placement/allocations/b66590e1-d314-4532-b8ad-8b23ab592ed4 => generated 19 bytes in 26 msecs (HTTP/1.1 200) 8 headers in 295 bytes (1 switches on core 0)
Jul 23 16:19:24.875104 n-d-778549-4 devstack@placement-api.service[94496]: DEBUG placement.requestlog [req-1cf69f24-59cf-4e5f-89f3-9e851ac4933c req-5fc618aa-4bf6-4118-a0b4-5c43f28f1ef7 None None] Starting request: 10.222.0.73 "PUT /placement/allocations/b66590e1-d314-4532-b8ad-8b23ab592ed4" {{(pid=94496) __call__ /opt/stack/placement/placement/requestlog.py:55}}
Jul 23 16:19:25.012085 n-d-778549-4 devstack@placement-api.service[94496]: DEBUG placement.handlers.allocation [req-1cf69f24-59cf-4e5f-89f3-9e851ac4933c req-5fc618aa-4bf6-4118-a0b4-5c43f28f1ef7 service placement] Successfully wrote allocations [, , ] {{(pid=94496) _create_allocations /opt/stack/placement/placement/handlers/allocation.py:435}}
