Jul 21 14:44:57.101389 n-d-778347-14 devstack@placement-api.service[111844]: DEBUG placement.objects.research_context [req-ca478bb9-23c0-4560-99b9-21fe016f217a req-33f28445-972e-469f-9e34-19870c74859d service placement] getting providers with 1 DISK_GB {{(pid=111844) __init__ /opt/stack/placement/placement/objects/research_context.py:136}}
Jul 21 14:44:57.118404 n-d-778347-14 devstack@placement-api.service[111844]: DEBUG placement.objects.research_context [req-ca478bb9-23c0-4560-99b9-21fe016f217a req-33f28445-972e-469f-9e34-19870c74859d service placement] getting providers with 1024 MEMORY_MB {{(pid=111844) __init__ /opt/stack/placement/placement/objects/research_context.py:136}}
Jul 21 14:44:57.128175 n-d-778347-14 devstack@placement-api.service[111844]: DEBUG placement.objects.research_context [req-ca478bb9-23c0-4560-99b9-21fe016f217a req-33f28445-972e-469f-9e34-19870c74859d service placement] getting providers with 1 VCPU {{(pid=111844) __init__ /opt/stack/placement/placement/objects/research_context.py:136}}
Jul 21 14:44:57.134817 n-d-778347-14 devstack@placement-api.service[111844]: DEBUG placement.objects.research_context [req-ca478bb9-23c0-4560-99b9-21fe016f217a req-33f28445-972e-469f-9e34-19870c74859d service placement] found 2 providers with available 1 DISK_GB {{(pid=111844) get_provider_ids_matching /opt/stack/placement/placement/objects/research_context.py:563}}
Jul 21 14:44:57.135109 n-d-778347-14 devstack@placement-api.service[111844]: DEBUG placement.objects.research_context [req-ca478bb9-23c0-4560-99b9-21fe016f217a req-33f28445-972e-469f-9e34-19870c74859d service placement] found 2 providers with available 1024 MEMORY_MB {{(pid=111844) get_provider_ids_matching /opt/stack/placement/placement/objects/research_context.py:563}}
Jul 21 14:44:57.135850 n-d-778347-14 devstack@placement-api.service[111844]: DEBUG placement.objects.research_context [req-ca478bb9-23c0-4560-99b9-21fe016f217a req-33f28445-972e-469f-9e34-19870c74859d service placement] found 2 providers after filtering by previous result {{(pid=111844) get_provider_ids_matching /opt/stack/placement/placement/objects/research_context.py:594}}
Jul 21 14:44:57.136117 n-d-778347-14 devstack@placement-api.service[111844]: DEBUG placement.objects.research_context [req-ca478bb9-23c0-4560-99b9-21fe016f217a req-33f28445-972e-469f-9e34-19870c74859d service placement] found 2 providers with available 1 VCPU {{(pid=111844) get_provider_ids_matching /opt/stack/placement/placement/objects/research_context.py:563}}
Jul 21 14:44:57.136384 n-d-778347-14 devstack@placement-api.service[111844]: DEBUG placement.objects.research_context [req-ca478bb9-23c0-4560-99b9-21fe016f217a req-33f28445-972e-469f-9e34-19870c74859d service placement] found 2 providers after filtering by previous result {{(pid=111844) get_provider_ids_matching /opt/stack/placement/placement/objects/research_context.py:594}}
Jul 21 14:44:57.151187 n-d-778347-14 devstack@placement-api.service[111844]: DEBUG placement.objects.allocation_candidate [req-ca478bb9-23c0-4560-99b9-21fe016f217a req-33f28445-972e-469f-9e34-19870c74859d service placement] RequestGroup(use_same_provider=False, resources={DISK_GB:1, MEMORY_MB:1024, VCPU:1}, traits=(), aggregates=[]) (suffix '') returned 2 matches {{(pid=111844) _get_by_requests /opt/stack/placement/placement/objects/allocation_candidate.py:156}}
Jul 21 14:44:57.152025 n-d-778347-14 devstack@placement-api.service[111844]: DEBUG placement.objects.allocation_candidate [req-ca478bb9-23c0-4560-99b9-21fe016f217a req-33f28445-972e-469f-9e34-19870c74859d service placement] Merging candidates yields 2 allocation requests and 2 provider summaries {{(pid=111844) _merge_candidates /opt/stack/placement/placement/objects/allocation_candidate.py:809}}
Jul 21 14:44:57.154776 n-d-778347-14 devstack@placement-api.service[111844]: INFO placement.requestlog [req-ca478bb9-23c0-4560-99b9-21fe016f217a req-33f28445-972e-469f-9e34-19870c74859d service placement] 10.222.0.13 "GET /placement/allocation_candidates?limit=1000&resources=DISK_GB%3A1%2CMEMORY_MB%3A1024%2CVCPU%3A1&root_required=%21COMPUTE_STATUS_DISABLED" status: 200 len: 1309 microversion: 1.36
Jul 21 14:44:57.161392 n-d-778347-14 devstack@placement-api.service[111844]: [pid: 111844|app: 0|req: 74/150] 10.222.0.13 () {60 vars in 1506 bytes} [Thu Jul 21 14:44:57 2022] GET /placement/allocation_candidates?limit=1000&resources=DISK_GB%3A1%2CMEMORY_MB%3A1024%2CVCPU%3A1&root_required=%21COMPUTE_STATUS_DISABLED => generated 1309 bytes in 100 msecs (HTTP/1.1 200) 8 headers in 297 bytes (1 switches on core 0)
Jul 21 14:44:57.224937 n-d-778347-14 devstack@placement-api.service[111843]: DEBUG placement.requestlog [req-ca478bb9-23c0-4560-99b9-21fe016f217a req-3285a143-899e-4b99-9631-d96629d10e1b None None] Starting request: 10.222.0.13 "GET /placement/allocations/e5ed54c7-cb2b-41b2-87d7-4f07ef5268ec" {{(pid=111843) __call__ /opt/stack/placement/placement/requestlog.py:55}}
Jul 21 14:44:57.236129 n-d-778347-14 devstack@placement-api.service[111843]: INFO placement.requestlog [req-ca478bb9-23c0-4560-99b9-21fe016f217a req-3285a143-899e-4b99-9631-d96629d10e1b service placement] 10.222.0.13 "GET /placement/allocations/e5ed54c7-cb2b-41b2-87d7-4f07ef5268ec" status: 200 len: 19 microversion: 1.28
Jul 21 14:44:57.236461 n-d-778347-14 devstack@placement-api.service[111843]: [pid: 111843|app: 0|req: 77/151] 10.222.0.13 () {60 vars in 1380 bytes} [Thu Jul 21 14:44:57 2022] GET /placement/allocations/e5ed54c7-cb2b-41b2-87d7-4f07ef5268ec => generated 19 bytes in 12 msecs (HTTP/1.1 200) 8 headers in 295 bytes (1 switches on core 0)
Jul 21 14:44:57.243024 n-d-778347-14 devstack@placement-api.service[111844]: DEBUG placement.requestlog [req-ca478bb9-23c0-4560-99b9-21fe016f217a req-8c36097d-c0fc-4b9b-86bf-814638754316 None None] Starting request: 10.222.0.13 "PUT /placement/allocations/e5ed54c7-cb2b-41b2-87d7-4f07ef5268ec" {{(pid=111844) __call__ /opt/stack/placement/placement/requestlog.py:55}}
Jul 21 14:44:57.297187 n-d-778347-14 devstack@placement-api.service[111844]: DEBUG placement.handlers.allocation [req-ca478bb9-23c0-4560-99b9-21fe016f217a req-8c36097d-c0fc-4b9b-86bf-814638754316 service placement] Successfully wrote allocations [, , ] {{(pid=111844) _update_consumers_and_create_allocations /opt/stack/placement/placement/handlers/allocation.py:462}}
Jul 21 14:44:57.301973 n-d-778347-14 devstack@placement-api.service[111844]: INFO placement.requestlog [req-ca478bb9-23c0-4560-99b9-21fe016f217a req-8c36097d-c0fc-4b9b-86bf-814638754316 service placement] 10.222.0.13 "PUT /placement/allocations/e5ed54c7-cb2b-41b2-87d7-4f07ef5268ec" status: 204 len: 0 microversion: 1.36
Jul 21 14:44:57.302428 n-d-778347-14 devstack@placement-api.service[111844]: [pid: 111844|app: 0|req: 75/152] 10.222.0.13 () {64 vars in 1433 bytes} [Thu Jul 21 14:44:57 2022] PUT /placement/allocations/e5ed54c7-cb2b-41b2-87d7-4f07ef5268ec => generated 0 bytes in 60 msecs (HTTP/1.1 204) 5 headers in 199 bytes (1 switches on core 0)
Jul 21 14:44:57.591683 n-d-778347-14 devstack@placement-api.service[111843]: DEBUG placement.requestlog [req-ca478bb9-23c0-4560-99b9-21fe016f217a req-39ac32d3-2161-45b0-9eb7-5440a0812f82 None None] Starting request: 10.222.0.47 "GET /placement/allocations/e5ed54c7-cb2b-41b2-87d7-4f07ef5268ec" {{(pid=111843) __call__ /opt/stack/placement/placement/requestlog.py:55}}
Jul 21 14:44:57.649819 n-d-778347-14 devstack@placement-api.service[111843]: INFO placement.requestlog [req-ca478bb9-23c0-4560-99b9-21fe016f217a req-39ac32d3-2161-45b0-9eb7-5440a0812f82 service placement] 10.222.0.47 "GET /placement/allocations/e5ed54c7-cb2b-41b2-87d7-4f07ef5268ec" status: 200 len: 259 microversion: 1.28
Jul 21 14:44:57.650760 n-d-778347-14 devstack@placement-api.service[111843]: [pid: 111843|app: 0|req: 78/153] 10.222.0.47 () {60 vars in 1377 bytes} [Thu Jul 21 14:44:57 2022] GET /placement/allocations/e5ed54c7-cb2b-41b2-87d7-4f07ef5268ec => generated 259 bytes in 60 msecs (HTTP/1.1 200) 8 headers in 296 bytes (1 switches on core 0)
Jul 21 14:45:01.874635 n-d-778347-14 devstack@placement-api.service[111844]: DEBUG placement.requestlog [req-1e25da0d-891e-46d3-8de3-cb8c0c79c023 req-5aa09992-e995-4261-88ad-140e9a2e14ff None None] Starting request: 10.222.0.13 "GET /placement/allocation_candidates?limit=1000&resources=DISK_GB%3A1%2CMEMORY_MB%3A1024%2CVCPU%3A1&root_required=%21COMPUTE_STATUS_DISABLED" {{(pid=111844) __call__ /opt/stack/placement/placement/requestlog.py:55}}
Jul 21 14:45:01.911188 n-d-778347-14 devstack@placement-api.service[111844]: DEBUG placement.objects.research_context [req-1e25da0d-891e-46d3-8de3-cb8c0c79c023 req-5aa09992-e995-4261-88ad-140e9a2e14ff service placement] getting providers with 1 DISK_GB {{(pid=111844) __init__ /opt/stack/placement/placement/objects/research_context.py:136}}
Jul 21 14:45:01.917228 n-d-778347-14 devstack@placement-api.service[111844]: DEBUG placement.objects.research_context [req-1e25da0d-891e-46d3-8de3-cb8c0c79c023 req-5aa09992-e995-4261-88ad-140e9a2e14ff service placement] getting providers with 1024 MEMORY_MB {{(pid=111844) __init__ /opt/stack/placement/placement/objects/research_context.py:136}}
Jul 21 14:45:01.923089 n-d-778347-14 devstack@placement-api.service[111844]: DEBUG placement.objects.research_context [req-1e25da0d-891e-46d3-8de3-cb8c0c79c023 req-5aa09992-e995-4261-88ad-140e9a2e14ff service placement] getting providers with 1 VCPU {{(pid=111844) __init__ /opt/stack/placement/placement/objects/research_context.py:136}}
Jul 21 14:45:01.929167 n-d-778347-14 devstack@placement-api.service[111844]: DEBUG placement.objects.research_context [req-1e25da0d-891e-46d3-8de3-cb8c0c79c023 req-5aa09992-e995-4261-88ad-140e9a2e14ff service placement] found 2 providers with available 1 DISK_GB {{(pid=111844) get_provider_ids_matching /opt/stack/placement/placement/objects/research_context.py:563}}
Jul 21 14:45:01.929966 n-d-778347-14 devstack@placement-api.service[111844]: DEBUG placement.objects.research_context [req-1e25da0d-891e-46d3-8de3-cb8c0c79c023 req-5aa09992-e995-4261-88ad-140e9a2e14ff service placement] found 2 providers with available 1024 MEMORY_MB {{(pid=111844) get_provider_ids_matching /opt/stack/placement/placement/objects/research_context.py:563}}
Jul 21 14:45:01.937930 n-d-778347-14 devstack@placement-api.service[111844]: DEBUG placement.objects.research_context [req-1e25da0d-891e-46d3-8de3-cb8c0c79c023 req-5aa09992-e995-4261-88ad-140e9a2e14ff service placement] found 2 providers after filtering by previous result {{(pid=111844) get_provider_ids_matching /opt/stack/placement/placement/objects/research_context.py:594}}
Jul 21 14:45:01.938293 n-d-778347-14 devstack@placement-api.service[111844]: DEBUG placement.objects.research_context [req-1e25da0d-891e-46d3-8de3-cb8c0c79c023 req-5aa09992-e995-4261-88ad-140e9a2e14ff service placement] found 2 providers with available 1 VCPU {{(pid=111844) get_provider_ids_matching /opt/stack/placement/placement/objects/research_context.py:563}}
Jul 21 14:45:01.938577 n-d-778347-14 devstack@placement-api.service[111844]: DEBUG placement.objects.research_context [req-1e25da0d-891e-46d3-8de3-cb8c0c79c023 req-5aa09992-e995-4261-88ad-140e9a2e14ff service placement] found 2 providers after filtering by previous result {{(pid=111844) get_provider_ids_matching /opt/stack/placement/placement/objects/research_context.py:594}}
Jul 21 14:45:01.967287 n-d-778347-14 devstack@placement-api.service[111844]: DEBUG placement.objects.allocation_candidate [req-1e25da0d-891e-46d3-8de3-cb8c0c79c023 req-5aa09992-e995-4261-88ad-140e9a2e14ff service placement] RequestGroup(use_same_provider=False, resources={DISK_GB:1, MEMORY_MB:1024, VCPU:1}, traits=(), aggregates=[]) (suffix '') returned 2 matches {{(pid=111844) _get_by_requests /opt/stack/placement/placement/objects/allocation_candidate.py:156}}
Jul 21 14:45:01.967661 n-d-778347-14 devstack@placement-api.service[111844]: DEBUG placement.objects.allocation_candidate [req-1e25da0d-891e-46d3-8de3-cb8c0c79c023 req-5aa09992-e995-4261-88ad-140e9a2e14ff service placement] Merging candidates yields 2 allocation requests and 2 provider summaries {{(pid=111844) _merge_candidates /opt/stack/placement/placement/objects/allocation_candidate.py:809}}
Jul 21 14:45:01.970804 n-d-778347-14 devstack@placement-api.service[111844]: INFO placement.requestlog [req-1e25da0d-891e-46d3-8de3-cb8c0c79c023 req-5aa09992-e995-4261-88ad-140e9a2e14ff service placement] 10.222.0.13 "GET /placement/allocation_candidates?limit=1000&resources=DISK_GB%3A1%2CMEMORY_MB%3A1024%2CVCPU%3A1&root_required=%21COMPUTE_STATUS_DISABLED" status: 200 len: 1309 microversion: 1.36
Jul 21 14:45:01.971192 n-d-778347-14 devstack@placement-api.service[111844]: [pid: 111844|app: 0|req: 76/154] 10.222.0.13 () {60 vars in 1506 bytes} [Thu Jul 21 14:45:01 2022] GET /placement/allocation_candidates?limit=1000&resources=DISK_GB%3A1%2CMEMORY_MB%3A1024%2CVCPU%3A1&root_required=%21COMPUTE_STATUS_DISABLED => generated 1309 bytes in 97 msecs (HTTP/1.1 200) 8 headers in 297 bytes (1 switches on core 0)
Jul 21 14:45:02.054009 n-d-778347-14 devstack@placement-api.service[111843]: DEBUG placement.requestlog [req-1e25da0d-891e-46d3-8de3-cb8c0c79c023 req-d0b031e1-d448-4e43-b702-13b452df9871 None None] Starting request: 10.222.0.13 "GET /placement/allocations/aab2588d-564a-4eab-aa3a-990d75891139" {{(pid=111843) __call__ /opt/stack/placement/placement/requestlog.py:55}}
Jul 21 14:45:02.065892 n-d-778347-14 devstack@placement-api.service[111843]: INFO placement.requestlog [req-1e25da0d-891e-46d3-8de3-cb8c0c79c023 req-d0b031e1-d448-4e43-b702-13b452df9871 service placement] 10.222.0.13 "GET /placement/allocations/aab2588d-564a-4eab-aa3a-990d75891139" status: 200 len: 19 microversion: 1.28
Jul 21 14:45:02.066552 n-d-778347-14 devstack@placement-api.service[111843]: [pid: 111843|app: 0|req: 79/155] 10.222.0.13 () {60 vars in 1380 bytes} [Thu Jul 21 14:45:02 2022] GET /placement/allocations/aab2588d-564a-4eab-aa3a-990d75891139 => generated 19 bytes in 13 msecs (HTTP/1.1 200) 8 headers in 295 bytes (1 switches on core 0)
Jul 21 14:45:02.075388 n-d-778347-14 devstack@placement-api.service[111844]: DEBUG placement.requestlog [req-1e25da0d-891e-46d3-8de3-cb8c0c79c023 req-41504683-87b7-44e6-8f16-defc5cf2b94d None None] Starting request: 10.222.0.13 "PUT /placement/allocations/aab2588d-564a-4eab-aa3a-990d75891139" {{(pid=111844) __call__ /opt/stack/placement/placement/requestlog.py:55}}
Jul 21 14:45:02.130878 n-d-778347-14 devstack@placement-api.service[111844]: DEBUG placement.handlers.allocation [req-1e25da0d-891e-46d3-8de3-cb8c0c79c023 req-41504683-87b7-44e6-8f16-defc5cf2b94d service placement] Successfully wrote allocations [, , ] {{(pid=111844) _update_consumers_and_create_allocations /opt/stack/placement/placement/handlers/allocation.py:462}}
Jul 21 14:45:02.134971 n-d-778347-14 devstack@placement-api.service[111844]: INFO placement.requestlog [req-1e25da0d-891e-46d3-8de3-cb8c0c79c023 req-41504683-87b7-44e6-8f16-defc5cf2b94d service placement] 10.222.0.13 "PUT /placement/allocations/aab2588d-564a-4eab-aa3a-990d75891139" status: 204 len: 0 microversion: 1.36
Jul 21 14:45:02.135611 n-d-778347-14 devstack@placement-api.service[111844]: [pid: 111844|app: 0|req: 77/156] 10.222.0.13 () {64 vars in 1433 bytes} [Thu Jul 21 14:45:02 2022] PUT /placement/allocations/aab2588d-564a-4eab-aa3a-990d75891139 => generated 0 bytes in 60 msecs (HTTP/1.1 204) 5 headers in 199 bytes (2 switches on core 0)
Jul 21 14:45:05.372301 n-d-778347-14 devstack@placement-api.service[111843]: DEBUG placement.requestlog [req-900e790e-e351-4781-ba65-26c210df50ac req-f1e1df89-8f48-4a23-853f-1cb5c670fbcf None None] Starting request: 10.222.0.15 "DELETE /placement/allocations/b62aceb5-c055-4c9d-96b7-224fb8a67960" {{(pid=111843) __call__ /opt/stack/placement/placement/requestlog.py:55}}
Jul 21 14:45:05.454268 n-d-778347-14 devstack@placement-api.service[111843]: DEBUG placement.handlers.allocation [req-900e790e-e351-4781-ba65-26c210df50ac req-f1e1df89-8f48-4a23-853f-1cb5c670fbcf service placement] Successfully deleted allocations [, , ] {{(pid=111843) delete_allocations /opt/stack/placement/placement/handlers/allocation.py:627}}
Jul 21 14:45:05.455070 n-d-778347-14 devstack@placement-api.service[111843]: INFO placement.requestlog [req-900e790e-e351-4781-ba65-26c210df50ac req-f1e1df89-8f48-4a23-853f-1cb5c670fbcf service placement] 10.222.0.15 "DELETE /placement/allocations/b62aceb5-c055-4c9d-96b7-224fb8a67960" status: 204 len: 0 microversion: 1.0
Jul 21 14:45:05.455938 n-d-778347-14 devstack@placement-api.service[111843]: [pid: 111843|app: 0|req: 80/157] 10.222.0.15 () {60 vars in 1355 bytes} [Thu Jul 21 14:45:05 2022] DELETE /placement/allocations/b62aceb5-c055-4c9d-96b7-224fb8a67960 => generated 0 bytes in 84 msecs (HTTP/1.1 204) 5 headers in 198 bytes (1 switches on core 0)
Jul 21 14:45:05.548390 n-d-778347-14 devstack@placement-api.service[111844]: DEBUG placement.requestlog [req-1e25da0d-891e-46d3-8de3-cb8c0c79c023 req-b626a2ca-5e80-4816-a752-76efa416ee28 None None] Starting request: 10.222.0.15 "GET /placement/allocations/aab2588d-564a-4eab-aa3a-990d75891139" {{(pid=111844) __call__ /opt/stack/placement/placement/requestlog.py:55}}
Jul 21 14:45:05.610841 n-d-778347-14 devstack@placement-api.service[111844]: INFO placement.requestlog [req-1e25da0d-891e-46d3-8de3-cb8c0c79c023 req-b626a2ca-5e80-4816-a752-76efa416ee28 service placement] 10.222.0.15 "GET /placement/allocations/aab2588d-564a-4eab-aa3a-990d75891139" status: 200 len: 259 microversion: 1.28
Jul 21 14:45:05.611356 n-d-778347-14 devstack@placement-api.service[111844]: [pid: 111844|app: 0|req: 78/158] 10.222.0.15 () {60 vars in 1377 bytes} [Thu Jul 21 14:45:05 2022] GET /placement/allocations/aab2588d-564a-4eab-aa3a-990d75891139 => generated 259 bytes in 64 msecs (HTTP/1.1 200) 8 headers in 296 bytes (1 switches on core 0)
Jul 21 14:45:12.494722 n-d-778347-14 devstack@placement-api.service[111843]: DEBUG placement.requestlog [req-76723eba-5084-4f72-be77-8fd7cb2f00b0 req-69df6944-cb96-47b6-a802-9da88f111a2f None None] Starting request: 10.222.0.47 "DELETE /placement/allocations/e5ed54c7-cb2b-41b2-87d7-4f07ef5268ec" {{(pid=111843) __call__ /opt/stack/placement/placement/requestlog.py:55}}
Jul 21 14:45:12.540521 n-d-778347-14 devstack@placement-api.service[111843]: DEBUG placement.handlers.allocation [req-76723eba-5084-4f72-be77-8fd7cb2f00b0 req-69df6944-cb96-47b6-a802-9da88f111a2f service placement] Successfully deleted allocations [, , ] {{(pid=111843) delete_allocations /opt/stack/placement/placement/handlers/allocation.py:627}}
Jul 21 14:45:12.542617 n-d-778347-14 devstack@placement-api.service[111843]: INFO placement.requestlog [req-76723eba-5084-4f72-be77-8fd7cb2f00b0 req-69df6944-cb96-47b6-a802-9da88f111a2f service placement] 10.222.0.47 "DELETE /placement/allocations/e5ed54c7-cb2b-41b2-87d7-4f07ef5268ec" status: 204 len: 0 microversion: 1.0
Jul 21 14:45:12.545127 n-d-778347-14 devstack@placement-api.service[111843]: [pid: 111843|app: 0|req: 81/159] 10.222.0.47 () {60 vars in 1355 bytes} [Thu Jul 21 14:45:12 2022] DELETE /placement/allocations/e5ed54c7-cb2b-41b2-87d7-4f07ef5268ec => generated 0 bytes in 51 msecs (HTTP/1.1 204) 5 headers in 198 bytes (1 switches on core 0)
Jul 21 14:45:13.693440 n-d-778347-14 devstack@placement-api.service[111844]: DEBUG placement.requestlog [req-394aceb9-74bf-4e2d-83d3-c008fff733b2 req-708f65a9-61e2-4213-b419-0ce13ac95630 None None] Starting request: 10.222.0.47 "GET /placement/resource_providers/b802e12e-0364-4dc0-9bfe-b595b75bdf46/allocations" {{(pid=111844) __call__ /opt/stack/placement/placement/requestlog.py:55}}
Jul 21 14:45:13.881302 n-d-778347-14 devstack@placement-api.service[111844]: INFO placement.requestlog [req-394aceb9-74bf-4e2d-83d3-c008fff733b2 req-708f65a9-61e2-4213-b419-0ce13ac95630 service placement] 10.222.0.47 "GET /placement/resource_providers/b802e12e-0364-4dc0-9bfe-b595b75bdf46/allocations" status: 200 len: 457 microversion: 1.0
Jul 21 14:45:13.882275 n-d-778347-14 devstack@placement-api.service[111844]: [pid: 111844|app: 0|req: 79/160] 10.222.0.47 () {58 vars in 1390 bytes} [Thu Jul 21 14:45:13 2022] GET /placement/resource_providers/b802e12e-0364-4dc0-9bfe-b595b75bdf46/allocations => generated 457 bytes in 189 msecs (HTTP/1.1 200) 6 headers in 224 bytes (1 switches on core 0)
Jul 21 14:45:13.928037 n-d-778347-14 devstack@placement-api.service[111843]: DEBUG placement.requestlog [req-394aceb9-74bf-4e2d-83d3-c008fff733b2 req-13b37c3f-d28a-4004-b41e-abf9dc0389c3 None None] Starting request: 10.222.0.47 "GET /placement/resource_providers?in_tree=b802e12e-0364-4dc0-9bfe-b595b75bdf46" {{(pid=111843) __call__ /opt/stack/placement/placement/requestlog.py:55}}
Jul 21 14:45:13.967522 n-d-778347-14 devstack@placement-api.service[111843]: INFO placement.requestlog [req-394aceb9-74bf-4e2d-83d3-c008fff733b2 req-13b37c3f-d28a-4004-b41e-abf9dc0389c3 service placement] 10.222.0.47 "GET /placement/resource_providers?in_tree=b802e12e-0364-4dc0-9bfe-b595b75bdf46" status: 200 len: 864 microversion: 1.14
Jul 21 14:45:13.968193 n-d-778347-14 devstack@placement-api.service[111843]: [pid: 111843|app: 0|req: 82/161] 10.222.0.47 () {60 vars in 1376 bytes} [Thu Jul 21 14:45:13 2022] GET /placement/resource_providers?in_tree=b802e12e-0364-4dc0-9bfe-b595b75bdf46 => generated 864 bytes in 41 msecs (HTTP/1.1 200) 6 headers in 225 bytes (1 switches on core 0)
Jul 21 14:45:13.975719 n-d-778347-14 devstack@placement-api.service[111844]: DEBUG placement.requestlog [req-394aceb9-74bf-4e2d-83d3-c008fff733b2 req-aa1c1816-bdba-4a46-b54d-398bdd43995d None None] Starting request: 10.222.0.47 "GET /placement/resource_providers/b802e12e-0364-4dc0-9bfe-b595b75bdf46/inventories" {{(pid=111844) __call__ /opt/stack/placement/placement/requestlog.py:55}}
Jul 21 14:45:14.009512 n-d-778347-14 devstack@placement-api.service[111844]: INFO placement.requestlog [req-394aceb9-74bf-4e2d-83d3-c008fff733b2 req-aa1c1816-bdba-4a46-b54d-398bdd43995d service placement] 10.222.0.47 "GET /placement/resource_providers/b802e12e-0364-4dc0-9bfe-b595b75bdf46/inventories" status: 200 len: 398 microversion: 1.0
Jul 21 14:45:14.010355 n-d-778347-14 devstack@placement-api.service[111844]: [pid: 111844|app: 0|req: 80/162] 10.222.0.47 () {58 vars in 1390 bytes} [Thu Jul 21 14:45:13 2022] GET /placement/resource_providers/b802e12e-0364-4dc0-9bfe-b595b75bdf46/inventories => generated 398 bytes in 35 msecs (HTTP/1.1 200) 6 headers in 224 bytes (1 switches on core 0)
Jul 21 14:45:14.018981 n-d-778347-14 devstack@placement-api.service[111843]: DEBUG placement.requestlog [req-394aceb9-74bf-4e2d-83d3-c008fff733b2 req-8fa13376-4168-476e-b615-9f32b6f1d377 None None] Starting request: 10.222.0.47 "GET /placement/resource_providers/b802e12e-0364-4dc0-9bfe-b595b75bdf46/aggregates" {{(pid=111843) __call__ /opt/stack/placement/placement/requestlog.py:55}}
Jul 21 14:45:14.035654 n-d-778347-14 devstack@placement-api.service[111843]: INFO placement.requestlog [req-394aceb9-74bf-4e2d-83d3-c008fff733b2 req-8fa13376-4168-476e-b615-9f32b6f1d377 service placement] 10.222.0.47 "GET /placement/resource_providers/b802e12e-0364-4dc0-9bfe-b595b75bdf46/aggregates" status: 200 len: 54 microversion: 1.19
Jul 21 14:45:14.036383 n-d-778347-14 devstack@placement-api.service[111843]: [pid: 111843|app: 0|req: 83/163] 10.222.0.47 () {60 vars in 1431 bytes} [Thu Jul 21 14:45:14 2022] GET /placement/resource_providers/b802e12e-0364-4dc0-9bfe-b595b75bdf46/aggregates => generated 54 bytes in 18 msecs (HTTP/1.1 200) 8 headers in 295 bytes (1 switches on core 0)
Jul 21 14:45:14.044656 n-d-778347-14 devstack@placement-api.service[111844]: DEBUG placement.requestlog [req-394aceb9-74bf-4e2d-83d3-c008fff733b2 req-14d9fb8d-5b5a-4c06-9f4f-47ed5ee46f5c None None] Starting request: 10.222.0.47 "GET /placement/resource_providers/b802e12e-0364-4dc0-9bfe-b595b75bdf46/traits" {{(pid=111844) __call__ /opt/stack/placement/placement/requestlog.py:55}}
Jul 21 14:45:14.111965 n-d-778347-14 devstack@placement-api.service[111844]: INFO placement.requestlog [req-394aceb9-74bf-4e2d-83d3-c008fff733b2 req-14d9fb8d-5b5a-4c06-9f4f-47ed5ee46f5c service placement] 10.222.0.47 "GET /placement/resource_providers/b802e12e-0364-4dc0-9bfe-b595b75bdf46/traits" status: 200 len: 212 microversion: 1.6
Jul 21 14:45:14.113274 n-d-778347-14 devstack@placement-api.service[111844]: [pid: 111844|app: 0|req: 81/164] 10.222.0.47 () {60 vars in 1418 bytes} [Thu Jul 21 14:45:14 2022] GET /placement/resource_providers/b802e12e-0364-4dc0-9bfe-b595b75bdf46/traits => generated 212 bytes in 69 msecs (HTTP/1.1 200) 6 headers in 224 bytes (2 switches on core 0)
Jul 21 14:45:14.505784 n-d-778347-14 devstack@placement-api.service[111843]: DEBUG placement.requestlog [req-3d7a6476-7db8-4043-8228-0a3c81d3f097 req-46731e8f-17f0-4339-9fdd-8f5d64c865e8 None None] Starting request: 10.222.0.13 "GET /placement/allocation_candidates?limit=1000&resources=DISK_GB%3A1%2CMEMORY_MB%3A1024%2CVCPU%3A1&root_required=%21COMPUTE_STATUS_DISABLED" {{(pid=111843) __call__ /opt/stack/placement/placement/requestlog.py:55}}
Jul 21 14:45:14.569088 n-d-778347-14 devstack@placement-api.service[111843]: DEBUG placement.objects.research_context [req-3d7a6476-7db8-4043-8228-0a3c81d3f097 req-46731e8f-17f0-4339-9fdd-8f5d64c865e8 service placement] getting providers with 1 DISK_GB {{(pid=111843) __init__ /opt/stack/placement/placement/objects/research_context.py:136}}
Jul 21 14:45:14.582246 n-d-778347-14 devstack@placement-api.service[111843]: DEBUG placement.objects.research_context [req-3d7a6476-7db8-4043-8228-0a3c81d3f097 req-46731e8f-17f0-4339-9fdd-8f5d64c865e8 service placement] getting providers with 1024 MEMORY_MB {{(pid=111843) __init__ /opt/stack/placement/placement/objects/research_context.py:136}}
Jul 21 14:45:14.598696 n-d-778347-14 devstack@placement-api.service[111843]: DEBUG placement.objects.research_context [req-3d7a6476-7db8-4043-8228-0a3c81d3f097 req-46731e8f-17f0-4339-9fdd-8f5d64c865e8 service placement] getting providers with 1 VCPU {{(pid=111843) __init__ /opt/stack/placement/placement/objects/research_context.py:136}}
Jul 21 14:45:14.608032 n-d-778347-14 devstack@placement-api.service[111843]: DEBUG placement.objects.research_context [req-3d7a6476-7db8-4043-8228-0a3c81d3f097 req-46731e8f-17f0-4339-9fdd-8f5d64c865e8 service placement] found 2 providers with available 1 DISK_GB {{(pid=111843) get_provider_ids_matching /opt/stack/placement/placement/objects/research_context.py:563}}
Jul 21 14:45:14.608294 n-d-778347-14 devstack@placement-api.service[111843]: DEBUG placement.objects.research_context [req-3d7a6476-7db8-4043-8228-0a3c81d3f097 req-46731e8f-17f0-4339-9fdd-8f5d64c865e8 service placement] found 2 providers with available 1024 MEMORY_MB {{(pid=111843) get_provider_ids_matching /opt/stack/placement/placement/objects/research_context.py:563}}
Jul 21 14:45:14.608564 n-d-778347-14 devstack@placement-api.service[111843]: DEBUG placement.objects.research_context [req-3d7a6476-7db8-4043-8228-0a3c81d3f097 req-46731e8f-17f0-4339-9fdd-8f5d64c865e8 service placement] found 2 providers after filtering by previous result {{(pid=111843) get_provider_ids_matching /opt/stack/placement/placement/objects/research_context.py:594}}
Jul 21 14:45:14.609052 n-d-778347-14 devstack@placement-api.service[111843]: DEBUG placement.objects.research_context [req-3d7a6476-7db8-4043-8228-0a3c81d3f097 req-46731e8f-17f0-4339-9fdd-8f5d64c865e8 service placement] found 2 providers with available 1 VCPU {{(pid=111843) get_provider_ids_matching /opt/stack/placement/placement/objects/research_context.py:563}}
Jul 21 14:45:14.609508 n-d-778347-14 devstack@placement-api.service[111843]: DEBUG placement.objects.research_context [req-3d7a6476-7db8-4043-8228-0a3c81d3f097 req-46731e8f-17f0-4339-9fdd-8f5d64c865e8 service placement] found 2 providers after filtering by previous result {{(pid=111843) get_provider_ids_matching /opt/stack/placement/placement/objects/research_context.py:594}}
Jul 21 14:45:14.631034 n-d-778347-14 devstack@placement-api.service[111843]: DEBUG placement.objects.allocation_candidate [req-3d7a6476-7db8-4043-8228-0a3c81d3f097 req-46731e8f-17f0-4339-9fdd-8f5d64c865e8 service placement] RequestGroup(use_same_provider=False, resources={DISK_GB:1, MEMORY_MB:1024, VCPU:1}, traits=(), aggregates=[]) (suffix '') returned 2 matches {{(pid=111843) _get_by_requests /opt/stack/placement/placement/objects/allocation_candidate.py:156}}
Jul 21 14:45:14.632107 n-d-778347-14 devstack@placement-api.service[111843]: DEBUG placement.objects.allocation_candidate [req-3d7a6476-7db8-4043-8228-0a3c81d3f097 req-46731e8f-17f0-4339-9fdd-8f5d64c865e8 service placement] Merging candidates yields 2 allocation requests and 2 provider summaries {{(pid=111843) _merge_candidates /opt/stack/placement/placement/objects/allocation_candidate.py:809}}
Jul 21 14:45:14.634576 n-d-778347-14 devstack@placement-api.service[111843]: INFO placement.requestlog [req-3d7a6476-7db8-4043-8228-0a3c81d3f097 req-46731e8f-17f0-4339-9fdd-8f5d64c865e8 service placement] 10.222.0.13 "GET /placement/allocation_candidates?limit=1000&resources=DISK_GB%3A1%2CMEMORY_MB%3A1024%2CVCPU%3A1&root_required=%21COMPUTE_STATUS_DISABLED" status: 200 len: 1309 microversion: 1.36
Jul 21 14:45:14.648085 n-d-778347-14 devstack@placement-api.service[111843]: [pid: 111843|app: 0|req: 84/165] 10.222.0.13 () {60 vars in 1506 bytes} [Thu Jul 21 14:45:14 2022] GET /placement/allocation_candidates?limit=1000&resources=DISK_GB%3A1%2CMEMORY_MB%3A1024%2CVCPU%3A1&root_required=%21COMPUTE_STATUS_DISABLED => generated 1309 bytes in 136 msecs (HTTP/1.1 200) 8 headers in 297 bytes (1 switches on core 0)
Jul 21 14:45:14.740319 n-d-778347-14 devstack@placement-api.service[111844]: DEBUG placement.requestlog [req-3d7a6476-7db8-4043-8228-0a3c81d3f097 req-bc200f93-e1c8-4e8a-af36-255492ce586f None None] Starting request: 10.222.0.13 "GET /placement/allocations/7e2dd4b5-34a4-42b0-8f3e-0d5cad5dccac" {{(pid=111844) __call__ /opt/stack/placement/placement/requestlog.py:55}}
Jul 21 14:45:14.759408 n-d-778347-14 devstack@placement-api.service[111843]: DEBUG placement.requestlog [req-463e84e7-ae8f-4444-836a-0d194f5ae867 req-57fd532e-bdf1-478a-8fae-da9d8e81ddc9 None None] Starting request: 10.222.0.47 "GET /placement/resource_providers/b802e12e-0364-4dc0-9bfe-b595b75bdf46/allocations" {{(pid=111843) __call__ /opt/stack/placement/placement/requestlog.py:55}}
Jul 21 14:45:14.770925 n-d-778347-14 devstack@placement-api.service[111844]: INFO placement.requestlog [req-3d7a6476-7db8-4043-8228-0a3c81d3f097 req-bc200f93-e1c8-4e8a-af36-255492ce586f service placement] 10.222.0.13 "GET /placement/allocations/7e2dd4b5-34a4-42b0-8f3e-0d5cad5dccac" status: 200 len: 19 microversion: 1.28
Jul 21 14:45:14.771595 n-d-778347-14 devstack@placement-api.service[111844]: [pid: 111844|app: 0|req: 82/166] 10.222.0.13 () {60 vars in 1380 bytes} [Thu Jul 21 14:45:14 2022] GET /placement/allocations/7e2dd4b5-34a4-42b0-8f3e-0d5cad5dccac => generated 19 bytes in 32 msecs (HTTP/1.1 200) 8 headers in 295 bytes (1 switches on core 0)
Jul 21 14:45:14.781428 n-d-778347-14 devstack@placement-api.service[111844]: DEBUG placement.requestlog [req-3d7a6476-7db8-4043-8228-0a3c81d3f097 req-fa3459ef-543c-4e2e-ba3a-c6a06b78f731 None None] Starting request: 10.222.0.13 "PUT /placement/allocations/7e2dd4b5-34a4-42b0-8f3e-0d5cad5dccac" {{(pid=111844) __call__ /opt/stack/placement/placement/requestlog.py:55}}
Jul 21 14:45:14.787267 n-d-778347-14 devstack@placement-api.service[111843]: INFO placement.requestlog [req-463e84e7-ae8f-4444-836a-0d194f5ae867 req-57fd532e-bdf1-478a-8fae-da9d8e81ddc9 service placement] 10.222.0.47 "GET /placement/resource_providers/b802e12e-0364-4dc0-9bfe-b595b75bdf46/allocations" status: 200 len: 457 microversion: 1.0
Jul 21 14:45:14.787719 n-d-778347-14 devstack@placement-api.service[111843]: [pid: 111843|app: 0|req: 85/167] 10.222.0.47 () {58 vars in 1390 bytes} [Thu Jul 21 14:45:14 2022] GET /placement/resource_providers/b802e12e-0364-4dc0-9bfe-b595b75bdf46/allocations => generated 457 bytes in 30 msecs (HTTP/1.1 200) 6 headers in 224 bytes (1 switches on core 0)
Jul 21 14:45:14.849797 n-d-778347-14 devstack@placement-api.service[111844]: DEBUG dbcounter [-] [111844] Writing DB stats placement:SELECT=83,placement:INSERT=9,placement:DELETE=4,placement:UPDATE=4 {{(pid=111844) stat_writer /usr/local/lib/python3.8/dist-packages/dbcounter.py:114}}
Jul 21 14:45:14.889638 n-d-778347-14 devstack@placement-api.service[111844]: DEBUG placement.handlers.allocation [req-3d7a6476-7db8-4043-8228-0a3c81d3f097 req-fa3459ef-543c-4e2e-ba3a-c6a06b78f731 service placement] Successfully wrote allocations [, , ] {{(pid=111844) _update_consumers_and_create_allocations /opt/stack/placement/placement/handlers/allocation.py:462}}
Jul 21 14:45:14.902818 n-d-778347-14 devstack@placement-api.service[111844]: INFO placement.requestlog [req-3d7a6476-7db8-4043-8228-0a3c81d3f097 req-fa3459ef-543c-4e2e-ba3a-c6a06b78f731 service placement] 10.222.0.13 "PUT /placement/allocations/7e2dd4b5-34a4-42b0-8f3e-0d5cad5dccac" status: 204 len: 0 microversion: 1.36
Jul 21 14:45:14.903774 n-d-778347-14 devstack@placement-api.service[111844]: [pid: 111844|app: 0|req: 83/168] 10.222.0.13 () {64 vars in 1433 bytes} [Thu Jul 21 14:45:14 2022] PUT /placement/allocations/7e2dd4b5-34a4-42b0-8f3e-0d5cad5dccac => generated 0 bytes in 122 msecs (HTTP/1.1 204) 5 headers in 199 bytes (2 switches on core 0)
Jul 21 14:45:15.100465 n-d-778347-14 devstack@placement-api.service[111843]: DEBUG placement.requestlog [req-463e84e7-ae8f-4444-836a-0d194f5ae867 req-b0dc6536-a97b-4cf5-9754-110f98648cec None None] Starting request: 10.222.0.47 "GET /placement/allocations/58d2f349-530a-4f46-b7a5-dc45f06d9130" {{(pid=111843) __call__ /opt/stack/placement/placement/requestlog.py:55}}
Jul 21 14:45:15.131852 n-d-778347-14 devstack@placement-api.service[111843]: INFO placement.requestlog [req-463e84e7-ae8f-4444-836a-0d194f5ae867 req-b0dc6536-a97b-4cf5-9754-110f98648cec service placement] 10.222.0.47 "GET /placement/allocations/58d2f349-530a-4f46-b7a5-dc45f06d9130" status: 200 len: 259 microversion: 1.28
Jul 21 14:45:15.132248 n-d-778347-14 devstack@placement-api.service[111843]: [pid: 111843|app: 0|req: 86/169] 10.222.0.47 () {60 vars in 1377 bytes} [Thu Jul 21 14:45:15 2022] GET /placement/allocations/58d2f349-530a-4f46-b7a5-dc45f06d9130 => generated 259 bytes in 33 msecs (HTTP/1.1 200) 8 headers in 296 bytes (1 switches on core 0)
Jul 21 14:45:15.141371 n-d-778347-14 devstack@placement-api.service[111844]: DEBUG placement.requestlog [req-463e84e7-ae8f-4444-836a-0d194f5ae867 req-adc3b151-f13f-4f4f-a152-70a6cdd6730f None None] Starting request: 10.222.0.47 "PUT /placement/allocations/58d2f349-530a-4f46-b7a5-dc45f06d9130" {{(pid=111844) __call__ /opt/stack/placement/placement/requestlog.py:55}}
Jul 21 14:45:15.219661 n-d-778347-14 devstack@placement-api.service[111844]: DEBUG placement.handlers.allocation [req-463e84e7-ae8f-4444-836a-0d194f5ae867 req-adc3b151-f13f-4f4f-a152-70a6cdd6730f service placement] Successfully wrote allocations [, , ] {{(pid=111844) _update_consumers_and_create_allocations /opt/stack/placement/placement/handlers/allocation.py:462}}
Jul 21 14:45:15.226464 n-d-778347-14 devstack@placement-api.service[111844]: INFO placement.requestlog [req-463e84e7-ae8f-4444-836a-0d194f5ae867 req-adc3b151-f13f-4f4f-a152-70a6cdd6730f service placement] 10.222.0.47 "PUT /placement/allocations/58d2f349-530a-4f46-b7a5-dc45f06d9130" status: 204 len: 0 microversion: 1.28
Jul 21 14:45:15.227345 n-d-778347-14 devstack@placement-api.service[111844]: [pid: 111844|app: 0|req: 84/170] 10.222.0.47 () {64 vars in 1430 bytes} [Thu Jul 21 14:45:15 2022] PUT /placement/allocations/58d2f349-530a-4f46-b7a5-dc45f06d9130 => generated 0 bytes in 86 msecs (HTTP/1.1 204) 5 headers in 199 bytes (1 switches on core 0)
Jul 21 14:45:15.367341 n-d-778347-14 devstack@placement-api.service[111843]: DEBUG placement.requestlog [req-3d7a6476-7db8-4043-8228-0a3c81d3f097 req-b93066bb-92d0-469f-bf64-39d4276fa4c8 None None] Starting request: 10.222.0.47 "GET /placement/allocations/7e2dd4b5-34a4-42b0-8f3e-0d5cad5dccac" {{(pid=111843) __call__ /opt/stack/placement/placement/requestlog.py:55}}
Jul 21 14:45:15.391347 n-d-778347-14 devstack@placement-api.service[111843]: INFO placement.requestlog [req-3d7a6476-7db8-4043-8228-0a3c81d3f097 req-b93066bb-92d0-469f-bf64-39d4276fa4c8 service placement] 10.222.0.47 "GET /placement/allocations/7e2dd4b5-34a4-42b0-8f3e-0d5cad5dccac" status: 200 len: 259 microversion: 1.28
Jul 21 14:45:15.392351 n-d-778347-14 devstack@placement-api.service[111843]: [pid: 111843|app: 0|req: 87/171] 10.222.0.47 () {60 vars in 1377 bytes} [Thu Jul 21 14:45:15 2022] GET /placement/allocations/7e2dd4b5-34a4-42b0-8f3e-0d5cad5dccac => generated 259 bytes in 25 msecs (HTTP/1.1 200) 8 headers in 296 bytes (1 switches on core 0)
Jul 21 14:45:16.493181 n-d-778347-14 devstack@placement-api.service[111844]: DEBUG placement.requestlog [None req-2642b60c-0006-40ae-a42b-29bdb69932fb None None] Starting request: 10.222.0.13 "GET /placement/" {{(pid=111844) __call__ /opt/stack/placement/placement/requestlog.py:55}}
Jul 21 14:45:16.494285 n-d-778347-14 devstack@placement-api.service[111844]: INFO placement.requestlog [None req-2642b60c-0006-40ae-a42b-29bdb69932fb None None] 10.222.0.13 "GET /placement/" status: 200 len: 136 microversion: 1.0
Jul 21 14:45:16.494974 n-d-778347-14 devstack@placement-api.service[111844]: [pid: 111844|app: 0|req: 85/172] 10.222.0.13 () {54 vars in 916 bytes} [Thu Jul 21 14:45:16 2022] GET /placement => generated 136 bytes in 2 msecs (HTTP/1.1 200) 6 headers in 224 bytes (1 switches on core 0)
Jul 21 14:45:16.504373 n-d-778347-14 devstack@placement-api.service[111843]: DEBUG placement.requestlog [req-36820c54-ab33-47e8-9a07-145f23b06d86 req-a1833036-491f-4cd1-a92c-3093b47b7c9b None None] Starting request: 10.222.0.13 "GET /placement/allocations/56004971-0865-4aba-8cbd-a17c64a1cf2c" {{(pid=111843) __call__ /opt/stack/placement/placement/requestlog.py:55}}
Jul 21 14:45:16.625421 n-d-778347-14 devstack@placement-api.service[111843]: INFO placement.requestlog [req-36820c54-ab33-47e8-9a07-145f23b06d86 req-a1833036-491f-4cd1-a92c-3093b47b7c9b service placement] 10.222.0.13 "GET /placement/allocations/56004971-0865-4aba-8cbd-a17c64a1cf2c" status: 200 len: 259 microversion: 1.28
Jul 21 14:45:16.626398 n-d-778347-14 devstack@placement-api.service[111843]: [pid: 111843|app: 0|req: 88/173] 10.222.0.13 () {60 vars in 1380 bytes} [Thu Jul 21 14:45:16 2022] GET /placement/allocations/56004971-0865-4aba-8cbd-a17c64a1cf2c => generated 259 bytes in 122 msecs (HTTP/1.1 200) 8 headers in 296 bytes (1 switches on core 0)
Jul 21 14:45:16.632254 n-d-778347-14 devstack@placement-api.service[111844]: DEBUG placement.requestlog [req-36820c54-ab33-47e8-9a07-145f23b06d86 req-0f8e06c6-8ce4-4fab-be05-21e1e9dd4990 None None] Starting request: 10.222.0.13 "GET /placement/allocations/56004971-0865-4aba-8cbd-a17c64a1cf2c" {{(pid=111844) __call__ /opt/stack/placement/placement/requestlog.py:55}}
Jul 21 14:45:16.649347 n-d-778347-14 devstack@placement-api.service[111844]: INFO placement.requestlog [req-36820c54-ab33-47e8-9a07-145f23b06d86 req-0f8e06c6-8ce4-4fab-be05-21e1e9dd4990 service placement] 10.222.0.13 "GET /placement/allocations/56004971-0865-4aba-8cbd-a17c64a1cf2c" status: 200 len: 259 microversion: 1.28
Jul 21 14:45:16.655064 n-d-778347-14 devstack@placement-api.service[111844]: [pid: 111844|app: 0|req: 86/174] 10.222.0.13 () {60 vars in 1380 bytes} [Thu Jul 21 14:45:16 2022] GET /placement/allocations/56004971-0865-4aba-8cbd-a17c64a1cf2c => generated 259 bytes in 23 msecs (HTTP/1.1 200) 8 headers in 296 bytes (1 switches on core 0)
Jul 21 14:45:16.656007 n-d-778347-14 devstack@placement-api.service[111843]: DEBUG placement.requestlog [req-36820c54-ab33-47e8-9a07-145f23b06d86 req-cbbd7207-27bc-4962-b024-8622378b22c9 None None] Starting request: 10.222.0.13 "GET /placement/allocations/8336f136-0038-49dc-bf15-37c96e362b65" {{(pid=111843) __call__ /opt/stack/placement/placement/requestlog.py:55}}
Jul 21 14:45:16.668435 n-d-778347-14 devstack@placement-api.service[111843]: INFO placement.requestlog [req-36820c54-ab33-47e8-9a07-145f23b06d86 req-cbbd7207-27bc-4962-b024-8622378b22c9 service placement] 10.222.0.13 "GET /placement/allocations/8336f136-0038-49dc-bf15-37c96e362b65" status: 200 len: 19 microversion: 1.28
Jul 21 14:45:16.669098 n-d-778347-14 devstack@placement-api.service[111843]: [pid: 111843|app: 0|req: 89/175] 10.222.0.13 () {60 vars in 1380 bytes} [Thu Jul 21 14:45:16 2022] GET /placement/allocations/8336f136-0038-49dc-bf15-37c96e362b65 => generated 19 bytes in 14 msecs (HTTP/1.1 200) 8 headers in 295 bytes (2 switches on core 0)
Jul 21 14:45:16.678207 n-d-778347-14 devstack@placement-api.service[111844]: DEBUG placement.requestlog [req-36820c54-ab33-47e8-9a07-145f23b06d86 req-e9ec2706-cacc-4a4a-88fd-d0b14320ab6e None None] Starting request: 10.222.0.13 "POST /placement/allocations" {{(pid=111844) __call__ /opt/stack/placement/placement/requestlog.py:55}}
Jul 21 14:45:16.766980 n-d-778347-14 devstack@placement-api.service[111844]: DEBUG placement.handlers.allocation [req-36820c54-ab33-47e8-9a07-145f23b06d86 req-e9ec2706-cacc-4a4a-88fd-d0b14320ab6e service placement] Successfully wrote allocations [, , , , , ] {{(pid=111844) _update_consumers_and_create_allocations /opt/stack/placement/placement/handlers/allocation.py:572}}
Jul 21 14:45:16.770539 n-d-778347-14 devstack@placement-api.service[111844]: INFO placement.requestlog [req-36820c54-ab33-47e8-9a07-145f23b06d86 req-e9ec2706-cacc-4a4a-88fd-d0b14320ab6e service placement] 10.222.0.13 "POST /placement/allocations" status: 204 len: 0 microversion: 1.28
Jul 21 14:45:16.770974 n-d-778347-14 devstack@placement-api.service[111844]: [pid: 111844|app: 0|req: 87/176] 10.222.0.13 () {64 vars in 1323 bytes} [Thu Jul 21 14:45:16 2022] POST /placement/allocations => generated 0 bytes in 96 msecs (HTTP/1.1 204) 5 headers in 199 bytes (1 switches on core 0)
Jul 21 14:45:16.802551 n-d-778347-14 devstack@placement-api.service[111843]: DEBUG placement.requestlog [req-36820c54-ab33-47e8-9a07-145f23b06d86 req-1e3a77ff-be7d-47cb-b42f-94d9fa2acfc4 None None] Starting request: 10.222.0.13 "GET /placement/allocations/56004971-0865-4aba-8cbd-a17c64a1cf2c" {{(pid=111843) __call__ /opt/stack/placement/placement/requestlog.py:55}}
Jul 21 14:45:16.813522 n-d-778347-14 devstack@placement-api.service[111843]: INFO placement.requestlog [req-36820c54-ab33-47e8-9a07-145f23b06d86 req-1e3a77ff-be7d-47cb-b42f-94d9fa2acfc4 service placement] 10.222.0.13 "GET /placement/allocations/56004971-0865-4aba-8cbd-a17c64a1cf2c" status: 200 len: 19 microversion: 1.28
Jul 21 14:45:16.813991 n-d-778347-14 devstack@placement-api.service[111843]: [pid: 111843|app: 0|req: 90/177] 10.222.0.13 () {60 vars in 1380 bytes} [Thu Jul 21 14:45:16 2022] GET /placement/allocations/56004971-0865-4aba-8cbd-a17c64a1cf2c => generated 19 bytes in 12 msecs (HTTP/1.1 200) 8 headers in 295 bytes (1 switches on core 0)
Jul 21 14:45:16.819753 n-d-778347-14 devstack@placement-api.service[111844]: DEBUG placement.requestlog [req-36820c54-ab33-47e8-9a07-145f23b06d86 req-cf3844c3-6f91-4cbc-80d7-b4e7568dd99a None None] Starting request: 10.222.0.13 "PUT /placement/allocations/56004971-0865-4aba-8cbd-a17c64a1cf2c" {{(pid=111844) __call__ /opt/stack/placement/placement/requestlog.py:55}}
Jul 21 14:45:16.870754 n-d-778347-14 devstack@placement-api.service[111844]: DEBUG placement.handlers.allocation [req-36820c54-ab33-47e8-9a07-145f23b06d86 req-cf3844c3-6f91-4cbc-80d7-b4e7568dd99a service placement] Successfully wrote allocations [, , ] {{(pid=111844) _update_consumers_and_create_allocations /opt/stack/placement/placement/handlers/allocation.py:462}}
Jul 21 14:45:16.874527 n-d-778347-14 devstack@placement-api.service[111844]: INFO placement.requestlog [req-36820c54-ab33-47e8-9a07-145f23b06d86 req-cf3844c3-6f91-4cbc-80d7-b4e7568dd99a service placement] 10.222.0.13 "PUT /placement/allocations/56004971-0865-4aba-8cbd-a17c64a1cf2c" status: 204 len: 0 microversion: 1.28
Jul 21 14:45:16.875036 n-d-778347-14 devstack@placement-api.service[111844]: [pid: 111844|app: 0|req: 88/178] 10.222.0.13 () {64 vars in 1433 bytes} [Thu Jul 21 14:45:16 2022] PUT /placement/allocations/56004971-0865-4aba-8cbd-a17c64a1cf2c => generated 0 bytes in 55 msecs (HTTP/1.1 204) 5 headers in 199 bytes (1 switches on core 0)
Jul 21 14:45:16.980776 n-d-778347-14 devstack@placement-api.service[111843]: DEBUG placement.requestlog [req-36820c54-ab33-47e8-9a07-145f23b06d86 req-9d14ab8a-b293-4702-b5cc-710ea9ec1201 None None] Starting request: 10.222.0.47 "GET /placement/allocations/56004971-0865-4aba-8cbd-a17c64a1cf2c" {{(pid=111843) __call__ /opt/stack/placement/placement/requestlog.py:55}}
Jul 21 14:45:16.997004 n-d-778347-14 devstack@placement-api.service[111843]: INFO placement.requestlog [req-36820c54-ab33-47e8-9a07-145f23b06d86 req-9d14ab8a-b293-4702-b5cc-710ea9ec1201 service placement] 10.222.0.47 "GET /placement/allocations/56004971-0865-4aba-8cbd-a17c64a1cf2c" status: 200 len: 259 microversion: 1.28
Jul 21 14:45:16.997479 n-d-778347-14 devstack@placement-api.service[111843]: [pid: 111843|app: 0|req: 91/179] 10.222.0.47 () {60 vars in 1377 bytes} [Thu Jul 21 14:45:16 2022] GET /placement/allocations/56004971-0865-4aba-8cbd-a17c64a1cf2c => generated 259 bytes in 17 msecs (HTTP/1.1 200) 8 headers in 296 bytes (1 switches on core 0)
Jul 21 14:45:19.985672 n-d-778347-14 devstack@placement-api.service[111844]: DEBUG placement.requestlog [req-913e46ea-fd37-45de-89c7-73c2bc4015e5 req-827181a8-bae9-4bed-91e5-208c09acd534 None None] Starting request: 10.222.0.13 "GET /placement/allocation_candidates?resources=DISK_GB%3A1%2CMEMORY_MB%3A1024%2CVCPU%3A1&root_required=%21COMPUTE_STATUS_DISABLED" {{(pid=111844) __call__ /opt/stack/placement/placement/requestlog.py:55}}
Jul 21 14:45:20.032462 n-d-778347-14 devstack@placement-api.service[111844]: DEBUG placement.objects.research_context [req-913e46ea-fd37-45de-89c7-73c2bc4015e5 req-827181a8-bae9-4bed-91e5-208c09acd534 service placement] getting providers with 1 DISK_GB {{(pid=111844) __init__ /opt/stack/placement/placement/objects/research_context.py:136}}
Jul 21 14:45:20.040380 n-d-778347-14 devstack@placement-api.service[111844]: DEBUG placement.objects.research_context [req-913e46ea-fd37-45de-89c7-73c2bc4015e5 req-827181a8-bae9-4bed-91e5-208c09acd534 service placement] getting providers with 1024 MEMORY_MB {{(pid=111844) __init__ /opt/stack/placement/placement/objects/research_context.py:136}}
Jul 21 14:45:20.046399 n-d-778347-14 devstack@placement-api.service[111844]: DEBUG placement.objects.research_context [req-913e46ea-fd37-45de-89c7-73c2bc4015e5 req-827181a8-bae9-4bed-91e5-208c09acd534 service placement] getting providers with 1 VCPU {{(pid=111844) __init__ /opt/stack/placement/placement/objects/research_context.py:136}}
Jul 21 14:45:20.052521 n-d-778347-14 devstack@placement-api.service[111844]: DEBUG placement.objects.research_context [req-913e46ea-fd37-45de-89c7-73c2bc4015e5 req-827181a8-bae9-4bed-91e5-208c09acd534 service placement] found 2 providers with available 1 DISK_GB {{(pid=111844) get_provider_ids_matching /opt/stack/placement/placement/objects/research_context.py:563}}
Jul 21 14:45:20.053198 n-d-778347-14 devstack@placement-api.service[111844]: DEBUG placement.objects.research_context [req-913e46ea-fd37-45de-89c7-73c2bc4015e5 req-827181a8-bae9-4bed-91e5-208c09acd534 service placement] found 2 providers with available 1024 MEMORY_MB {{(pid=111844) get_provider_ids_matching /opt/stack/placement/placement/objects/research_context.py:563}}
Jul 21 14:45:20.053680 n-d-778347-14 devstack@placement-api.service[111844]: DEBUG placement.objects.research_context [req-913e46ea-fd37-45de-89c7-73c2bc4015e5 req-827181a8-bae9-4bed-91e5-208c09acd534 service placement] found 2 providers after filtering by previous result {{(pid=111844) get_provider_ids_matching /opt/stack/placement/placement/objects/research_context.py:594}}
Jul 21 14:45:20.054148 n-d-778347-14 devstack@placement-api.service[111844]: DEBUG placement.objects.research_context [req-913e46ea-fd37-45de-89c7-73c2bc4015e5 req-827181a8-bae9-4bed-91e5-208c09acd534 service placement] found 2 providers with available 1 VCPU {{(pid=111844) get_provider_ids_matching /opt/stack/placement/placement/objects/research_context.py:563}}
Jul 21 14:45:20.054641 n-d-778347-14 devstack@placement-api.service[111844]: DEBUG placement.objects.research_context [req-913e46ea-fd37-45de-89c7-73c2bc4015e5 req-827181a8-bae9-4bed-91e5-208c09acd534 service placement] found 2 providers after filtering by previous result {{(pid=111844) get_provider_ids_matching /opt/stack/placement/placement/objects/research_context.py:594}}
Jul 21 14:45:20.070870 n-d-778347-14 devstack@placement-api.service[111844]: DEBUG placement.objects.allocation_candidate [req-913e46ea-fd37-45de-89c7-73c2bc4015e5 req-827181a8-bae9-4bed-91e5-208c09acd534 service placement] RequestGroup(use_same_provider=False, resources={DISK_GB:1, MEMORY_MB:1024, VCPU:1}, traits=(), aggregates=[]) (suffix '') returned 2 matches {{(pid=111844) _get_by_requests /opt/stack/placement/placement/objects/allocation_candidate.py:156}}
Jul 21 14:45:20.071273 n-d-778347-14 devstack@placement-api.service[111844]: DEBUG placement.objects.allocation_candidate [req-913e46ea-fd37-45de-89c7-73c2bc4015e5 req-827181a8-bae9-4bed-91e5-208c09acd534 service placement] Merging candidates yields 2 allocation requests and 2 provider summaries {{(pid=111844) _merge_candidates /opt/stack/placement/placement/objects/allocation_candidate.py:809}}
