Jun 15 20:17:34.809787 n-d-778347-10 devstack@n-api.service[119205]: /usr/local/lib/python3.8/dist-packages/oslo_policy/policy.py:1129: UserWarning: Policy "os_compute_api:os-flavor-access:add_tenant_access": "rule:context_is_admin" failed scope check. The token used to make the request was project scoped but the policy requires ['system'] scope. This behavior may change in the future where using the intended scope is required
Jun 15 20:17:34.809787 n-d-778347-10 devstack@n-api.service[119205]: warnings.warn(msg)
Jun 15 20:17:35.223542 n-d-778347-10 devstack@n-api.service[119204]: INFO nova.api.openstack.requestlog [None req-6172ab9d-a841-4ed9-ad98-4ad8e43b3638 tempest-FlavorMetadataValidation-1191597644 tempest-FlavorMetadataValidation-1191597644-project-admin] 10.222.0.43 "POST /compute/v2.1/flavors/26766541/os-extra_specs" status: 200 len: 62 microversion: 2.86 time: 0.505422
Jun 15 20:17:35.225675 n-d-778347-10 devstack@n-api.service[119204]: [pid: 119204|app: 0|req: 5/11] 10.222.0.43 () {62 vars in 1258 bytes} [Wed Jun 15 20:17:34 2022] POST /compute/v2.1/flavors/26766541/os-extra_specs => generated 62 bytes in 510 msecs (HTTP/1.1 200) 9 headers in 358 bytes (1 switches on core 0)
Jun 15 20:17:35.501809 n-d-778347-10 devstack@n-api.service[119205]: INFO nova.api.openstack.requestlog [None req-f51c3587-ed3d-4e5d-add4-2636b16e89ed tempest-FlavorsAccessTestJSON-2107896980 tempest-FlavorsAccessTestJSON-2107896980-project-admin] 10.222.0.43 "POST /compute/v2.1/flavors/1148994382/action" status: 200 len: 97 microversion: 2.1 time: 0.697176
Jun 15 20:17:35.503809 n-d-778347-10 devstack@n-api.service[119205]: [pid: 119205|app: 0|req: 7/12] 10.222.0.43 () {60 vars in 1199 bytes} [Wed Jun 15 20:17:34 2022] POST /compute/v2.1/flavors/1148994382/action => generated 97 bytes in 707 msecs (HTTP/1.1 200) 9 headers in 356 bytes (1 switches on core 0)
Jun 15 20:17:35.511315 n-d-778347-10 devstack@n-api.service[119205]: DEBUG nova.api.openstack.wsgi [None req-2c749f22-6030-44f3-9529-75a3644116cd tempest-AggregatesAdminTestJSON-99714109 tempest-AggregatesAdminTestJSON-99714109-project-admin] Calling method '>' {{(pid=119205) _process_stack /opt/stack/nova/nova/api/openstack/wsgi.py:513}}
Jun 15 20:17:35.517065 n-d-778347-10 devstack@n-api.service[119205]: /usr/local/lib/python3.8/dist-packages/oslo_policy/policy.py:1129: UserWarning: Policy "os_compute_api:os-aggregates:index": "rule:context_is_admin" failed scope check. The token used to make the request was project scoped but the policy requires ['system'] scope. This behavior may change in the future where using the intended scope is required
Jun 15 20:17:35.517065 n-d-778347-10 devstack@n-api.service[119205]: warnings.warn(msg)
Jun 15 20:17:35.557185 n-d-778347-10 devstack@n-api.service[119205]: INFO nova.api.openstack.requestlog [None req-2c749f22-6030-44f3-9529-75a3644116cd tempest-AggregatesAdminTestJSON-99714109 tempest-AggregatesAdminTestJSON-99714109-project-admin] 10.222.0.43 "GET /compute/v2.1/os-aggregates" status: 200 len: 303 microversion: 2.1 time: 0.052058
Jun 15 20:17:35.564930 n-d-778347-10 devstack@n-api.service[119205]: [pid: 119205|app: 0|req: 8/13] 10.222.0.43 () {58 vars in 1142 bytes} [Wed Jun 15 20:17:35 2022] GET /compute/v2.1/os-aggregates => generated 303 bytes in 60 msecs (HTTP/1.1 200) 9 headers in 357 bytes (1 switches on core 0)
Jun 15 20:17:35.577808 n-d-778347-10 devstack@n-api.service[119205]: DEBUG nova.api.openstack.wsgi [None req-e73ad6ff-6c1a-4b27-8675-049aed3a4b6d tempest-FlavorMetadataValidation-1191597644 tempest-FlavorMetadataValidation-1191597644-project-admin] Calling method '>' {{(pid=119205) _process_stack /opt/stack/nova/nova/api/openstack/wsgi.py:513}}
Jun 15 20:17:35.578833 n-d-778347-10 devstack@n-api.service[119205]: /usr/local/lib/python3.8/dist-packages/oslo_policy/policy.py:1129: UserWarning: Policy "os_compute_api:os-flavor-manage:delete": "rule:context_is_admin" failed scope check. The token used to make the request was project scoped but the policy requires ['system'] scope. This behavior may change in the future where using the intended scope is required
Jun 15 20:17:35.578833 n-d-778347-10 devstack@n-api.service[119205]: warnings.warn(msg)
Jun 15 20:17:35.633893 n-d-778347-10 devstack@n-api.service[119205]: INFO nova.api.openstack.requestlog [None req-e73ad6ff-6c1a-4b27-8675-049aed3a4b6d tempest-FlavorMetadataValidation-1191597644 tempest-FlavorMetadataValidation-1191597644-project-admin] 10.222.0.43 "DELETE /compute/v2.1/flavors/26766541" status: 202 len: 0 microversion: 2.86 time: 0.065814
Jun 15 20:17:35.635507 n-d-778347-10 devstack@n-api.service[119205]: [pid: 119205|app: 0|req: 9/14] 10.222.0.43 () {60 vars in 1195 bytes} [Wed Jun 15 20:17:35 2022] DELETE /compute/v2.1/flavors/26766541 => generated 0 bytes in 69 msecs (HTTP/1.1 202) 9 headers in 363 bytes (1 switches on core 0)
Jun 15 20:17:35.959624 n-d-778347-10 devstack@n-api.service[119204]: DEBUG nova.api.openstack.wsgi [None req-a89f9503-2ae3-41c9-8503-f74d4665d84e tempest-FlavorsExtraSpecsTestJSON-1201922121 tempest-FlavorsExtraSpecsTestJSON-1201922121-project] Calling method '>' {{(pid=119204) _process_stack /opt/stack/nova/nova/api/openstack/wsgi.py:513}}
Jun 15 20:17:36.020981 n-d-778347-10 devstack@n-api.service[119205]: DEBUG nova.api.openstack.wsgi [None req-65ea6553-349a-4468-a0d6-67e9c685ea7b tempest-FlavorsAccessTestJSON-155997787 tempest-FlavorsAccessTestJSON-155997787-project] Calling method '>' {{(pid=119205) _process_stack /opt/stack/nova/nova/api/openstack/wsgi.py:513}}
Jun 15 20:17:36.041932 n-d-778347-10 devstack@n-api.service[119204]: INFO nova.api.openstack.requestlog [None req-a89f9503-2ae3-41c9-8503-f74d4665d84e tempest-FlavorsExtraSpecsTestJSON-1201922121 tempest-FlavorsExtraSpecsTestJSON-1201922121-project] 10.222.0.43 "GET /compute/v2.1/flavors/1546479603/os-extra_specs" status: 200 len: 66 microversion: 2.1 time: 0.812862
Jun 15 20:17:36.042491 n-d-778347-10 devstack@n-api.service[119204]: [pid: 119204|app: 0|req: 6/15] 10.222.0.43 () {58 vars in 1202 bytes} [Wed Jun 15 20:17:35 2022] GET /compute/v2.1/flavors/1546479603/os-extra_specs => generated 66 bytes in 815 msecs (HTTP/1.1 200) 9 headers in 356 bytes (1 switches on core 0)
Jun 15 20:17:36.059905 n-d-778347-10 devstack@n-api.service[119204]: DEBUG nova.api.openstack.wsgi [None req-9a18cd0f-6fb1-4b8c-a9fd-5b528913c324 tempest-AggregatesAdminTestJSON-99714109 tempest-AggregatesAdminTestJSON-99714109-project-admin] Action: 'action', calling method: >, body: {"add_host": {"host": "n-h1-778347-10"}} {{(pid=119204) _process_stack /opt/stack/nova/nova/api/openstack/wsgi.py:511}}
Jun 15 20:17:36.064161 n-d-778347-10 devstack@n-api.service[119204]: /usr/local/lib/python3.8/dist-packages/oslo_policy/policy.py:1129: UserWarning: Policy "os_compute_api:os-aggregates:add_host": "rule:context_is_admin" failed scope check. The token used to make the request was project scoped but the policy requires ['system'] scope. This behavior may change in the future where using the intended scope is required
Jun 15 20:17:36.064161 n-d-778347-10 devstack@n-api.service[119204]: warnings.warn(msg)
Jun 15 20:17:36.105446 n-d-778347-10 devstack@n-api.service[119205]: INFO nova.api.openstack.requestlog [None req-65ea6553-349a-4468-a0d6-67e9c685ea7b tempest-FlavorsAccessTestJSON-155997787 tempest-FlavorsAccessTestJSON-155997787-project] 10.222.0.43 "GET /compute/v2.1/flavors/detail" status: 200 len: 5817 microversion: 2.1 time: 0.468273
Jun 15 20:17:36.117871 n-d-778347-10 devstack@n-api.service[119205]: [pid: 119205|app: 0|req: 10/16] 10.222.0.43 () {58 vars in 1145 bytes} [Wed Jun 15 20:17:35 2022] GET /compute/v2.1/flavors/detail => generated 5817 bytes in 481 msecs (HTTP/1.1 200) 9 headers in 358 bytes (1 switches on core 0)
Jun 15 20:17:36.136059 n-d-778347-10 devstack@n-api.service[119205]: DEBUG nova.api.openstack.wsgi [None req-790d1a95-9e6b-4e40-b4f4-be9ea58dda7f tempest-FlavorMetadataValidation-1191597644 tempest-FlavorMetadataValidation-1191597644-project-admin] Calling method '>' {{(pid=119205) _process_stack /opt/stack/nova/nova/api/openstack/wsgi.py:513}}
Jun 15 20:17:36.147292 n-d-778347-10 devstack@n-api.service[119204]: DEBUG oslo_concurrency.lockutils [None req-9a18cd0f-6fb1-4b8c-a9fd-5b528913c324 tempest-AggregatesAdminTestJSON-99714109 tempest-AggregatesAdminTestJSON-99714109-project-admin] Lock "ba2714e8-b34c-4347-9081-eddd55f375f8" acquired by "nova.context.set_target_cell..get_or_set_cached_cell_and_set_connections" :: waited 0.000s {{(pid=119204) inner /usr/local/lib/python3.8/dist-packages/oslo_concurrency/lockutils.py:386}}
Jun 15 20:17:36.148137 n-d-778347-10 devstack@n-api.service[119204]: DEBUG oslo_concurrency.lockutils [None req-9a18cd0f-6fb1-4b8c-a9fd-5b528913c324 tempest-AggregatesAdminTestJSON-99714109 tempest-AggregatesAdminTestJSON-99714109-project-admin] Lock "ba2714e8-b34c-4347-9081-eddd55f375f8" "released" by "nova.context.set_target_cell..get_or_set_cached_cell_and_set_connections" :: held 0.002s {{(pid=119204) inner /usr/local/lib/python3.8/dist-packages/oslo_concurrency/lockutils.py:400}}
Jun 15 20:17:36.194742 n-d-778347-10 devstack@n-api.service[119205]: INFO nova.api.openstack.requestlog [None req-790d1a95-9e6b-4e40-b4f4-be9ea58dda7f tempest-FlavorMetadataValidation-1191597644 tempest-FlavorMetadataValidation-1191597644-project-admin] 10.222.0.43 "GET /compute/v2.1/flavors/detail" status: 200 len: 6270 microversion: 2.86 time: 0.072205
Jun 15 20:17:36.200145 n-d-778347-10 devstack@n-api.service[119205]: [pid: 119205|app: 0|req: 11/17] 10.222.0.43 () {60 vars in 1186 bytes} [Wed Jun 15 20:17:36 2022] GET /compute/v2.1/flavors/detail => generated 6270 bytes in 81 msecs (HTTP/1.1 200) 9 headers in 360 bytes (1 switches on core 0)
Jun 15 20:17:36.212666 n-d-778347-10 devstack@n-api.service[119205]: DEBUG nova.api.openstack.wsgi [None req-849305c9-c575-4669-aed9-dd150b08ab82 tempest-FlavorsExtraSpecsTestJSON-448541606 tempest-FlavorsExtraSpecsTestJSON-448541606-project-admin] Action: 'create', calling method: >, body: {"extra_specs": {"hw:numa_nodes": "1", "hw:cpu_policy": "shared"}} {{(pid=119205) _process_stack /opt/stack/nova/nova/api/openstack/wsgi.py:511}}
Jun 15 20:17:36.214337 n-d-778347-10 devstack@n-api.service[119205]: /usr/local/lib/python3.8/dist-packages/oslo_policy/policy.py:1129: UserWarning: Policy "os_compute_api:os-flavor-extra-specs:create": "rule:context_is_admin" failed scope check. The token used to make the request was project scoped but the policy requires ['system'] scope. This behavior may change in the future where using the intended scope is required
Jun 15 20:17:36.214337 n-d-778347-10 devstack@n-api.service[119205]: warnings.warn(msg)
Jun 15 20:17:36.253137 n-d-778347-10 devstack@n-api.service[119205]: INFO nova.api.openstack.requestlog [None req-849305c9-c575-4669-aed9-dd150b08ab82 tempest-FlavorsExtraSpecsTestJSON-448541606 tempest-FlavorsExtraSpecsTestJSON-448541606-project-admin] 10.222.0.43 "POST /compute/v2.1/flavors/1546479603/os-extra_specs" status: 200 len: 66 microversion: 2.1 time: 0.051480
Jun 15 20:17:36.254310 n-d-778347-10 devstack@n-api.service[119205]: [pid: 119205|app: 0|req: 12/18] 10.222.0.43 () {60 vars in 1223 bytes} [Wed Jun 15 20:17:36 2022] POST /compute/v2.1/flavors/1546479603/os-extra_specs => generated 66 bytes in 53 msecs (HTTP/1.1 200) 9 headers in 356 bytes (1 switches on core 0)
Jun 15 20:17:36.266676 n-d-778347-10 devstack@n-api.service[119205]: DEBUG nova.api.openstack.wsgi [None req-fce9ee78-f9cc-4aac-a2e3-c7cd4e9c2125 tempest-FlavorsAccessTestJSON-2107896980 tempest-FlavorsAccessTestJSON-2107896980-project-admin] Action: 'action', calling method: >, body: {"removeTenantAccess": {"tenant": "dcc2b9e8f10442e59ca9d939e8b15fe8"}} {{(pid=119205) _process_stack /opt/stack/nova/nova/api/openstack/wsgi.py:511}}
Jun 15 20:17:36.268406 n-d-778347-10 devstack@n-api.service[119205]: /usr/local/lib/python3.8/dist-packages/oslo_policy/policy.py:1129: UserWarning: Policy "os_compute_api:os-flavor-access:remove_tenant_access": "rule:context_is_admin" failed scope check. The token used to make the request was project scoped but the policy requires ['system'] scope. This behavior may change in the future where using the intended scope is required
Jun 15 20:17:36.268406 n-d-778347-10 devstack@n-api.service[119205]: warnings.warn(msg)
Jun 15 20:17:37.053971 n-d-778347-10 devstack@n-api.service[119205]: INFO nova.api.openstack.requestlog [None req-fce9ee78-f9cc-4aac-a2e3-c7cd4e9c2125 tempest-FlavorsAccessTestJSON-2107896980 tempest-FlavorsAccessTestJSON-2107896980-project-admin] 10.222.0.43 "POST /compute/v2.1/flavors/1148994382/action" status: 200 len: 21 microversion: 2.1 time: 0.793570
Jun 15 20:17:37.056293 n-d-778347-10 devstack@n-api.service[119205]: [pid: 119205|app: 0|req: 13/19] 10.222.0.43 () {60 vars in 1199 bytes} [Wed Jun 15 20:17:36 2022] POST /compute/v2.1/flavors/1148994382/action => generated 21 bytes in 797 msecs (HTTP/1.1 200) 9 headers in 356 bytes (1 switches on core 0)
Jun 15 20:17:37.065000 n-d-778347-10 devstack@n-api.service[119205]: DEBUG nova.api.openstack.wsgi [None req-0abf4aef-a085-42e4-bc06-3958da02657f tempest-FlavorsExtraSpecsTestJSON-1201922121 tempest-FlavorsExtraSpecsTestJSON-1201922121-project] Calling method '>' {{(pid=119205) _process_stack /opt/stack/nova/nova/api/openstack/wsgi.py:513}}
Jun 15 20:17:37.117798 n-d-778347-10 devstack@n-api.service[119205]: INFO nova.api.openstack.requestlog [None req-0abf4aef-a085-42e4-bc06-3958da02657f tempest-FlavorsExtraSpecsTestJSON-1201922121 tempest-FlavorsExtraSpecsTestJSON-1201922121-project] 10.222.0.43 "GET /compute/v2.1/flavors/1546479603/os-extra_specs/hw:numa_nodes" status: 200 len: 22 microversion: 2.1 time: 0.059333
Jun 15 20:17:37.123701 n-d-778347-10 devstack@n-api.service[119205]: [pid: 119205|app: 0|req: 14/20] 10.222.0.43 () {58 vars in 1244 bytes} [Wed Jun 15 20:17:37 2022] GET /compute/v2.1/flavors/1546479603/os-extra_specs/hw:numa_nodes => generated 22 bytes in 66 msecs (HTTP/1.1 200) 9 headers in 356 bytes (1 switches on core 0)
Jun 15 20:17:37.129290 n-d-778347-10 devstack@n-api.service[119205]: DEBUG nova.api.openstack.wsgi [None req-76716672-346b-4ce6-9a93-31946e3c6226 tempest-FlavorsAccessTestJSON-155997787 tempest-FlavorsAccessTestJSON-155997787-project] Calling method '>' {{(pid=119205) _process_stack /opt/stack/nova/nova/api/openstack/wsgi.py:513}}
Jun 15 20:17:37.163885 n-d-778347-10 devstack@n-api.service[119205]: INFO nova.api.openstack.requestlog [None req-76716672-346b-4ce6-9a93-31946e3c6226 tempest-FlavorsAccessTestJSON-155997787 tempest-FlavorsAccessTestJSON-155997787-project] 10.222.0.43 "GET /compute/v2.1/flavors/detail" status: 200 len: 5397 microversion: 2.1 time: 0.031187
Jun 15 20:17:37.165818 n-d-778347-10 devstack@n-api.service[119205]: [pid: 119205|app: 0|req: 15/21] 10.222.0.43 () {58 vars in 1145 bytes} [Wed Jun 15 20:17:37 2022] GET /compute/v2.1/flavors/detail => generated 5397 bytes in 41 msecs (HTTP/1.1 200) 9 headers in 358 bytes (1 switches on core 0)
Jun 15 20:17:37.170854 n-d-778347-10 devstack@n-api.service[119205]: DEBUG nova.api.openstack.wsgi [None req-257bae8b-bfe1-4530-9fb3-d17bd1bc905b tempest-FlavorsExtraSpecsTestJSON-448541606 tempest-FlavorsExtraSpecsTestJSON-448541606-project-admin] Action: 'create', calling method: >, body: {"extra_specs": {"hw:numa_nodes": "1", "hw:cpu_policy": "shared"}} {{(pid=119205) _process_stack /opt/stack/nova/nova/api/openstack/wsgi.py:511}}
Jun 15 20:17:37.224646 n-d-778347-10 devstack@n-api.service[119204]: INFO nova.api.openstack.requestlog [None req-9a18cd0f-6fb1-4b8c-a9fd-5b528913c324 tempest-AggregatesAdminTestJSON-99714109 tempest-AggregatesAdminTestJSON-99714109-project-admin] 10.222.0.43 "POST /compute/v2.1/os-aggregates/1/action" status: 200 len: 316 microversion: 2.1 time: 1.180456
Jun 15 20:17:37.225612 n-d-778347-10 devstack@n-api.service[119204]: [pid: 119204|app: 0|req: 7/22] 10.222.0.43 () {60 vars in 1190 bytes} [Wed Jun 15 20:17:36 2022] POST /compute/v2.1/os-aggregates/1/action => generated 316 bytes in 1182 msecs (HTTP/1.1 200) 9 headers in 357 bytes (1 switches on core 0)
Jun 15 20:17:37.231534 n-d-778347-10 devstack@n-api.service[119205]: INFO nova.api.openstack.requestlog [None req-257bae8b-bfe1-4530-9fb3-d17bd1bc905b tempest-FlavorsExtraSpecsTestJSON-448541606 tempest-FlavorsExtraSpecsTestJSON-448541606-project-admin] 10.222.0.43 "POST /compute/v2.1/flavors/1546479603/os-extra_specs" status: 200 len: 66 microversion: 2.1 time: 0.064275
Jun 15 20:17:37.234537 n-d-778347-10 devstack@n-api.service[119204]: DEBUG nova.api.openstack.wsgi [None req-e823a06b-3ee5-44f1-8ded-bcb9ae803c86 tempest-FlavorsAccessTestJSON-2107896980 tempest-FlavorsAccessTestJSON-2107896980-project-admin] Calling method '>' {{(pid=119204) _process_stack /opt/stack/nova/nova/api/openstack/wsgi.py:513}}
Jun 15 20:17:37.235330 n-d-778347-10 devstack@n-api.service[119204]: /usr/local/lib/python3.8/dist-packages/oslo_policy/policy.py:1129: UserWarning: Policy "os_compute_api:os-flavor-manage:delete": "rule:context_is_admin" failed scope check. The token used to make the request was project scoped but the policy requires ['system'] scope. This behavior may change in the future where using the intended scope is required
Jun 15 20:17:37.235330 n-d-778347-10 devstack@n-api.service[119204]: warnings.warn(msg)
Jun 15 20:17:37.236412 n-d-778347-10 devstack@n-api.service[119205]: [pid: 119205|app: 0|req: 16/23] 10.222.0.43 () {60 vars in 1223 bytes} [Wed Jun 15 20:17:37 2022] POST /compute/v2.1/flavors/1546479603/os-extra_specs => generated 66 bytes in 69 msecs (HTTP/1.1 200) 9 headers in 356 bytes (1 switches on core 0)
Jun 15 20:17:37.257985 n-d-778347-10 devstack@n-api.service[119205]: DEBUG nova.api.openstack.wsgi [None req-0b76d4ce-3138-439c-8587-3dc39b66c1b3 tempest-FlavorsExtraSpecsTestJSON-448541606 tempest-FlavorsExtraSpecsTestJSON-448541606-project-admin] Calling method '>' {{(pid=119205) _process_stack /opt/stack/nova/nova/api/openstack/wsgi.py:513}}
Jun 15 20:17:37.275328 n-d-778347-10 devstack@n-api.service[119204]: INFO nova.api.openstack.requestlog [None req-e823a06b-3ee5-44f1-8ded-bcb9ae803c86 tempest-FlavorsAccessTestJSON-2107896980 tempest-FlavorsAccessTestJSON-2107896980-project-admin] 10.222.0.43 "DELETE /compute/v2.1/flavors/1148994382" status: 202 len: 0 microversion: 2.1 time: 0.048429
Jun 15 20:17:37.275906 n-d-778347-10 devstack@n-api.service[119204]: [pid: 119204|app: 0|req: 8/24] 10.222.0.43 () {58 vars in 1160 bytes} [Wed Jun 15 20:17:37 2022] DELETE /compute/v2.1/flavors/1148994382 => generated 0 bytes in 50 msecs (HTTP/1.1 202) 9 headers in 361 bytes (1 switches on core 0)
Jun 15 20:17:37.287649 n-d-778347-10 devstack@n-api.service[119204]: DEBUG nova.api.openstack.wsgi [None req-9b3fbd82-641c-4a66-93c1-3d8b5d1d693a tempest-FlavorsAccessTestJSON-2107896980 tempest-FlavorsAccessTestJSON-2107896980-project-admin] Calling method '>' {{(pid=119204) _process_stack /opt/stack/nova/nova/api/openstack/wsgi.py:513}}
Jun 15 20:17:37.291749 n-d-778347-10 devstack@n-api.service[119205]: INFO nova.api.openstack.requestlog [None req-0b76d4ce-3138-439c-8587-3dc39b66c1b3 tempest-FlavorsExtraSpecsTestJSON-448541606 tempest-FlavorsExtraSpecsTestJSON-448541606-project-admin] 10.222.0.43 "GET /compute/v2.1/flavors/1546479603/os-extra_specs" status: 200 len: 66 microversion: 2.1 time: 0.052881
Jun 15 20:17:37.297030 n-d-778347-10 devstack@n-api.service[119205]: [pid: 119205|app: 0|req: 17/25] 10.222.0.43 () {58 vars in 1202 bytes} [Wed Jun 15 20:17:37 2022] GET /compute/v2.1/flavors/1546479603/os-extra_specs => generated 66 bytes in 60 msecs (HTTP/1.1 200) 9 headers in 356 bytes (1 switches on core 0)
Jun 15 20:17:37.303747 n-d-778347-10 devstack@n-api.service[119205]: DEBUG nova.api.openstack.wsgi [None req-5f07d157-5572-4441-952b-10d206d0f4a7 tempest-FlavorsExtraSpecsTestJSON-448541606 tempest-FlavorsExtraSpecsTestJSON-448541606-project-admin] Action: 'update', calling method: >, body: {"hw:numa_nodes": "2"} {{(pid=119205) _process_stack /opt/stack/nova/nova/api/openstack/wsgi.py:511}}
Jun 15 20:17:37.306207 n-d-778347-10 devstack@n-api.service[119205]: /usr/local/lib/python3.8/dist-packages/oslo_policy/policy.py:1129: UserWarning: Policy "os_compute_api:os-flavor-extra-specs:update": "rule:context_is_admin" failed scope check. The token used to make the request was project scoped but the policy requires ['system'] scope. This behavior may change in the future where using the intended scope is required
Jun 15 20:17:37.306207 n-d-778347-10 devstack@n-api.service[119205]: warnings.warn(msg)
Jun 15 20:17:37.342951 n-d-778347-10 devstack@n-api.service[119204]: INFO nova.api.openstack.requestlog [None req-9b3fbd82-641c-4a66-93c1-3d8b5d1d693a tempest-FlavorsAccessTestJSON-2107896980 tempest-FlavorsAccessTestJSON-2107896980-project-admin] 10.222.0.43 "GET /compute/v2.1/flavors/detail" status: 200 len: 5397 microversion: 2.1 time: 0.062704
Jun 15 20:17:37.347436 n-d-778347-10 devstack@n-api.service[119204]: [pid: 119204|app: 0|req: 9/26] 10.222.0.43 () {58 vars in 1145 bytes} [Wed Jun 15 20:17:37 2022] GET /compute/v2.1/flavors/detail => generated 5397 bytes in 67 msecs (HTTP/1.1 200) 9 headers in 358 bytes (1 switches on core 0)
Jun 15 20:17:37.363635 n-d-778347-10 devstack@n-api.service[119204]: DEBUG nova.api.openstack.wsgi [None req-ab39dfe4-f02e-4c4a-b50a-146a6930eec3 tempest-FlavorsAccessTestJSON-2107896980 tempest-FlavorsAccessTestJSON-2107896980-project-admin] Action: 'create', calling method: >, body: {"flavor": {"ram": 512, "vcpus": 1, "disk": 10, "name": "tempest-FlavorsAccessTestJSON-flavor-592192673", "id": 1580610895, "os-flavor-access:is_public": "False"}} {{(pid=119204) _process_stack /opt/stack/nova/nova/api/openstack/wsgi.py:511}}
Jun 15 20:17:37.378352 n-d-778347-10 devstack@n-api.service[119205]: INFO nova.api.openstack.requestlog [None req-5f07d157-5572-4441-952b-10d206d0f4a7 tempest-FlavorsExtraSpecsTestJSON-448541606 tempest-FlavorsExtraSpecsTestJSON-448541606-project-admin] 10.222.0.43 "PUT /compute/v2.1/flavors/1546479603/os-extra_specs/hw:numa_nodes" status: 200 len: 22 microversion: 2.1 time: 0.080201
Jun 15 20:17:37.379272 n-d-778347-10 devstack@n-api.service[119205]: [pid: 119205|app: 0|req: 18/27] 10.222.0.43 () {60 vars in 1264 bytes} [Wed Jun 15 20:17:37 2022] PUT /compute/v2.1/flavors/1546479603/os-extra_specs/hw:numa_nodes => generated 22 bytes in 82 msecs (HTTP/1.1 200) 9 headers in 356 bytes (1 switches on core 0)
Jun 15 20:17:37.387996 n-d-778347-10 devstack@n-api.service[119205]: DEBUG nova.api.openstack.wsgi [None req-1dfbed1a-4937-4dba-8e0c-3cfc8ca963b3 tempest-FlavorsExtraSpecsTestJSON-448541606 tempest-FlavorsExtraSpecsTestJSON-448541606-project-admin] Calling method '>' {{(pid=119205) _process_stack /opt/stack/nova/nova/api/openstack/wsgi.py:513}}
Jun 15 20:17:37.390670 n-d-778347-10 devstack@n-api.service[119204]: /usr/local/lib/python3.8/dist-packages/oslo_policy/policy.py:1129: UserWarning: Policy "os_compute_api:os-flavor-manage:create": "rule:context_is_admin" failed scope check. The token used to make the request was project scoped but the policy requires ['system'] scope. This behavior may change in the future where using the intended scope is required
Jun 15 20:17:37.390670 n-d-778347-10 devstack@n-api.service[119204]: warnings.warn(msg)
Jun 15 20:17:37.408346 n-d-778347-10 devstack@n-api.service[119205]: INFO nova.api.openstack.requestlog [None req-1dfbed1a-4937-4dba-8e0c-3cfc8ca963b3 tempest-FlavorsExtraSpecsTestJSON-448541606 tempest-FlavorsExtraSpecsTestJSON-448541606-project-admin] 10.222.0.43 "GET /compute/v2.1/flavors/1546479603/os-extra_specs" status: 200 len: 66 microversion: 2.1 time: 0.017720
Jun 15 20:17:37.412108 n-d-778347-10 devstack@n-api.service[119204]: INFO nova.api.openstack.requestlog [None req-ab39dfe4-f02e-4c4a-b50a-146a6930eec3 tempest-FlavorsAccessTestJSON-2107896980 tempest-FlavorsAccessTestJSON-2107896980-project-admin] 10.222.0.43 "POST /compute/v2.1/flavors" status: 200 len: 430 microversion: 2.1 time: 0.051937
Jun 15 20:17:37.418346 n-d-778347-10 devstack@n-api.service[119205]: [pid: 119205|app: 0|req: 19/28] 10.222.0.43 () {58 vars in 1202 bytes} [Wed Jun 15 20:17:37 2022] GET /compute/v2.1/flavors/1546479603/os-extra_specs => generated 66 bytes in 34 msecs (HTTP/1.1 200) 9 headers in 356 bytes (2 switches on core 0)
Jun 15 20:17:37.423606 n-d-778347-10 devstack@n-api.service[119205]: DEBUG nova.api.openstack.wsgi [None req-0b84e107-063e-4dea-8040-eb7e6fb917b8 tempest-FlavorsExtraSpecsTestJSON-448541606 tempest-FlavorsExtraSpecsTestJSON-448541606-project-admin] Calling method '>' {{(pid=119205) _process_stack /opt/stack/nova/nova/api/openstack/wsgi.py:513}}
Jun 15 20:17:37.424415 n-d-778347-10 devstack@n-api.service[119205]: /usr/local/lib/python3.8/dist-packages/oslo_policy/policy.py:1129: UserWarning: Policy "os_compute_api:os-flavor-extra-specs:delete": "rule:context_is_admin" failed scope check. The token used to make the request was project scoped but the policy requires ['system'] scope. This behavior may change in the future where using the intended scope is required
Jun 15 20:17:37.424415 n-d-778347-10 devstack@n-api.service[119205]: warnings.warn(msg)
Jun 15 20:17:37.427939 n-d-778347-10 devstack@n-api.service[119204]: [pid: 119204|app: 0|req: 10/29] 10.222.0.43 () {60 vars in 1146 bytes} [Wed Jun 15 20:17:37 2022] POST /compute/v2.1/flavors => generated 430 bytes in 68 msecs (HTTP/1.1 200) 9 headers in 357 bytes (1 switches on core 0)
Jun 15 20:17:37.433407 n-d-778347-10 devstack@n-api.service[119204]: DEBUG nova.api.openstack.wsgi [None req-d3b59b6e-45b4-4d7a-84ee-e511c35e8b1a tempest-FlavorsAccessTestJSON-2107896980 tempest-FlavorsAccessTestJSON-2107896980-project-admin] Calling method '>' {{(pid=119204) _process_stack /opt/stack/nova/nova/api/openstack/wsgi.py:513}}
Jun 15 20:17:37.434394 n-d-778347-10 devstack@n-api.service[119204]: /usr/local/lib/python3.8/dist-packages/oslo_policy/policy.py:1129: UserWarning: Policy "os_compute_api:os-flavor-access": "rule:context_is_admin" failed scope check. The token used to make the request was project scoped but the policy requires ['system'] scope. This behavior may change in the future where using the intended scope is required
Jun 15 20:17:37.434394 n-d-778347-10 devstack@n-api.service[119204]: warnings.warn(msg)
Jun 15 20:17:37.461970 n-d-778347-10 devstack@n-api.service[119204]: INFO nova.api.openstack.requestlog [None req-d3b59b6e-45b4-4d7a-84ee-e511c35e8b1a tempest-FlavorsAccessTestJSON-2107896980 tempest-FlavorsAccessTestJSON-2107896980-project-admin] 10.222.0.43 "GET /compute/v2.1/flavors/1580610895/os-flavor-access" status: 200 len: 21 microversion: 2.1 time: 0.032631
Jun 15 20:17:37.469134 n-d-778347-10 devstack@n-api.service[119204]: [pid: 119204|app: 0|req: 11/30] 10.222.0.43 () {58 vars in 1208 bytes} [Wed Jun 15 20:17:37 2022] GET /compute/v2.1/flavors/1580610895/os-flavor-access => generated 21 bytes in 40 msecs (HTTP/1.1 200) 9 headers in 356 bytes (1 switches on core 0)
Jun 15 20:17:37.476451 n-d-778347-10 devstack@n-api.service[119204]: DEBUG nova.api.openstack.wsgi [None req-55900920-d18d-4d25-8536-0451aef15a3c tempest-FlavorsAccessTestJSON-2107896980 tempest-FlavorsAccessTestJSON-2107896980-project-admin] Calling method '>' {{(pid=119204) _process_stack /opt/stack/nova/nova/api/openstack/wsgi.py:513}}
Jun 15 20:17:37.489997 n-d-778347-10 devstack@n-api.service[119205]: DEBUG dbcounter [-] [119205] Writing DB stats nova_api:SELECT=75,nova_api:INSERT=5,nova_api:DELETE=5,nova_api:SAVEPOINT=7,nova_api:RELEASE=7,nova_api:UPDATE=1 {{(pid=119205) stat_writer /usr/local/lib/python3.8/dist-packages/dbcounter.py:114}}
Jun 15 20:17:37.496296 n-d-778347-10 devstack@n-api.service[119205]: INFO nova.api.openstack.requestlog [None req-0b84e107-063e-4dea-8040-eb7e6fb917b8 tempest-FlavorsExtraSpecsTestJSON-448541606 tempest-FlavorsExtraSpecsTestJSON-448541606-project-admin] 10.222.0.43 "DELETE /compute/v2.1/flavors/1546479603/os-extra_specs/hw:numa_nodes" status: 200 len: 0 microversion: 2.1 time: 0.076077
Jun 15 20:17:37.500370 n-d-778347-10 devstack@n-api.service[119205]: [pid: 119205|app: 0|req: 20/31] 10.222.0.43 () {58 vars in 1247 bytes} [Wed Jun 15 20:17:37 2022] DELETE /compute/v2.1/flavors/1546479603/os-extra_specs/hw:numa_nodes => generated 0 bytes in 81 msecs (HTTP/1.1 200) 9 headers in 355 bytes (1 switches on core 0)
Jun 15 20:17:37.513228 n-d-778347-10 devstack@n-api.service[119204]: INFO nova.api.openstack.requestlog [None req-55900920-d18d-4d25-8536-0451aef15a3c tempest-FlavorsAccessTestJSON-2107896980 tempest-FlavorsAccessTestJSON-2107896980-project-admin] 10.222.0.43 "DELETE /compute/v2.1/flavors/1580610895" status: 202 len: 0 microversion: 2.1 time: 0.042896
Jun 15 20:17:37.517974 n-d-778347-10 devstack@n-api.service[119205]: DEBUG nova.api.openstack.wsgi [None req-6c762491-e2c8-44c4-89a6-e5061a7c9b48 tempest-FlavorsExtraSpecsTestJSON-448541606 tempest-FlavorsExtraSpecsTestJSON-448541606-project-admin] Calling method '>' {{(pid=119205) _process_stack /opt/stack/nova/nova/api/openstack/wsgi.py:513}}
Jun 15 20:17:37.520661 n-d-778347-10 devstack@n-api.service[119204]: [pid: 119204|app: 0|req: 12/32] 10.222.0.43 () {58 vars in 1160 bytes} [Wed Jun 15 20:17:37 2022] DELETE /compute/v2.1/flavors/1580610895 => generated 0 bytes in 51 msecs (HTTP/1.1 202) 9 headers in 361 bytes (1 switches on core 0)
Jun 15 20:17:37.530056 n-d-778347-10 devstack@n-api.service[119204]: DEBUG nova.api.openstack.wsgi [None req-3481beab-f22d-4c63-ba6b-5000dd6cfdab tempest-FlavorsAccessTestJSON-2107896980 tempest-FlavorsAccessTestJSON-2107896980-project-admin] Calling method '>' {{(pid=119204) _process_stack /opt/stack/nova/nova/api/openstack/wsgi.py:513}}
Jun 15 20:17:37.561818 n-d-778347-10 devstack@n-api.service[119205]: INFO nova.api.openstack.requestlog [None req-6c762491-e2c8-44c4-89a6-e5061a7c9b48 tempest-FlavorsExtraSpecsTestJSON-448541606 tempest-FlavorsExtraSpecsTestJSON-448541606-project-admin] 10.222.0.43 "DELETE /compute/v2.1/flavors/1546479603/os-extra_specs/hw:cpu_policy" status: 200 len: 0 microversion: 2.1 time: 0.060305
Jun 15 20:17:37.562869 n-d-778347-10 devstack@n-api.service[119205]: [pid: 119205|app: 0|req: 21/33] 10.222.0.43 () {58 vars in 1247 bytes} [Wed Jun 15 20:17:37 2022] DELETE /compute/v2.1/flavors/1546479603/os-extra_specs/hw:cpu_policy => generated 0 bytes in 62 msecs (HTTP/1.1 200) 9 headers in 355 bytes (1 switches on core 0)
Jun 15 20:17:37.572937 n-d-778347-10 devstack@n-api.service[119205]: DEBUG nova.api.openstack.wsgi [None req-f1ca849a-0ddf-42ef-bd09-5d3f8697e531 tempest-FlavorsExtraSpecsTestJSON-448541606 tempest-FlavorsExtraSpecsTestJSON-448541606-project-admin] Calling method '>' {{(pid=119205) _process_stack /opt/stack/nova/nova/api/openstack/wsgi.py:513}}
Jun 15 20:17:37.585416 n-d-778347-10 devstack@n-api.service[119204]: INFO nova.api.openstack.requestlog [None req-3481beab-f22d-4c63-ba6b-5000dd6cfdab tempest-FlavorsAccessTestJSON-2107896980 tempest-FlavorsAccessTestJSON-2107896980-project-admin] 10.222.0.43 "GET /compute/v2.1/flavors/detail" status: 200 len: 5397 microversion: 2.1 time: 0.060505
Jun 15 20:17:37.586828 n-d-778347-10 devstack@n-api.service[119204]: [pid: 119204|app: 0|req: 13/34] 10.222.0.43 () {58 vars in 1145 bytes} [Wed Jun 15 20:17:37 2022] GET /compute/v2.1/flavors/detail => generated 5397 bytes in 65 msecs (HTTP/1.1 200) 9 headers in 358 bytes (1 switches on core 0)
Jun 15 20:17:37.598297 n-d-778347-10 devstack@n-api.service[119205]: INFO nova.api.openstack.requestlog [None req-f1ca849a-0ddf-42ef-bd09-5d3f8697e531 tempest-FlavorsExtraSpecsTestJSON-448541606 tempest-FlavorsExtraSpecsTestJSON-448541606-project-admin] 10.222.0.43 "GET /compute/v2.1/flavors/1546479603/os-extra_specs" status: 200 len: 19 microversion: 2.1 time: 0.028748
Jun 15 20:17:37.599143 n-d-778347-10 devstack@n-api.service[119205]: [pid: 119205|app: 0|req: 22/35] 10.222.0.43 () {58 vars in 1202 bytes} [Wed Jun 15 20:17:37 2022] GET /compute/v2.1/flavors/1546479603/os-extra_specs => generated 19 bytes in 31 msecs (HTTP/1.1 200) 9 headers in 356 bytes (1 switches on core 0)
Jun 15 20:17:37.610633 n-d-778347-10 devstack@n-api.service[119204]: DEBUG nova.api.openstack.wsgi [None req-5cbdedca-4318-4dba-a902-84c2d8bb2e33 tempest-FlavorsExtraSpecsTestJSON-448541606 tempest-FlavorsExtraSpecsTestJSON-448541606-project-admin] Calling method '>' {{(pid=119204) _process_stack /opt/stack/nova/nova/api/openstack/wsgi.py:513}}
Jun 15 20:17:37.635572 n-d-778347-10 devstack@n-api.service[119204]: INFO nova.api.openstack.requestlog [None req-5cbdedca-4318-4dba-a902-84c2d8bb2e33 tempest-FlavorsExtraSpecsTestJSON-448541606 tempest-FlavorsExtraSpecsTestJSON-448541606-project-admin] 10.222.0.43 "DELETE /compute/v2.1/flavors/1546479603" status: 202 len: 0 microversion: 2.1 time: 0.029309
Jun 15 20:17:37.636764 n-d-778347-10 devstack@n-api.service[119204]: [pid: 119204|app: 0|req: 14/36] 10.222.0.43 () {58 vars in 1160 bytes} [Wed Jun 15 20:17:37 2022] DELETE /compute/v2.1/flavors/1546479603 => generated 0 bytes in 31 msecs (HTTP/1.1 202) 9 headers in 361 bytes (1 switches on core 0)
Jun 15 20:17:37.645742 n-d-778347-10 devstack@n-api.service[119204]: DEBUG nova.api.openstack.wsgi [None req-b1423737-f4c5-42cd-b4d9-e6aa6faad4ad tempest-FlavorsExtraSpecsTestJSON-448541606 tempest-FlavorsExtraSpecsTestJSON-448541606-project-admin] Calling method '>' {{(pid=119204) _process_stack /opt/stack/nova/nova/api/openstack/wsgi.py:513}}
Jun 15 20:17:37.667045 n-d-778347-10 devstack@n-api.service[119204]: INFO nova.api.openstack.requestlog [None req-b1423737-f4c5-42cd-b4d9-e6aa6faad4ad tempest-FlavorsExtraSpecsTestJSON-448541606 tempest-FlavorsExtraSpecsTestJSON-448541606-project-admin] 10.222.0.43 "GET /compute/v2.1/flavors/detail" status: 200 len: 4991 microversion: 2.1 time: 0.026412
Jun 15 20:17:37.667969 n-d-778347-10 devstack@n-api.service[119204]: [pid: 119204|app: 0|req: 15/37] 10.222.0.43 () {58 vars in 1145 bytes} [Wed Jun 15 20:17:37 2022] GET /compute/v2.1/flavors/detail => generated 4991 bytes in 28 msecs (HTTP/1.1 200) 9 headers in 358 bytes (1 switches on core 0)
Jun 15 20:17:38.183587 n-d-778347-10 devstack@n-api.service[119205]: DEBUG nova.api.openstack.wsgi [None req-cb822d9a-5cf5-47a2-8986-6749d41c4a01 tempest-AggregatesAdminTestJSON-244748062 tempest-AggregatesAdminTestJSON-244748062-project] Action: 'create', calling method: >, body: {"server": {"name": "tempest-AggregatesAdminTestJSON-server-2140693778", "imageRef": "75796dc6-bac2-47db-b732-948ba01fca5d", "flavorRef": "452", "availability_zone": "tempest-test_az-1455015200"}} {{(pid=119205) _process_stack /opt/stack/nova/nova/api/openstack/wsgi.py:511}}
Jun 15 20:17:38.209286 n-d-778347-10 devstack@n-api.service[119205]: DEBUG oslo_concurrency.lockutils [None req-cb822d9a-5cf5-47a2-8986-6749d41c4a01 tempest-AggregatesAdminTestJSON-244748062 tempest-AggregatesAdminTestJSON-244748062-project] Lock "00000000-0000-0000-0000-000000000000" acquired by "nova.context.set_target_cell..get_or_set_cached_cell_and_set_connections" :: waited 0.000s {{(pid=119205) inner /usr/local/lib/python3.8/dist-packages/oslo_concurrency/lockutils.py:386}}
Jun 15 20:17:38.209752 n-d-778347-10 devstack@n-api.service[119205]: DEBUG oslo_concurrency.lockutils [None req-cb822d9a-5cf5-47a2-8986-6749d41c4a01 tempest-AggregatesAdminTestJSON-244748062 tempest-AggregatesAdminTestJSON-244748062-project] Lock "00000000-0000-0000-0000-000000000000" "released" by "nova.context.set_target_cell..get_or_set_cached_cell_and_set_connections" :: held 0.001s {{(pid=119205) inner /usr/local/lib/python3.8/dist-packages/oslo_concurrency/lockutils.py:400}}
Jun 15 20:17:38.210567 n-d-778347-10 devstack@n-api.service[119205]: DEBUG oslo_concurrency.lockutils [None req-cb822d9a-5cf5-47a2-8986-6749d41c4a01 tempest-AggregatesAdminTestJSON-244748062 tempest-AggregatesAdminTestJSON-244748062-project] Lock "ba2714e8-b34c-4347-9081-eddd55f375f8" acquired by "nova.context.set_target_cell..get_or_set_cached_cell_and_set_connections" :: waited 0.000s {{(pid=119205) inner /usr/local/lib/python3.8/dist-packages/oslo_concurrency/lockutils.py:386}}
Jun 15 20:17:38.211010 n-d-778347-10 devstack@n-api.service[119205]: DEBUG oslo_concurrency.lockutils [None req-cb822d9a-5cf5-47a2-8986-6749d41c4a01 tempest-AggregatesAdminTestJSON-244748062 tempest-AggregatesAdminTestJSON-244748062-project] Lock "ba2714e8-b34c-4347-9081-eddd55f375f8" "released" by "nova.context.set_target_cell..get_or_set_cached_cell_and_set_connections" :: held 0.000s {{(pid=119205) inner /usr/local/lib/python3.8/dist-packages/oslo_concurrency/lockutils.py:400}}
Jun 15 20:17:39.609852 n-d-778347-10 devstack@n-api.service[119205]: DEBUG nova.network.neutron [None req-cb822d9a-5cf5-47a2-8986-6749d41c4a01 tempest-AggregatesAdminTestJSON-244748062 tempest-AggregatesAdminTestJSON-244748062-project] validate_networks() for None {{(pid=119205) validate_networks /opt/stack/nova/nova/network/neutron.py:2626}}
Jun 15 20:17:40.010700 n-d-778347-10 devstack@n-api.service[119205]: DEBUG nova.virt.hardware [None req-cb822d9a-5cf5-47a2-8986-6749d41c4a01 tempest-AggregatesAdminTestJSON-244748062 tempest-AggregatesAdminTestJSON-244748062-project] Flavor limits 0:0:0 {{(pid=119205) get_cpu_topology_constraints /opt/stack/nova/nova/virt/hardware.py:343}}
Jun 15 20:17:40.011565 n-d-778347-10 devstack@n-api.service[119205]: DEBUG nova.virt.hardware [None req-cb822d9a-5cf5-47a2-8986-6749d41c4a01 tempest-AggregatesAdminTestJSON-244748062 tempest-AggregatesAdminTestJSON-244748062-project] Image limits 0:0:0 {{(pid=119205) get_cpu_topology_constraints /opt/stack/nova/nova/virt/hardware.py:347}}
Jun 15 20:17:40.012127 n-d-778347-10 devstack@n-api.service[119205]: DEBUG nova.virt.hardware [None req-cb822d9a-5cf5-47a2-8986-6749d41c4a01 tempest-AggregatesAdminTestJSON-244748062 tempest-AggregatesAdminTestJSON-244748062-project] Flavor pref 0:0:0 {{(pid=119205) get_cpu_topology_constraints /opt/stack/nova/nova/virt/hardware.py:383}}
Jun 15 20:17:40.012582 n-d-778347-10 devstack@n-api.service[119205]: DEBUG nova.virt.hardware [None req-cb822d9a-5cf5-47a2-8986-6749d41c4a01 tempest-AggregatesAdminTestJSON-244748062 tempest-AggregatesAdminTestJSON-244748062-project] Image pref 0:0:0 {{(pid=119205) get_cpu_topology_constraints /opt/stack/nova/nova/virt/hardware.py:387}}
Jun 15 20:17:40.013220 n-d-778347-10 devstack@n-api.service[119205]: DEBUG nova.virt.hardware [None req-cb822d9a-5cf5-47a2-8986-6749d41c4a01 tempest-AggregatesAdminTestJSON-244748062 tempest-AggregatesAdminTestJSON-244748062-project] Chose sockets=0, cores=0, threads=0; limits were sockets=65536, cores=65536, threads=65536 {{(pid=119205) get_cpu_topology_constraints /opt/stack/nova/nova/virt/hardware.py:425}}
Jun 15 20:17:40.029716 n-d-778347-10 devstack@n-api.service[119205]: DEBUG oslo_concurrency.lockutils [None req-cb822d9a-5cf5-47a2-8986-6749d41c4a01 tempest-AggregatesAdminTestJSON-244748062 tempest-AggregatesAdminTestJSON-244748062-project] Lock "00000000-0000-0000-0000-000000000000" acquired by "nova.context.set_target_cell..get_or_set_cached_cell_and_set_connections" :: waited 0.000s {{(pid=119205) inner /usr/local/lib/python3.8/dist-packages/oslo_concurrency/lockutils.py:386}}
Jun 15 20:17:40.030171 n-d-778347-10 devstack@n-api.service[119205]: DEBUG oslo_concurrency.lockutils [None req-cb822d9a-5cf5-47a2-8986-6749d41c4a01 tempest-AggregatesAdminTestJSON-244748062 tempest-AggregatesAdminTestJSON-244748062-project] Lock "00000000-0000-0000-0000-000000000000" "released" by "nova.context.set_target_cell..get_or_set_cached_cell_and_set_connections" :: held 0.001s {{(pid=119205) inner /usr/local/lib/python3.8/dist-packages/oslo_concurrency/lockutils.py:400}}
Jun 15 20:17:40.030970 n-d-778347-10 devstack@n-api.service[119205]: DEBUG oslo_concurrency.lockutils [None req-cb822d9a-5cf5-47a2-8986-6749d41c4a01 tempest-AggregatesAdminTestJSON-244748062 tempest-AggregatesAdminTestJSON-244748062-project] Lock "ba2714e8-b34c-4347-9081-eddd55f375f8" acquired by "nova.context.set_target_cell..get_or_set_cached_cell_and_set_connections" :: waited 0.000s {{(pid=119205) inner /usr/local/lib/python3.8/dist-packages/oslo_concurrency/lockutils.py:386}}
Jun 15 20:17:40.031408 n-d-778347-10 devstack@n-api.service[119205]: DEBUG oslo_concurrency.lockutils [None req-cb822d9a-5cf5-47a2-8986-6749d41c4a01 tempest-AggregatesAdminTestJSON-244748062 tempest-AggregatesAdminTestJSON-244748062-project] Lock "ba2714e8-b34c-4347-9081-eddd55f375f8" "released" by "nova.context.set_target_cell..get_or_set_cached_cell_and_set_connections" :: held 0.000s {{(pid=119205) inner /usr/local/lib/python3.8/dist-packages/oslo_concurrency/lockutils.py:400}}
Jun 15 20:17:40.067138 n-d-778347-10 devstack@n-api.service[119205]: DEBUG nova.quota [None req-cb822d9a-5cf5-47a2-8986-6749d41c4a01 tempest-AggregatesAdminTestJSON-244748062 tempest-AggregatesAdminTestJSON-244748062-project] Getting quotas for project 581bd14019ed46d5b4130139b8d0c690. Resources: {'instances', 'cores', 'ram'} {{(pid=119205) _get_quotas /opt/stack/nova/nova/quota.py:393}}
Jun 15 20:17:40.073838 n-d-778347-10 devstack@n-api.service[119205]: DEBUG nova.quota [None req-cb822d9a-5cf5-47a2-8986-6749d41c4a01 tempest-AggregatesAdminTestJSON-244748062 tempest-AggregatesAdminTestJSON-244748062-project] Getting quotas for user 104442dce37d4c7792f0084bac281def and project 581bd14019ed46d5b4130139b8d0c690. Resources: {'instances', 'cores', 'ram'} {{(pid=119205) _get_quotas /opt/stack/nova/nova/quota.py:383}}
Jun 15 20:17:40.088247 n-d-778347-10 devstack@n-api.service[119205]: DEBUG nova.compute.api [None req-cb822d9a-5cf5-47a2-8986-6749d41c4a01 tempest-AggregatesAdminTestJSON-244748062 tempest-AggregatesAdminTestJSON-244748062-project] Going to run 1 instances... {{(pid=119205) _provision_instances /opt/stack/nova/nova/compute/api.py:1389}}
Jun 15 20:17:40.091361 n-d-778347-10 devstack@n-api.service[119205]: DEBUG nova.compute.api [None req-cb822d9a-5cf5-47a2-8986-6749d41c4a01 tempest-AggregatesAdminTestJSON-244748062 tempest-AggregatesAdminTestJSON-244748062-project] [instance: 918c7ed4-f613-4db3-a7f6-7614820e3418] block_device_mapping [BlockDeviceMapping(attachment_id=,boot_index=0,connection_info=None,created_at=,delete_on_termination=True,deleted=,deleted_at=,destination_type='local',device_name=None,device_type='disk',disk_bus=None,guest_format=None,id=,image_id='75796dc6-bac2-47db-b732-948ba01fca5d',instance=,instance_uuid=,no_device=False,snapshot_id=None,source_type='image',tag=None,updated_at=,uuid=,volume_id=None,volume_size=None,volume_type=None)] {{(pid=119205) _bdm_validate_set_size_and_instance /opt/stack/nova/nova/compute/api.py:1807}}
Jun 15 20:17:40.161904 n-d-778347-10 devstack@n-api.service[119205]: INFO nova.api.openstack.requestlog [None req-cb822d9a-5cf5-47a2-8986-6749d41c4a01 tempest-AggregatesAdminTestJSON-244748062 tempest-AggregatesAdminTestJSON-244748062-project] 10.222.0.43 "POST /compute/v2.1/servers" status: 202 len: 380 microversion: 2.1 time: 2.552585
Jun 15 20:17:40.168429 n-d-778347-10 devstack@n-api.service[119205]: [pid: 119205|app: 0|req: 23/38] 10.222.0.43 () {60 vars in 1146 bytes} [Wed Jun 15 20:17:37 2022] POST /compute/v2.1/servers => generated 380 bytes in 2561 msecs (HTTP/1.1 202) 10 headers in 451 bytes (1 switches on core 0)
Jun 15 20:17:40.174890 n-d-778347-10 devstack@n-api.service[119204]: DEBUG nova.api.openstack.wsgi [None req-8ce34a6b-a75b-4d63-b78c-97d72b3e2bdb tempest-AggregatesAdminTestJSON-244748062 tempest-AggregatesAdminTestJSON-244748062-project] Calling method '>' {{(pid=119204) _process_stack /opt/stack/nova/nova/api/openstack/wsgi.py:513}}
Jun 15 20:17:40.175648 n-d-778347-10 devstack@n-api.service[119204]: DEBUG nova.compute.api [None req-8ce34a6b-a75b-4d63-b78c-97d72b3e2bdb tempest-AggregatesAdminTestJSON-244748062 tempest-AggregatesAdminTestJSON-244748062-project] [instance: 918c7ed4-f613-4db3-a7f6-7614820e3418] Fetching instance by UUID {{(pid=119204) get /opt/stack/nova/nova/compute/api.py:2920}}
Jun 15 20:17:41.758880 n-d-778347-10 devstack@n-api.service[119204]: DEBUG nova.policy [None req-8ce34a6b-a75b-4d63-b78c-97d72b3e2bdb tempest-AggregatesAdminTestJSON-244748062 tempest-AggregatesAdminTestJSON-244748062-project] Policy check for os_compute_api:os-extended-server-attributes failed with credentials {'is_admin': False, 'user_id': '104442dce37d4c7792f0084bac281def', 'user_domain_id': 'default', 'system_scope': None, 'domain_id': None, 'project_id': '581bd14019ed46d5b4130139b8d0c690', 'project_domain_id': 'default', 'roles': ['member', 'reader'], 'is_admin_project': True, 'service_user_id': None, 'service_user_domain_id': None, 'service_project_id': None, 'service_project_domain_id': None, 'service_roles': []} {{(pid=119204) authorize /opt/stack/nova/nova/policy.py:199}}
Jun 15 20:17:41.772967 n-d-778347-10 devstack@n-api.service[119204]: INFO nova.api.openstack.requestlog [None req-8ce34a6b-a75b-4d63-b78c-97d72b3e2bdb tempest-AggregatesAdminTestJSON-244748062 tempest-AggregatesAdminTestJSON-244748062-project] 10.222.0.43 "GET /compute/v2.1/servers/918c7ed4-f613-4db3-a7f6-7614820e3418" status: 200 len: 1243 microversion: 2.1 time: 1.602098
Jun 15 20:17:41.778855 n-d-778347-10 devstack@n-api.service[119204]: [pid: 119204|app: 0|req: 16/39] 10.222.0.43 () {58 vars in 1235 bytes} [Wed Jun 15 20:17:40 2022] GET /compute/v2.1/servers/918c7ed4-f613-4db3-a7f6-7614820e3418 => generated 1243 bytes in 1608 msecs (HTTP/1.1 200) 9 headers in 358 bytes (1 switches on core 0)
Jun 15 20:17:42.793730 n-d-778347-10 devstack@n-api.service[119205]: DEBUG nova.api.openstack.wsgi [None req-1b2dc734-4b67-4df9-b731-0a8707dbec8e tempest-AggregatesAdminTestJSON-244748062 tempest-AggregatesAdminTestJSON-244748062-project] Calling method '>' {{(pid=119205) _process_stack /opt/stack/nova/nova/api/openstack/wsgi.py:513}}
Jun 15 20:17:42.794605 n-d-778347-10 devstack@n-api.service[119205]: DEBUG nova.compute.api [None req-1b2dc734-4b67-4df9-b731-0a8707dbec8e tempest-AggregatesAdminTestJSON-244748062 tempest-AggregatesAdminTestJSON-244748062-project] [instance: 918c7ed4-f613-4db3-a7f6-7614820e3418] Fetching instance by UUID {{(pid=119205) get /opt/stack/nova/nova/compute/api.py:2920}}
Jun 15 20:17:42.816596 n-d-778347-10 devstack@n-api.service[119205]: DEBUG oslo_concurrency.lockutils [None req-1b2dc734-4b67-4df9-b731-0a8707dbec8e tempest-AggregatesAdminTestJSON-244748062 tempest-AggregatesAdminTestJSON-244748062-project] Lock "ba2714e8-b34c-4347-9081-eddd55f375f8" acquired by "nova.context.set_target_cell..get_or_set_cached_cell_and_set_connections" :: waited 0.000s {{(pid=119205) inner /usr/local/lib/python3.8/dist-packages/oslo_concurrency/lockutils.py:386}}
Jun 15 20:17:42.817037 n-d-778347-10 devstack@n-api.service[119205]: DEBUG oslo_concurrency.lockutils [None req-1b2dc734-4b67-4df9-b731-0a8707dbec8e tempest-AggregatesAdminTestJSON-244748062 tempest-AggregatesAdminTestJSON-244748062-project] Lock "ba2714e8-b34c-4347-9081-eddd55f375f8" "released" by "nova.context.set_target_cell..get_or_set_cached_cell_and_set_connections" :: held 0.001s {{(pid=119205) inner /usr/local/lib/python3.8/dist-packages/oslo_concurrency/lockutils.py:400}}
Jun 15 20:17:42.817812 n-d-778347-10 devstack@n-api.service[119205]: DEBUG oslo_concurrency.lockutils [None req-1b2dc734-4b67-4df9-b731-0a8707dbec8e tempest-AggregatesAdminTestJSON-244748062 tempest-AggregatesAdminTestJSON-244748062-project] Lock "ba2714e8-b34c-4347-9081-eddd55f375f8" acquired by "nova.context.set_target_cell..get_or_set_cached_cell_and_set_connections" :: waited 0.000s {{(pid=119205) inner /usr/local/lib/python3.8/dist-packages/oslo_concurrency/lockutils.py:386}}
Jun 15 20:17:42.818305 n-d-778347-10 devstack@n-api.service[119205]: DEBUG oslo_concurrency.lockutils [None req-1b2dc734-4b67-4df9-b731-0a8707dbec8e tempest-AggregatesAdminTestJSON-244748062 tempest-AggregatesAdminTestJSON-244748062-project] Lock "ba2714e8-b34c-4347-9081-eddd55f375f8" "released" by "nova.context.set_target_cell..get_or_set_cached_cell_and_set_connections" :: held 0.000s {{(pid=119205) inner /usr/local/lib/python3.8/dist-packages/oslo_concurrency/lockutils.py:400}}
Jun 15 20:17:43.088301 n-d-778347-10 devstack@n-api.service[119205]: DEBUG nova.policy [None req-1b2dc734-4b67-4df9-b731-0a8707dbec8e tempest-AggregatesAdminTestJSON-244748062 tempest-AggregatesAdminTestJSON-244748062-project] Policy check for os_compute_api:os-extended-server-attributes failed with credentials {'is_admin': False, 'user_id': '104442dce37d4c7792f0084bac281def', 'user_domain_id': 'default', 'system_scope': None, 'domain_id': None, 'project_id': '581bd14019ed46d5b4130139b8d0c690', 'project_domain_id': 'default', 'roles': ['member', 'reader'], 'is_admin_project': True, 'service_user_id': None, 'service_user_domain_id': None, 'service_project_id': None, 'service_project_domain_id': None, 'service_roles': []} {{(pid=119205) authorize /opt/stack/nova/nova/policy.py:199}}
Jun 15 20:17:43.112594 n-d-778347-10 devstack@n-api.service[119205]: INFO nova.api.openstack.requestlog [None req-1b2dc734-4b67-4df9-b731-0a8707dbec8e tempest-AggregatesAdminTestJSON-244748062 tempest-AggregatesAdminTestJSON-244748062-project] 10.222.0.43 "GET /compute/v2.1/servers/918c7ed4-f613-4db3-a7f6-7614820e3418" status: 200 len: 1243 microversion: 2.1 time: 0.323676
Jun 15 20:17:43.114584 n-d-778347-10 devstack@n-api.service[119205]: [pid: 119205|app: 0|req: 24/40] 10.222.0.43 () {58 vars in 1235 bytes} [Wed Jun 15 20:17:42 2022] GET /compute/v2.1/servers/918c7ed4-f613-4db3-a7f6-7614820e3418 => generated 1243 bytes in 327 msecs (HTTP/1.1 200) 9 headers in 358 bytes (1 switches on core 0)
