Nov 09 17:32:28.612421 n-d-776250-9 devstack@c-api.service[117698]: DEBUG cinder.api.extensions [-] Ext description: Enable volume unmanage operation. {{(pid=117698) _check_extension /opt/stack/cinder/cinder/api/extensions.py:181}}
Nov 09 17:32:28.612421 n-d-776250-9 devstack@c-api.service[117698]: DEBUG cinder.api.extensions [-] Ext updated: 2014-12-31T00:00:00+00:00 {{(pid=117698) _check_extension /opt/stack/cinder/cinder/api/extensions.py:183}}
Nov 09 17:32:28.613564 n-d-776250-9 devstack@c-api.service[117698]: DEBUG cinder.api.extensions [-] Loaded extension: os-snapshot-unmanage {{(pid=117698) register /opt/stack/cinder/cinder/api/extensions.py:140}}
Nov 09 17:32:28.613564 n-d-776250-9 devstack@c-api.service[117698]: DEBUG cinder.api.extensions [-] Loading extension cinder.api.contrib.volume_type_access.Volume_type_access {{(pid=117698) load_extension /opt/stack/cinder/cinder/api/extensions.py:199}}
Nov 09 17:32:28.613564 n-d-776250-9 devstack@c-api.service[117698]: DEBUG cinder.api.extensions [-] Calling extension factory cinder.api.contrib.volume_type_access.Volume_type_access {{(pid=117698) load_extension /opt/stack/cinder/cinder/api/extensions.py:205}}
Nov 09 17:32:28.613564 n-d-776250-9 devstack@c-api.service[117698]: DEBUG cinder.api.extensions [-] Ext name: VolumeTypeAccess {{(pid=117698) _check_extension /opt/stack/cinder/cinder/api/extensions.py:179}}
Nov 09 17:32:28.613564 n-d-776250-9 devstack@c-api.service[117698]: DEBUG cinder.api.extensions [-] Ext alias: os-volume-type-access {{(pid=117698) _check_extension /opt/stack/cinder/cinder/api/extensions.py:180}}
Nov 09 17:32:28.613564 n-d-776250-9 devstack@c-api.service[117698]: DEBUG cinder.api.extensions [-] Ext description: Volume type access support. {{(pid=117698) _check_extension /opt/stack/cinder/cinder/api/extensions.py:181}}
Nov 09 17:32:28.613564 n-d-776250-9 devstack@c-api.service[117698]: DEBUG cinder.api.extensions [-] Ext updated: 2014-06-26T00:00:00Z {{(pid=117698) _check_extension /opt/stack/cinder/cinder/api/extensions.py:183}}
Nov 09 17:32:28.613564 n-d-776250-9 devstack@c-api.service[117698]: DEBUG cinder.api.extensions [-] Loaded extension: os-volume-type-access {{(pid=117698) register /opt/stack/cinder/cinder/api/extensions.py:140}}
Nov 09 17:32:28.613564 n-d-776250-9 devstack@c-api.service[117698]: DEBUG cinder.api.extensions [-] Loading extension cinder.api.contrib.snapshot_manage.Snapshot_manage {{(pid=117698) load_extension /opt/stack/cinder/cinder/api/extensions.py:199}}
Nov 09 17:32:28.618022 n-d-776250-9 devstack@c-api.service[117698]: DEBUG cinder.api.extensions [-] Calling extension factory cinder.api.contrib.snapshot_manage.Snapshot_manage {{(pid=117698) load_extension /opt/stack/cinder/cinder/api/extensions.py:205}}
Nov 09 17:32:28.618022 n-d-776250-9 devstack@c-api.service[117698]: DEBUG cinder.api.extensions [-] Ext name: SnapshotManage {{(pid=117698) _check_extension /opt/stack/cinder/cinder/api/extensions.py:179}}
Nov 09 17:32:28.618022 n-d-776250-9 devstack@c-api.service[117698]: DEBUG cinder.api.extensions [-] Ext alias: os-snapshot-manage {{(pid=117698) _check_extension /opt/stack/cinder/cinder/api/extensions.py:180}}
Nov 09 17:32:28.618022 n-d-776250-9 devstack@c-api.service[117698]: DEBUG cinder.api.extensions [-] Ext description: Allows existing backend storage to be 'managed' by Cinder. {{(pid=117698) _check_extension /opt/stack/cinder/cinder/api/extensions.py:181}}
Nov 09 17:32:28.618022 n-d-776250-9 devstack@c-api.service[117698]: DEBUG cinder.api.extensions [-] Ext updated: 2014-12-31T00:00:00+00:00 {{(pid=117698) _check_extension /opt/stack/cinder/cinder/api/extensions.py:183}}
Nov 09 17:32:28.618022 n-d-776250-9 devstack@c-api.service[117698]: DEBUG cinder.api.extensions [-] Loaded extension: os-snapshot-manage {{(pid=117698) register /opt/stack/cinder/cinder/api/extensions.py:140}}
Nov 09 17:32:28.618022 n-d-776250-9 devstack@c-api.service[117698]: DEBUG cinder.api.extensions [-] Loading extension cinder.api.contrib.used_limits.Used_limits {{(pid=117698) load_extension /opt/stack/cinder/cinder/api/extensions.py:199}}
Nov 09 17:32:28.618022 n-d-776250-9 devstack@c-api.service[117698]: DEBUG cinder.api.extensions [-] Calling extension factory cinder.api.contrib.used_limits.Used_limits {{(pid=117698) load_extension /opt/stack/cinder/cinder/api/extensions.py:205}}
Nov 09 17:32:28.618022 n-d-776250-9 devstack@c-api.service[117698]: DEBUG cinder.api.extensions [-] Ext name: UsedLimits {{(pid=117698) _check_extension /opt/stack/cinder/cinder/api/extensions.py:179}}
Nov 09 17:32:28.620090 n-d-776250-9 devstack@c-api.service[117698]: DEBUG cinder.api.extensions [-] Ext alias: os-used-limits {{(pid=117698) _check_extension /opt/stack/cinder/cinder/api/extensions.py:180}}
Nov 09 17:32:28.620090 n-d-776250-9 devstack@c-api.service[117698]: DEBUG cinder.api.extensions [-] Ext description: Provide data on limited resources that are being used. {{(pid=117698) _check_extension /opt/stack/cinder/cinder/api/extensions.py:181}}
Nov 09 17:32:28.620090 n-d-776250-9 devstack@c-api.service[117698]: DEBUG cinder.api.extensions [-] Ext updated: 2013-10-03T00:00:00+00:00 {{(pid=117698) _check_extension /opt/stack/cinder/cinder/api/extensions.py:183}}
Nov 09 17:32:28.620090 n-d-776250-9 devstack@c-api.service[117698]: DEBUG cinder.api.extensions [-] Loaded extension: os-used-limits {{(pid=117698) register /opt/stack/cinder/cinder/api/extensions.py:140}}
Nov 09 17:32:28.620090 n-d-776250-9 devstack@c-api.service[117698]: DEBUG cinder.api.extensions [-] Loading extension cinder.api.contrib.availability_zones.Availability_zones {{(pid=117698) load_extension /opt/stack/cinder/cinder/api/extensions.py:199}}
Nov 09 17:32:28.620090 n-d-776250-9 devstack@c-api.service[117698]: DEBUG cinder.api.extensions [-] Calling extension factory cinder.api.contrib.availability_zones.Availability_zones {{(pid=117698) load_extension /opt/stack/cinder/cinder/api/extensions.py:205}}
Nov 09 17:32:28.620090 n-d-776250-9 devstack@c-api.service[117698]: DEBUG cinder.api.extensions [-] Ext name: AvailabilityZones {{(pid=117698) _check_extension /opt/stack/cinder/cinder/api/extensions.py:179}}
Nov 09 17:32:28.620090 n-d-776250-9 devstack@c-api.service[117698]: DEBUG cinder.api.extensions [-] Ext alias: os-availability-zone {{(pid=117698) _check_extension /opt/stack/cinder/cinder/api/extensions.py:180}}
Nov 09 17:32:28.620090 n-d-776250-9 devstack@c-api.service[117698]: DEBUG cinder.api.extensions [-] Ext description: Describe Availability Zones. {{(pid=117698) _check_extension /opt/stack/cinder/cinder/api/extensions.py:181}}
Nov 09 17:32:28.621133 n-d-776250-9 devstack@c-api.service[117698]: DEBUG cinder.api.extensions [-] Ext updated: 2013-06-27T00:00:00+00:00 {{(pid=117698) _check_extension /opt/stack/cinder/cinder/api/extensions.py:183}}
Nov 09 17:32:28.621133 n-d-776250-9 devstack@c-api.service[117698]: DEBUG cinder.api.extensions [-] Loaded extension: os-availability-zone {{(pid=117698) register /opt/stack/cinder/cinder/api/extensions.py:140}}
Nov 09 17:32:28.621133 n-d-776250-9 devstack@c-api.service[117698]: DEBUG cinder.api.extensions [-] Loading extension cinder.api.contrib.cgsnapshots.Cgsnapshots {{(pid=117698) load_extension /opt/stack/cinder/cinder/api/extensions.py:199}}
Nov 09 17:32:28.621133 n-d-776250-9 devstack@c-api.service[117698]: DEBUG cinder.api.extensions [-] Calling extension factory cinder.api.contrib.cgsnapshots.Cgsnapshots {{(pid=117698) load_extension /opt/stack/cinder/cinder/api/extensions.py:205}}
Nov 09 17:32:28.621133 n-d-776250-9 devstack@c-api.service[117698]: DEBUG cinder.api.extensions [-] Ext name: Cgsnapshots {{(pid=117698) _check_extension /opt/stack/cinder/cinder/api/extensions.py:179}}
Nov 09 17:32:28.621133 n-d-776250-9 devstack@c-api.service[117698]: DEBUG cinder.api.extensions [-] Ext alias: cgsnapshots {{(pid=117698) _check_extension /opt/stack/cinder/cinder/api/extensions.py:180}}
Nov 09 17:32:28.621133 n-d-776250-9 devstack@c-api.service[117698]: DEBUG cinder.api.extensions [-] Ext description: cgsnapshots support. {{(pid=117698) _check_extension /opt/stack/cinder/cinder/api/extensions.py:181}}
Nov 09 17:32:28.621133 n-d-776250-9 devstack@c-api.service[117698]: DEBUG cinder.api.extensions [-] Ext updated: 2014-08-18T00:00:00+00:00 {{(pid=117698) _check_extension /opt/stack/cinder/cinder/api/extensions.py:183}}
Nov 09 17:32:28.621133 n-d-776250-9 devstack@c-api.service[117698]: DEBUG cinder.api.extensions [-] Loaded extension: cgsnapshots {{(pid=117698) register /opt/stack/cinder/cinder/api/extensions.py:140}}
Nov 09 17:32:28.623816 n-d-776250-9 devstack@c-api.service[117698]: DEBUG cinder.api.extensions [-] Loading extension cinder.api.contrib.backups.Backups {{(pid=117698) load_extension /opt/stack/cinder/cinder/api/extensions.py:199}}
Nov 09 17:32:28.623816 n-d-776250-9 devstack@c-api.service[117698]: DEBUG cinder.api.extensions [-] Calling extension factory cinder.api.contrib.backups.Backups {{(pid=117698) load_extension /opt/stack/cinder/cinder/api/extensions.py:205}}
Nov 09 17:32:28.623816 n-d-776250-9 devstack@c-api.service[117698]: DEBUG cinder.api.extensions [-] Ext name: Backups {{(pid=117698) _check_extension /opt/stack/cinder/cinder/api/extensions.py:179}}
Nov 09 17:32:28.623816 n-d-776250-9 devstack@c-api.service[117698]: DEBUG cinder.api.extensions [-] Ext alias: backups {{(pid=117698) _check_extension /opt/stack/cinder/cinder/api/extensions.py:180}}
Nov 09 17:32:28.623816 n-d-776250-9 devstack@c-api.service[117698]: DEBUG cinder.api.extensions [-] Ext description: Backups support. {{(pid=117698) _check_extension /opt/stack/cinder/cinder/api/extensions.py:181}}
Nov 09 17:32:28.623816 n-d-776250-9 devstack@c-api.service[117698]: DEBUG cinder.api.extensions [-] Ext updated: 2012-12-12T00:00:00+00:00 {{(pid=117698) _check_extension /opt/stack/cinder/cinder/api/extensions.py:183}}
Nov 09 17:32:28.624532 n-d-776250-9 devstack@c-api.service[117699]: DEBUG oslo_db.sqlalchemy.engines [None req-df81f798-421e-4379-94c5-71dde631064a None None] MySQL server mode set to STRICT_TRANS_TABLES,STRICT_ALL_TABLES,NO_ZERO_IN_DATE,NO_ZERO_DATE,ERROR_FOR_DIVISION_BY_ZERO,TRADITIONAL,NO_ENGINE_SUBSTITUTION {{(pid=117699) _check_effective_sql_mode /usr/local/lib/python3.8/dist-packages/oslo_db/sqlalchemy/engines.py:314}}
Nov 09 17:32:28.624676 n-d-776250-9 devstack@c-api.service[117698]: DEBUG cinder.api.extensions [-] Loaded extension: backups {{(pid=117698) register /opt/stack/cinder/cinder/api/extensions.py:140}}
Nov 09 17:32:28.624676 n-d-776250-9 devstack@c-api.service[117698]: DEBUG cinder.api.extensions [-] Loading extension cinder.api.contrib.consistencygroups.Consistencygroups {{(pid=117698) load_extension /opt/stack/cinder/cinder/api/extensions.py:199}}
Nov 09 17:32:28.624676 n-d-776250-9 devstack@c-api.service[117698]: DEBUG cinder.api.extensions [-] Calling extension factory cinder.api.contrib.consistencygroups.Consistencygroups {{(pid=117698) load_extension /opt/stack/cinder/cinder/api/extensions.py:205}}
Nov 09 17:32:28.624676 n-d-776250-9 devstack@c-api.service[117698]: DEBUG cinder.api.extensions [-] Ext name: Consistencygroups {{(pid=117698) _check_extension /opt/stack/cinder/cinder/api/extensions.py:179}}
Nov 09 17:32:28.624676 n-d-776250-9 devstack@c-api.service[117698]: DEBUG cinder.api.extensions [-] Ext alias: consistencygroups {{(pid=117698) _check_extension /opt/stack/cinder/cinder/api/extensions.py:180}}
Nov 09 17:32:28.624676 n-d-776250-9 devstack@c-api.service[117698]: DEBUG cinder.api.extensions [-] Ext description: consistency groups support. {{(pid=117698) _check_extension /opt/stack/cinder/cinder/api/extensions.py:181}}
Nov 09 17:32:28.624676 n-d-776250-9 devstack@c-api.service[117698]: DEBUG cinder.api.extensions [-] Ext updated: 2014-08-18T00:00:00+00:00 {{(pid=117698) _check_extension /opt/stack/cinder/cinder/api/extensions.py:183}}
Nov 09 17:32:28.624676 n-d-776250-9 devstack@c-api.service[117698]: DEBUG cinder.api.extensions [-] Loaded extension: consistencygroups {{(pid=117698) register /opt/stack/cinder/cinder/api/extensions.py:140}}
Nov 09 17:32:28.624676 n-d-776250-9 devstack@c-api.service[117698]: DEBUG cinder.api.extensions [-] Loading extension cinder.api.contrib.volume_host_attribute.Volume_host_attribute {{(pid=117698) load_extension /opt/stack/cinder/cinder/api/extensions.py:199}}
Nov 09 17:32:28.626944 n-d-776250-9 devstack@c-api.service[117698]: DEBUG cinder.api.extensions [-] Calling extension factory cinder.api.contrib.volume_host_attribute.Volume_host_attribute {{(pid=117698) load_extension /opt/stack/cinder/cinder/api/extensions.py:205}}
Nov 09 17:32:28.626944 n-d-776250-9 devstack@c-api.service[117698]: DEBUG cinder.api.extensions [-] Ext name: VolumeHostAttribute {{(pid=117698) _check_extension /opt/stack/cinder/cinder/api/extensions.py:179}}
Nov 09 17:32:28.626944 n-d-776250-9 devstack@c-api.service[117698]: DEBUG cinder.api.extensions [-] Ext alias: os-vol-host-attr {{(pid=117698) _check_extension /opt/stack/cinder/cinder/api/extensions.py:180}}
Nov 09 17:32:28.626944 n-d-776250-9 devstack@c-api.service[117698]: DEBUG cinder.api.extensions [-] Ext description: Expose host as an attribute of a volume. {{(pid=117698) _check_extension /opt/stack/cinder/cinder/api/extensions.py:181}}
Nov 09 17:32:28.626944 n-d-776250-9 devstack@c-api.service[117698]: DEBUG cinder.api.extensions [-] Ext updated: 2011-11-03T00:00:00+00:00 {{(pid=117698) _check_extension /opt/stack/cinder/cinder/api/extensions.py:183}}
Nov 09 17:32:28.626944 n-d-776250-9 devstack@c-api.service[117698]: DEBUG cinder.api.extensions [-] Loaded extension: os-vol-host-attr {{(pid=117698) register /opt/stack/cinder/cinder/api/extensions.py:140}}
Nov 09 17:32:28.626944 n-d-776250-9 devstack@c-api.service[117698]: DEBUG cinder.api.extensions [-] Loading extension cinder.api.contrib.scheduler_stats.Scheduler_stats {{(pid=117698) load_extension /opt/stack/cinder/cinder/api/extensions.py:199}}
Nov 09 17:32:28.626944 n-d-776250-9 devstack@c-api.service[117698]: DEBUG cinder.api.extensions [-] Calling extension factory cinder.api.contrib.scheduler_stats.Scheduler_stats {{(pid=117698) load_extension /opt/stack/cinder/cinder/api/extensions.py:205}}
Nov 09 17:32:28.626944 n-d-776250-9 devstack@c-api.service[117698]: DEBUG cinder.api.extensions [-] Ext name: Scheduler_stats {{(pid=117698) _check_extension /opt/stack/cinder/cinder/api/extensions.py:179}}
Nov 09 17:32:28.627976 n-d-776250-9 devstack@c-api.service[117698]: DEBUG cinder.api.extensions [-] Ext alias: scheduler-stats {{(pid=117698) _check_extension /opt/stack/cinder/cinder/api/extensions.py:180}}
Nov 09 17:32:28.627976 n-d-776250-9 devstack@c-api.service[117698]: DEBUG cinder.api.extensions [-] Ext description: Scheduler stats support. {{(pid=117698) _check_extension /opt/stack/cinder/cinder/api/extensions.py:181}}
Nov 09 17:32:28.627976 n-d-776250-9 devstack@c-api.service[117698]: DEBUG cinder.api.extensions [-] Ext updated: 2014-09-07T00:00:00+00:00 {{(pid=117698) _check_extension /opt/stack/cinder/cinder/api/extensions.py:183}}
Nov 09 17:32:28.627976 n-d-776250-9 devstack@c-api.service[117698]: DEBUG cinder.api.extensions [-] Loaded extension: scheduler-stats {{(pid=117698) register /opt/stack/cinder/cinder/api/extensions.py:140}}
Nov 09 17:32:28.627976 n-d-776250-9 devstack@c-api.service[117698]: /usr/local/lib/python3.8/dist-packages/oslo_db/sqlalchemy/enginefacade.py:355: OsloDBDeprecationWarning: EngineFacade is deprecated; please use oslo_db.sqlalchemy.enginefacade
Nov 09 17:32:28.627976 n-d-776250-9 devstack@c-api.service[117698]: self._legacy_facade = LegacyEngineFacade(None, _factory=self)
Nov 09 17:32:28.646611 n-d-776250-9 devstack@c-api.service[117698]: DEBUG oslo_db.sqlalchemy.engines [None req-b6eb50e1-55f3-435d-a07b-98b95e6d6270 None None] MySQL server mode set to STRICT_TRANS_TABLES,STRICT_ALL_TABLES,NO_ZERO_IN_DATE,NO_ZERO_DATE,ERROR_FOR_DIVISION_BY_ZERO,TRADITIONAL,NO_ENGINE_SUBSTITUTION {{(pid=117698) _check_effective_sql_mode /usr/local/lib/python3.8/dist-packages/oslo_db/sqlalchemy/engines.py:314}}
Nov 09 17:32:28.882944 n-d-776250-9 devstack@c-api.service[117699]: INFO cinder.rpc [None req-df81f798-421e-4379-94c5-71dde631064a None None] Automatically selected cinder-scheduler objects version 1.39 as minimum service version.
Nov 09 17:32:28.889962 n-d-776250-9 devstack@c-api.service[117699]: INFO cinder.rpc [None req-df81f798-421e-4379-94c5-71dde631064a None None] Automatically selected cinder-scheduler RPC version 3.12 as minimum service version.
Nov 09 17:32:28.895038 n-d-776250-9 devstack@c-api.service[117699]: INFO cinder.rpc [None req-df81f798-421e-4379-94c5-71dde631064a None None] Automatically selected cinder-volume objects version 1.39 as minimum service version.
Nov 09 17:32:28.900160 n-d-776250-9 devstack@c-api.service[117699]: INFO cinder.rpc [None req-df81f798-421e-4379-94c5-71dde631064a None None] Automatically selected cinder-volume RPC version 3.16 as minimum service version.
Nov 09 17:32:28.912408 n-d-776250-9 devstack@c-api.service[117699]: WARNING stevedore.named [None req-df81f798-421e-4379-94c5-71dde631064a None None] Could not load cinder.keymgr.conf_key_mgr.ConfKeyManager
Nov 09 17:32:28.912408 n-d-776250-9 devstack@c-api.service[117699]: WARNING castellan.key_manager [None req-df81f798-421e-4379-94c5-71dde631064a None None] Deprecation Warning : cinder.keymgr.conf_key_mgr.ConfKeyManager is not a stevedore based driver, trying to load it as a class: stevedore.exception.NoMatches: No 'castellan.drivers' driver found, looking for 'cinder.keymgr.conf_key_mgr.ConfKeyManager'
Nov 09 17:32:28.912586 n-d-776250-9 devstack@c-api.service[117698]: INFO cinder.rpc [None req-b6eb50e1-55f3-435d-a07b-98b95e6d6270 None None] Automatically selected cinder-scheduler objects version 1.39 as minimum service version.
Nov 09 17:32:28.912586 n-d-776250-9 devstack@c-api.service[117698]: INFO cinder.rpc [None req-b6eb50e1-55f3-435d-a07b-98b95e6d6270 None None] Automatically selected cinder-scheduler RPC version 3.12 as minimum service version.
Nov 09 17:32:28.912586 n-d-776250-9 devstack@c-api.service[117698]: INFO cinder.rpc [None req-b6eb50e1-55f3-435d-a07b-98b95e6d6270 None None] Automatically selected cinder-volume objects version 1.39 as minimum service version.
Nov 09 17:32:28.914517 n-d-776250-9 devstack@c-api.service[117698]: INFO cinder.rpc [None req-b6eb50e1-55f3-435d-a07b-98b95e6d6270 None None] Automatically selected cinder-volume RPC version 3.16 as minimum service version.
Nov 09 17:32:28.915097 n-d-776250-9 devstack@c-api.service[117698]: WARNING stevedore.named [None req-b6eb50e1-55f3-435d-a07b-98b95e6d6270 None None] Could not load cinder.keymgr.conf_key_mgr.ConfKeyManager
Nov 09 17:32:28.915504 n-d-776250-9 devstack@c-api.service[117698]: WARNING castellan.key_manager [None req-b6eb50e1-55f3-435d-a07b-98b95e6d6270 None None] Deprecation Warning : cinder.keymgr.conf_key_mgr.ConfKeyManager is not a stevedore based driver, trying to load it as a class: stevedore.exception.NoMatches: No 'castellan.drivers' driver found, looking for 'cinder.keymgr.conf_key_mgr.ConfKeyManager'
Nov 09 17:32:28.932032 n-d-776250-9 devstack@c-api.service[117699]: WARNING cinder.keymgr.conf_key_mgr [None req-df81f798-421e-4379-94c5-71dde631064a None None] This key manager is insecure and is not recommended for production deployments: stevedore.exception.NoMatches: No 'castellan.drivers' driver found, looking for 'cinder.keymgr.conf_key_mgr.ConfKeyManager'
Nov 09 17:32:28.934104 n-d-776250-9 devstack@c-api.service[117698]: WARNING cinder.keymgr.conf_key_mgr [None req-b6eb50e1-55f3-435d-a07b-98b95e6d6270 None None] This key manager is insecure and is not recommended for production deployments: stevedore.exception.NoMatches: No 'castellan.drivers' driver found, looking for 'cinder.keymgr.conf_key_mgr.ConfKeyManager'
Nov 09 17:32:28.940309 n-d-776250-9 devstack@c-api.service[117699]: DEBUG oslo_db.sqlalchemy.engines [None req-df81f798-421e-4379-94c5-71dde631064a None None] MySQL server mode set to STRICT_TRANS_TABLES,STRICT_ALL_TABLES,NO_ZERO_IN_DATE,NO_ZERO_DATE,ERROR_FOR_DIVISION_BY_ZERO,TRADITIONAL,NO_ENGINE_SUBSTITUTION {{(pid=117699) _check_effective_sql_mode /usr/local/lib/python3.8/dist-packages/oslo_db/sqlalchemy/engines.py:314}}
Nov 09 17:32:28.945540 n-d-776250-9 devstack@c-api.service[117698]: DEBUG oslo_db.sqlalchemy.engines [None req-b6eb50e1-55f3-435d-a07b-98b95e6d6270 None None] MySQL server mode set to STRICT_TRANS_TABLES,STRICT_ALL_TABLES,NO_ZERO_IN_DATE,NO_ZERO_DATE,ERROR_FOR_DIVISION_BY_ZERO,TRADITIONAL,NO_ENGINE_SUBSTITUTION {{(pid=117698) _check_effective_sql_mode /usr/local/lib/python3.8/dist-packages/oslo_db/sqlalchemy/engines.py:314}}
Nov 09 17:32:28.945907 n-d-776250-9 devstack@c-api.service[117699]: INFO cinder.rpc [None req-df81f798-421e-4379-94c5-71dde631064a None None] Automatically selected cinder-backup objects version 1.39 as minimum service version.
Nov 09 17:32:28.950320 n-d-776250-9 devstack@c-api.service[117699]: INFO cinder.rpc [None req-df81f798-421e-4379-94c5-71dde631064a None None] Automatically selected cinder-backup RPC version 2.2 as minimum service version.
Nov 09 17:32:28.951320 n-d-776250-9 devstack@c-api.service[117698]: INFO cinder.rpc [None req-b6eb50e1-55f3-435d-a07b-98b95e6d6270 None None] Automatically selected cinder-backup objects version 1.39 as minimum service version.
Nov 09 17:32:28.951538 n-d-776250-9 devstack@c-api.service[117699]: WARNING stevedore.named [None req-df81f798-421e-4379-94c5-71dde631064a None None] Could not load cinder.keymgr.conf_key_mgr.ConfKeyManager
Nov 09 17:32:28.951909 n-d-776250-9 devstack@c-api.service[117699]: WARNING castellan.key_manager [None req-df81f798-421e-4379-94c5-71dde631064a None None] Deprecation Warning : cinder.keymgr.conf_key_mgr.ConfKeyManager is not a stevedore based driver, trying to load it as a class: stevedore.exception.NoMatches: No 'castellan.drivers' driver found, looking for 'cinder.keymgr.conf_key_mgr.ConfKeyManager'
Nov 09 17:32:28.954624 n-d-776250-9 devstack@c-api.service[117699]: WARNING stevedore.named [None req-df81f798-421e-4379-94c5-71dde631064a None None] Could not load cinder.keymgr.conf_key_mgr.ConfKeyManager
Nov 09 17:32:28.955065 n-d-776250-9 devstack@c-api.service[117699]: WARNING castellan.key_manager [None req-df81f798-421e-4379-94c5-71dde631064a None None] Deprecation Warning : cinder.keymgr.conf_key_mgr.ConfKeyManager is not a stevedore based driver, trying to load it as a class: stevedore.exception.NoMatches: No 'castellan.drivers' driver found, looking for 'cinder.keymgr.conf_key_mgr.ConfKeyManager'
Nov 09 17:32:28.956988 n-d-776250-9 devstack@c-api.service[117699]: WARNING stevedore.named [None req-df81f798-421e-4379-94c5-71dde631064a None None] Could not load cinder.keymgr.conf_key_mgr.ConfKeyManager
Nov 09 17:32:28.957293 n-d-776250-9 devstack@c-api.service[117698]: INFO cinder.rpc [None req-b6eb50e1-55f3-435d-a07b-98b95e6d6270 None None] Automatically selected cinder-backup RPC version 2.2 as minimum service version.
Nov 09 17:32:28.957415 n-d-776250-9 devstack@c-api.service[117699]: WARNING castellan.key_manager [None req-df81f798-421e-4379-94c5-71dde631064a None None] Deprecation Warning : cinder.keymgr.conf_key_mgr.ConfKeyManager is not a stevedore based driver, trying to load it as a class: stevedore.exception.NoMatches: No 'castellan.drivers' driver found, looking for 'cinder.keymgr.conf_key_mgr.ConfKeyManager'
Nov 09 17:32:28.958783 n-d-776250-9 devstack@c-api.service[117698]: WARNING stevedore.named [None req-b6eb50e1-55f3-435d-a07b-98b95e6d6270 None None] Could not load cinder.keymgr.conf_key_mgr.ConfKeyManager
Nov 09 17:32:28.959363 n-d-776250-9 devstack@c-api.service[117698]: WARNING castellan.key_manager [None req-b6eb50e1-55f3-435d-a07b-98b95e6d6270 None None] Deprecation Warning : cinder.keymgr.conf_key_mgr.ConfKeyManager is not a stevedore based driver, trying to load it as a class: stevedore.exception.NoMatches: No 'castellan.drivers' driver found, looking for 'cinder.keymgr.conf_key_mgr.ConfKeyManager'
Nov 09 17:32:28.961792 n-d-776250-9 devstack@c-api.service[117698]: WARNING stevedore.named [None req-b6eb50e1-55f3-435d-a07b-98b95e6d6270 None None] Could not load cinder.keymgr.conf_key_mgr.ConfKeyManager
Nov 09 17:32:28.962767 n-d-776250-9 devstack@c-api.service[117698]: WARNING castellan.key_manager [None req-b6eb50e1-55f3-435d-a07b-98b95e6d6270 None None] Deprecation Warning : cinder.keymgr.conf_key_mgr.ConfKeyManager is not a stevedore based driver, trying to load it as a class: stevedore.exception.NoMatches: No 'castellan.drivers' driver found, looking for 'cinder.keymgr.conf_key_mgr.ConfKeyManager'
Nov 09 17:32:28.964570 n-d-776250-9 devstack@c-api.service[117698]: WARNING stevedore.named [None req-b6eb50e1-55f3-435d-a07b-98b95e6d6270 None None] Could not load cinder.keymgr.conf_key_mgr.ConfKeyManager
Nov 09 17:32:28.965400 n-d-776250-9 devstack@c-api.service[117698]: WARNING castellan.key_manager [None req-b6eb50e1-55f3-435d-a07b-98b95e6d6270 None None] Deprecation Warning : cinder.keymgr.conf_key_mgr.ConfKeyManager is not a stevedore based driver, trying to load it as a class: stevedore.exception.NoMatches: No 'castellan.drivers' driver found, looking for 'cinder.keymgr.conf_key_mgr.ConfKeyManager'
Nov 09 17:32:28.972917 n-d-776250-9 devstack@c-api.service[117699]: WARNING stevedore.named [None req-df81f798-421e-4379-94c5-71dde631064a None None] Could not load cinder.keymgr.conf_key_mgr.ConfKeyManager
Nov 09 17:32:28.973305 n-d-776250-9 devstack@c-api.service[117699]: WARNING castellan.key_manager [None req-df81f798-421e-4379-94c5-71dde631064a None None] Deprecation Warning : cinder.keymgr.conf_key_mgr.ConfKeyManager is not a stevedore based driver, trying to load it as a class: stevedore.exception.NoMatches: No 'castellan.drivers' driver found, looking for 'cinder.keymgr.conf_key_mgr.ConfKeyManager'
Nov 09 17:32:28.977314 n-d-776250-9 devstack@c-api.service[117699]: WARNING stevedore.named [None req-df81f798-421e-4379-94c5-71dde631064a None None] Could not load cinder.keymgr.conf_key_mgr.ConfKeyManager
Nov 09 17:32:28.977681 n-d-776250-9 devstack@c-api.service[117699]: WARNING castellan.key_manager [None req-df81f798-421e-4379-94c5-71dde631064a None None] Deprecation Warning : cinder.keymgr.conf_key_mgr.ConfKeyManager is not a stevedore based driver, trying to load it as a class: stevedore.exception.NoMatches: No 'castellan.drivers' driver found, looking for 'cinder.keymgr.conf_key_mgr.ConfKeyManager'
Nov 09 17:32:28.980690 n-d-776250-9 devstack@c-api.service[117698]: WARNING stevedore.named [None req-b6eb50e1-55f3-435d-a07b-98b95e6d6270 None None] Could not load cinder.keymgr.conf_key_mgr.ConfKeyManager
Nov 09 17:32:28.981279 n-d-776250-9 devstack@c-api.service[117698]: WARNING castellan.key_manager [None req-b6eb50e1-55f3-435d-a07b-98b95e6d6270 None None] Deprecation Warning : cinder.keymgr.conf_key_mgr.ConfKeyManager is not a stevedore based driver, trying to load it as a class: stevedore.exception.NoMatches: No 'castellan.drivers' driver found, looking for 'cinder.keymgr.conf_key_mgr.ConfKeyManager'
Nov 09 17:32:28.981845 n-d-776250-9 devstack@c-api.service[117699]: WARNING stevedore.named [None req-df81f798-421e-4379-94c5-71dde631064a None None] Could not load cinder.keymgr.conf_key_mgr.ConfKeyManager
Nov 09 17:32:28.982215 n-d-776250-9 devstack@c-api.service[117699]: WARNING castellan.key_manager [None req-df81f798-421e-4379-94c5-71dde631064a None None] Deprecation Warning : cinder.keymgr.conf_key_mgr.ConfKeyManager is not a stevedore based driver, trying to load it as a class: stevedore.exception.NoMatches: No 'castellan.drivers' driver found, looking for 'cinder.keymgr.conf_key_mgr.ConfKeyManager'
Nov 09 17:32:28.987049 n-d-776250-9 devstack@c-api.service[117698]: WARNING stevedore.named [None req-b6eb50e1-55f3-435d-a07b-98b95e6d6270 None None] Could not load cinder.keymgr.conf_key_mgr.ConfKeyManager
Nov 09 17:32:28.987662 n-d-776250-9 devstack@c-api.service[117698]: WARNING castellan.key_manager [None req-b6eb50e1-55f3-435d-a07b-98b95e6d6270 None None] Deprecation Warning : cinder.keymgr.conf_key_mgr.ConfKeyManager is not a stevedore based driver, trying to load it as a class: stevedore.exception.NoMatches: No 'castellan.drivers' driver found, looking for 'cinder.keymgr.conf_key_mgr.ConfKeyManager'
Nov 09 17:32:28.988328 n-d-776250-9 devstack@c-api.service[117699]: WARNING stevedore.named [None req-df81f798-421e-4379-94c5-71dde631064a None None] Could not load cinder.keymgr.conf_key_mgr.ConfKeyManager
Nov 09 17:32:28.988699 n-d-776250-9 devstack@c-api.service[117699]: WARNING castellan.key_manager [None req-df81f798-421e-4379-94c5-71dde631064a None None] Deprecation Warning : cinder.keymgr.conf_key_mgr.ConfKeyManager is not a stevedore based driver, trying to load it as a class: stevedore.exception.NoMatches: No 'castellan.drivers' driver found, looking for 'cinder.keymgr.conf_key_mgr.ConfKeyManager'
Nov 09 17:32:28.992471 n-d-776250-9 devstack@c-api.service[117699]: WARNING stevedore.named [None req-df81f798-421e-4379-94c5-71dde631064a None None] Could not load cinder.keymgr.conf_key_mgr.ConfKeyManager
Nov 09 17:32:28.992995 n-d-776250-9 devstack@c-api.service[117699]: WARNING castellan.key_manager [None req-df81f798-421e-4379-94c5-71dde631064a None None] Deprecation Warning : cinder.keymgr.conf_key_mgr.ConfKeyManager is not a stevedore based driver, trying to load it as a class: stevedore.exception.NoMatches: No 'castellan.drivers' driver found, looking for 'cinder.keymgr.conf_key_mgr.ConfKeyManager'
Nov 09 17:32:28.993585 n-d-776250-9 devstack@c-api.service[117698]: WARNING stevedore.named [None req-b6eb50e1-55f3-435d-a07b-98b95e6d6270 None None] Could not load cinder.keymgr.conf_key_mgr.ConfKeyManager
Nov 09 17:32:28.994127 n-d-776250-9 devstack@c-api.service[117698]: WARNING castellan.key_manager [None req-b6eb50e1-55f3-435d-a07b-98b95e6d6270 None None] Deprecation Warning : cinder.keymgr.conf_key_mgr.ConfKeyManager is not a stevedore based driver, trying to load it as a class: stevedore.exception.NoMatches: No 'castellan.drivers' driver found, looking for 'cinder.keymgr.conf_key_mgr.ConfKeyManager'
Nov 09 17:32:28.996543 n-d-776250-9 devstack@c-api.service[117699]: WARNING stevedore.named [None req-df81f798-421e-4379-94c5-71dde631064a None None] Could not load cinder.keymgr.conf_key_mgr.ConfKeyManager
Nov 09 17:32:28.996908 n-d-776250-9 devstack@c-api.service[117699]: WARNING castellan.key_manager [None req-df81f798-421e-4379-94c5-71dde631064a None None] Deprecation Warning : cinder.keymgr.conf_key_mgr.ConfKeyManager is not a stevedore based driver, trying to load it as a class: stevedore.exception.NoMatches: No 'castellan.drivers' driver found, looking for 'cinder.keymgr.conf_key_mgr.ConfKeyManager'
Nov 09 17:32:29.000240 n-d-776250-9 devstack@c-api.service[117698]: WARNING stevedore.named [None req-b6eb50e1-55f3-435d-a07b-98b95e6d6270 None None] Could not load cinder.keymgr.conf_key_mgr.ConfKeyManager
Nov 09 17:32:29.000781 n-d-776250-9 devstack@c-api.service[117698]: WARNING castellan.key_manager [None req-b6eb50e1-55f3-435d-a07b-98b95e6d6270 None None] Deprecation Warning : cinder.keymgr.conf_key_mgr.ConfKeyManager is not a stevedore based driver, trying to load it as a class: stevedore.exception.NoMatches: No 'castellan.drivers' driver found, looking for 'cinder.keymgr.conf_key_mgr.ConfKeyManager'
Nov 09 17:32:29.001095 n-d-776250-9 devstack@c-api.service[117699]: WARNING stevedore.named [None req-df81f798-421e-4379-94c5-71dde631064a None None] Could not load cinder.keymgr.conf_key_mgr.ConfKeyManager
Nov 09 17:32:29.001579 n-d-776250-9 devstack@c-api.service[117699]: WARNING castellan.key_manager [None req-df81f798-421e-4379-94c5-71dde631064a None None] Deprecation Warning : cinder.keymgr.conf_key_mgr.ConfKeyManager is not a stevedore based driver, trying to load it as a class: stevedore.exception.NoMatches: No 'castellan.drivers' driver found, looking for 'cinder.keymgr.conf_key_mgr.ConfKeyManager'
Nov 09 17:32:29.005152 n-d-776250-9 devstack@c-api.service[117698]: WARNING stevedore.named [None req-b6eb50e1-55f3-435d-a07b-98b95e6d6270 None None] Could not load cinder.keymgr.conf_key_mgr.ConfKeyManager
Nov 09 17:32:29.005278 n-d-776250-9 devstack@c-api.service[117699]: WARNING stevedore.named [None req-df81f798-421e-4379-94c5-71dde631064a None None] Could not load cinder.keymgr.conf_key_mgr.ConfKeyManager
Nov 09 17:32:29.005543 n-d-776250-9 devstack@c-api.service[117699]: WARNING castellan.key_manager [None req-df81f798-421e-4379-94c5-71dde631064a None None] Deprecation Warning : cinder.keymgr.conf_key_mgr.ConfKeyManager is not a stevedore based driver, trying to load it as a class: stevedore.exception.NoMatches: No 'castellan.drivers' driver found, looking for 'cinder.keymgr.conf_key_mgr.ConfKeyManager'
Nov 09 17:32:29.005935 n-d-776250-9 devstack@c-api.service[117698]: WARNING castellan.key_manager [None req-b6eb50e1-55f3-435d-a07b-98b95e6d6270 None None] Deprecation Warning : cinder.keymgr.conf_key_mgr.ConfKeyManager is not a stevedore based driver, trying to load it as a class: stevedore.exception.NoMatches: No 'castellan.drivers' driver found, looking for 'cinder.keymgr.conf_key_mgr.ConfKeyManager'
Nov 09 17:32:29.009098 n-d-776250-9 devstack@c-api.service[117699]: WARNING stevedore.named [None req-df81f798-421e-4379-94c5-71dde631064a None None] Could not load cinder.keymgr.conf_key_mgr.ConfKeyManager
Nov 09 17:32:29.010153 n-d-776250-9 devstack@c-api.service[117699]: WARNING castellan.key_manager [None req-df81f798-421e-4379-94c5-71dde631064a None None] Deprecation Warning : cinder.keymgr.conf_key_mgr.ConfKeyManager is not a stevedore based driver, trying to load it as a class: stevedore.exception.NoMatches: No 'castellan.drivers' driver found, looking for 'cinder.keymgr.conf_key_mgr.ConfKeyManager'
Nov 09 17:32:29.010499 n-d-776250-9 devstack@c-api.service[117698]: WARNING stevedore.named [None req-b6eb50e1-55f3-435d-a07b-98b95e6d6270 None None] Could not load cinder.keymgr.conf_key_mgr.ConfKeyManager
Nov 09 17:32:29.011020 n-d-776250-9 devstack@c-api.service[117698]: WARNING castellan.key_manager [None req-b6eb50e1-55f3-435d-a07b-98b95e6d6270 None None] Deprecation Warning : cinder.keymgr.conf_key_mgr.ConfKeyManager is not a stevedore based driver, trying to load it as a class: stevedore.exception.NoMatches: No 'castellan.drivers' driver found, looking for 'cinder.keymgr.conf_key_mgr.ConfKeyManager'
Nov 09 17:32:29.012071 n-d-776250-9 devstack@c-api.service[117699]: WARNING stevedore.named [None req-df81f798-421e-4379-94c5-71dde631064a None None] Could not load cinder.keymgr.conf_key_mgr.ConfKeyManager
Nov 09 17:32:29.012453 n-d-776250-9 devstack@c-api.service[117699]: WARNING castellan.key_manager [None req-df81f798-421e-4379-94c5-71dde631064a None None] Deprecation Warning : cinder.keymgr.conf_key_mgr.ConfKeyManager is not a stevedore based driver, trying to load it as a class: stevedore.exception.NoMatches: No 'castellan.drivers' driver found, looking for 'cinder.keymgr.conf_key_mgr.ConfKeyManager'
Nov 09 17:32:29.015625 n-d-776250-9 devstack@c-api.service[117698]: WARNING stevedore.named [None req-b6eb50e1-55f3-435d-a07b-98b95e6d6270 None None] Could not load cinder.keymgr.conf_key_mgr.ConfKeyManager
Nov 09 17:32:29.016175 n-d-776250-9 devstack@c-api.service[117698]: WARNING castellan.key_manager [None req-b6eb50e1-55f3-435d-a07b-98b95e6d6270 None None] Deprecation Warning : cinder.keymgr.conf_key_mgr.ConfKeyManager is not a stevedore based driver, trying to load it as a class: stevedore.exception.NoMatches: No 'castellan.drivers' driver found, looking for 'cinder.keymgr.conf_key_mgr.ConfKeyManager'
Nov 09 17:32:29.016860 n-d-776250-9 devstack@c-api.service[117699]: WARNING stevedore.named [None req-df81f798-421e-4379-94c5-71dde631064a None None] Could not load cinder.keymgr.conf_key_mgr.ConfKeyManager
Nov 09 17:32:29.017226 n-d-776250-9 devstack@c-api.service[117699]: WARNING castellan.key_manager [None req-df81f798-421e-4379-94c5-71dde631064a None None] Deprecation Warning : cinder.keymgr.conf_key_mgr.ConfKeyManager is not a stevedore based driver, trying to load it as a class: stevedore.exception.NoMatches: No 'castellan.drivers' driver found, looking for 'cinder.keymgr.conf_key_mgr.ConfKeyManager'
Nov 09 17:32:29.020242 n-d-776250-9 devstack@c-api.service[117698]: WARNING stevedore.named [None req-b6eb50e1-55f3-435d-a07b-98b95e6d6270 None None] Could not load cinder.keymgr.conf_key_mgr.ConfKeyManager
Nov 09 17:32:29.020757 n-d-776250-9 devstack@c-api.service[117698]: WARNING castellan.key_manager [None req-b6eb50e1-55f3-435d-a07b-98b95e6d6270 None None] Deprecation Warning : cinder.keymgr.conf_key_mgr.ConfKeyManager is not a stevedore based driver, trying to load it as a class: stevedore.exception.NoMatches: No 'castellan.drivers' driver found, looking for 'cinder.keymgr.conf_key_mgr.ConfKeyManager'
Nov 09 17:32:29.024273 n-d-776250-9 devstack@c-api.service[117699]: WARNING stevedore.named [None req-df81f798-421e-4379-94c5-71dde631064a None None] Could not load cinder.keymgr.conf_key_mgr.ConfKeyManager
Nov 09 17:32:29.024650 n-d-776250-9 devstack@c-api.service[117699]: WARNING castellan.key_manager [None req-df81f798-421e-4379-94c5-71dde631064a None None] Deprecation Warning : cinder.keymgr.conf_key_mgr.ConfKeyManager is not a stevedore based driver, trying to load it as a class: stevedore.exception.NoMatches: No 'castellan.drivers' driver found, looking for 'cinder.keymgr.conf_key_mgr.ConfKeyManager'
Nov 09 17:32:29.025193 n-d-776250-9 devstack@c-api.service[117698]: WARNING stevedore.named [None req-b6eb50e1-55f3-435d-a07b-98b95e6d6270 None None] Could not load cinder.keymgr.conf_key_mgr.ConfKeyManager
Nov 09 17:32:29.025718 n-d-776250-9 devstack@c-api.service[117698]: WARNING castellan.key_manager [None req-b6eb50e1-55f3-435d-a07b-98b95e6d6270 None None] Deprecation Warning : cinder.keymgr.conf_key_mgr.ConfKeyManager is not a stevedore based driver, trying to load it as a class: stevedore.exception.NoMatches: No 'castellan.drivers' driver found, looking for 'cinder.keymgr.conf_key_mgr.ConfKeyManager'
Nov 09 17:32:29.027715 n-d-776250-9 devstack@c-api.service[117698]: WARNING stevedore.named [None req-b6eb50e1-55f3-435d-a07b-98b95e6d6270 None None] Could not load cinder.keymgr.conf_key_mgr.ConfKeyManager
Nov 09 17:32:29.028248 n-d-776250-9 devstack@c-api.service[117698]: WARNING castellan.key_manager [None req-b6eb50e1-55f3-435d-a07b-98b95e6d6270 None None] Deprecation Warning : cinder.keymgr.conf_key_mgr.ConfKeyManager is not a stevedore based driver, trying to load it as a class: stevedore.exception.NoMatches: No 'castellan.drivers' driver found, looking for 'cinder.keymgr.conf_key_mgr.ConfKeyManager'
Nov 09 17:32:29.028815 n-d-776250-9 devstack@c-api.service[117699]: WARNING stevedore.named [None req-df81f798-421e-4379-94c5-71dde631064a None None] Could not load cinder.keymgr.conf_key_mgr.ConfKeyManager
Nov 09 17:32:29.029184 n-d-776250-9 devstack@c-api.service[117699]: WARNING castellan.key_manager [None req-df81f798-421e-4379-94c5-71dde631064a None None] Deprecation Warning : cinder.keymgr.conf_key_mgr.ConfKeyManager is not a stevedore based driver, trying to load it as a class: stevedore.exception.NoMatches: No 'castellan.drivers' driver found, looking for 'cinder.keymgr.conf_key_mgr.ConfKeyManager'
Nov 09 17:32:29.031411 n-d-776250-9 devstack@c-api.service[117699]: WARNING cinder.api.contrib.hosts [None req-df81f798-421e-4379-94c5-71dde631064a None None] Deprecated: The Host API is deprecated and will be be removed in a future version.
Nov 09 17:32:29.032343 n-d-776250-9 devstack@c-api.service[117699]: WARNING stevedore.named [None req-df81f798-421e-4379-94c5-71dde631064a None None] Could not load cinder.keymgr.conf_key_mgr.ConfKeyManager
Nov 09 17:32:29.032698 n-d-776250-9 devstack@c-api.service[117699]: WARNING castellan.key_manager [None req-df81f798-421e-4379-94c5-71dde631064a None None] Deprecation Warning : cinder.keymgr.conf_key_mgr.ConfKeyManager is not a stevedore based driver, trying to load it as a class: stevedore.exception.NoMatches: No 'castellan.drivers' driver found, looking for 'cinder.keymgr.conf_key_mgr.ConfKeyManager'
Nov 09 17:32:29.034432 n-d-776250-9 devstack@c-api.service[117698]: WARNING stevedore.named [None req-b6eb50e1-55f3-435d-a07b-98b95e6d6270 None None] Could not load cinder.keymgr.conf_key_mgr.ConfKeyManager
Nov 09 17:32:29.034967 n-d-776250-9 devstack@c-api.service[117698]: WARNING castellan.key_manager [None req-b6eb50e1-55f3-435d-a07b-98b95e6d6270 None None] Deprecation Warning : cinder.keymgr.conf_key_mgr.ConfKeyManager is not a stevedore based driver, trying to load it as a class: stevedore.exception.NoMatches: No 'castellan.drivers' driver found, looking for 'cinder.keymgr.conf_key_mgr.ConfKeyManager'
Nov 09 17:32:29.035085 n-d-776250-9 devstack@c-api.service[117699]: WARNING stevedore.named [None req-df81f798-421e-4379-94c5-71dde631064a None None] Could not load cinder.keymgr.conf_key_mgr.ConfKeyManager
Nov 09 17:32:29.035382 n-d-776250-9 devstack@c-api.service[117699]: WARNING castellan.key_manager [None req-df81f798-421e-4379-94c5-71dde631064a None None] Deprecation Warning : cinder.keymgr.conf_key_mgr.ConfKeyManager is not a stevedore based driver, trying to load it as a class: stevedore.exception.NoMatches: No 'castellan.drivers' driver found, looking for 'cinder.keymgr.conf_key_mgr.ConfKeyManager'
Nov 09 17:32:29.037041 n-d-776250-9 devstack@c-api.service[117699]: WARNING stevedore.named [None req-df81f798-421e-4379-94c5-71dde631064a None None] Could not load cinder.keymgr.conf_key_mgr.ConfKeyManager
Nov 09 17:32:29.037387 n-d-776250-9 devstack@c-api.service[117699]: WARNING castellan.key_manager [None req-df81f798-421e-4379-94c5-71dde631064a None None] Deprecation Warning : cinder.keymgr.conf_key_mgr.ConfKeyManager is not a stevedore based driver, trying to load it as a class: stevedore.exception.NoMatches: No 'castellan.drivers' driver found, looking for 'cinder.keymgr.conf_key_mgr.ConfKeyManager'
Nov 09 17:32:29.038849 n-d-776250-9 devstack@c-api.service[117699]: WARNING stevedore.named [None req-df81f798-421e-4379-94c5-71dde631064a None None] Could not load cinder.keymgr.conf_key_mgr.ConfKeyManager
Nov 09 17:32:29.039195 n-d-776250-9 devstack@c-api.service[117699]: WARNING castellan.key_manager [None req-df81f798-421e-4379-94c5-71dde631064a None None] Deprecation Warning : cinder.keymgr.conf_key_mgr.ConfKeyManager is not a stevedore based driver, trying to load it as a class: stevedore.exception.NoMatches: No 'castellan.drivers' driver found, looking for 'cinder.keymgr.conf_key_mgr.ConfKeyManager'
Nov 09 17:32:29.041927 n-d-776250-9 devstack@c-api.service[117699]: WARNING stevedore.named [None req-df81f798-421e-4379-94c5-71dde631064a None None] Could not load cinder.keymgr.conf_key_mgr.ConfKeyManager
Nov 09 17:32:29.041927 n-d-776250-9 devstack@c-api.service[117699]: WARNING castellan.key_manager [None req-df81f798-421e-4379-94c5-71dde631064a None None] Deprecation Warning : cinder.keymgr.conf_key_mgr.ConfKeyManager is not a stevedore based driver, trying to load it as a class: stevedore.exception.NoMatches: No 'castellan.drivers' driver found, looking for 'cinder.keymgr.conf_key_mgr.ConfKeyManager'
Nov 09 17:32:29.043714 n-d-776250-9 devstack@c-api.service[117699]: WARNING stevedore.named [None req-df81f798-421e-4379-94c5-71dde631064a None None] Could not load cinder.keymgr.conf_key_mgr.ConfKeyManager
Nov 09 17:32:29.044066 n-d-776250-9 devstack@c-api.service[117699]: WARNING castellan.key_manager [None req-df81f798-421e-4379-94c5-71dde631064a None None] Deprecation Warning : cinder.keymgr.conf_key_mgr.ConfKeyManager is not a stevedore based driver, trying to load it as a class: stevedore.exception.NoMatches: No 'castellan.drivers' driver found, looking for 'cinder.keymgr.conf_key_mgr.ConfKeyManager'
Nov 09 17:32:29.045832 n-d-776250-9 devstack@c-api.service[117699]: WARNING stevedore.named [None req-df81f798-421e-4379-94c5-71dde631064a None None] Could not load cinder.keymgr.conf_key_mgr.ConfKeyManager
Nov 09 17:32:29.046181 n-d-776250-9 devstack@c-api.service[117699]: WARNING castellan.key_manager [None req-df81f798-421e-4379-94c5-71dde631064a None None] Deprecation Warning : cinder.keymgr.conf_key_mgr.ConfKeyManager is not a stevedore based driver, trying to load it as a class: stevedore.exception.NoMatches: No 'castellan.drivers' driver found, looking for 'cinder.keymgr.conf_key_mgr.ConfKeyManager'
Nov 09 17:32:29.046417 n-d-776250-9 devstack@c-api.service[117698]: WARNING stevedore.named [None req-b6eb50e1-55f3-435d-a07b-98b95e6d6270 None None] Could not load cinder.keymgr.conf_key_mgr.ConfKeyManager
Nov 09 17:32:29.046936 n-d-776250-9 devstack@c-api.service[117698]: WARNING castellan.key_manager [None req-b6eb50e1-55f3-435d-a07b-98b95e6d6270 None None] Deprecation Warning : cinder.keymgr.conf_key_mgr.ConfKeyManager is not a stevedore based driver, trying to load it as a class: stevedore.exception.NoMatches: No 'castellan.drivers' driver found, looking for 'cinder.keymgr.conf_key_mgr.ConfKeyManager'
Nov 09 17:32:29.047713 n-d-776250-9 devstack@c-api.service[117699]: WARNING stevedore.named [None req-df81f798-421e-4379-94c5-71dde631064a None None] Could not load cinder.keymgr.conf_key_mgr.ConfKeyManager
Nov 09 17:32:29.048067 n-d-776250-9 devstack@c-api.service[117699]: WARNING castellan.key_manager [None req-df81f798-421e-4379-94c5-71dde631064a None None] Deprecation Warning : cinder.keymgr.conf_key_mgr.ConfKeyManager is not a stevedore based driver, trying to load it as a class: stevedore.exception.NoMatches: No 'castellan.drivers' driver found, looking for 'cinder.keymgr.conf_key_mgr.ConfKeyManager'
Nov 09 17:32:29.050322 n-d-776250-9 devstack@c-api.service[117699]: DEBUG cinder.api.openstack [None req-df81f798-421e-4379-94c5-71dde631064a None None] Extended resource: extensions {{(pid=117699) _setup_ext_routes /opt/stack/cinder/cinder/api/openstack/__init__.py:90}}
Nov 09 17:32:29.052345 n-d-776250-9 devstack@c-api.service[117699]: DEBUG cinder.api.openstack [None req-df81f798-421e-4379-94c5-71dde631064a None None] Extended resource: os-services {{(pid=117699) _setup_ext_routes /opt/stack/cinder/cinder/api/openstack/__init__.py:90}}
Nov 09 17:32:29.052632 n-d-776250-9 devstack@c-api.service[117698]: WARNING stevedore.named [None req-b6eb50e1-55f3-435d-a07b-98b95e6d6270 None None] Could not load cinder.keymgr.conf_key_mgr.ConfKeyManager
Nov 09 17:32:29.053168 n-d-776250-9 devstack@c-api.service[117698]: WARNING castellan.key_manager [None req-b6eb50e1-55f3-435d-a07b-98b95e6d6270 None None] Deprecation Warning : cinder.keymgr.conf_key_mgr.ConfKeyManager is not a stevedore based driver, trying to load it as a class: stevedore.exception.NoMatches: No 'castellan.drivers' driver found, looking for 'cinder.keymgr.conf_key_mgr.ConfKeyManager'
Nov 09 17:32:29.054113 n-d-776250-9 devstack@c-api.service[117699]: DEBUG cinder.api.openstack [None req-df81f798-421e-4379-94c5-71dde631064a None None] Extended resource: os-quota-sets {{(pid=117699) _setup_ext_routes /opt/stack/cinder/cinder/api/openstack/__init__.py:90}}
Nov 09 17:32:29.055982 n-d-776250-9 devstack@c-api.service[117698]: WARNING cinder.api.contrib.hosts [None req-b6eb50e1-55f3-435d-a07b-98b95e6d6270 None None] Deprecated: The Host API is deprecated and will be be removed in a future version.
Nov 09 17:32:29.056122 n-d-776250-9 devstack@c-api.service[117699]: DEBUG cinder.api.openstack [None req-df81f798-421e-4379-94c5-71dde631064a None None] Extended resource: extra_specs {{(pid=117699) _setup_ext_routes /opt/stack/cinder/cinder/api/openstack/__init__.py:90}}
Nov 09 17:32:29.057007 n-d-776250-9 devstack@c-api.service[117698]: WARNING stevedore.named [None req-b6eb50e1-55f3-435d-a07b-98b95e6d6270 None None] Could not load cinder.keymgr.conf_key_mgr.ConfKeyManager
Nov 09 17:32:29.057568 n-d-776250-9 devstack@c-api.service[117698]: WARNING castellan.key_manager [None req-b6eb50e1-55f3-435d-a07b-98b95e6d6270 None None] Deprecation Warning : cinder.keymgr.conf_key_mgr.ConfKeyManager is not a stevedore based driver, trying to load it as a class: stevedore.exception.NoMatches: No 'castellan.drivers' driver found, looking for 'cinder.keymgr.conf_key_mgr.ConfKeyManager'
Nov 09 17:32:29.059621 n-d-776250-9 devstack@c-api.service[117698]: WARNING stevedore.named [None req-b6eb50e1-55f3-435d-a07b-98b95e6d6270 None None] Could not load cinder.keymgr.conf_key_mgr.ConfKeyManager
Nov 09 17:32:29.060166 n-d-776250-9 devstack@c-api.service[117698]: WARNING castellan.key_manager [None req-b6eb50e1-55f3-435d-a07b-98b95e6d6270 None None] Deprecation Warning : cinder.keymgr.conf_key_mgr.ConfKeyManager is not a stevedore based driver, trying to load it as a class: stevedore.exception.NoMatches: No 'castellan.drivers' driver found, looking for 'cinder.keymgr.conf_key_mgr.ConfKeyManager'
Nov 09 17:32:29.060985 n-d-776250-9 devstack@c-api.service[117699]: DEBUG cinder.api.openstack [None req-df81f798-421e-4379-94c5-71dde631064a None None] Extended resource: os-hosts {{(pid=117699) _setup_ext_routes /opt/stack/cinder/cinder/api/openstack/__init__.py:90}}
Nov 09 17:32:29.062258 n-d-776250-9 devstack@c-api.service[117698]: WARNING stevedore.named [None req-b6eb50e1-55f3-435d-a07b-98b95e6d6270 None None] Could not load cinder.keymgr.conf_key_mgr.ConfKeyManager
Nov 09 17:32:29.062779 n-d-776250-9 devstack@c-api.service[117698]: WARNING castellan.key_manager [None req-b6eb50e1-55f3-435d-a07b-98b95e6d6270 None None] Deprecation Warning : cinder.keymgr.conf_key_mgr.ConfKeyManager is not a stevedore based driver, trying to load it as a class: stevedore.exception.NoMatches: No 'castellan.drivers' driver found, looking for 'cinder.keymgr.conf_key_mgr.ConfKeyManager'
