Nov 10 21:21:42.031289 n-d-776250-11 devstack@placement-api.service[103530]: [pid: 103530|app: 0|req: 46/93] 10.222.0.45 () {64 vars in 1433 bytes} [Wed Nov 10 21:21:41 2021] PUT /placement/allocations/c79ef318-2cf3-43ff-8f71-e29a1214d733 => generated 0 bytes in 445 msecs (HTTP/1.1 204) 5 headers in 199 bytes (1 switches on core 0)
Nov 10 21:21:43.064888 n-d-776250-11 devstack@placement-api.service[103529]: DEBUG placement.requestlog [req-f6316de2-cbb4-4d33-9f0f-680db80ba64c req-f980a80f-4fc6-4539-b212-e7629d383cca None None] Starting request: 10.222.0.53 "GET /placement/allocations/c79ef318-2cf3-43ff-8f71-e29a1214d733" {{(pid=103529) __call__ /opt/stack/placement/placement/requestlog.py:55}}
Nov 10 21:21:43.080055 n-d-776250-11 devstack@placement-api.service[103529]: INFO placement.requestlog [req-f6316de2-cbb4-4d33-9f0f-680db80ba64c req-f980a80f-4fc6-4539-b212-e7629d383cca service placement] 10.222.0.53 "GET /placement/allocations/c79ef318-2cf3-43ff-8f71-e29a1214d733" status: 200 len: 259 microversion: 1.28
Nov 10 21:21:43.080438 n-d-776250-11 devstack@placement-api.service[103529]: [pid: 103529|app: 0|req: 48/94] 10.222.0.53 () {60 vars in 1377 bytes} [Wed Nov 10 21:21:43 2021] GET /placement/allocations/c79ef318-2cf3-43ff-8f71-e29a1214d733 => generated 259 bytes in 16 msecs (HTTP/1.1 200) 8 headers in 296 bytes (1 switches on core 0)
Nov 10 21:21:43.185206 n-d-776250-11 devstack@placement-api.service[103530]: DEBUG placement.requestlog [req-d8de718f-4b4e-4c6e-8aae-ef573c872ce3 req-7e9ceba4-52cc-4254-89f6-d1bb1f2fa6d8 None None] Starting request: 10.222.0.45 "GET /placement/allocation_candidates?limit=1000&resources=DISK_GB%3A1%2CMEMORY_MB%3A1024%2CVCPU%3A1&root_required=%21COMPUTE_STATUS_DISABLED" {{(pid=103530) __call__ /opt/stack/placement/placement/requestlog.py:55}}
Nov 10 21:21:43.216335 n-d-776250-11 devstack@placement-api.service[103530]: DEBUG placement.objects.research_context [req-d8de718f-4b4e-4c6e-8aae-ef573c872ce3 req-7e9ceba4-52cc-4254-89f6-d1bb1f2fa6d8 service placement] getting providers with 1 DISK_GB {{(pid=103530) __init__ /opt/stack/placement/placement/objects/research_context.py:126}}
Nov 10 21:21:43.222451 n-d-776250-11 devstack@placement-api.service[103530]: DEBUG placement.objects.research_context [req-d8de718f-4b4e-4c6e-8aae-ef573c872ce3 req-7e9ceba4-52cc-4254-89f6-d1bb1f2fa6d8 service placement] getting providers with 1024 MEMORY_MB {{(pid=103530) __init__ /opt/stack/placement/placement/objects/research_context.py:126}}
Nov 10 21:21:43.227571 n-d-776250-11 devstack@placement-api.service[103530]: DEBUG placement.objects.research_context [req-d8de718f-4b4e-4c6e-8aae-ef573c872ce3 req-7e9ceba4-52cc-4254-89f6-d1bb1f2fa6d8 service placement] getting providers with 1 VCPU {{(pid=103530) __init__ /opt/stack/placement/placement/objects/research_context.py:126}}
Nov 10 21:21:43.233227 n-d-776250-11 devstack@placement-api.service[103530]: DEBUG placement.objects.research_context [req-d8de718f-4b4e-4c6e-8aae-ef573c872ce3 req-7e9ceba4-52cc-4254-89f6-d1bb1f2fa6d8 service placement] found 2 providers with available 1 DISK_GB {{(pid=103530) get_provider_ids_matching /opt/stack/placement/placement/objects/research_context.py:549}}
Nov 10 21:21:43.233496 n-d-776250-11 devstack@placement-api.service[103530]: DEBUG placement.objects.research_context [req-d8de718f-4b4e-4c6e-8aae-ef573c872ce3 req-7e9ceba4-52cc-4254-89f6-d1bb1f2fa6d8 service placement] found 2 providers with available 1024 MEMORY_MB {{(pid=103530) get_provider_ids_matching /opt/stack/placement/placement/objects/research_context.py:549}}
Nov 10 21:21:43.233761 n-d-776250-11 devstack@placement-api.service[103530]: DEBUG placement.objects.research_context [req-d8de718f-4b4e-4c6e-8aae-ef573c872ce3 req-7e9ceba4-52cc-4254-89f6-d1bb1f2fa6d8 service placement] found 2 providers after filtering by previous result {{(pid=103530) get_provider_ids_matching /opt/stack/placement/placement/objects/research_context.py:580}}
Nov 10 21:21:43.234012 n-d-776250-11 devstack@placement-api.service[103530]: DEBUG placement.objects.research_context [req-d8de718f-4b4e-4c6e-8aae-ef573c872ce3 req-7e9ceba4-52cc-4254-89f6-d1bb1f2fa6d8 service placement] found 2 providers with available 1 VCPU {{(pid=103530) get_provider_ids_matching /opt/stack/placement/placement/objects/research_context.py:549}}
Nov 10 21:21:43.234268 n-d-776250-11 devstack@placement-api.service[103530]: DEBUG placement.objects.research_context [req-d8de718f-4b4e-4c6e-8aae-ef573c872ce3 req-7e9ceba4-52cc-4254-89f6-d1bb1f2fa6d8 service placement] found 2 providers after filtering by previous result {{(pid=103530) get_provider_ids_matching /opt/stack/placement/placement/objects/research_context.py:580}}
Nov 10 21:21:43.245423 n-d-776250-11 devstack@placement-api.service[103530]: DEBUG placement.objects.allocation_candidate [req-d8de718f-4b4e-4c6e-8aae-ef573c872ce3 req-7e9ceba4-52cc-4254-89f6-d1bb1f2fa6d8 service placement] RequestGroup(use_same_provider=False, resources={DISK_GB:1, MEMORY_MB:1024, VCPU:1}, traits=[], aggregates=[]) (suffix '') returned 2 matches {{(pid=103530) _get_by_requests /opt/stack/placement/placement/objects/allocation_candidate.py:145}}
Nov 10 21:21:43.245873 n-d-776250-11 devstack@placement-api.service[103530]: DEBUG placement.objects.allocation_candidate [req-d8de718f-4b4e-4c6e-8aae-ef573c872ce3 req-7e9ceba4-52cc-4254-89f6-d1bb1f2fa6d8 service placement] Merging candidates yields 2 allocation requests and 2 provider summaries {{(pid=103530) _merge_candidates /opt/stack/placement/placement/objects/allocation_candidate.py:783}}
Nov 10 21:21:43.247555 n-d-776250-11 devstack@placement-api.service[103530]: INFO placement.requestlog [req-d8de718f-4b4e-4c6e-8aae-ef573c872ce3 req-7e9ceba4-52cc-4254-89f6-d1bb1f2fa6d8 service placement] 10.222.0.45 "GET /placement/allocation_candidates?limit=1000&resources=DISK_GB%3A1%2CMEMORY_MB%3A1024%2CVCPU%3A1&root_required=%21COMPUTE_STATUS_DISABLED" status: 200 len: 1309 microversion: 1.36
Nov 10 21:21:43.248199 n-d-776250-11 devstack@placement-api.service[103530]: [pid: 103530|app: 0|req: 47/95] 10.222.0.45 () {60 vars in 1506 bytes} [Wed Nov 10 21:21:43 2021] GET /placement/allocation_candidates?limit=1000&resources=DISK_GB%3A1%2CMEMORY_MB%3A1024%2CVCPU%3A1&root_required=%21COMPUTE_STATUS_DISABLED => generated 1309 bytes in 63 msecs (HTTP/1.1 200) 8 headers in 297 bytes (1 switches on core 0)
Nov 10 21:21:43.312803 n-d-776250-11 devstack@placement-api.service[103529]: DEBUG placement.requestlog [req-d8de718f-4b4e-4c6e-8aae-ef573c872ce3 req-b12503bb-5192-4fb8-a0a2-f6b3a519741f None None] Starting request: 10.222.0.45 "GET /placement/allocations/e5177cc9-a77e-4e8c-91cb-f16098ce2b9f" {{(pid=103529) __call__ /opt/stack/placement/placement/requestlog.py:55}}
Nov 10 21:21:43.328389 n-d-776250-11 devstack@placement-api.service[103529]: INFO placement.requestlog [req-d8de718f-4b4e-4c6e-8aae-ef573c872ce3 req-b12503bb-5192-4fb8-a0a2-f6b3a519741f service placement] 10.222.0.45 "GET /placement/allocations/e5177cc9-a77e-4e8c-91cb-f16098ce2b9f" status: 200 len: 19 microversion: 1.28
Nov 10 21:21:43.333655 n-d-776250-11 devstack@placement-api.service[103529]: [pid: 103529|app: 0|req: 49/96] 10.222.0.45 () {60 vars in 1380 bytes} [Wed Nov 10 21:21:43 2021] GET /placement/allocations/e5177cc9-a77e-4e8c-91cb-f16098ce2b9f => generated 19 bytes in 21 msecs (HTTP/1.1 200) 8 headers in 295 bytes (1 switches on core 0)
Nov 10 21:21:43.337756 n-d-776250-11 devstack@placement-api.service[103530]: DEBUG placement.requestlog [req-d8de718f-4b4e-4c6e-8aae-ef573c872ce3 req-457f32e3-6e9c-4b5f-9822-0ad7894aca8a None None] Starting request: 10.222.0.45 "PUT /placement/allocations/e5177cc9-a77e-4e8c-91cb-f16098ce2b9f" {{(pid=103530) __call__ /opt/stack/placement/placement/requestlog.py:55}}
Nov 10 21:21:43.482333 n-d-776250-11 devstack@placement-api.service[103530]: DEBUG placement.handlers.allocation [req-d8de718f-4b4e-4c6e-8aae-ef573c872ce3 req-457f32e3-6e9c-4b5f-9822-0ad7894aca8a service placement] Successfully wrote allocations [, , ] {{(pid=103530) _update_consumers_and_create_allocations /opt/stack/placement/placement/handlers/allocation.py:462}}
Nov 10 21:21:43.549664 n-d-776250-11 devstack@placement-api.service[103530]: INFO placement.requestlog [req-d8de718f-4b4e-4c6e-8aae-ef573c872ce3 req-457f32e3-6e9c-4b5f-9822-0ad7894aca8a service placement] 10.222.0.45 "PUT /placement/allocations/e5177cc9-a77e-4e8c-91cb-f16098ce2b9f" status: 204 len: 0 microversion: 1.36
Nov 10 21:21:43.550297 n-d-776250-11 devstack@placement-api.service[103530]: [pid: 103530|app: 0|req: 48/97] 10.222.0.45 () {64 vars in 1433 bytes} [Wed Nov 10 21:21:43 2021] PUT /placement/allocations/e5177cc9-a77e-4e8c-91cb-f16098ce2b9f => generated 0 bytes in 214 msecs (HTTP/1.1 204) 5 headers in 199 bytes (1 switches on core 0)
Nov 10 21:21:44.443341 n-d-776250-11 devstack@placement-api.service[103529]: DEBUG placement.requestlog [None req-abd4d24f-4a7f-46b5-9ba6-d0aed28b394a None None] Starting request: 10.222.0.45 "GET /placement/" {{(pid=103529) __call__ /opt/stack/placement/placement/requestlog.py:55}}
Nov 10 21:21:44.445499 n-d-776250-11 devstack@placement-api.service[103529]: INFO placement.requestlog [None req-abd4d24f-4a7f-46b5-9ba6-d0aed28b394a None None] 10.222.0.45 "GET /placement/" status: 200 len: 136 microversion: 1.0
Nov 10 21:21:44.447386 n-d-776250-11 devstack@placement-api.service[103529]: [pid: 103529|app: 0|req: 50/98] 10.222.0.45 () {54 vars in 916 bytes} [Wed Nov 10 21:21:44 2021] GET /placement => generated 136 bytes in 4 msecs (HTTP/1.1 200) 6 headers in 224 bytes (1 switches on core 0)
Nov 10 21:21:44.457653 n-d-776250-11 devstack@placement-api.service[103530]: DEBUG placement.requestlog [req-7cb3c71a-d3ab-4c72-9f84-edf8ec8e5c03 req-2f61dc3a-8808-41a3-8ad5-1843cb438949 None None] Starting request: 10.222.0.45 "GET /placement/allocations/84cefb92-cb19-41af-aab9-01f544245b3c" {{(pid=103530) __call__ /opt/stack/placement/placement/requestlog.py:55}}
Nov 10 21:21:44.527379 n-d-776250-11 devstack@placement-api.service[103529]: DEBUG placement.requestlog [req-d8de718f-4b4e-4c6e-8aae-ef573c872ce3 req-a8ecd9d8-aeaa-48f7-bdf6-fef9d9cb6262 None None] Starting request: 10.222.0.53 "GET /placement/allocations/e5177cc9-a77e-4e8c-91cb-f16098ce2b9f" {{(pid=103529) __call__ /opt/stack/placement/placement/requestlog.py:55}}
Nov 10 21:21:44.534755 n-d-776250-11 devstack@placement-api.service[103530]: INFO placement.requestlog [req-7cb3c71a-d3ab-4c72-9f84-edf8ec8e5c03 req-2f61dc3a-8808-41a3-8ad5-1843cb438949 service placement] 10.222.0.45 "GET /placement/allocations/84cefb92-cb19-41af-aab9-01f544245b3c" status: 200 len: 258 microversion: 1.28
Nov 10 21:21:44.535249 n-d-776250-11 devstack@placement-api.service[103530]: [pid: 103530|app: 0|req: 49/99] 10.222.0.45 () {60 vars in 1380 bytes} [Wed Nov 10 21:21:44 2021] GET /placement/allocations/84cefb92-cb19-41af-aab9-01f544245b3c => generated 258 bytes in 78 msecs (HTTP/1.1 200) 8 headers in 296 bytes (1 switches on core 0)
Nov 10 21:21:44.554397 n-d-776250-11 devstack@placement-api.service[103530]: DEBUG placement.requestlog [req-7cb3c71a-d3ab-4c72-9f84-edf8ec8e5c03 req-0deda200-5956-4e10-9d99-e748275f9b73 None None] Starting request: 10.222.0.45 "GET /placement/allocations/84cefb92-cb19-41af-aab9-01f544245b3c" {{(pid=103530) __call__ /opt/stack/placement/placement/requestlog.py:55}}
Nov 10 21:21:44.554860 n-d-776250-11 devstack@placement-api.service[103529]: INFO placement.requestlog [req-d8de718f-4b4e-4c6e-8aae-ef573c872ce3 req-a8ecd9d8-aeaa-48f7-bdf6-fef9d9cb6262 service placement] 10.222.0.53 "GET /placement/allocations/e5177cc9-a77e-4e8c-91cb-f16098ce2b9f" status: 200 len: 259 microversion: 1.28
Nov 10 21:21:44.554860 n-d-776250-11 devstack@placement-api.service[103529]: [pid: 103529|app: 0|req: 51/100] 10.222.0.53 () {60 vars in 1377 bytes} [Wed Nov 10 21:21:44 2021] GET /placement/allocations/e5177cc9-a77e-4e8c-91cb-f16098ce2b9f => generated 259 bytes in 24 msecs (HTTP/1.1 200) 8 headers in 296 bytes (2 switches on core 0)
Nov 10 21:21:44.583801 n-d-776250-11 devstack@placement-api.service[103530]: INFO placement.requestlog [req-7cb3c71a-d3ab-4c72-9f84-edf8ec8e5c03 req-0deda200-5956-4e10-9d99-e748275f9b73 service placement] 10.222.0.45 "GET /placement/allocations/84cefb92-cb19-41af-aab9-01f544245b3c" status: 200 len: 258 microversion: 1.28
Nov 10 21:21:44.584178 n-d-776250-11 devstack@placement-api.service[103530]: [pid: 103530|app: 0|req: 50/101] 10.222.0.45 () {60 vars in 1380 bytes} [Wed Nov 10 21:21:44 2021] GET /placement/allocations/84cefb92-cb19-41af-aab9-01f544245b3c => generated 258 bytes in 42 msecs (HTTP/1.1 200) 8 headers in 296 bytes (2 switches on core 0)
Nov 10 21:21:44.591378 n-d-776250-11 devstack@placement-api.service[103529]: DEBUG placement.requestlog [req-7cb3c71a-d3ab-4c72-9f84-edf8ec8e5c03 req-e657f6b4-ef2a-492f-aa28-425418669622 None None] Starting request: 10.222.0.45 "GET /placement/allocations/acba1bc4-dcdb-4220-b723-ed16cbf1668f" {{(pid=103529) __call__ /opt/stack/placement/placement/requestlog.py:55}}
Nov 10 21:21:44.606482 n-d-776250-11 devstack@placement-api.service[103529]: INFO placement.requestlog [req-7cb3c71a-d3ab-4c72-9f84-edf8ec8e5c03 req-e657f6b4-ef2a-492f-aa28-425418669622 service placement] 10.222.0.45 "GET /placement/allocations/acba1bc4-dcdb-4220-b723-ed16cbf1668f" status: 200 len: 19 microversion: 1.28
Nov 10 21:21:44.606710 n-d-776250-11 devstack@placement-api.service[103529]: [pid: 103529|app: 0|req: 52/102] 10.222.0.45 () {60 vars in 1380 bytes} [Wed Nov 10 21:21:44 2021] GET /placement/allocations/acba1bc4-dcdb-4220-b723-ed16cbf1668f => generated 19 bytes in 16 msecs (HTTP/1.1 200) 8 headers in 295 bytes (1 switches on core 0)
Nov 10 21:21:44.615291 n-d-776250-11 devstack@placement-api.service[103530]: DEBUG placement.requestlog [req-7cb3c71a-d3ab-4c72-9f84-edf8ec8e5c03 req-41b52198-7b72-4457-8c2c-c300b820728b None None] Starting request: 10.222.0.45 "POST /placement/allocations" {{(pid=103530) __call__ /opt/stack/placement/placement/requestlog.py:55}}
Nov 10 21:21:44.802691 n-d-776250-11 devstack@placement-api.service[103530]: DEBUG placement.handlers.allocation [req-7cb3c71a-d3ab-4c72-9f84-edf8ec8e5c03 req-41b52198-7b72-4457-8c2c-c300b820728b service placement] Successfully wrote allocations [, , , , , ] {{(pid=103530) _update_consumers_and_create_allocations /opt/stack/placement/placement/handlers/allocation.py:572}}
Nov 10 21:21:44.857763 n-d-776250-11 devstack@placement-api.service[103530]: INFO placement.requestlog [req-7cb3c71a-d3ab-4c72-9f84-edf8ec8e5c03 req-41b52198-7b72-4457-8c2c-c300b820728b service placement] 10.222.0.45 "POST /placement/allocations" status: 204 len: 0 microversion: 1.28
Nov 10 21:21:44.858024 n-d-776250-11 devstack@placement-api.service[103530]: [pid: 103530|app: 0|req: 51/103] 10.222.0.45 () {64 vars in 1323 bytes} [Wed Nov 10 21:21:44 2021] POST /placement/allocations => generated 0 bytes in 243 msecs (HTTP/1.1 204) 5 headers in 199 bytes (1 switches on core 0)
Nov 10 21:21:44.909546 n-d-776250-11 devstack@placement-api.service[103529]: DEBUG placement.requestlog [req-7cb3c71a-d3ab-4c72-9f84-edf8ec8e5c03 req-b58078a0-66ed-4e92-baa7-b213cc053d0b None None] Starting request: 10.222.0.45 "GET /placement/allocations/84cefb92-cb19-41af-aab9-01f544245b3c" {{(pid=103529) __call__ /opt/stack/placement/placement/requestlog.py:55}}
Nov 10 21:21:45.224686 n-d-776250-11 devstack@placement-api.service[103529]: INFO placement.requestlog [req-7cb3c71a-d3ab-4c72-9f84-edf8ec8e5c03 req-b58078a0-66ed-4e92-baa7-b213cc053d0b service placement] 10.222.0.45 "GET /placement/allocations/84cefb92-cb19-41af-aab9-01f544245b3c" status: 200 len: 19 microversion: 1.28
Nov 10 21:21:45.224978 n-d-776250-11 devstack@placement-api.service[103529]: [pid: 103529|app: 0|req: 53/104] 10.222.0.45 () {60 vars in 1380 bytes} [Wed Nov 10 21:21:44 2021] GET /placement/allocations/84cefb92-cb19-41af-aab9-01f544245b3c => generated 19 bytes in 316 msecs (HTTP/1.1 200) 8 headers in 295 bytes (1 switches on core 0)
Nov 10 21:21:45.234050 n-d-776250-11 devstack@placement-api.service[103530]: DEBUG placement.requestlog [req-7cb3c71a-d3ab-4c72-9f84-edf8ec8e5c03 req-3a549ba0-fdbb-4a81-abbe-d2c5ca41dcd9 None None] Starting request: 10.222.0.45 "PUT /placement/allocations/84cefb92-cb19-41af-aab9-01f544245b3c" {{(pid=103530) __call__ /opt/stack/placement/placement/requestlog.py:55}}
Nov 10 21:21:45.368791 n-d-776250-11 devstack@placement-api.service[103530]: DEBUG placement.handlers.allocation [req-7cb3c71a-d3ab-4c72-9f84-edf8ec8e5c03 req-3a549ba0-fdbb-4a81-abbe-d2c5ca41dcd9 service placement] Successfully wrote allocations [, , ] {{(pid=103530) _update_consumers_and_create_allocations /opt/stack/placement/placement/handlers/allocation.py:462}}
Nov 10 21:21:45.453841 n-d-776250-11 devstack@placement-api.service[103530]: INFO placement.requestlog [req-7cb3c71a-d3ab-4c72-9f84-edf8ec8e5c03 req-3a549ba0-fdbb-4a81-abbe-d2c5ca41dcd9 service placement] 10.222.0.45 "PUT /placement/allocations/84cefb92-cb19-41af-aab9-01f544245b3c" status: 204 len: 0 microversion: 1.28
Nov 10 21:21:45.455355 n-d-776250-11 devstack@placement-api.service[103530]: [pid: 103530|app: 0|req: 52/105] 10.222.0.45 () {64 vars in 1433 bytes} [Wed Nov 10 21:21:45 2021] PUT /placement/allocations/84cefb92-cb19-41af-aab9-01f544245b3c => generated 0 bytes in 222 msecs (HTTP/1.1 204) 5 headers in 199 bytes (1 switches on core 0)
Nov 10 21:21:46.033190 n-d-776250-11 devstack@placement-api.service[103529]: DEBUG placement.requestlog [req-7cb3c71a-d3ab-4c72-9f84-edf8ec8e5c03 req-168086cc-1810-41e8-8259-8741882d8ed8 None None] Starting request: 10.222.0.53 "GET /placement/allocations/84cefb92-cb19-41af-aab9-01f544245b3c" {{(pid=103529) __call__ /opt/stack/placement/placement/requestlog.py:55}}
Nov 10 21:21:46.033190 n-d-776250-11 devstack@placement-api.service[103529]: INFO placement.requestlog [req-7cb3c71a-d3ab-4c72-9f84-edf8ec8e5c03 req-168086cc-1810-41e8-8259-8741882d8ed8 service placement] 10.222.0.53 "GET /placement/allocations/84cefb92-cb19-41af-aab9-01f544245b3c" status: 200 len: 259 microversion: 1.28
Nov 10 21:21:46.033190 n-d-776250-11 devstack@placement-api.service[103529]: [pid: 103529|app: 0|req: 54/106] 10.222.0.53 () {60 vars in 1377 bytes} [Wed Nov 10 21:21:45 2021] GET /placement/allocations/84cefb92-cb19-41af-aab9-01f544245b3c => generated 259 bytes in 16 msecs (HTTP/1.1 200) 8 headers in 296 bytes (2 switches on core 0)
Nov 10 21:21:51.223670 n-d-776250-11 devstack@placement-api.service[103530]: DEBUG placement.requestlog [None req-74ffc66f-f1a7-4127-8fe1-2ce0d2f23896 None None] Starting request: 10.222.0.45 "GET /placement/" {{(pid=103530) __call__ /opt/stack/placement/placement/requestlog.py:55}}
Nov 10 21:21:51.225406 n-d-776250-11 devstack@placement-api.service[103530]: INFO placement.requestlog [None req-74ffc66f-f1a7-4127-8fe1-2ce0d2f23896 None None] 10.222.0.45 "GET /placement/" status: 200 len: 136 microversion: 1.0
Nov 10 21:21:51.225868 n-d-776250-11 devstack@placement-api.service[103530]: [pid: 103530|app: 0|req: 53/107] 10.222.0.45 () {54 vars in 907 bytes} [Wed Nov 10 21:21:51 2021] GET /placement => generated 136 bytes in 2 msecs (HTTP/1.1 200) 6 headers in 224 bytes (2 switches on core 0)
Nov 10 21:21:51.238349 n-d-776250-11 devstack@placement-api.service[103529]: DEBUG placement.requestlog [req-884b76c1-fd87-4fec-b17a-aaeb994b4f72 req-3fadcb86-f0b5-4523-989f-eff0bfe0d6b5 None None] Starting request: 10.222.0.45 "GET /placement/resource_providers/8169e5d2-7f51-4a2e-a840-d447039b9834/traits" {{(pid=103529) __call__ /opt/stack/placement/placement/requestlog.py:55}}
Nov 10 21:21:51.411308 n-d-776250-11 devstack@placement-api.service[103529]: INFO placement.requestlog [req-884b76c1-fd87-4fec-b17a-aaeb994b4f72 req-3fadcb86-f0b5-4523-989f-eff0bfe0d6b5 service placement] 10.222.0.45 "GET /placement/resource_providers/8169e5d2-7f51-4a2e-a840-d447039b9834/traits" status: 200 len: 212 microversion: 1.6
Nov 10 21:21:51.422727 n-d-776250-11 devstack@placement-api.service[103529]: [pid: 103529|app: 0|req: 55/108] 10.222.0.45 () {60 vars in 1412 bytes} [Wed Nov 10 21:21:51 2021] GET /placement/resource_providers/8169e5d2-7f51-4a2e-a840-d447039b9834/traits => generated 212 bytes in 180 msecs (HTTP/1.1 200) 6 headers in 224 bytes (1 switches on core 0)
Nov 10 21:21:53.536402 n-d-776250-11 devstack@placement-api.service[103530]: DEBUG placement.requestlog [None req-02876e4a-909a-4805-9041-af725e3ae38b None None] Starting request: 10.222.0.45 "GET /placement/" {{(pid=103530) __call__ /opt/stack/placement/placement/requestlog.py:55}}
Nov 10 21:21:53.537879 n-d-776250-11 devstack@placement-api.service[103530]: INFO placement.requestlog [None req-02876e4a-909a-4805-9041-af725e3ae38b None None] 10.222.0.45 "GET /placement/" status: 200 len: 136 microversion: 1.0
Nov 10 21:21:53.538632 n-d-776250-11 devstack@placement-api.service[103530]: [pid: 103530|app: 0|req: 54/109] 10.222.0.45 () {54 vars in 916 bytes} [Wed Nov 10 21:21:53 2021] GET /placement => generated 136 bytes in 2 msecs (HTTP/1.1 200) 6 headers in 224 bytes (1 switches on core 0)
Nov 10 21:21:53.551621 n-d-776250-11 devstack@placement-api.service[103529]: DEBUG placement.requestlog [req-884b76c1-fd87-4fec-b17a-aaeb994b4f72 req-260af662-46b4-49aa-8eb5-a514ee31e4b7 None None] Starting request: 10.222.0.45 "GET /placement/allocations/ecb8fd4d-32f7-4d1c-ad4a-6829950e422f" {{(pid=103529) __call__ /opt/stack/placement/placement/requestlog.py:55}}
Nov 10 21:21:53.764012 n-d-776250-11 devstack@placement-api.service[103529]: INFO placement.requestlog [req-884b76c1-fd87-4fec-b17a-aaeb994b4f72 req-260af662-46b4-49aa-8eb5-a514ee31e4b7 service placement] 10.222.0.45 "GET /placement/allocations/ecb8fd4d-32f7-4d1c-ad4a-6829950e422f" status: 200 len: 259 microversion: 1.28
Nov 10 21:21:53.776939 n-d-776250-11 devstack@placement-api.service[103529]: [pid: 103529|app: 0|req: 56/110] 10.222.0.45 () {60 vars in 1380 bytes} [Wed Nov 10 21:21:53 2021] GET /placement/allocations/ecb8fd4d-32f7-4d1c-ad4a-6829950e422f => generated 259 bytes in 225 msecs (HTTP/1.1 200) 8 headers in 296 bytes (1 switches on core 0)
Nov 10 21:21:53.777689 n-d-776250-11 devstack@placement-api.service[103530]: DEBUG placement.requestlog [req-884b76c1-fd87-4fec-b17a-aaeb994b4f72 req-2d15e6df-144f-4360-bccb-d9fd0cdbcd58 None None] Starting request: 10.222.0.45 "GET /placement/allocations/ecb8fd4d-32f7-4d1c-ad4a-6829950e422f" {{(pid=103530) __call__ /opt/stack/placement/placement/requestlog.py:55}}
Nov 10 21:21:53.793768 n-d-776250-11 devstack@placement-api.service[103530]: INFO placement.requestlog [req-884b76c1-fd87-4fec-b17a-aaeb994b4f72 req-2d15e6df-144f-4360-bccb-d9fd0cdbcd58 service placement] 10.222.0.45 "GET /placement/allocations/ecb8fd4d-32f7-4d1c-ad4a-6829950e422f" status: 200 len: 259 microversion: 1.28
Nov 10 21:21:53.794095 n-d-776250-11 devstack@placement-api.service[103530]: [pid: 103530|app: 0|req: 55/111] 10.222.0.45 () {60 vars in 1380 bytes} [Wed Nov 10 21:21:53 2021] GET /placement/allocations/ecb8fd4d-32f7-4d1c-ad4a-6829950e422f => generated 259 bytes in 17 msecs (HTTP/1.1 200) 8 headers in 296 bytes (1 switches on core 0)
Nov 10 21:21:53.804057 n-d-776250-11 devstack@placement-api.service[103529]: DEBUG placement.requestlog [req-884b76c1-fd87-4fec-b17a-aaeb994b4f72 req-9061a5c5-001e-4699-9bc8-26a0ac6bee4e None None] Starting request: 10.222.0.45 "GET /placement/allocations/4195e17b-d594-4321-8f87-0051ce550168" {{(pid=103529) __call__ /opt/stack/placement/placement/requestlog.py:55}}
Nov 10 21:21:53.816531 n-d-776250-11 devstack@placement-api.service[103529]: INFO placement.requestlog [req-884b76c1-fd87-4fec-b17a-aaeb994b4f72 req-9061a5c5-001e-4699-9bc8-26a0ac6bee4e service placement] 10.222.0.45 "GET /placement/allocations/4195e17b-d594-4321-8f87-0051ce550168" status: 200 len: 19 microversion: 1.28
Nov 10 21:21:53.816807 n-d-776250-11 devstack@placement-api.service[103529]: [pid: 103529|app: 0|req: 57/112] 10.222.0.45 () {60 vars in 1380 bytes} [Wed Nov 10 21:21:53 2021] GET /placement/allocations/4195e17b-d594-4321-8f87-0051ce550168 => generated 19 bytes in 13 msecs (HTTP/1.1 200) 8 headers in 295 bytes (1 switches on core 0)
Nov 10 21:21:53.824878 n-d-776250-11 devstack@placement-api.service[103530]: DEBUG placement.requestlog [req-884b76c1-fd87-4fec-b17a-aaeb994b4f72 req-c86644c9-2ad2-4e8e-8147-b9318145b9b5 None None] Starting request: 10.222.0.45 "POST /placement/allocations" {{(pid=103530) __call__ /opt/stack/placement/placement/requestlog.py:55}}
Nov 10 21:21:54.016840 n-d-776250-11 devstack@placement-api.service[103530]: DEBUG placement.handlers.allocation [req-884b76c1-fd87-4fec-b17a-aaeb994b4f72 req-c86644c9-2ad2-4e8e-8147-b9318145b9b5 service placement] Successfully wrote allocations [, , , , , ] {{(pid=103530) _update_consumers_and_create_allocations /opt/stack/placement/placement/handlers/allocation.py:572}}
Nov 10 21:21:54.087047 n-d-776250-11 devstack@placement-api.service[103530]: INFO placement.requestlog [req-884b76c1-fd87-4fec-b17a-aaeb994b4f72 req-c86644c9-2ad2-4e8e-8147-b9318145b9b5 service placement] 10.222.0.45 "POST /placement/allocations" status: 204 len: 0 microversion: 1.28
Nov 10 21:21:54.087448 n-d-776250-11 devstack@placement-api.service[103530]: [pid: 103530|app: 0|req: 56/113] 10.222.0.45 () {64 vars in 1323 bytes} [Wed Nov 10 21:21:53 2021] POST /placement/allocations => generated 0 bytes in 263 msecs (HTTP/1.1 204) 5 headers in 199 bytes (1 switches on core 0)
Nov 10 21:21:54.110424 n-d-776250-11 devstack@placement-api.service[103529]: DEBUG placement.requestlog [req-884b76c1-fd87-4fec-b17a-aaeb994b4f72 req-f2d23f85-b8ee-47e2-bd55-9fc0e334aefe None None] Starting request: 10.222.0.45 "GET /placement/allocation_candidates?limit=1000&resources=DISK_GB%3A1%2CMEMORY_MB%3A1024%2CVCPU%3A1&root_required=%21COMPUTE_STATUS_DISABLED" {{(pid=103529) __call__ /opt/stack/placement/placement/requestlog.py:55}}
Nov 10 21:21:54.145969 n-d-776250-11 devstack@placement-api.service[103529]: DEBUG placement.objects.research_context [req-884b76c1-fd87-4fec-b17a-aaeb994b4f72 req-f2d23f85-b8ee-47e2-bd55-9fc0e334aefe service placement] getting providers with 1 DISK_GB {{(pid=103529) __init__ /opt/stack/placement/placement/objects/research_context.py:126}}
Nov 10 21:21:54.161794 n-d-776250-11 devstack@placement-api.service[103529]: DEBUG placement.objects.research_context [req-884b76c1-fd87-4fec-b17a-aaeb994b4f72 req-f2d23f85-b8ee-47e2-bd55-9fc0e334aefe service placement] getting providers with 1024 MEMORY_MB {{(pid=103529) __init__ /opt/stack/placement/placement/objects/research_context.py:126}}
Nov 10 21:21:54.173040 n-d-776250-11 devstack@placement-api.service[103529]: DEBUG placement.objects.research_context [req-884b76c1-fd87-4fec-b17a-aaeb994b4f72 req-f2d23f85-b8ee-47e2-bd55-9fc0e334aefe service placement] getting providers with 1 VCPU {{(pid=103529) __init__ /opt/stack/placement/placement/objects/research_context.py:126}}
Nov 10 21:21:54.180286 n-d-776250-11 devstack@placement-api.service[103529]: DEBUG placement.objects.research_context [req-884b76c1-fd87-4fec-b17a-aaeb994b4f72 req-f2d23f85-b8ee-47e2-bd55-9fc0e334aefe service placement] found 2 providers with available 1 DISK_GB {{(pid=103529) get_provider_ids_matching /opt/stack/placement/placement/objects/research_context.py:549}}
Nov 10 21:21:54.180874 n-d-776250-11 devstack@placement-api.service[103529]: DEBUG placement.objects.research_context [req-884b76c1-fd87-4fec-b17a-aaeb994b4f72 req-f2d23f85-b8ee-47e2-bd55-9fc0e334aefe service placement] found 2 providers with available 1024 MEMORY_MB {{(pid=103529) get_provider_ids_matching /opt/stack/placement/placement/objects/research_context.py:549}}
Nov 10 21:21:54.181388 n-d-776250-11 devstack@placement-api.service[103529]: DEBUG placement.objects.research_context [req-884b76c1-fd87-4fec-b17a-aaeb994b4f72 req-f2d23f85-b8ee-47e2-bd55-9fc0e334aefe service placement] found 2 providers after filtering by previous result {{(pid=103529) get_provider_ids_matching /opt/stack/placement/placement/objects/research_context.py:580}}
Nov 10 21:21:54.181861 n-d-776250-11 devstack@placement-api.service[103529]: DEBUG placement.objects.research_context [req-884b76c1-fd87-4fec-b17a-aaeb994b4f72 req-f2d23f85-b8ee-47e2-bd55-9fc0e334aefe service placement] found 2 providers with available 1 VCPU {{(pid=103529) get_provider_ids_matching /opt/stack/placement/placement/objects/research_context.py:549}}
Nov 10 21:21:54.182472 n-d-776250-11 devstack@placement-api.service[103529]: DEBUG placement.objects.research_context [req-884b76c1-fd87-4fec-b17a-aaeb994b4f72 req-f2d23f85-b8ee-47e2-bd55-9fc0e334aefe service placement] found 2 providers after filtering by previous result {{(pid=103529) get_provider_ids_matching /opt/stack/placement/placement/objects/research_context.py:580}}
Nov 10 21:21:54.197285 n-d-776250-11 devstack@placement-api.service[103529]: DEBUG placement.objects.allocation_candidate [req-884b76c1-fd87-4fec-b17a-aaeb994b4f72 req-f2d23f85-b8ee-47e2-bd55-9fc0e334aefe service placement] RequestGroup(use_same_provider=False, resources={DISK_GB:1, MEMORY_MB:1024, VCPU:1}, traits=[], aggregates=[]) (suffix '') returned 2 matches {{(pid=103529) _get_by_requests /opt/stack/placement/placement/objects/allocation_candidate.py:145}}
Nov 10 21:21:54.198990 n-d-776250-11 devstack@placement-api.service[103529]: DEBUG placement.objects.allocation_candidate [req-884b76c1-fd87-4fec-b17a-aaeb994b4f72 req-f2d23f85-b8ee-47e2-bd55-9fc0e334aefe service placement] Merging candidates yields 2 allocation requests and 2 provider summaries {{(pid=103529) _merge_candidates /opt/stack/placement/placement/objects/allocation_candidate.py:783}}
Nov 10 21:21:54.202849 n-d-776250-11 devstack@placement-api.service[103529]: INFO placement.requestlog [req-884b76c1-fd87-4fec-b17a-aaeb994b4f72 req-f2d23f85-b8ee-47e2-bd55-9fc0e334aefe service placement] 10.222.0.45 "GET /placement/allocation_candidates?limit=1000&resources=DISK_GB%3A1%2CMEMORY_MB%3A1024%2CVCPU%3A1&root_required=%21COMPUTE_STATUS_DISABLED" status: 200 len: 1309 microversion: 1.36
Nov 10 21:21:54.208905 n-d-776250-11 devstack@placement-api.service[103529]: [pid: 103529|app: 0|req: 58/114] 10.222.0.45 () {60 vars in 1506 bytes} [Wed Nov 10 21:21:54 2021] GET /placement/allocation_candidates?limit=1000&resources=DISK_GB%3A1%2CMEMORY_MB%3A1024%2CVCPU%3A1&root_required=%21COMPUTE_STATUS_DISABLED => generated 1309 bytes in 99 msecs (HTTP/1.1 200) 8 headers in 297 bytes (1 switches on core 0)
Nov 10 21:21:54.270257 n-d-776250-11 devstack@placement-api.service[103530]: DEBUG placement.requestlog [req-884b76c1-fd87-4fec-b17a-aaeb994b4f72 req-99f500b9-de14-4c73-bfd4-70cd8dad2610 None None] Starting request: 10.222.0.45 "GET /placement/allocations/ecb8fd4d-32f7-4d1c-ad4a-6829950e422f" {{(pid=103530) __call__ /opt/stack/placement/placement/requestlog.py:55}}
Nov 10 21:21:54.282697 n-d-776250-11 devstack@placement-api.service[103530]: INFO placement.requestlog [req-884b76c1-fd87-4fec-b17a-aaeb994b4f72 req-99f500b9-de14-4c73-bfd4-70cd8dad2610 service placement] 10.222.0.45 "GET /placement/allocations/ecb8fd4d-32f7-4d1c-ad4a-6829950e422f" status: 200 len: 19 microversion: 1.28
Nov 10 21:21:54.283301 n-d-776250-11 devstack@placement-api.service[103530]: [pid: 103530|app: 0|req: 57/115] 10.222.0.45 () {60 vars in 1380 bytes} [Wed Nov 10 21:21:54 2021] GET /placement/allocations/ecb8fd4d-32f7-4d1c-ad4a-6829950e422f => generated 19 bytes in 13 msecs (HTTP/1.1 200) 8 headers in 295 bytes (2 switches on core 0)
Nov 10 21:21:54.289929 n-d-776250-11 devstack@placement-api.service[103529]: DEBUG placement.requestlog [req-884b76c1-fd87-4fec-b17a-aaeb994b4f72 req-7594aab8-5ad5-400d-8e69-f384975bf8f4 None None] Starting request: 10.222.0.45 "PUT /placement/allocations/ecb8fd4d-32f7-4d1c-ad4a-6829950e422f" {{(pid=103529) __call__ /opt/stack/placement/placement/requestlog.py:55}}
Nov 10 21:21:54.464323 n-d-776250-11 devstack@placement-api.service[103529]: DEBUG placement.handlers.allocation [req-884b76c1-fd87-4fec-b17a-aaeb994b4f72 req-7594aab8-5ad5-400d-8e69-f384975bf8f4 service placement] Successfully wrote allocations [, , ] {{(pid=103529) _update_consumers_and_create_allocations /opt/stack/placement/placement/handlers/allocation.py:462}}
Nov 10 21:21:54.539484 n-d-776250-11 devstack@placement-api.service[103529]: INFO placement.requestlog [req-884b76c1-fd87-4fec-b17a-aaeb994b4f72 req-7594aab8-5ad5-400d-8e69-f384975bf8f4 service placement] 10.222.0.45 "PUT /placement/allocations/ecb8fd4d-32f7-4d1c-ad4a-6829950e422f" status: 204 len: 0 microversion: 1.36
Nov 10 21:21:54.539484 n-d-776250-11 devstack@placement-api.service[103529]: [pid: 103529|app: 0|req: 59/116] 10.222.0.45 () {64 vars in 1433 bytes} [Wed Nov 10 21:21:54 2021] PUT /placement/allocations/ecb8fd4d-32f7-4d1c-ad4a-6829950e422f => generated 0 bytes in 249 msecs (HTTP/1.1 204) 5 headers in 199 bytes (1 switches on core 0)
Nov 10 21:21:54.973864 n-d-776250-11 devstack@placement-api.service[103530]: DEBUG placement.requestlog [req-884b76c1-fd87-4fec-b17a-aaeb994b4f72 req-b2e48638-f409-432e-9a80-70d862d7453b None None] Starting request: 10.222.0.64 "GET /placement/allocations/ecb8fd4d-32f7-4d1c-ad4a-6829950e422f" {{(pid=103530) __call__ /opt/stack/placement/placement/requestlog.py:55}}
Nov 10 21:21:54.989144 n-d-776250-11 devstack@placement-api.service[103530]: INFO placement.requestlog [req-884b76c1-fd87-4fec-b17a-aaeb994b4f72 req-b2e48638-f409-432e-9a80-70d862d7453b service placement] 10.222.0.64 "GET /placement/allocations/ecb8fd4d-32f7-4d1c-ad4a-6829950e422f" status: 200 len: 258 microversion: 1.28
Nov 10 21:21:54.989395 n-d-776250-11 devstack@placement-api.service[103530]: [pid: 103530|app: 0|req: 58/117] 10.222.0.64 () {60 vars in 1377 bytes} [Wed Nov 10 21:21:54 2021] GET /placement/allocations/ecb8fd4d-32f7-4d1c-ad4a-6829950e422f => generated 258 bytes in 16 msecs (HTTP/1.1 200) 8 headers in 296 bytes (1 switches on core 0)
Nov 10 21:22:00.701768 n-d-776250-11 devstack@placement-api.service[103529]: DEBUG placement.requestlog [req-31819b27-7631-4cb4-ac99-e4938d6f7285 req-f0dbadf6-98ce-426a-88d5-5b873bc098ca None None] Starting request: 10.222.0.45 "GET /placement/allocation_candidates?limit=1000&resources=DISK_GB%3A1%2CMEMORY_MB%3A1024%2CVCPU%3A1&root_required=%21COMPUTE_STATUS_DISABLED" {{(pid=103529) __call__ /opt/stack/placement/placement/requestlog.py:55}}
Nov 10 21:22:00.744693 n-d-776250-11 devstack@placement-api.service[103529]: DEBUG placement.objects.research_context [req-31819b27-7631-4cb4-ac99-e4938d6f7285 req-f0dbadf6-98ce-426a-88d5-5b873bc098ca service placement] getting providers with 1 DISK_GB {{(pid=103529) __init__ /opt/stack/placement/placement/objects/research_context.py:126}}
Nov 10 21:22:00.756424 n-d-776250-11 devstack@placement-api.service[103529]: DEBUG placement.objects.research_context [req-31819b27-7631-4cb4-ac99-e4938d6f7285 req-f0dbadf6-98ce-426a-88d5-5b873bc098ca service placement] getting providers with 1024 MEMORY_MB {{(pid=103529) __init__ /opt/stack/placement/placement/objects/research_context.py:126}}
Nov 10 21:22:00.766894 n-d-776250-11 devstack@placement-api.service[103529]: DEBUG placement.objects.research_context [req-31819b27-7631-4cb4-ac99-e4938d6f7285 req-f0dbadf6-98ce-426a-88d5-5b873bc098ca service placement] getting providers with 1 VCPU {{(pid=103529) __init__ /opt/stack/placement/placement/objects/research_context.py:126}}
Nov 10 21:22:00.780518 n-d-776250-11 devstack@placement-api.service[103529]: DEBUG placement.objects.research_context [req-31819b27-7631-4cb4-ac99-e4938d6f7285 req-f0dbadf6-98ce-426a-88d5-5b873bc098ca service placement] found 2 providers with available 1 DISK_GB {{(pid=103529) get_provider_ids_matching /opt/stack/placement/placement/objects/research_context.py:549}}
Nov 10 21:22:00.780930 n-d-776250-11 devstack@placement-api.service[103529]: DEBUG placement.objects.research_context [req-31819b27-7631-4cb4-ac99-e4938d6f7285 req-f0dbadf6-98ce-426a-88d5-5b873bc098ca service placement] found 2 providers with available 1024 MEMORY_MB {{(pid=103529) get_provider_ids_matching /opt/stack/placement/placement/objects/research_context.py:549}}
Nov 10 21:22:00.781277 n-d-776250-11 devstack@placement-api.service[103529]: DEBUG placement.objects.research_context [req-31819b27-7631-4cb4-ac99-e4938d6f7285 req-f0dbadf6-98ce-426a-88d5-5b873bc098ca service placement] found 2 providers after filtering by previous result {{(pid=103529) get_provider_ids_matching /opt/stack/placement/placement/objects/research_context.py:580}}
Nov 10 21:22:00.781603 n-d-776250-11 devstack@placement-api.service[103529]: DEBUG placement.objects.research_context [req-31819b27-7631-4cb4-ac99-e4938d6f7285 req-f0dbadf6-98ce-426a-88d5-5b873bc098ca service placement] found 2 providers with available 1 VCPU {{(pid=103529) get_provider_ids_matching /opt/stack/placement/placement/objects/research_context.py:549}}
Nov 10 21:22:00.781960 n-d-776250-11 devstack@placement-api.service[103529]: DEBUG placement.objects.research_context [req-31819b27-7631-4cb4-ac99-e4938d6f7285 req-f0dbadf6-98ce-426a-88d5-5b873bc098ca service placement] found 2 providers after filtering by previous result {{(pid=103529) get_provider_ids_matching /opt/stack/placement/placement/objects/research_context.py:580}}
Nov 10 21:22:00.794356 n-d-776250-11 devstack@placement-api.service[103529]: DEBUG placement.objects.allocation_candidate [req-31819b27-7631-4cb4-ac99-e4938d6f7285 req-f0dbadf6-98ce-426a-88d5-5b873bc098ca service placement] RequestGroup(use_same_provider=False, resources={DISK_GB:1, MEMORY_MB:1024, VCPU:1}, traits=[], aggregates=[]) (suffix '') returned 2 matches {{(pid=103529) _get_by_requests /opt/stack/placement/placement/objects/allocation_candidate.py:145}}
Nov 10 21:22:00.795243 n-d-776250-11 devstack@placement-api.service[103529]: DEBUG placement.objects.allocation_candidate [req-31819b27-7631-4cb4-ac99-e4938d6f7285 req-f0dbadf6-98ce-426a-88d5-5b873bc098ca service placement] Merging candidates yields 2 allocation requests and 2 provider summaries {{(pid=103529) _merge_candidates /opt/stack/placement/placement/objects/allocation_candidate.py:783}}
Nov 10 21:22:00.797352 n-d-776250-11 devstack@placement-api.service[103529]: INFO placement.requestlog [req-31819b27-7631-4cb4-ac99-e4938d6f7285 req-f0dbadf6-98ce-426a-88d5-5b873bc098ca service placement] 10.222.0.45 "GET /placement/allocation_candidates?limit=1000&resources=DISK_GB%3A1%2CMEMORY_MB%3A1024%2CVCPU%3A1&root_required=%21COMPUTE_STATUS_DISABLED" status: 200 len: 1309 microversion: 1.36
Nov 10 21:22:00.798066 n-d-776250-11 devstack@placement-api.service[103529]: [pid: 103529|app: 0|req: 60/118] 10.222.0.45 () {60 vars in 1506 bytes} [Wed Nov 10 21:22:00 2021] GET /placement/allocation_candidates?limit=1000&resources=DISK_GB%3A1%2CMEMORY_MB%3A1024%2CVCPU%3A1&root_required=%21COMPUTE_STATUS_DISABLED => generated 1309 bytes in 96 msecs (HTTP/1.1 200) 8 headers in 297 bytes (1 switches on core 0)
Nov 10 21:22:00.905697 n-d-776250-11 devstack@placement-api.service[103530]: DEBUG placement.requestlog [req-31819b27-7631-4cb4-ac99-e4938d6f7285 req-26b602fd-af30-4787-840c-ba98b6baf28b None None] Starting request: 10.222.0.45 "GET /placement/allocations/8862c7d8-0c84-4833-b668-795e506eeb47" {{(pid=103530) __call__ /opt/stack/placement/placement/requestlog.py:55}}
Nov 10 21:22:00.935401 n-d-776250-11 devstack@placement-api.service[103530]: INFO placement.requestlog [req-31819b27-7631-4cb4-ac99-e4938d6f7285 req-26b602fd-af30-4787-840c-ba98b6baf28b service placement] 10.222.0.45 "GET /placement/allocations/8862c7d8-0c84-4833-b668-795e506eeb47" status: 200 len: 19 microversion: 1.28
Nov 10 21:22:00.940007 n-d-776250-11 devstack@placement-api.service[103530]: [pid: 103530|app: 0|req: 59/119] 10.222.0.45 () {60 vars in 1380 bytes} [Wed Nov 10 21:22:00 2021] GET /placement/allocations/8862c7d8-0c84-4833-b668-795e506eeb47 => generated 19 bytes in 35 msecs (HTTP/1.1 200) 8 headers in 295 bytes (1 switches on core 0)
Nov 10 21:22:00.944620 n-d-776250-11 devstack@placement-api.service[103529]: DEBUG placement.requestlog [req-31819b27-7631-4cb4-ac99-e4938d6f7285 req-354c5ff3-3d5c-45e3-9a7d-51d681d19a15 None None] Starting request: 10.222.0.45 "PUT /placement/allocations/8862c7d8-0c84-4833-b668-795e506eeb47" {{(pid=103529) __call__ /opt/stack/placement/placement/requestlog.py:55}}
Nov 10 21:22:01.189773 n-d-776250-11 devstack@placement-api.service[103529]: DEBUG placement.handlers.allocation [req-31819b27-7631-4cb4-ac99-e4938d6f7285 req-354c5ff3-3d5c-45e3-9a7d-51d681d19a15 service placement] Successfully wrote allocations [, , ] {{(pid=103529) _update_consumers_and_create_allocations /opt/stack/placement/placement/handlers/allocation.py:462}}
Nov 10 21:22:01.286740 n-d-776250-11 devstack@placement-api.service[103529]: INFO placement.requestlog [req-31819b27-7631-4cb4-ac99-e4938d6f7285 req-354c5ff3-3d5c-45e3-9a7d-51d681d19a15 service placement] 10.222.0.45 "PUT /placement/allocations/8862c7d8-0c84-4833-b668-795e506eeb47" status: 204 len: 0 microversion: 1.36
Nov 10 21:22:01.286997 n-d-776250-11 devstack@placement-api.service[103529]: [pid: 103529|app: 0|req: 61/120] 10.222.0.45 () {64 vars in 1433 bytes} [Wed Nov 10 21:22:00 2021] PUT /placement/allocations/8862c7d8-0c84-4833-b668-795e506eeb47 => generated 0 bytes in 343 msecs (HTTP/1.1 204) 5 headers in 199 bytes (1 switches on core 0)
Nov 10 21:22:01.545619 n-d-776250-11 devstack@placement-api.service[103530]: DEBUG placement.requestlog [req-1433f553-1742-49e7-ad22-4a07c897dd67 req-9834dc00-46bc-4001-ad05-a047a752a434 None None] Starting request: 10.222.0.45 "GET /placement/allocation_candidates?limit=1000&resources=DISK_GB%3A1%2CMEMORY_MB%3A1024%2CVCPU%3A1&root_required=%21COMPUTE_STATUS_DISABLED" {{(pid=103530) __call__ /opt/stack/placement/placement/requestlog.py:55}}
Nov 10 21:22:01.578333 n-d-776250-11 devstack@placement-api.service[103530]: DEBUG placement.objects.research_context [req-1433f553-1742-49e7-ad22-4a07c897dd67 req-9834dc00-46bc-4001-ad05-a047a752a434 service placement] getting providers with 1 DISK_GB {{(pid=103530) __init__ /opt/stack/placement/placement/objects/research_context.py:126}}
Nov 10 21:22:01.585720 n-d-776250-11 devstack@placement-api.service[103530]: DEBUG placement.objects.research_context [req-1433f553-1742-49e7-ad22-4a07c897dd67 req-9834dc00-46bc-4001-ad05-a047a752a434 service placement] getting providers with 1024 MEMORY_MB {{(pid=103530) __init__ /opt/stack/placement/placement/objects/research_context.py:126}}
Nov 10 21:22:01.592638 n-d-776250-11 devstack@placement-api.service[103530]: DEBUG placement.objects.research_context [req-1433f553-1742-49e7-ad22-4a07c897dd67 req-9834dc00-46bc-4001-ad05-a047a752a434 service placement] getting providers with 1 VCPU {{(pid=103530) __init__ /opt/stack/placement/placement/objects/research_context.py:126}}
Nov 10 21:22:01.599615 n-d-776250-11 devstack@placement-api.service[103530]: DEBUG placement.objects.research_context [req-1433f553-1742-49e7-ad22-4a07c897dd67 req-9834dc00-46bc-4001-ad05-a047a752a434 service placement] found 2 providers with available 1 DISK_GB {{(pid=103530) get_provider_ids_matching /opt/stack/placement/placement/objects/research_context.py:549}}
Nov 10 21:22:01.602069 n-d-776250-11 devstack@placement-api.service[103530]: DEBUG placement.objects.research_context [req-1433f553-1742-49e7-ad22-4a07c897dd67 req-9834dc00-46bc-4001-ad05-a047a752a434 service placement] found 2 providers with available 1024 MEMORY_MB {{(pid=103530) get_provider_ids_matching /opt/stack/placement/placement/objects/research_context.py:549}}
Nov 10 21:22:01.602069 n-d-776250-11 devstack@placement-api.service[103530]: DEBUG placement.objects.research_context [req-1433f553-1742-49e7-ad22-4a07c897dd67 req-9834dc00-46bc-4001-ad05-a047a752a434 service placement] found 2 providers after filtering by previous result {{(pid=103530) get_provider_ids_matching /opt/stack/placement/placement/objects/research_context.py:580}}
Nov 10 21:22:01.602069 n-d-776250-11 devstack@placement-api.service[103530]: DEBUG placement.objects.research_context [req-1433f553-1742-49e7-ad22-4a07c897dd67 req-9834dc00-46bc-4001-ad05-a047a752a434 service placement] found 2 providers with available 1 VCPU {{(pid=103530) get_provider_ids_matching /opt/stack/placement/placement/objects/research_context.py:549}}
Nov 10 21:22:01.602069 n-d-776250-11 devstack@placement-api.service[103530]: DEBUG placement.objects.research_context [req-1433f553-1742-49e7-ad22-4a07c897dd67 req-9834dc00-46bc-4001-ad05-a047a752a434 service placement] found 2 providers after filtering by previous result {{(pid=103530) get_provider_ids_matching /opt/stack/placement/placement/objects/research_context.py:580}}
Nov 10 21:22:01.614090 n-d-776250-11 devstack@placement-api.service[103530]: DEBUG placement.objects.allocation_candidate [req-1433f553-1742-49e7-ad22-4a07c897dd67 req-9834dc00-46bc-4001-ad05-a047a752a434 service placement] RequestGroup(use_same_provider=False, resources={DISK_GB:1, MEMORY_MB:1024, VCPU:1}, traits=[], aggregates=[]) (suffix '') returned 2 matches {{(pid=103530) _get_by_requests /opt/stack/placement/placement/objects/allocation_candidate.py:145}}
Nov 10 21:22:01.614731 n-d-776250-11 devstack@placement-api.service[103530]: DEBUG placement.objects.allocation_candidate [req-1433f553-1742-49e7-ad22-4a07c897dd67 req-9834dc00-46bc-4001-ad05-a047a752a434 service placement] Merging candidates yields 2 allocation requests and 2 provider summaries {{(pid=103530) _merge_candidates /opt/stack/placement/placement/objects/allocation_candidate.py:783}}
Nov 10 21:22:01.616381 n-d-776250-11 devstack@placement-api.service[103530]: INFO placement.requestlog [req-1433f553-1742-49e7-ad22-4a07c897dd67 req-9834dc00-46bc-4001-ad05-a047a752a434 service placement] 10.222.0.45 "GET /placement/allocation_candidates?limit=1000&resources=DISK_GB%3A1%2CMEMORY_MB%3A1024%2CVCPU%3A1&root_required=%21COMPUTE_STATUS_DISABLED" status: 200 len: 1309 microversion: 1.36
Nov 10 21:22:01.616615 n-d-776250-11 devstack@placement-api.service[103530]: [pid: 103530|app: 0|req: 60/121] 10.222.0.45 () {60 vars in 1506 bytes} [Wed Nov 10 21:22:01 2021] GET /placement/allocation_candidates?limit=1000&resources=DISK_GB%3A1%2CMEMORY_MB%3A1024%2CVCPU%3A1&root_required=%21COMPUTE_STATUS_DISABLED => generated 1309 bytes in 71 msecs (HTTP/1.1 200) 8 headers in 297 bytes (1 switches on core 0)
Nov 10 21:22:01.638404 n-d-776250-11 devstack@placement-api.service[103529]: DEBUG placement.requestlog [req-7cb3c71a-d3ab-4c72-9f84-edf8ec8e5c03 req-34a98a1f-ed51-47bd-8fef-d8baf8765974 None None] Starting request: 10.222.0.64 "GET /placement/resource_providers/22235782-7178-4428-bd89-04eddcb98fa4/allocations" {{(pid=103529) __call__ /opt/stack/placement/placement/requestlog.py:55}}
Nov 10 21:22:01.679087 n-d-776250-11 devstack@placement-api.service[103530]: DEBUG placement.requestlog [req-1433f553-1742-49e7-ad22-4a07c897dd67 req-84d1694b-708f-4d42-9994-7ca9f6350b2e None None] Starting request: 10.222.0.45 "GET /placement/allocations/cf0c142a-4763-4dbd-8fe4-4558143983f9" {{(pid=103530) __call__ /opt/stack/placement/placement/requestlog.py:55}}
Nov 10 21:22:01.698736 n-d-776250-11 devstack@placement-api.service[103529]: INFO placement.requestlog [req-7cb3c71a-d3ab-4c72-9f84-edf8ec8e5c03 req-34a98a1f-ed51-47bd-8fef-d8baf8765974 service placement] 10.222.0.64 "GET /placement/resource_providers/22235782-7178-4428-bd89-04eddcb98fa4/allocations" status: 200 len: 456 microversion: 1.0
Nov 10 21:22:01.698736 n-d-776250-11 devstack@placement-api.service[103529]: [pid: 103529|app: 0|req: 62/122] 10.222.0.64 () {58 vars in 1390 bytes} [Wed Nov 10 21:22:01 2021] GET /placement/resource_providers/22235782-7178-4428-bd89-04eddcb98fa4/allocations => generated 456 bytes in 48 msecs (HTTP/1.1 200) 6 headers in 224 bytes (1 switches on core 0)
Nov 10 21:22:01.707129 n-d-776250-11 devstack@placement-api.service[103530]: INFO placement.requestlog [req-1433f553-1742-49e7-ad22-4a07c897dd67 req-84d1694b-708f-4d42-9994-7ca9f6350b2e service placement] 10.222.0.45 "GET /placement/allocations/cf0c142a-4763-4dbd-8fe4-4558143983f9" status: 200 len: 19 microversion: 1.28
Nov 10 21:22:01.707411 n-d-776250-11 devstack@placement-api.service[103530]: [pid: 103530|app: 0|req: 61/123] 10.222.0.45 () {60 vars in 1380 bytes} [Wed Nov 10 21:22:01 2021] GET /placement/allocations/cf0c142a-4763-4dbd-8fe4-4558143983f9 => generated 19 bytes in 29 msecs (HTTP/1.1 200) 8 headers in 295 bytes (2 switches on core 0)
Nov 10 21:22:01.714231 n-d-776250-11 devstack@placement-api.service[103529]: DEBUG placement.requestlog [req-1433f553-1742-49e7-ad22-4a07c897dd67 req-3abf5f76-79d8-4051-a68b-7cdfe00b428e None None] Starting request: 10.222.0.45 "PUT /placement/allocations/cf0c142a-4763-4dbd-8fe4-4558143983f9" {{(pid=103529) __call__ /opt/stack/placement/placement/requestlog.py:55}}
Nov 10 21:22:02.039877 n-d-776250-11 devstack@placement-api.service[103529]: DEBUG placement.handlers.allocation [req-1433f553-1742-49e7-ad22-4a07c897dd67 req-3abf5f76-79d8-4051-a68b-7cdfe00b428e service placement] Successfully wrote allocations [, , ] {{(pid=103529) _update_consumers_and_create_allocations /opt/stack/placement/placement/handlers/allocation.py:462}}
Nov 10 21:22:02.149820 n-d-776250-11 devstack@placement-api.service[103529]: INFO placement.requestlog [req-1433f553-1742-49e7-ad22-4a07c897dd67 req-3abf5f76-79d8-4051-a68b-7cdfe00b428e service placement] 10.222.0.45 "PUT /placement/allocations/cf0c142a-4763-4dbd-8fe4-4558143983f9" status: 204 len: 0 microversion: 1.36
Nov 10 21:22:02.150258 n-d-776250-11 devstack@placement-api.service[103529]: [pid: 103529|app: 0|req: 63/124] 10.222.0.45 () {64 vars in 1433 bytes} [Wed Nov 10 21:22:01 2021] PUT /placement/allocations/cf0c142a-4763-4dbd-8fe4-4558143983f9 => generated 0 bytes in 436 msecs (HTTP/1.1 204) 5 headers in 199 bytes (1 switches on core 0)
