Nov 10 21:31:36.977391 n-d-776250-11 devstack@placement-api.service[103530]: [pid: 103530|app: 0|req: 262/518] 10.222.0.45 () {64 vars in 1433 bytes} [Wed Nov 10 21:31:36 2021] PUT /placement/allocations/a3963f7d-92e9-41c5-b928-948574b3e173 => generated 0 bytes in 512 msecs (HTTP/1.1 204) 5 headers in 199 bytes (1 switches on core 0)
Nov 10 21:31:38.063538 n-d-776250-11 devstack@placement-api.service[103529]: DEBUG placement.requestlog [None req-7c937521-14bb-425c-bb84-850561209c7f None None] Starting request: 10.222.0.45 "GET /placement/" {{(pid=103529) __call__ /opt/stack/placement/placement/requestlog.py:55}}
Nov 10 21:31:38.064763 n-d-776250-11 devstack@placement-api.service[103529]: INFO placement.requestlog [None req-7c937521-14bb-425c-bb84-850561209c7f None None] 10.222.0.45 "GET /placement/" status: 200 len: 136 microversion: 1.0
Nov 10 21:31:38.070215 n-d-776250-11 devstack@placement-api.service[103529]: [pid: 103529|app: 0|req: 257/519] 10.222.0.45 () {54 vars in 907 bytes} [Wed Nov 10 21:31:38 2021] GET /placement => generated 136 bytes in 2 msecs (HTTP/1.1 200) 6 headers in 224 bytes (1 switches on core 0)
Nov 10 21:31:38.075765 n-d-776250-11 devstack@placement-api.service[103530]: DEBUG placement.requestlog [req-8daa298f-4ab5-47d1-8a05-afebfb130c46 req-a4aa9b9c-bb23-4b3d-a1e3-0b8222c562bd None None] Starting request: 10.222.0.45 "DELETE /placement/allocations/a3963f7d-92e9-41c5-b928-948574b3e173" {{(pid=103530) __call__ /opt/stack/placement/placement/requestlog.py:55}}
Nov 10 21:31:38.353140 n-d-776250-11 devstack@placement-api.service[103530]: DEBUG placement.handlers.allocation [req-8daa298f-4ab5-47d1-8a05-afebfb130c46 req-a4aa9b9c-bb23-4b3d-a1e3-0b8222c562bd service placement] Successfully deleted allocations [, , ] {{(pid=103530) delete_allocations /opt/stack/placement/placement/handlers/allocation.py:627}}
Nov 10 21:31:38.353554 n-d-776250-11 devstack@placement-api.service[103530]: INFO placement.requestlog [req-8daa298f-4ab5-47d1-8a05-afebfb130c46 req-a4aa9b9c-bb23-4b3d-a1e3-0b8222c562bd service placement] 10.222.0.45 "DELETE /placement/allocations/a3963f7d-92e9-41c5-b928-948574b3e173" status: 204 len: 0 microversion: 1.0
Nov 10 21:31:38.353858 n-d-776250-11 devstack@placement-api.service[103530]: [pid: 103530|app: 0|req: 263/520] 10.222.0.45 () {60 vars in 1349 bytes} [Wed Nov 10 21:31:38 2021] DELETE /placement/allocations/a3963f7d-92e9-41c5-b928-948574b3e173 => generated 0 bytes in 278 msecs (HTTP/1.1 204) 5 headers in 198 bytes (1 switches on core 0)
Nov 10 21:31:38.405763 n-d-776250-11 devstack@placement-api.service[103529]: DEBUG placement.requestlog [req-1aba9164-da2e-40cd-bdae-ccbfdabd0c4b req-b6ed1408-5f3c-4f55-81b8-a498d5555651 None None] Starting request: 10.222.0.64 "GET /placement/resource_providers/22235782-7178-4428-bd89-04eddcb98fa4/allocations" {{(pid=103529) __call__ /opt/stack/placement/placement/requestlog.py:55}}
Nov 10 21:31:38.426176 n-d-776250-11 devstack@placement-api.service[103529]: INFO placement.requestlog [req-1aba9164-da2e-40cd-bdae-ccbfdabd0c4b req-b6ed1408-5f3c-4f55-81b8-a498d5555651 service placement] 10.222.0.64 "GET /placement/resource_providers/22235782-7178-4428-bd89-04eddcb98fa4/allocations" status: 200 len: 631 microversion: 1.0
Nov 10 21:31:38.426507 n-d-776250-11 devstack@placement-api.service[103529]: [pid: 103529|app: 0|req: 258/521] 10.222.0.64 () {58 vars in 1390 bytes} [Wed Nov 10 21:31:38 2021] GET /placement/resource_providers/22235782-7178-4428-bd89-04eddcb98fa4/allocations => generated 631 bytes in 21 msecs (HTTP/1.1 200) 6 headers in 224 bytes (1 switches on core 0)
Nov 10 21:31:39.612301 n-d-776250-11 devstack@placement-api.service[103530]: DEBUG placement.requestlog [req-e9f02728-d933-48c9-adf6-36d4c778bcee req-b1e4bde1-268a-4387-b298-6bcabbd58de5 None None] Starting request: 10.222.0.45 "GET /placement/allocation_candidates?limit=1000&resources=DISK_GB%3A1%2CMEMORY_MB%3A1024%2CVCPU%3A1&root_required=%21COMPUTE_STATUS_DISABLED" {{(pid=103530) __call__ /opt/stack/placement/placement/requestlog.py:55}}
Nov 10 21:31:39.642977 n-d-776250-11 devstack@placement-api.service[103530]: DEBUG placement.objects.research_context [req-e9f02728-d933-48c9-adf6-36d4c778bcee req-b1e4bde1-268a-4387-b298-6bcabbd58de5 service placement] getting providers with 1 DISK_GB {{(pid=103530) __init__ /opt/stack/placement/placement/objects/research_context.py:126}}
Nov 10 21:31:39.649370 n-d-776250-11 devstack@placement-api.service[103530]: DEBUG placement.objects.research_context [req-e9f02728-d933-48c9-adf6-36d4c778bcee req-b1e4bde1-268a-4387-b298-6bcabbd58de5 service placement] getting providers with 1024 MEMORY_MB {{(pid=103530) __init__ /opt/stack/placement/placement/objects/research_context.py:126}}
Nov 10 21:31:39.654738 n-d-776250-11 devstack@placement-api.service[103530]: DEBUG placement.objects.research_context [req-e9f02728-d933-48c9-adf6-36d4c778bcee req-b1e4bde1-268a-4387-b298-6bcabbd58de5 service placement] getting providers with 1 VCPU {{(pid=103530) __init__ /opt/stack/placement/placement/objects/research_context.py:126}}
Nov 10 21:31:39.660224 n-d-776250-11 devstack@placement-api.service[103530]: DEBUG placement.objects.research_context [req-e9f02728-d933-48c9-adf6-36d4c778bcee req-b1e4bde1-268a-4387-b298-6bcabbd58de5 service placement] found 2 providers with available 1 DISK_GB {{(pid=103530) get_provider_ids_matching /opt/stack/placement/placement/objects/research_context.py:549}}
Nov 10 21:31:39.660497 n-d-776250-11 devstack@placement-api.service[103530]: DEBUG placement.objects.research_context [req-e9f02728-d933-48c9-adf6-36d4c778bcee req-b1e4bde1-268a-4387-b298-6bcabbd58de5 service placement] found 2 providers with available 1024 MEMORY_MB {{(pid=103530) get_provider_ids_matching /opt/stack/placement/placement/objects/research_context.py:549}}
Nov 10 21:31:39.660763 n-d-776250-11 devstack@placement-api.service[103530]: DEBUG placement.objects.research_context [req-e9f02728-d933-48c9-adf6-36d4c778bcee req-b1e4bde1-268a-4387-b298-6bcabbd58de5 service placement] found 2 providers after filtering by previous result {{(pid=103530) get_provider_ids_matching /opt/stack/placement/placement/objects/research_context.py:580}}
Nov 10 21:31:39.661272 n-d-776250-11 devstack@placement-api.service[103530]: DEBUG placement.objects.research_context [req-e9f02728-d933-48c9-adf6-36d4c778bcee req-b1e4bde1-268a-4387-b298-6bcabbd58de5 service placement] found 2 providers with available 1 VCPU {{(pid=103530) get_provider_ids_matching /opt/stack/placement/placement/objects/research_context.py:549}}
Nov 10 21:31:39.661531 n-d-776250-11 devstack@placement-api.service[103530]: DEBUG placement.objects.research_context [req-e9f02728-d933-48c9-adf6-36d4c778bcee req-b1e4bde1-268a-4387-b298-6bcabbd58de5 service placement] found 2 providers after filtering by previous result {{(pid=103530) get_provider_ids_matching /opt/stack/placement/placement/objects/research_context.py:580}}
Nov 10 21:31:39.672822 n-d-776250-11 devstack@placement-api.service[103530]: DEBUG placement.objects.allocation_candidate [req-e9f02728-d933-48c9-adf6-36d4c778bcee req-b1e4bde1-268a-4387-b298-6bcabbd58de5 service placement] RequestGroup(use_same_provider=False, resources={DISK_GB:1, MEMORY_MB:1024, VCPU:1}, traits=[], aggregates=[]) (suffix '') returned 2 matches {{(pid=103530) _get_by_requests /opt/stack/placement/placement/objects/allocation_candidate.py:145}}
Nov 10 21:31:39.673200 n-d-776250-11 devstack@placement-api.service[103530]: DEBUG placement.objects.allocation_candidate [req-e9f02728-d933-48c9-adf6-36d4c778bcee req-b1e4bde1-268a-4387-b298-6bcabbd58de5 service placement] Merging candidates yields 2 allocation requests and 2 provider summaries {{(pid=103530) _merge_candidates /opt/stack/placement/placement/objects/allocation_candidate.py:783}}
Nov 10 21:31:39.674724 n-d-776250-11 devstack@placement-api.service[103530]: INFO placement.requestlog [req-e9f02728-d933-48c9-adf6-36d4c778bcee req-b1e4bde1-268a-4387-b298-6bcabbd58de5 service placement] 10.222.0.45 "GET /placement/allocation_candidates?limit=1000&resources=DISK_GB%3A1%2CMEMORY_MB%3A1024%2CVCPU%3A1&root_required=%21COMPUTE_STATUS_DISABLED" status: 200 len: 1309 microversion: 1.36
Nov 10 21:31:39.679680 n-d-776250-11 devstack@placement-api.service[103530]: [pid: 103530|app: 0|req: 264/522] 10.222.0.45 () {60 vars in 1506 bytes} [Wed Nov 10 21:31:39 2021] GET /placement/allocation_candidates?limit=1000&resources=DISK_GB%3A1%2CMEMORY_MB%3A1024%2CVCPU%3A1&root_required=%21COMPUTE_STATUS_DISABLED => generated 1309 bytes in 68 msecs (HTTP/1.1 200) 8 headers in 297 bytes (1 switches on core 0)
Nov 10 21:31:39.719700 n-d-776250-11 devstack@placement-api.service[103529]: DEBUG placement.requestlog [req-e9f02728-d933-48c9-adf6-36d4c778bcee req-c1ba84e2-36b5-4111-9ff8-be7af6e18242 None None] Starting request: 10.222.0.45 "GET /placement/allocations/8dc2ea33-0c51-4232-8f8e-f87682cc281b" {{(pid=103529) __call__ /opt/stack/placement/placement/requestlog.py:55}}
Nov 10 21:31:39.731891 n-d-776250-11 devstack@placement-api.service[103529]: INFO placement.requestlog [req-e9f02728-d933-48c9-adf6-36d4c778bcee req-c1ba84e2-36b5-4111-9ff8-be7af6e18242 service placement] 10.222.0.45 "GET /placement/allocations/8dc2ea33-0c51-4232-8f8e-f87682cc281b" status: 200 len: 19 microversion: 1.28
Nov 10 21:31:39.732721 n-d-776250-11 devstack@placement-api.service[103529]: [pid: 103529|app: 0|req: 259/523] 10.222.0.45 () {60 vars in 1380 bytes} [Wed Nov 10 21:31:39 2021] GET /placement/allocations/8dc2ea33-0c51-4232-8f8e-f87682cc281b => generated 19 bytes in 13 msecs (HTTP/1.1 200) 8 headers in 295 bytes (1 switches on core 0)
Nov 10 21:31:39.738629 n-d-776250-11 devstack@placement-api.service[103530]: DEBUG placement.requestlog [req-e9f02728-d933-48c9-adf6-36d4c778bcee req-83e019a1-6ef7-482e-928e-1e4ac3c19ade None None] Starting request: 10.222.0.45 "PUT /placement/allocations/8dc2ea33-0c51-4232-8f8e-f87682cc281b" {{(pid=103530) __call__ /opt/stack/placement/placement/requestlog.py:55}}
Nov 10 21:31:39.909113 n-d-776250-11 devstack@placement-api.service[103530]: DEBUG placement.handlers.allocation [req-e9f02728-d933-48c9-adf6-36d4c778bcee req-83e019a1-6ef7-482e-928e-1e4ac3c19ade service placement] Successfully wrote allocations [, , ] {{(pid=103530) _update_consumers_and_create_allocations /opt/stack/placement/placement/handlers/allocation.py:462}}
Nov 10 21:31:39.972243 n-d-776250-11 devstack@placement-api.service[103529]: DEBUG placement.requestlog [req-e6e354c5-7633-42f4-a310-4d91e0af4802 req-ba028adb-ceb6-4f16-a7b0-7f7c4284b34f None None] Starting request: 10.222.0.45 "GET /placement/allocation_candidates?limit=1000&resources=MEMORY_MB%3A1024%2CVCPU%3A1&root_required=%21COMPUTE_STATUS_DISABLED" {{(pid=103529) __call__ /opt/stack/placement/placement/requestlog.py:55}}
Nov 10 21:31:40.005753 n-d-776250-11 devstack@placement-api.service[103529]: DEBUG placement.objects.research_context [req-e6e354c5-7633-42f4-a310-4d91e0af4802 req-ba028adb-ceb6-4f16-a7b0-7f7c4284b34f service placement] getting providers with 1024 MEMORY_MB {{(pid=103529) __init__ /opt/stack/placement/placement/objects/research_context.py:126}}
Nov 10 21:31:40.015603 n-d-776250-11 devstack@placement-api.service[103529]: DEBUG placement.objects.research_context [req-e6e354c5-7633-42f4-a310-4d91e0af4802 req-ba028adb-ceb6-4f16-a7b0-7f7c4284b34f service placement] getting providers with 1 VCPU {{(pid=103529) __init__ /opt/stack/placement/placement/objects/research_context.py:126}}
Nov 10 21:31:40.019168 n-d-776250-11 devstack@placement-api.service[103529]: DEBUG placement.objects.research_context [req-e6e354c5-7633-42f4-a310-4d91e0af4802 req-ba028adb-ceb6-4f16-a7b0-7f7c4284b34f service placement] found 2 providers with available 1024 MEMORY_MB {{(pid=103529) get_provider_ids_matching /opt/stack/placement/placement/objects/research_context.py:549}}
Nov 10 21:31:40.019584 n-d-776250-11 devstack@placement-api.service[103529]: DEBUG placement.objects.research_context [req-e6e354c5-7633-42f4-a310-4d91e0af4802 req-ba028adb-ceb6-4f16-a7b0-7f7c4284b34f service placement] found 2 providers with available 1 VCPU {{(pid=103529) get_provider_ids_matching /opt/stack/placement/placement/objects/research_context.py:549}}
Nov 10 21:31:40.020051 n-d-776250-11 devstack@placement-api.service[103529]: DEBUG placement.objects.research_context [req-e6e354c5-7633-42f4-a310-4d91e0af4802 req-ba028adb-ceb6-4f16-a7b0-7f7c4284b34f service placement] found 2 providers after filtering by previous result {{(pid=103529) get_provider_ids_matching /opt/stack/placement/placement/objects/research_context.py:580}}
Nov 10 21:31:40.021198 n-d-776250-11 devstack@placement-api.service[103530]: INFO placement.requestlog [req-e9f02728-d933-48c9-adf6-36d4c778bcee req-83e019a1-6ef7-482e-928e-1e4ac3c19ade service placement] 10.222.0.45 "PUT /placement/allocations/8dc2ea33-0c51-4232-8f8e-f87682cc281b" status: 204 len: 0 microversion: 1.36
Nov 10 21:31:40.021572 n-d-776250-11 devstack@placement-api.service[103530]: [pid: 103530|app: 0|req: 265/524] 10.222.0.45 () {64 vars in 1433 bytes} [Wed Nov 10 21:31:39 2021] PUT /placement/allocations/8dc2ea33-0c51-4232-8f8e-f87682cc281b => generated 0 bytes in 283 msecs (HTTP/1.1 204) 5 headers in 199 bytes (1 switches on core 0)
Nov 10 21:31:40.033663 n-d-776250-11 devstack@placement-api.service[103529]: DEBUG placement.objects.allocation_candidate [req-e6e354c5-7633-42f4-a310-4d91e0af4802 req-ba028adb-ceb6-4f16-a7b0-7f7c4284b34f service placement] RequestGroup(use_same_provider=False, resources={MEMORY_MB:1024, VCPU:1}, traits=[], aggregates=[]) (suffix '') returned 2 matches {{(pid=103529) _get_by_requests /opt/stack/placement/placement/objects/allocation_candidate.py:145}}
Nov 10 21:31:40.034094 n-d-776250-11 devstack@placement-api.service[103529]: DEBUG placement.objects.allocation_candidate [req-e6e354c5-7633-42f4-a310-4d91e0af4802 req-ba028adb-ceb6-4f16-a7b0-7f7c4284b34f service placement] Merging candidates yields 2 allocation requests and 2 provider summaries {{(pid=103529) _merge_candidates /opt/stack/placement/placement/objects/allocation_candidate.py:783}}
Nov 10 21:31:40.035635 n-d-776250-11 devstack@placement-api.service[103529]: INFO placement.requestlog [req-e6e354c5-7633-42f4-a310-4d91e0af4802 req-ba028adb-ceb6-4f16-a7b0-7f7c4284b34f service placement] 10.222.0.45 "GET /placement/allocation_candidates?limit=1000&resources=MEMORY_MB%3A1024%2CVCPU%3A1&root_required=%21COMPUTE_STATUS_DISABLED" status: 200 len: 1281 microversion: 1.36
Nov 10 21:31:40.036224 n-d-776250-11 devstack@placement-api.service[103529]: [pid: 103529|app: 0|req: 260/525] 10.222.0.45 () {60 vars in 1478 bytes} [Wed Nov 10 21:31:39 2021] GET /placement/allocation_candidates?limit=1000&resources=MEMORY_MB%3A1024%2CVCPU%3A1&root_required=%21COMPUTE_STATUS_DISABLED => generated 1281 bytes in 64 msecs (HTTP/1.1 200) 8 headers in 297 bytes (1 switches on core 0)
Nov 10 21:31:40.088048 n-d-776250-11 devstack@placement-api.service[103530]: DEBUG placement.requestlog [req-e6e354c5-7633-42f4-a310-4d91e0af4802 req-1893f41b-238c-420d-bd32-f67beea3a852 None None] Starting request: 10.222.0.45 "GET /placement/allocations/90f59aa6-072b-4a7c-a6f5-586f31d0f48f" {{(pid=103530) __call__ /opt/stack/placement/placement/requestlog.py:55}}
Nov 10 21:31:40.106937 n-d-776250-11 devstack@placement-api.service[103530]: INFO placement.requestlog [req-e6e354c5-7633-42f4-a310-4d91e0af4802 req-1893f41b-238c-420d-bd32-f67beea3a852 service placement] 10.222.0.45 "GET /placement/allocations/90f59aa6-072b-4a7c-a6f5-586f31d0f48f" status: 200 len: 19 microversion: 1.28
Nov 10 21:31:40.107641 n-d-776250-11 devstack@placement-api.service[103530]: [pid: 103530|app: 0|req: 266/526] 10.222.0.45 () {60 vars in 1380 bytes} [Wed Nov 10 21:31:40 2021] GET /placement/allocations/90f59aa6-072b-4a7c-a6f5-586f31d0f48f => generated 19 bytes in 20 msecs (HTTP/1.1 200) 8 headers in 295 bytes (2 switches on core 0)
Nov 10 21:31:40.114241 n-d-776250-11 devstack@placement-api.service[103529]: DEBUG placement.requestlog [req-e6e354c5-7633-42f4-a310-4d91e0af4802 req-365539ec-5ffc-45fd-963f-6d0c3ec36112 None None] Starting request: 10.222.0.45 "PUT /placement/allocations/90f59aa6-072b-4a7c-a6f5-586f31d0f48f" {{(pid=103529) __call__ /opt/stack/placement/placement/requestlog.py:55}}
Nov 10 21:31:40.278938 n-d-776250-11 devstack@placement-api.service[103529]: DEBUG placement.handlers.allocation [req-e6e354c5-7633-42f4-a310-4d91e0af4802 req-365539ec-5ffc-45fd-963f-6d0c3ec36112 service placement] Successfully wrote allocations [, ] {{(pid=103529) _update_consumers_and_create_allocations /opt/stack/placement/placement/handlers/allocation.py:462}}
Nov 10 21:31:40.401687 n-d-776250-11 devstack@placement-api.service[103529]: INFO placement.requestlog [req-e6e354c5-7633-42f4-a310-4d91e0af4802 req-365539ec-5ffc-45fd-963f-6d0c3ec36112 service placement] 10.222.0.45 "PUT /placement/allocations/90f59aa6-072b-4a7c-a6f5-586f31d0f48f" status: 204 len: 0 microversion: 1.36
Nov 10 21:31:40.406066 n-d-776250-11 devstack@placement-api.service[103529]: [pid: 103529|app: 0|req: 261/527] 10.222.0.45 () {64 vars in 1433 bytes} [Wed Nov 10 21:31:40 2021] PUT /placement/allocations/90f59aa6-072b-4a7c-a6f5-586f31d0f48f => generated 0 bytes in 288 msecs (HTTP/1.1 204) 5 headers in 199 bytes (1 switches on core 0)
Nov 10 21:31:40.406198 n-d-776250-11 devstack@placement-api.service[103530]: DEBUG placement.requestlog [req-e0b4314d-533d-48b8-87a7-b80e445449e0 req-5ac7c596-727c-4b89-b05b-6124c5b038ac None None] Starting request: 10.222.0.45 "GET /placement/allocation_candidates?limit=1000&resources=DISK_GB%3A1%2CMEMORY_MB%3A1024%2CVCPU%3A1&root_required=%21COMPUTE_STATUS_DISABLED" {{(pid=103530) __call__ /opt/stack/placement/placement/requestlog.py:55}}
Nov 10 21:31:40.448069 n-d-776250-11 devstack@placement-api.service[103530]: DEBUG placement.objects.research_context [req-e0b4314d-533d-48b8-87a7-b80e445449e0 req-5ac7c596-727c-4b89-b05b-6124c5b038ac service placement] getting providers with 1 DISK_GB {{(pid=103530) __init__ /opt/stack/placement/placement/objects/research_context.py:126}}
Nov 10 21:31:40.458181 n-d-776250-11 devstack@placement-api.service[103530]: DEBUG placement.objects.research_context [req-e0b4314d-533d-48b8-87a7-b80e445449e0 req-5ac7c596-727c-4b89-b05b-6124c5b038ac service placement] getting providers with 1024 MEMORY_MB {{(pid=103530) __init__ /opt/stack/placement/placement/objects/research_context.py:126}}
Nov 10 21:31:40.467097 n-d-776250-11 devstack@placement-api.service[103530]: DEBUG placement.objects.research_context [req-e0b4314d-533d-48b8-87a7-b80e445449e0 req-5ac7c596-727c-4b89-b05b-6124c5b038ac service placement] getting providers with 1 VCPU {{(pid=103530) __init__ /opt/stack/placement/placement/objects/research_context.py:126}}
Nov 10 21:31:40.473269 n-d-776250-11 devstack@placement-api.service[103530]: DEBUG placement.objects.research_context [req-e0b4314d-533d-48b8-87a7-b80e445449e0 req-5ac7c596-727c-4b89-b05b-6124c5b038ac service placement] found 2 providers with available 1 DISK_GB {{(pid=103530) get_provider_ids_matching /opt/stack/placement/placement/objects/research_context.py:549}}
Nov 10 21:31:40.473814 n-d-776250-11 devstack@placement-api.service[103530]: DEBUG placement.objects.research_context [req-e0b4314d-533d-48b8-87a7-b80e445449e0 req-5ac7c596-727c-4b89-b05b-6124c5b038ac service placement] found 2 providers with available 1024 MEMORY_MB {{(pid=103530) get_provider_ids_matching /opt/stack/placement/placement/objects/research_context.py:549}}
Nov 10 21:31:40.474252 n-d-776250-11 devstack@placement-api.service[103530]: DEBUG placement.objects.research_context [req-e0b4314d-533d-48b8-87a7-b80e445449e0 req-5ac7c596-727c-4b89-b05b-6124c5b038ac service placement] found 2 providers after filtering by previous result {{(pid=103530) get_provider_ids_matching /opt/stack/placement/placement/objects/research_context.py:580}}
Nov 10 21:31:40.474734 n-d-776250-11 devstack@placement-api.service[103530]: DEBUG placement.objects.research_context [req-e0b4314d-533d-48b8-87a7-b80e445449e0 req-5ac7c596-727c-4b89-b05b-6124c5b038ac service placement] found 2 providers with available 1 VCPU {{(pid=103530) get_provider_ids_matching /opt/stack/placement/placement/objects/research_context.py:549}}
Nov 10 21:31:40.475242 n-d-776250-11 devstack@placement-api.service[103530]: DEBUG placement.objects.research_context [req-e0b4314d-533d-48b8-87a7-b80e445449e0 req-5ac7c596-727c-4b89-b05b-6124c5b038ac service placement] found 2 providers after filtering by previous result {{(pid=103530) get_provider_ids_matching /opt/stack/placement/placement/objects/research_context.py:580}}
Nov 10 21:31:40.490420 n-d-776250-11 devstack@placement-api.service[103530]: DEBUG placement.objects.allocation_candidate [req-e0b4314d-533d-48b8-87a7-b80e445449e0 req-5ac7c596-727c-4b89-b05b-6124c5b038ac service placement] RequestGroup(use_same_provider=False, resources={DISK_GB:1, MEMORY_MB:1024, VCPU:1}, traits=[], aggregates=[]) (suffix '') returned 2 matches {{(pid=103530) _get_by_requests /opt/stack/placement/placement/objects/allocation_candidate.py:145}}
Nov 10 21:31:40.490785 n-d-776250-11 devstack@placement-api.service[103530]: DEBUG placement.objects.allocation_candidate [req-e0b4314d-533d-48b8-87a7-b80e445449e0 req-5ac7c596-727c-4b89-b05b-6124c5b038ac service placement] Merging candidates yields 2 allocation requests and 2 provider summaries {{(pid=103530) _merge_candidates /opt/stack/placement/placement/objects/allocation_candidate.py:783}}
Nov 10 21:31:40.493423 n-d-776250-11 devstack@placement-api.service[103530]: INFO placement.requestlog [req-e0b4314d-533d-48b8-87a7-b80e445449e0 req-5ac7c596-727c-4b89-b05b-6124c5b038ac service placement] 10.222.0.45 "GET /placement/allocation_candidates?limit=1000&resources=DISK_GB%3A1%2CMEMORY_MB%3A1024%2CVCPU%3A1&root_required=%21COMPUTE_STATUS_DISABLED" status: 200 len: 1309 microversion: 1.36
Nov 10 21:31:40.496762 n-d-776250-11 devstack@placement-api.service[103530]: [pid: 103530|app: 0|req: 267/528] 10.222.0.45 () {60 vars in 1506 bytes} [Wed Nov 10 21:31:40 2021] GET /placement/allocation_candidates?limit=1000&resources=DISK_GB%3A1%2CMEMORY_MB%3A1024%2CVCPU%3A1&root_required=%21COMPUTE_STATUS_DISABLED => generated 1309 bytes in 88 msecs (HTTP/1.1 200) 8 headers in 297 bytes (2 switches on core 0)
Nov 10 21:31:40.553316 n-d-776250-11 devstack@placement-api.service[103529]: DEBUG placement.requestlog [req-e0b4314d-533d-48b8-87a7-b80e445449e0 req-f45ffffc-127f-4795-8773-0e5b3100e0b6 None None] Starting request: 10.222.0.45 "GET /placement/allocations/e41264bb-42cb-4b56-8119-f4851dcc7dda" {{(pid=103529) __call__ /opt/stack/placement/placement/requestlog.py:55}}
Nov 10 21:31:40.572026 n-d-776250-11 devstack@placement-api.service[103529]: INFO placement.requestlog [req-e0b4314d-533d-48b8-87a7-b80e445449e0 req-f45ffffc-127f-4795-8773-0e5b3100e0b6 service placement] 10.222.0.45 "GET /placement/allocations/e41264bb-42cb-4b56-8119-f4851dcc7dda" status: 200 len: 19 microversion: 1.28
Nov 10 21:31:40.573046 n-d-776250-11 devstack@placement-api.service[103529]: [pid: 103529|app: 0|req: 262/529] 10.222.0.45 () {60 vars in 1380 bytes} [Wed Nov 10 21:31:40 2021] GET /placement/allocations/e41264bb-42cb-4b56-8119-f4851dcc7dda => generated 19 bytes in 20 msecs (HTTP/1.1 200) 8 headers in 295 bytes (1 switches on core 0)
Nov 10 21:31:40.579708 n-d-776250-11 devstack@placement-api.service[103530]: DEBUG placement.requestlog [req-e0b4314d-533d-48b8-87a7-b80e445449e0 req-a2476a1b-d456-4f5d-9509-29ca8f39c666 None None] Starting request: 10.222.0.45 "PUT /placement/allocations/e41264bb-42cb-4b56-8119-f4851dcc7dda" {{(pid=103530) __call__ /opt/stack/placement/placement/requestlog.py:55}}
Nov 10 21:31:40.764796 n-d-776250-11 devstack@placement-api.service[103530]: DEBUG placement.handlers.allocation [req-e0b4314d-533d-48b8-87a7-b80e445449e0 req-a2476a1b-d456-4f5d-9509-29ca8f39c666 service placement] Successfully wrote allocations [, , ] {{(pid=103530) _update_consumers_and_create_allocations /opt/stack/placement/placement/handlers/allocation.py:462}}
Nov 10 21:31:40.970856 n-d-776250-11 devstack@placement-api.service[103530]: INFO placement.requestlog [req-e0b4314d-533d-48b8-87a7-b80e445449e0 req-a2476a1b-d456-4f5d-9509-29ca8f39c666 service placement] 10.222.0.45 "PUT /placement/allocations/e41264bb-42cb-4b56-8119-f4851dcc7dda" status: 204 len: 0 microversion: 1.36
Nov 10 21:31:40.971259 n-d-776250-11 devstack@placement-api.service[103530]: [pid: 103530|app: 0|req: 268/530] 10.222.0.45 () {64 vars in 1433 bytes} [Wed Nov 10 21:31:40 2021] PUT /placement/allocations/e41264bb-42cb-4b56-8119-f4851dcc7dda => generated 0 bytes in 392 msecs (HTTP/1.1 204) 5 headers in 199 bytes (1 switches on core 0)
Nov 10 21:31:41.361342 n-d-776250-11 devstack@placement-api.service[103529]: DEBUG placement.requestlog [req-b2821f94-c911-4f45-b32c-b51dad3bf243 req-7298df85-6e3c-4ab5-b219-6d80d642e0be None None] Starting request: 10.222.0.45 "DELETE /placement/allocations/e41264bb-42cb-4b56-8119-f4851dcc7dda" {{(pid=103529) __call__ /opt/stack/placement/placement/requestlog.py:55}}
Nov 10 21:31:41.505154 n-d-776250-11 devstack@placement-api.service[103530]: DEBUG placement.requestlog [req-e9f02728-d933-48c9-adf6-36d4c778bcee req-5dc51004-68c9-49ce-b09b-1e4dce95a155 None None] Starting request: 10.222.0.64 "GET /placement/allocations/8dc2ea33-0c51-4232-8f8e-f87682cc281b" {{(pid=103530) __call__ /opt/stack/placement/placement/requestlog.py:55}}
Nov 10 21:31:41.525526 n-d-776250-11 devstack@placement-api.service[103530]: INFO placement.requestlog [req-e9f02728-d933-48c9-adf6-36d4c778bcee req-5dc51004-68c9-49ce-b09b-1e4dce95a155 service placement] 10.222.0.64 "GET /placement/allocations/8dc2ea33-0c51-4232-8f8e-f87682cc281b" status: 200 len: 259 microversion: 1.28
Nov 10 21:31:41.526059 n-d-776250-11 devstack@placement-api.service[103530]: [pid: 103530|app: 0|req: 269/531] 10.222.0.64 () {60 vars in 1377 bytes} [Wed Nov 10 21:31:41 2021] GET /placement/allocations/8dc2ea33-0c51-4232-8f8e-f87682cc281b => generated 259 bytes in 21 msecs (HTTP/1.1 200) 8 headers in 296 bytes (1 switches on core 0)
Nov 10 21:31:41.687747 n-d-776250-11 devstack@placement-api.service[103529]: DEBUG placement.handlers.allocation [req-b2821f94-c911-4f45-b32c-b51dad3bf243 req-7298df85-6e3c-4ab5-b219-6d80d642e0be service placement] Successfully deleted allocations [, , ] {{(pid=103529) delete_allocations /opt/stack/placement/placement/handlers/allocation.py:627}}
Nov 10 21:31:41.692824 n-d-776250-11 devstack@placement-api.service[103529]: INFO placement.requestlog [req-b2821f94-c911-4f45-b32c-b51dad3bf243 req-7298df85-6e3c-4ab5-b219-6d80d642e0be service placement] 10.222.0.45 "DELETE /placement/allocations/e41264bb-42cb-4b56-8119-f4851dcc7dda" status: 204 len: 0 microversion: 1.0
Nov 10 21:31:41.693325 n-d-776250-11 devstack@placement-api.service[103529]: [pid: 103529|app: 0|req: 263/532] 10.222.0.45 () {60 vars in 1349 bytes} [Wed Nov 10 21:31:41 2021] DELETE /placement/allocations/e41264bb-42cb-4b56-8119-f4851dcc7dda => generated 0 bytes in 332 msecs (HTTP/1.1 204) 5 headers in 198 bytes (1 switches on core 0)
Nov 10 21:31:41.856557 n-d-776250-11 devstack@placement-api.service[103530]: DEBUG placement.requestlog [req-e6e354c5-7633-42f4-a310-4d91e0af4802 req-18278a8e-b313-4be8-bab2-88bf3bf6ef13 None None] Starting request: 10.222.0.64 "GET /placement/allocations/90f59aa6-072b-4a7c-a6f5-586f31d0f48f" {{(pid=103530) __call__ /opt/stack/placement/placement/requestlog.py:55}}
Nov 10 21:31:41.880897 n-d-776250-11 devstack@placement-api.service[103530]: INFO placement.requestlog [req-e6e354c5-7633-42f4-a310-4d91e0af4802 req-18278a8e-b313-4be8-bab2-88bf3bf6ef13 service placement] 10.222.0.64 "GET /placement/allocations/90f59aa6-072b-4a7c-a6f5-586f31d0f48f" status: 200 len: 245 microversion: 1.28
Nov 10 21:31:41.882980 n-d-776250-11 devstack@placement-api.service[103530]: [pid: 103530|app: 0|req: 270/533] 10.222.0.64 () {60 vars in 1377 bytes} [Wed Nov 10 21:31:41 2021] GET /placement/allocations/90f59aa6-072b-4a7c-a6f5-586f31d0f48f => generated 245 bytes in 28 msecs (HTTP/1.1 200) 8 headers in 296 bytes (1 switches on core 0)
Nov 10 21:31:42.573065 n-d-776250-11 devstack@placement-api.service[103529]: DEBUG placement.requestlog [req-54c6ea09-d367-4f0c-82f9-aa54bf36e859 req-65d92135-63c6-4096-bca5-67f6709f6af4 None None] Starting request: 10.222.0.53 "DELETE /placement/allocations/7cffe9e3-6c3a-4b22-9696-71cd22bd430c" {{(pid=103529) __call__ /opt/stack/placement/placement/requestlog.py:55}}
Nov 10 21:31:42.848418 n-d-776250-11 devstack@placement-api.service[103529]: DEBUG placement.handlers.allocation [req-54c6ea09-d367-4f0c-82f9-aa54bf36e859 req-65d92135-63c6-4096-bca5-67f6709f6af4 service placement] Successfully deleted allocations [, , ] {{(pid=103529) delete_allocations /opt/stack/placement/placement/handlers/allocation.py:627}}
Nov 10 21:31:42.854448 n-d-776250-11 devstack@placement-api.service[103529]: INFO placement.requestlog [req-54c6ea09-d367-4f0c-82f9-aa54bf36e859 req-65d92135-63c6-4096-bca5-67f6709f6af4 service placement] 10.222.0.53 "DELETE /placement/allocations/7cffe9e3-6c3a-4b22-9696-71cd22bd430c" status: 204 len: 0 microversion: 1.0
Nov 10 21:31:42.859561 n-d-776250-11 devstack@placement-api.service[103529]: [pid: 103529|app: 0|req: 264/534] 10.222.0.53 () {60 vars in 1355 bytes} [Wed Nov 10 21:31:42 2021] DELETE /placement/allocations/7cffe9e3-6c3a-4b22-9696-71cd22bd430c => generated 0 bytes in 284 msecs (HTTP/1.1 204) 5 headers in 198 bytes (1 switches on core 0)
Nov 10 21:31:43.919290 n-d-776250-11 devstack@placement-api.service[103530]: DEBUG placement.requestlog [req-e9c11cdc-df1a-4803-895f-7e75cd0cb889 req-cb4fd227-029b-442a-ae54-6db09715036a None None] Starting request: 10.222.0.45 "GET /placement/allocation_candidates?limit=1000&resources=DISK_GB%3A1%2CMEMORY_MB%3A1024%2CVCPU%3A1&root_required=%21COMPUTE_STATUS_DISABLED" {{(pid=103530) __call__ /opt/stack/placement/placement/requestlog.py:55}}
Nov 10 21:31:43.969447 n-d-776250-11 devstack@placement-api.service[103530]: DEBUG placement.objects.research_context [req-e9c11cdc-df1a-4803-895f-7e75cd0cb889 req-cb4fd227-029b-442a-ae54-6db09715036a service placement] getting providers with 1 DISK_GB {{(pid=103530) __init__ /opt/stack/placement/placement/objects/research_context.py:126}}
Nov 10 21:31:43.984522 n-d-776250-11 devstack@placement-api.service[103530]: DEBUG placement.objects.research_context [req-e9c11cdc-df1a-4803-895f-7e75cd0cb889 req-cb4fd227-029b-442a-ae54-6db09715036a service placement] getting providers with 1024 MEMORY_MB {{(pid=103530) __init__ /opt/stack/placement/placement/objects/research_context.py:126}}
Nov 10 21:31:43.996558 n-d-776250-11 devstack@placement-api.service[103530]: DEBUG placement.objects.research_context [req-e9c11cdc-df1a-4803-895f-7e75cd0cb889 req-cb4fd227-029b-442a-ae54-6db09715036a service placement] getting providers with 1 VCPU {{(pid=103530) __init__ /opt/stack/placement/placement/objects/research_context.py:126}}
Nov 10 21:31:44.008502 n-d-776250-11 devstack@placement-api.service[103530]: DEBUG placement.objects.research_context [req-e9c11cdc-df1a-4803-895f-7e75cd0cb889 req-cb4fd227-029b-442a-ae54-6db09715036a service placement] found 2 providers with available 1 DISK_GB {{(pid=103530) get_provider_ids_matching /opt/stack/placement/placement/objects/research_context.py:549}}
Nov 10 21:31:44.008784 n-d-776250-11 devstack@placement-api.service[103530]: DEBUG placement.objects.research_context [req-e9c11cdc-df1a-4803-895f-7e75cd0cb889 req-cb4fd227-029b-442a-ae54-6db09715036a service placement] found 2 providers with available 1024 MEMORY_MB {{(pid=103530) get_provider_ids_matching /opt/stack/placement/placement/objects/research_context.py:549}}
Nov 10 21:31:44.009066 n-d-776250-11 devstack@placement-api.service[103530]: DEBUG placement.objects.research_context [req-e9c11cdc-df1a-4803-895f-7e75cd0cb889 req-cb4fd227-029b-442a-ae54-6db09715036a service placement] found 2 providers after filtering by previous result {{(pid=103530) get_provider_ids_matching /opt/stack/placement/placement/objects/research_context.py:580}}
Nov 10 21:31:44.009329 n-d-776250-11 devstack@placement-api.service[103530]: DEBUG placement.objects.research_context [req-e9c11cdc-df1a-4803-895f-7e75cd0cb889 req-cb4fd227-029b-442a-ae54-6db09715036a service placement] found 2 providers with available 1 VCPU {{(pid=103530) get_provider_ids_matching /opt/stack/placement/placement/objects/research_context.py:549}}
Nov 10 21:31:44.009593 n-d-776250-11 devstack@placement-api.service[103530]: DEBUG placement.objects.research_context [req-e9c11cdc-df1a-4803-895f-7e75cd0cb889 req-cb4fd227-029b-442a-ae54-6db09715036a service placement] found 2 providers after filtering by previous result {{(pid=103530) get_provider_ids_matching /opt/stack/placement/placement/objects/research_context.py:580}}
Nov 10 21:31:44.032751 n-d-776250-11 devstack@placement-api.service[103530]: DEBUG placement.objects.allocation_candidate [req-e9c11cdc-df1a-4803-895f-7e75cd0cb889 req-cb4fd227-029b-442a-ae54-6db09715036a service placement] RequestGroup(use_same_provider=False, resources={DISK_GB:1, MEMORY_MB:1024, VCPU:1}, traits=[], aggregates=[]) (suffix '') returned 2 matches {{(pid=103530) _get_by_requests /opt/stack/placement/placement/objects/allocation_candidate.py:145}}
Nov 10 21:31:44.034775 n-d-776250-11 devstack@placement-api.service[103530]: DEBUG placement.objects.allocation_candidate [req-e9c11cdc-df1a-4803-895f-7e75cd0cb889 req-cb4fd227-029b-442a-ae54-6db09715036a service placement] Merging candidates yields 2 allocation requests and 2 provider summaries {{(pid=103530) _merge_candidates /opt/stack/placement/placement/objects/allocation_candidate.py:783}}
Nov 10 21:31:44.037053 n-d-776250-11 devstack@placement-api.service[103530]: INFO placement.requestlog [req-e9c11cdc-df1a-4803-895f-7e75cd0cb889 req-cb4fd227-029b-442a-ae54-6db09715036a service placement] 10.222.0.45 "GET /placement/allocation_candidates?limit=1000&resources=DISK_GB%3A1%2CMEMORY_MB%3A1024%2CVCPU%3A1&root_required=%21COMPUTE_STATUS_DISABLED" status: 200 len: 1309 microversion: 1.36
Nov 10 21:31:44.042466 n-d-776250-11 devstack@placement-api.service[103530]: [pid: 103530|app: 0|req: 271/535] 10.222.0.45 () {60 vars in 1506 bytes} [Wed Nov 10 21:31:43 2021] GET /placement/allocation_candidates?limit=1000&resources=DISK_GB%3A1%2CMEMORY_MB%3A1024%2CVCPU%3A1&root_required=%21COMPUTE_STATUS_DISABLED => generated 1309 bytes in 123 msecs (HTTP/1.1 200) 8 headers in 297 bytes (1 switches on core 0)
Nov 10 21:31:44.116595 n-d-776250-11 devstack@placement-api.service[103529]: DEBUG placement.requestlog [req-e9c11cdc-df1a-4803-895f-7e75cd0cb889 req-3890fdbb-5587-461c-b49f-8844e7b29648 None None] Starting request: 10.222.0.45 "GET /placement/allocations/767b6f69-2680-4c86-9032-992aaeb7042f" {{(pid=103529) __call__ /opt/stack/placement/placement/requestlog.py:55}}
Nov 10 21:31:44.128703 n-d-776250-11 devstack@placement-api.service[103529]: INFO placement.requestlog [req-e9c11cdc-df1a-4803-895f-7e75cd0cb889 req-3890fdbb-5587-461c-b49f-8844e7b29648 service placement] 10.222.0.45 "GET /placement/allocations/767b6f69-2680-4c86-9032-992aaeb7042f" status: 200 len: 19 microversion: 1.28
Nov 10 21:31:44.129091 n-d-776250-11 devstack@placement-api.service[103529]: [pid: 103529|app: 0|req: 265/536] 10.222.0.45 () {60 vars in 1380 bytes} [Wed Nov 10 21:31:44 2021] GET /placement/allocations/767b6f69-2680-4c86-9032-992aaeb7042f => generated 19 bytes in 13 msecs (HTTP/1.1 200) 8 headers in 295 bytes (1 switches on core 0)
Nov 10 21:31:44.136190 n-d-776250-11 devstack@placement-api.service[103530]: DEBUG placement.requestlog [req-e9c11cdc-df1a-4803-895f-7e75cd0cb889 req-e340945c-24d9-4434-be35-fb7dc09c1033 None None] Starting request: 10.222.0.45 "PUT /placement/allocations/767b6f69-2680-4c86-9032-992aaeb7042f" {{(pid=103530) __call__ /opt/stack/placement/placement/requestlog.py:55}}
Nov 10 21:31:44.316858 n-d-776250-11 devstack@placement-api.service[103530]: DEBUG placement.handlers.allocation [req-e9c11cdc-df1a-4803-895f-7e75cd0cb889 req-e340945c-24d9-4434-be35-fb7dc09c1033 service placement] Successfully wrote allocations [, , ] {{(pid=103530) _update_consumers_and_create_allocations /opt/stack/placement/placement/handlers/allocation.py:462}}
Nov 10 21:31:44.479068 n-d-776250-11 devstack@placement-api.service[103530]: INFO placement.requestlog [req-e9c11cdc-df1a-4803-895f-7e75cd0cb889 req-e340945c-24d9-4434-be35-fb7dc09c1033 service placement] 10.222.0.45 "PUT /placement/allocations/767b6f69-2680-4c86-9032-992aaeb7042f" status: 204 len: 0 microversion: 1.36
Nov 10 21:31:44.483144 n-d-776250-11 devstack@placement-api.service[103530]: [pid: 103530|app: 0|req: 272/537] 10.222.0.45 () {64 vars in 1433 bytes} [Wed Nov 10 21:31:44 2021] PUT /placement/allocations/767b6f69-2680-4c86-9032-992aaeb7042f => generated 0 bytes in 344 msecs (HTTP/1.1 204) 5 headers in 199 bytes (1 switches on core 0)
Nov 10 21:31:45.379677 n-d-776250-11 devstack@placement-api.service[103529]: DEBUG placement.requestlog [req-ab24e87e-3b63-406d-9b53-3b2c0f5952ee req-2063c14e-dcc3-4951-9cbe-6c94c818eec9 None None] Starting request: 10.222.0.53 "DELETE /placement/allocations/ee71ccec-b70e-470f-905c-555c3bded5d9" {{(pid=103529) __call__ /opt/stack/placement/placement/requestlog.py:55}}
Nov 10 21:31:45.618214 n-d-776250-11 devstack@placement-api.service[103529]: DEBUG placement.handlers.allocation [req-ab24e87e-3b63-406d-9b53-3b2c0f5952ee req-2063c14e-dcc3-4951-9cbe-6c94c818eec9 service placement] Successfully deleted allocations [, , ] {{(pid=103529) delete_allocations /opt/stack/placement/placement/handlers/allocation.py:627}}
Nov 10 21:31:45.618713 n-d-776250-11 devstack@placement-api.service[103529]: INFO placement.requestlog [req-ab24e87e-3b63-406d-9b53-3b2c0f5952ee req-2063c14e-dcc3-4951-9cbe-6c94c818eec9 service placement] 10.222.0.53 "DELETE /placement/allocations/ee71ccec-b70e-470f-905c-555c3bded5d9" status: 204 len: 0 microversion: 1.0
Nov 10 21:31:45.618946 n-d-776250-11 devstack@placement-api.service[103529]: [pid: 103529|app: 0|req: 266/538] 10.222.0.53 () {60 vars in 1355 bytes} [Wed Nov 10 21:31:45 2021] DELETE /placement/allocations/ee71ccec-b70e-470f-905c-555c3bded5d9 => generated 0 bytes in 240 msecs (HTTP/1.1 204) 5 headers in 198 bytes (1 switches on core 0)
Nov 10 21:31:46.006149 n-d-776250-11 devstack@placement-api.service[103530]: DEBUG placement.requestlog [req-e9c11cdc-df1a-4803-895f-7e75cd0cb889 req-ea70d6a6-2819-43be-987e-9a7f7d03b7c7 None None] Starting request: 10.222.0.53 "GET /placement/allocations/767b6f69-2680-4c86-9032-992aaeb7042f" {{(pid=103530) __call__ /opt/stack/placement/placement/requestlog.py:55}}
Nov 10 21:31:46.026014 n-d-776250-11 devstack@placement-api.service[103530]: INFO placement.requestlog [req-e9c11cdc-df1a-4803-895f-7e75cd0cb889 req-ea70d6a6-2819-43be-987e-9a7f7d03b7c7 service placement] 10.222.0.53 "GET /placement/allocations/767b6f69-2680-4c86-9032-992aaeb7042f" status: 200 len: 259 microversion: 1.28
Nov 10 21:31:46.026786 n-d-776250-11 devstack@placement-api.service[103530]: [pid: 103530|app: 0|req: 273/539] 10.222.0.53 () {60 vars in 1377 bytes} [Wed Nov 10 21:31:46 2021] GET /placement/allocations/767b6f69-2680-4c86-9032-992aaeb7042f => generated 259 bytes in 21 msecs (HTTP/1.1 200) 8 headers in 296 bytes (1 switches on core 0)
Nov 10 21:31:49.630115 n-d-776250-11 devstack@placement-api.service[103529]: DEBUG placement.requestlog [req-5209b3f3-b18a-402f-8793-a9c64136871d req-a67901b8-08ae-4912-b857-75dfb4598ccf None None] Starting request: 10.222.0.53 "DELETE /placement/allocations/07dbbde4-8f8a-4c95-bbde-949e7079aea7" {{(pid=103529) __call__ /opt/stack/placement/placement/requestlog.py:55}}
Nov 10 21:31:49.874782 n-d-776250-11 devstack@placement-api.service[103529]: DEBUG placement.handlers.allocation [req-5209b3f3-b18a-402f-8793-a9c64136871d req-a67901b8-08ae-4912-b857-75dfb4598ccf service placement] Successfully deleted allocations [, , ] {{(pid=103529) delete_allocations /opt/stack/placement/placement/handlers/allocation.py:627}}
Nov 10 21:31:49.875279 n-d-776250-11 devstack@placement-api.service[103529]: INFO placement.requestlog [req-5209b3f3-b18a-402f-8793-a9c64136871d req-a67901b8-08ae-4912-b857-75dfb4598ccf service placement] 10.222.0.53 "DELETE /placement/allocations/07dbbde4-8f8a-4c95-bbde-949e7079aea7" status: 204 len: 0 microversion: 1.0
Nov 10 21:31:49.875508 n-d-776250-11 devstack@placement-api.service[103529]: [pid: 103529|app: 0|req: 267/540] 10.222.0.53 () {60 vars in 1355 bytes} [Wed Nov 10 21:31:49 2021] DELETE /placement/allocations/07dbbde4-8f8a-4c95-bbde-949e7079aea7 => generated 0 bytes in 246 msecs (HTTP/1.1 204) 5 headers in 198 bytes (1 switches on core 0)
Nov 10 21:31:55.479113 n-d-776250-11 devstack@placement-api.service[103530]: DEBUG placement.requestlog [req-4f071c01-20ae-4a68-ad65-5e4c0669b90f req-ff2be925-e7f2-4633-bd99-923ccbf3ea7e None None] Starting request: 10.222.0.53 "DELETE /placement/allocations/8bd33913-b685-4f96-b12a-8b7566b8c6bb" {{(pid=103530) __call__ /opt/stack/placement/placement/requestlog.py:55}}
Nov 10 21:31:55.500216 n-d-776250-11 devstack@placement-api.service[103529]: DEBUG placement.requestlog [req-829ab4fc-aefd-451e-9d7d-9b6fc94169c4 req-097b5060-6409-4e1d-85b9-c9990800b356 None None] Starting request: 10.222.0.45 "GET /placement/allocation_candidates?limit=1000&resources=DISK_GB%3A1%2CMEMORY_MB%3A1024%2CVCPU%3A1&root_required=%21COMPUTE_STATUS_DISABLED" {{(pid=103529) __call__ /opt/stack/placement/placement/requestlog.py:55}}
Nov 10 21:31:55.536404 n-d-776250-11 devstack@placement-api.service[103529]: DEBUG placement.objects.research_context [req-829ab4fc-aefd-451e-9d7d-9b6fc94169c4 req-097b5060-6409-4e1d-85b9-c9990800b356 service placement] getting providers with 1 DISK_GB {{(pid=103529) __init__ /opt/stack/placement/placement/objects/research_context.py:126}}
Nov 10 21:31:55.547428 n-d-776250-11 devstack@placement-api.service[103529]: DEBUG placement.objects.research_context [req-829ab4fc-aefd-451e-9d7d-9b6fc94169c4 req-097b5060-6409-4e1d-85b9-c9990800b356 service placement] getting providers with 1024 MEMORY_MB {{(pid=103529) __init__ /opt/stack/placement/placement/objects/research_context.py:126}}
Nov 10 21:31:55.549928 n-d-776250-11 devstack@placement-api.service[103529]: DEBUG placement.objects.research_context [req-829ab4fc-aefd-451e-9d7d-9b6fc94169c4 req-097b5060-6409-4e1d-85b9-c9990800b356 service placement] getting providers with 1 VCPU {{(pid=103529) __init__ /opt/stack/placement/placement/objects/research_context.py:126}}
Nov 10 21:31:55.556846 n-d-776250-11 devstack@placement-api.service[103529]: DEBUG placement.objects.research_context [req-829ab4fc-aefd-451e-9d7d-9b6fc94169c4 req-097b5060-6409-4e1d-85b9-c9990800b356 service placement] found 2 providers with available 1 DISK_GB {{(pid=103529) get_provider_ids_matching /opt/stack/placement/placement/objects/research_context.py:549}}
Nov 10 21:31:55.557126 n-d-776250-11 devstack@placement-api.service[103529]: DEBUG placement.objects.research_context [req-829ab4fc-aefd-451e-9d7d-9b6fc94169c4 req-097b5060-6409-4e1d-85b9-c9990800b356 service placement] found 2 providers with available 1024 MEMORY_MB {{(pid=103529) get_provider_ids_matching /opt/stack/placement/placement/objects/research_context.py:549}}
Nov 10 21:31:55.557430 n-d-776250-11 devstack@placement-api.service[103529]: DEBUG placement.objects.research_context [req-829ab4fc-aefd-451e-9d7d-9b6fc94169c4 req-097b5060-6409-4e1d-85b9-c9990800b356 service placement] found 2 providers after filtering by previous result {{(pid=103529) get_provider_ids_matching /opt/stack/placement/placement/objects/research_context.py:580}}
Nov 10 21:31:55.557689 n-d-776250-11 devstack@placement-api.service[103529]: DEBUG placement.objects.research_context [req-829ab4fc-aefd-451e-9d7d-9b6fc94169c4 req-097b5060-6409-4e1d-85b9-c9990800b356 service placement] found 2 providers with available 1 VCPU {{(pid=103529) get_provider_ids_matching /opt/stack/placement/placement/objects/research_context.py:549}}
Nov 10 21:31:55.557954 n-d-776250-11 devstack@placement-api.service[103529]: DEBUG placement.objects.research_context [req-829ab4fc-aefd-451e-9d7d-9b6fc94169c4 req-097b5060-6409-4e1d-85b9-c9990800b356 service placement] found 2 providers after filtering by previous result {{(pid=103529) get_provider_ids_matching /opt/stack/placement/placement/objects/research_context.py:580}}
Nov 10 21:31:55.574605 n-d-776250-11 devstack@placement-api.service[103529]: DEBUG placement.objects.allocation_candidate [req-829ab4fc-aefd-451e-9d7d-9b6fc94169c4 req-097b5060-6409-4e1d-85b9-c9990800b356 service placement] RequestGroup(use_same_provider=False, resources={DISK_GB:1, MEMORY_MB:1024, VCPU:1}, traits=[], aggregates=[]) (suffix '') returned 2 matches {{(pid=103529) _get_by_requests /opt/stack/placement/placement/objects/allocation_candidate.py:145}}
Nov 10 21:31:55.575641 n-d-776250-11 devstack@placement-api.service[103529]: DEBUG placement.objects.allocation_candidate [req-829ab4fc-aefd-451e-9d7d-9b6fc94169c4 req-097b5060-6409-4e1d-85b9-c9990800b356 service placement] Merging candidates yields 2 allocation requests and 2 provider summaries {{(pid=103529) _merge_candidates /opt/stack/placement/placement/objects/allocation_candidate.py:783}}
Nov 10 21:31:55.577538 n-d-776250-11 devstack@placement-api.service[103529]: INFO placement.requestlog [req-829ab4fc-aefd-451e-9d7d-9b6fc94169c4 req-097b5060-6409-4e1d-85b9-c9990800b356 service placement] 10.222.0.45 "GET /placement/allocation_candidates?limit=1000&resources=DISK_GB%3A1%2CMEMORY_MB%3A1024%2CVCPU%3A1&root_required=%21COMPUTE_STATUS_DISABLED" status: 200 len: 1309 microversion: 1.36
Nov 10 21:31:55.578183 n-d-776250-11 devstack@placement-api.service[103529]: [pid: 103529|app: 0|req: 268/541] 10.222.0.45 () {60 vars in 1506 bytes} [Wed Nov 10 21:31:55 2021] GET /placement/allocation_candidates?limit=1000&resources=DISK_GB%3A1%2CMEMORY_MB%3A1024%2CVCPU%3A1&root_required=%21COMPUTE_STATUS_DISABLED => generated 1309 bytes in 78 msecs (HTTP/1.1 200) 8 headers in 297 bytes (1 switches on core 0)
Nov 10 21:31:55.637306 n-d-776250-11 devstack@placement-api.service[103529]: DEBUG placement.requestlog [req-829ab4fc-aefd-451e-9d7d-9b6fc94169c4 req-bd7aa017-0ac8-4200-a113-3ff3b303fd1f None None] Starting request: 10.222.0.45 "GET /placement/allocations/7467d7b1-7d46-4c84-850b-a2fc903ef063" {{(pid=103529) __call__ /opt/stack/placement/placement/requestlog.py:55}}
Nov 10 21:31:55.650505 n-d-776250-11 devstack@placement-api.service[103529]: INFO placement.requestlog [req-829ab4fc-aefd-451e-9d7d-9b6fc94169c4 req-bd7aa017-0ac8-4200-a113-3ff3b303fd1f service placement] 10.222.0.45 "GET /placement/allocations/7467d7b1-7d46-4c84-850b-a2fc903ef063" status: 200 len: 19 microversion: 1.28
Nov 10 21:31:55.651128 n-d-776250-11 devstack@placement-api.service[103529]: [pid: 103529|app: 0|req: 269/542] 10.222.0.45 () {60 vars in 1380 bytes} [Wed Nov 10 21:31:55 2021] GET /placement/allocations/7467d7b1-7d46-4c84-850b-a2fc903ef063 => generated 19 bytes in 14 msecs (HTTP/1.1 200) 8 headers in 295 bytes (2 switches on core 0)
Nov 10 21:31:55.657645 n-d-776250-11 devstack@placement-api.service[103529]: DEBUG placement.requestlog [req-829ab4fc-aefd-451e-9d7d-9b6fc94169c4 req-c7438ee0-e84c-4656-9b63-9b678ec57f9c None None] Starting request: 10.222.0.45 "PUT /placement/allocations/7467d7b1-7d46-4c84-850b-a2fc903ef063" {{(pid=103529) __call__ /opt/stack/placement/placement/requestlog.py:55}}
Nov 10 21:31:55.669300 n-d-776250-11 devstack@placement-api.service[103530]: DEBUG placement.handlers.allocation [req-4f071c01-20ae-4a68-ad65-5e4c0669b90f req-ff2be925-e7f2-4633-bd99-923ccbf3ea7e service placement] Successfully deleted allocations [, , ] {{(pid=103530) delete_allocations /opt/stack/placement/placement/handlers/allocation.py:627}}
Nov 10 21:31:55.669795 n-d-776250-11 devstack@placement-api.service[103530]: INFO placement.requestlog [req-4f071c01-20ae-4a68-ad65-5e4c0669b90f req-ff2be925-e7f2-4633-bd99-923ccbf3ea7e service placement] 10.222.0.53 "DELETE /placement/allocations/8bd33913-b685-4f96-b12a-8b7566b8c6bb" status: 204 len: 0 microversion: 1.0
Nov 10 21:31:55.670271 n-d-776250-11 devstack@placement-api.service[103530]: [pid: 103530|app: 0|req: 274/543] 10.222.0.53 () {60 vars in 1355 bytes} [Wed Nov 10 21:31:55 2021] DELETE /placement/allocations/8bd33913-b685-4f96-b12a-8b7566b8c6bb => generated 0 bytes in 191 msecs (HTTP/1.1 204) 5 headers in 198 bytes (1 switches on core 0)
Nov 10 21:31:56.145773 n-d-776250-11 devstack@placement-api.service[103529]: DEBUG placement.handlers.allocation [req-829ab4fc-aefd-451e-9d7d-9b6fc94169c4 req-c7438ee0-e84c-4656-9b63-9b678ec57f9c service placement] Successfully wrote allocations [, , ] {{(pid=103529) _update_consumers_and_create_allocations /opt/stack/placement/placement/handlers/allocation.py:462}}
Nov 10 21:31:56.280707 n-d-776250-11 devstack@placement-api.service[103529]: INFO placement.requestlog [req-829ab4fc-aefd-451e-9d7d-9b6fc94169c4 req-c7438ee0-e84c-4656-9b63-9b678ec57f9c service placement] 10.222.0.45 "PUT /placement/allocations/7467d7b1-7d46-4c84-850b-a2fc903ef063" status: 204 len: 0 microversion: 1.36
Nov 10 21:31:56.280972 n-d-776250-11 devstack@placement-api.service[103529]: [pid: 103529|app: 0|req: 270/544] 10.222.0.45 () {64 vars in 1433 bytes} [Wed Nov 10 21:31:55 2021] PUT /placement/allocations/7467d7b1-7d46-4c84-850b-a2fc903ef063 => generated 0 bytes in 624 msecs (HTTP/1.1 204) 5 headers in 199 bytes (2 switches on core 0)
