Aug 24 11:40:48.736372 n-d-773647-8 devstack@n-api.service[116649]: INFO nova.api.openstack.requestlog [None req-9b395086-c5dd-43c4-a77c-10486e610b2d tempest-DeleteServersAdminTestJSON-1120336402 tempest-DeleteServersAdminTestJSON-1120336402-project] 10.222.0.45 "GET /compute/v2.1/servers/960b24c8-3788-4146-9c31-390ef3ecfaf3" status: 200 len: 1219 microversion: 2.1 time: 0.124721
Aug 24 11:40:48.738463 n-d-773647-8 devstack@n-api.service[116649]: [pid: 116649|app: 0|req: 10/20] 10.222.0.45 () {58 vars in 1236 bytes} [Tue Aug 24 11:40:48 2021] GET /compute/v2.1/servers/960b24c8-3788-4146-9c31-390ef3ecfaf3 => generated 1219 bytes in 127 msecs (HTTP/1.1 200) 9 headers in 358 bytes (1 switches on core 0)
Aug 24 11:40:48.757119 n-d-773647-8 devstack@n-api.service[116649]: DEBUG nova.api.openstack.wsgi [None req-77eb5cd2-23c6-403b-a8a7-579735ceff65 tempest-HypervisorAdminTestJSON-1720512987 tempest-HypervisorAdminTestJSON-1720512987-project-admin] Calling method '.version_select at 0x7f7d01d38430>' {{(pid=116649) _process_stack /opt/stack/nova/nova/api/openstack/wsgi.py:513}}
Aug 24 11:40:48.758583 n-d-773647-8 devstack@n-api.service[116649]: /usr/local/lib/python3.8/dist-packages/oslo_policy/policy.py:1064: UserWarning: Policy os_compute_api:os-hypervisors:show failed scope check. The token used to make the request was project scoped but the policy requires ['system'] scope. This behavior may change in the future where using the intended scope is required
Aug 24 11:40:48.758583 n-d-773647-8 devstack@n-api.service[116649]: warnings.warn(msg)
Aug 24 11:40:48.766224 n-d-773647-8 devstack@n-api.service[116649]: DEBUG oslo_concurrency.lockutils [None req-77eb5cd2-23c6-403b-a8a7-579735ceff65 tempest-HypervisorAdminTestJSON-1720512987 tempest-HypervisorAdminTestJSON-1720512987-project-admin] Lock "b2147648-0fab-42d3-a8ea-bd4acff93c72" acquired by "nova.context.set_target_cell..get_or_set_cached_cell_and_set_connections" :: waited 0.000s {{(pid=116649) inner /usr/local/lib/python3.8/dist-packages/oslo_concurrency/lockutils.py:355}}
Aug 24 11:40:48.768401 n-d-773647-8 devstack@n-api.service[116649]: DEBUG oslo_concurrency.lockutils [None req-77eb5cd2-23c6-403b-a8a7-579735ceff65 tempest-HypervisorAdminTestJSON-1720512987 tempest-HypervisorAdminTestJSON-1720512987-project-admin] Lock "b2147648-0fab-42d3-a8ea-bd4acff93c72" released by "nova.context.set_target_cell..get_or_set_cached_cell_and_set_connections" :: held 0.002s {{(pid=116649) inner /usr/local/lib/python3.8/dist-packages/oslo_concurrency/lockutils.py:367}}
Aug 24 11:40:48.777279 n-d-773647-8 devstack@n-api.service[116650]: /usr/local/lib/python3.8/dist-packages/oslo_policy/policy.py:1064: UserWarning: Policy os_compute_api:os-flavor-manage:update failed scope check. The token used to make the request was project scoped but the policy requires ['system'] scope. This behavior may change in the future where using the intended scope is required
Aug 24 11:40:48.777279 n-d-773647-8 devstack@n-api.service[116650]: warnings.warn(msg)
Aug 24 11:40:48.821912 n-d-773647-8 devstack@n-api.service[116649]: DEBUG oslo_concurrency.lockutils [None req-77eb5cd2-23c6-403b-a8a7-579735ceff65 tempest-HypervisorAdminTestJSON-1720512987 tempest-HypervisorAdminTestJSON-1720512987-project-admin] Lock "b2147648-0fab-42d3-a8ea-bd4acff93c72" acquired by "nova.context.set_target_cell..get_or_set_cached_cell_and_set_connections" :: waited 0.000s {{(pid=116649) inner /usr/local/lib/python3.8/dist-packages/oslo_concurrency/lockutils.py:355}}
Aug 24 11:40:48.824386 n-d-773647-8 devstack@n-api.service[116649]: DEBUG oslo_concurrency.lockutils [None req-77eb5cd2-23c6-403b-a8a7-579735ceff65 tempest-HypervisorAdminTestJSON-1720512987 tempest-HypervisorAdminTestJSON-1720512987-project-admin] Lock "b2147648-0fab-42d3-a8ea-bd4acff93c72" released by "nova.context.set_target_cell..get_or_set_cached_cell_and_set_connections" :: held 0.004s {{(pid=116649) inner /usr/local/lib/python3.8/dist-packages/oslo_concurrency/lockutils.py:367}}
Aug 24 11:40:48.841241 n-d-773647-8 devstack@n-api.service[116649]: INFO nova.api.openstack.requestlog [None req-77eb5cd2-23c6-403b-a8a7-579735ceff65 tempest-HypervisorAdminTestJSON-1720512987 tempest-HypervisorAdminTestJSON-1720512987-project-admin] 10.222.0.45 "GET /compute/v2.1/os-hypervisors/2" status: 200 len: 757 microversion: 2.1 time: 0.101155
Aug 24 11:40:48.841910 n-d-773647-8 devstack@n-api.service[116649]: [pid: 116649|app: 0|req: 11/21] 10.222.0.45 () {58 vars in 1152 bytes} [Tue Aug 24 11:40:48 2021] GET /compute/v2.1/os-hypervisors/2 => generated 757 bytes in 103 msecs (HTTP/1.1 200) 9 headers in 357 bytes (1 switches on core 0)
Aug 24 11:40:48.860231 n-d-773647-8 devstack@n-api.service[116649]: DEBUG nova.api.openstack.wsgi [None req-1b99e101-76e7-4a95-9bd3-3dbedae2f6cf tempest-HypervisorAdminTestJSON-1720512987 tempest-HypervisorAdminTestJSON-1720512987-project-admin] Calling method '.version_select at 0x7f7d01ddadc0>' {{(pid=116649) _process_stack /opt/stack/nova/nova/api/openstack/wsgi.py:513}}
Aug 24 11:40:48.861517 n-d-773647-8 devstack@n-api.service[116649]: /usr/local/lib/python3.8/dist-packages/oslo_policy/policy.py:1064: UserWarning: Policy os_compute_api:os-hypervisors:uptime failed scope check. The token used to make the request was project scoped but the policy requires ['system'] scope. This behavior may change in the future where using the intended scope is required
Aug 24 11:40:48.861517 n-d-773647-8 devstack@n-api.service[116649]: warnings.warn(msg)
Aug 24 11:40:48.869704 n-d-773647-8 devstack@n-api.service[116649]: DEBUG oslo_concurrency.lockutils [None req-1b99e101-76e7-4a95-9bd3-3dbedae2f6cf tempest-HypervisorAdminTestJSON-1720512987 tempest-HypervisorAdminTestJSON-1720512987-project-admin] Lock "b2147648-0fab-42d3-a8ea-bd4acff93c72" acquired by "nova.context.set_target_cell..get_or_set_cached_cell_and_set_connections" :: waited 0.000s {{(pid=116649) inner /usr/local/lib/python3.8/dist-packages/oslo_concurrency/lockutils.py:355}}
Aug 24 11:40:48.870402 n-d-773647-8 devstack@n-api.service[116649]: DEBUG oslo_concurrency.lockutils [None req-1b99e101-76e7-4a95-9bd3-3dbedae2f6cf tempest-HypervisorAdminTestJSON-1720512987 tempest-HypervisorAdminTestJSON-1720512987-project-admin] Lock "b2147648-0fab-42d3-a8ea-bd4acff93c72" released by "nova.context.set_target_cell..get_or_set_cached_cell_and_set_connections" :: held 0.004s {{(pid=116649) inner /usr/local/lib/python3.8/dist-packages/oslo_concurrency/lockutils.py:367}}
Aug 24 11:40:48.870905 n-d-773647-8 devstack@n-api.service[116650]: INFO nova.api.openstack.requestlog [None req-a8658e97-e9b0-4330-9269-f2f839d0bbda tempest-FlavorsV255TestJSON-96717850 tempest-FlavorsV255TestJSON-96717850-project-admin] 10.222.0.45 "PUT /compute/v2.1/flavors/183849539" status: 200 len: 446 microversion: 2.55 time: 0.141332
Aug 24 11:40:48.877408 n-d-773647-8 devstack@n-api.service[116650]: [pid: 116650|app: 0|req: 11/22] 10.222.0.45 () {62 vars in 1216 bytes} [Tue Aug 24 11:40:48 2021] PUT /compute/v2.1/flavors/183849539 => generated 446 bytes in 148 msecs (HTTP/1.1 200) 9 headers in 359 bytes (1 switches on core 0)
Aug 24 11:40:48.887158 n-d-773647-8 devstack@n-api.service[116650]: DEBUG nova.api.openstack.wsgi [None req-4430e70d-e68d-4fce-ad54-5f0da5e0f864 tempest-FlavorsV255TestJSON-1570369430 tempest-FlavorsV255TestJSON-1570369430-project] Calling method '>' {{(pid=116650) _process_stack /opt/stack/nova/nova/api/openstack/wsgi.py:513}}
Aug 24 11:40:48.907856 n-d-773647-8 devstack@n-api.service[116649]: DEBUG oslo_concurrency.lockutils [None req-1b99e101-76e7-4a95-9bd3-3dbedae2f6cf tempest-HypervisorAdminTestJSON-1720512987 tempest-HypervisorAdminTestJSON-1720512987-project-admin] Lock "b2147648-0fab-42d3-a8ea-bd4acff93c72" acquired by "nova.context.set_target_cell..get_or_set_cached_cell_and_set_connections" :: waited 0.000s {{(pid=116649) inner /usr/local/lib/python3.8/dist-packages/oslo_concurrency/lockutils.py:355}}
Aug 24 11:40:48.909062 n-d-773647-8 devstack@n-api.service[116649]: DEBUG oslo_concurrency.lockutils [None req-1b99e101-76e7-4a95-9bd3-3dbedae2f6cf tempest-HypervisorAdminTestJSON-1720512987 tempest-HypervisorAdminTestJSON-1720512987-project-admin] Lock "b2147648-0fab-42d3-a8ea-bd4acff93c72" released by "nova.context.set_target_cell..get_or_set_cached_cell_and_set_connections" :: held 0.001s {{(pid=116649) inner /usr/local/lib/python3.8/dist-packages/oslo_concurrency/lockutils.py:367}}
Aug 24 11:40:48.920625 n-d-773647-8 devstack@n-api.service[116650]: INFO nova.api.openstack.requestlog [None req-4430e70d-e68d-4fce-ad54-5f0da5e0f864 tempest-FlavorsV255TestJSON-1570369430 tempest-FlavorsV255TestJSON-1570369430-project] 10.222.0.45 "GET /compute/v2.1/flavors/detail" status: 200 len: 5721 microversion: 2.55 time: 0.038843
Aug 24 11:40:48.921760 n-d-773647-8 devstack@n-api.service[116650]: [pid: 116650|app: 0|req: 12/23] 10.222.0.45 () {60 vars in 1187 bytes} [Tue Aug 24 11:40:48 2021] GET /compute/v2.1/flavors/detail => generated 5721 bytes in 40 msecs (HTTP/1.1 200) 9 headers in 360 bytes (1 switches on core 0)
Aug 24 11:40:48.938118 n-d-773647-8 devstack@n-api.service[116649]: DEBUG oslo_concurrency.lockutils [None req-1b99e101-76e7-4a95-9bd3-3dbedae2f6cf tempest-HypervisorAdminTestJSON-1720512987 tempest-HypervisorAdminTestJSON-1720512987-project-admin] Lock "b2147648-0fab-42d3-a8ea-bd4acff93c72" acquired by "nova.context.set_target_cell..get_or_set_cached_cell_and_set_connections" :: waited 0.001s {{(pid=116649) inner /usr/local/lib/python3.8/dist-packages/oslo_concurrency/lockutils.py:355}}
Aug 24 11:40:48.938611 n-d-773647-8 devstack@n-api.service[116650]: DEBUG nova.api.openstack.wsgi [None req-11ae0eb8-1c25-44c1-a81d-2589e70a7b2f tempest-FlavorsV255TestJSON-1570369430 tempest-FlavorsV255TestJSON-1570369430-project] Calling method '>' {{(pid=116650) _process_stack /opt/stack/nova/nova/api/openstack/wsgi.py:513}}
Aug 24 11:40:48.939113 n-d-773647-8 devstack@n-api.service[116649]: DEBUG oslo_concurrency.lockutils [None req-1b99e101-76e7-4a95-9bd3-3dbedae2f6cf tempest-HypervisorAdminTestJSON-1720512987 tempest-HypervisorAdminTestJSON-1720512987-project-admin] Lock "b2147648-0fab-42d3-a8ea-bd4acff93c72" released by "nova.context.set_target_cell..get_or_set_cached_cell_and_set_connections" :: held 0.001s {{(pid=116649) inner /usr/local/lib/python3.8/dist-packages/oslo_concurrency/lockutils.py:367}}
Aug 24 11:40:48.947960 n-d-773647-8 devstack@n-api.service[116649]: DEBUG oslo_concurrency.lockutils [None req-1b99e101-76e7-4a95-9bd3-3dbedae2f6cf tempest-HypervisorAdminTestJSON-1720512987 tempest-HypervisorAdminTestJSON-1720512987-project-admin] Acquired lock "compute-rpcapi-router" {{(pid=116649) lock /usr/local/lib/python3.8/dist-packages/oslo_concurrency/lockutils.py:266}}
Aug 24 11:40:48.949736 n-d-773647-8 devstack@n-api.service[116649]: DEBUG oslo_concurrency.lockutils [None req-f09fb067-99fc-4bbf-9e13-44742ac6532b None None] Lock "00000000-0000-0000-0000-000000000000" acquired by "nova.context.set_target_cell..get_or_set_cached_cell_and_set_connections" :: waited 0.000s {{(pid=116649) inner /usr/local/lib/python3.8/dist-packages/oslo_concurrency/lockutils.py:355}}
Aug 24 11:40:48.950400 n-d-773647-8 devstack@n-api.service[116649]: DEBUG oslo_concurrency.lockutils [None req-f09fb067-99fc-4bbf-9e13-44742ac6532b None None] Lock "00000000-0000-0000-0000-000000000000" released by "nova.context.set_target_cell..get_or_set_cached_cell_and_set_connections" :: held 0.001s {{(pid=116649) inner /usr/local/lib/python3.8/dist-packages/oslo_concurrency/lockutils.py:367}}
Aug 24 11:40:48.951965 n-d-773647-8 devstack@n-api.service[116649]: DEBUG oslo_concurrency.lockutils [None req-f09fb067-99fc-4bbf-9e13-44742ac6532b None None] Lock "b2147648-0fab-42d3-a8ea-bd4acff93c72" acquired by "nova.context.set_target_cell..get_or_set_cached_cell_and_set_connections" :: waited 0.000s {{(pid=116649) inner /usr/local/lib/python3.8/dist-packages/oslo_concurrency/lockutils.py:355}}
Aug 24 11:40:48.952887 n-d-773647-8 devstack@n-api.service[116649]: DEBUG oslo_concurrency.lockutils [None req-f09fb067-99fc-4bbf-9e13-44742ac6532b None None] Lock "b2147648-0fab-42d3-a8ea-bd4acff93c72" released by "nova.context.set_target_cell..get_or_set_cached_cell_and_set_connections" :: held 0.001s {{(pid=116649) inner /usr/local/lib/python3.8/dist-packages/oslo_concurrency/lockutils.py:367}}
Aug 24 11:40:48.967328 n-d-773647-8 devstack@n-api.service[116649]: INFO nova.compute.rpcapi [None req-f09fb067-99fc-4bbf-9e13-44742ac6532b None None] Automatically selected compute RPC version 6.0 from minimum service version 57
Aug 24 11:40:48.968756 n-d-773647-8 devstack@n-api.service[116649]: DEBUG oslo_concurrency.lockutils [None req-f09fb067-99fc-4bbf-9e13-44742ac6532b None None] Releasing lock "compute-rpcapi-router" {{(pid=116649) lock /usr/local/lib/python3.8/dist-packages/oslo_concurrency/lockutils.py:282}}
Aug 24 11:40:48.982367 n-d-773647-8 devstack@n-api.service[116650]: INFO nova.api.openstack.requestlog [None req-11ae0eb8-1c25-44c1-a81d-2589e70a7b2f tempest-FlavorsV255TestJSON-1570369430 tempest-FlavorsV255TestJSON-1570369430-project] 10.222.0.45 "GET /compute/v2.1/flavors" status: 200 len: 3153 microversion: 2.55 time: 0.047354
Aug 24 11:40:48.983148 n-d-773647-8 devstack@n-api.service[116650]: [pid: 116650|app: 0|req: 13/24] 10.222.0.45 () {60 vars in 1166 bytes} [Tue Aug 24 11:40:48 2021] GET /compute/v2.1/flavors => generated 3153 bytes in 49 msecs (HTTP/1.1 200) 9 headers in 360 bytes (1 switches on core 0)
Aug 24 11:40:49.001133 n-d-773647-8 devstack@n-api.service[116650]: DEBUG nova.api.openstack.wsgi [None req-0f992470-2ac3-4bfe-86f6-2a0ebfe3f221 tempest-FlavorsV255TestJSON-96717850 tempest-FlavorsV255TestJSON-96717850-project-admin] Calling method '>' {{(pid=116650) _process_stack /opt/stack/nova/nova/api/openstack/wsgi.py:513}}
Aug 24 11:40:49.001880 n-d-773647-8 devstack@n-api.service[116650]: /usr/local/lib/python3.8/dist-packages/oslo_policy/policy.py:1064: UserWarning: Policy os_compute_api:os-flavor-manage:delete failed scope check. The token used to make the request was project scoped but the policy requires ['system'] scope. This behavior may change in the future where using the intended scope is required
Aug 24 11:40:49.001880 n-d-773647-8 devstack@n-api.service[116650]: warnings.warn(msg)
Aug 24 11:40:49.061920 n-d-773647-8 devstack@n-api.service[116650]: INFO nova.api.openstack.requestlog [None req-0f992470-2ac3-4bfe-86f6-2a0ebfe3f221 tempest-FlavorsV255TestJSON-96717850 tempest-FlavorsV255TestJSON-96717850-project-admin] 10.222.0.45 "DELETE /compute/v2.1/flavors/183849539" status: 202 len: 0 microversion: 2.55 time: 0.066483
Aug 24 11:40:49.062514 n-d-773647-8 devstack@n-api.service[116650]: [pid: 116650|app: 0|req: 14/25] 10.222.0.45 () {60 vars in 1199 bytes} [Tue Aug 24 11:40:48 2021] DELETE /compute/v2.1/flavors/183849539 => generated 0 bytes in 69 msecs (HTTP/1.1 202) 9 headers in 363 bytes (1 switches on core 0)
Aug 24 11:40:49.077524 n-d-773647-8 devstack@n-api.service[116649]: INFO nova.api.openstack.requestlog [None req-f09fb067-99fc-4bbf-9e13-44742ac6532b None None] 10.222.0.45 "GET /compute/v2.1/os-hypervisors/1/uptime" status: 200 len: 175 microversion: 2.1 time: 0.226339
Aug 24 11:40:49.087052 n-d-773647-8 devstack@n-api.service[116649]: [pid: 116649|app: 0|req: 12/26] 10.222.0.45 () {58 vars in 1173 bytes} [Tue Aug 24 11:40:48 2021] GET /compute/v2.1/os-hypervisors/1/uptime => generated 175 bytes in 237 msecs (HTTP/1.1 200) 9 headers in 357 bytes (1 switches on core 0)
Aug 24 11:40:49.094126 n-d-773647-8 devstack@n-api.service[116649]: DEBUG nova.api.openstack.wsgi [None req-054ad54d-c1be-49fd-9acc-c1a078b407b3 tempest-FlavorsV255TestJSON-96717850 tempest-FlavorsV255TestJSON-96717850-project-admin] Calling method '>' {{(pid=116649) _process_stack /opt/stack/nova/nova/api/openstack/wsgi.py:513}}
Aug 24 11:40:49.124455 n-d-773647-8 devstack@n-api.service[116649]: INFO nova.api.openstack.requestlog [None req-054ad54d-c1be-49fd-9acc-c1a078b407b3 tempest-FlavorsV255TestJSON-96717850 tempest-FlavorsV255TestJSON-96717850-project-admin] 10.222.0.45 "GET /compute/v2.1/flavors/detail" status: 200 len: 5285 microversion: 2.55 time: 0.036016
Aug 24 11:40:49.125367 n-d-773647-8 devstack@n-api.service[116649]: [pid: 116649|app: 0|req: 13/27] 10.222.0.45 () {60 vars in 1187 bytes} [Tue Aug 24 11:40:49 2021] GET /compute/v2.1/flavors/detail => generated 5285 bytes in 38 msecs (HTTP/1.1 200) 9 headers in 360 bytes (1 switches on core 0)
Aug 24 11:40:49.626233 n-d-773647-8 devstack@n-api.service[116650]: DEBUG nova.api.openstack.wsgi [None req-6cf0a506-69ac-41c9-8582-cbecbfbf7401 tempest-AggregatesAdminTestJSON-1853285381 tempest-AggregatesAdminTestJSON-1853285381-project] Action: 'create', calling method: >, body: {"server": {"name": "tempest-AggregatesAdminTestJSON-server-285430360", "imageRef": "40485d33-b159-4ffe-8a7a-9a201418b333", "flavorRef": "452", "availability_zone": "tempest-test_az-712222230"}} {{(pid=116650) _process_stack /opt/stack/nova/nova/api/openstack/wsgi.py:511}}
Aug 24 11:40:49.667142 n-d-773647-8 devstack@n-api.service[116650]: DEBUG oslo_concurrency.lockutils [None req-6cf0a506-69ac-41c9-8582-cbecbfbf7401 tempest-AggregatesAdminTestJSON-1853285381 tempest-AggregatesAdminTestJSON-1853285381-project] Lock "00000000-0000-0000-0000-000000000000" acquired by "nova.context.set_target_cell..get_or_set_cached_cell_and_set_connections" :: waited 0.000s {{(pid=116650) inner /usr/local/lib/python3.8/dist-packages/oslo_concurrency/lockutils.py:355}}
Aug 24 11:40:49.668498 n-d-773647-8 devstack@n-api.service[116650]: DEBUG oslo_concurrency.lockutils [None req-6cf0a506-69ac-41c9-8582-cbecbfbf7401 tempest-AggregatesAdminTestJSON-1853285381 tempest-AggregatesAdminTestJSON-1853285381-project] Lock "00000000-0000-0000-0000-000000000000" released by "nova.context.set_target_cell..get_or_set_cached_cell_and_set_connections" :: held 0.003s {{(pid=116650) inner /usr/local/lib/python3.8/dist-packages/oslo_concurrency/lockutils.py:367}}
Aug 24 11:40:49.674202 n-d-773647-8 devstack@n-api.service[116650]: DEBUG oslo_concurrency.lockutils [None req-6cf0a506-69ac-41c9-8582-cbecbfbf7401 tempest-AggregatesAdminTestJSON-1853285381 tempest-AggregatesAdminTestJSON-1853285381-project] Lock "b2147648-0fab-42d3-a8ea-bd4acff93c72" acquired by "nova.context.set_target_cell..get_or_set_cached_cell_and_set_connections" :: waited 0.000s {{(pid=116650) inner /usr/local/lib/python3.8/dist-packages/oslo_concurrency/lockutils.py:355}}
Aug 24 11:40:49.675258 n-d-773647-8 devstack@n-api.service[116650]: DEBUG oslo_concurrency.lockutils [None req-6cf0a506-69ac-41c9-8582-cbecbfbf7401 tempest-AggregatesAdminTestJSON-1853285381 tempest-AggregatesAdminTestJSON-1853285381-project] Lock "b2147648-0fab-42d3-a8ea-bd4acff93c72" released by "nova.context.set_target_cell..get_or_set_cached_cell_and_set_connections" :: held 0.002s {{(pid=116650) inner /usr/local/lib/python3.8/dist-packages/oslo_concurrency/lockutils.py:367}}
Aug 24 11:40:49.756868 n-d-773647-8 devstack@n-api.service[116649]: DEBUG nova.api.openstack.wsgi [None req-9a6c42dc-2f27-4369-9472-dbeba1e9a60b tempest-DeleteServersAdminTestJSON-1120336402 tempest-DeleteServersAdminTestJSON-1120336402-project] Calling method '>' {{(pid=116649) _process_stack /opt/stack/nova/nova/api/openstack/wsgi.py:513}}
Aug 24 11:40:49.757655 n-d-773647-8 devstack@n-api.service[116649]: DEBUG nova.compute.api [None req-9a6c42dc-2f27-4369-9472-dbeba1e9a60b tempest-DeleteServersAdminTestJSON-1120336402 tempest-DeleteServersAdminTestJSON-1120336402-project] [instance: 960b24c8-3788-4146-9c31-390ef3ecfaf3] Fetching instance by UUID {{(pid=116649) get /opt/stack/nova/nova/compute/api.py:2825}}
Aug 24 11:40:49.765980 n-d-773647-8 devstack@n-api.service[116649]: DEBUG oslo_concurrency.lockutils [None req-9a6c42dc-2f27-4369-9472-dbeba1e9a60b tempest-DeleteServersAdminTestJSON-1120336402 tempest-DeleteServersAdminTestJSON-1120336402-project] Lock "b2147648-0fab-42d3-a8ea-bd4acff93c72" acquired by "nova.context.set_target_cell..get_or_set_cached_cell_and_set_connections" :: waited 0.000s {{(pid=116649) inner /usr/local/lib/python3.8/dist-packages/oslo_concurrency/lockutils.py:355}}
Aug 24 11:40:49.766430 n-d-773647-8 devstack@n-api.service[116649]: DEBUG oslo_concurrency.lockutils [None req-9a6c42dc-2f27-4369-9472-dbeba1e9a60b tempest-DeleteServersAdminTestJSON-1120336402 tempest-DeleteServersAdminTestJSON-1120336402-project] Lock "b2147648-0fab-42d3-a8ea-bd4acff93c72" released by "nova.context.set_target_cell..get_or_set_cached_cell_and_set_connections" :: held 0.001s {{(pid=116649) inner /usr/local/lib/python3.8/dist-packages/oslo_concurrency/lockutils.py:367}}
Aug 24 11:40:49.767219 n-d-773647-8 devstack@n-api.service[116649]: DEBUG oslo_concurrency.lockutils [None req-9a6c42dc-2f27-4369-9472-dbeba1e9a60b tempest-DeleteServersAdminTestJSON-1120336402 tempest-DeleteServersAdminTestJSON-1120336402-project] Lock "b2147648-0fab-42d3-a8ea-bd4acff93c72" acquired by "nova.context.set_target_cell..get_or_set_cached_cell_and_set_connections" :: waited 0.000s {{(pid=116649) inner /usr/local/lib/python3.8/dist-packages/oslo_concurrency/lockutils.py:355}}
Aug 24 11:40:49.767932 n-d-773647-8 devstack@n-api.service[116649]: DEBUG oslo_concurrency.lockutils [None req-9a6c42dc-2f27-4369-9472-dbeba1e9a60b tempest-DeleteServersAdminTestJSON-1120336402 tempest-DeleteServersAdminTestJSON-1120336402-project] Lock "b2147648-0fab-42d3-a8ea-bd4acff93c72" released by "nova.context.set_target_cell..get_or_set_cached_cell_and_set_connections" :: held 0.000s {{(pid=116649) inner /usr/local/lib/python3.8/dist-packages/oslo_concurrency/lockutils.py:367}}
Aug 24 11:40:50.018054 n-d-773647-8 devstack@n-api.service[116649]: DEBUG nova.policy [None req-9a6c42dc-2f27-4369-9472-dbeba1e9a60b tempest-DeleteServersAdminTestJSON-1120336402 tempest-DeleteServersAdminTestJSON-1120336402-project] Policy check for os_compute_api:os-extended-server-attributes failed with credentials {'is_admin': False, 'user_id': 'bba04e34989747a0b98e4c6180f28d8d', 'user_domain_id': 'default', 'system_scope': None, 'domain_id': None, 'project_id': '8fbb7717fb024bd1a79e2c81437889bb', 'project_domain_id': 'default', 'roles': ['member', 'reader'], 'is_admin_project': True, 'service_user_id': None, 'service_user_domain_id': None, 'service_project_id': None, 'service_project_domain_id': None, 'service_roles': []} {{(pid=116649) authorize /opt/stack/nova/nova/policy.py:199}}
Aug 24 11:40:50.048083 n-d-773647-8 devstack@n-api.service[116649]: INFO nova.api.openstack.requestlog [None req-9a6c42dc-2f27-4369-9472-dbeba1e9a60b tempest-DeleteServersAdminTestJSON-1120336402 tempest-DeleteServersAdminTestJSON-1120336402-project] 10.222.0.45 "GET /compute/v2.1/servers/960b24c8-3788-4146-9c31-390ef3ecfaf3" status: 200 len: 1244 microversion: 2.1 time: 0.294741
Aug 24 11:40:50.060591 n-d-773647-8 devstack@n-api.service[116649]: [pid: 116649|app: 0|req: 14/28] 10.222.0.45 () {58 vars in 1236 bytes} [Tue Aug 24 11:40:49 2021] GET /compute/v2.1/servers/960b24c8-3788-4146-9c31-390ef3ecfaf3 => generated 1244 bytes in 308 msecs (HTTP/1.1 200) 9 headers in 358 bytes (1 switches on core 0)
Aug 24 11:40:50.912749 n-d-773647-8 devstack@n-api.service[116650]: DEBUG nova.network.neutron [None req-6cf0a506-69ac-41c9-8582-cbecbfbf7401 tempest-AggregatesAdminTestJSON-1853285381 tempest-AggregatesAdminTestJSON-1853285381-project] validate_networks() for None {{(pid=116650) validate_networks /opt/stack/nova/nova/network/neutron.py:2309}}
Aug 24 11:40:51.069083 n-d-773647-8 devstack@n-api.service[116649]: DEBUG nova.api.openstack.wsgi [None req-e99b7647-71d2-42c9-a76f-1b4b078a90f8 tempest-DeleteServersAdminTestJSON-1120336402 tempest-DeleteServersAdminTestJSON-1120336402-project] Calling method '>' {{(pid=116649) _process_stack /opt/stack/nova/nova/api/openstack/wsgi.py:513}}
Aug 24 11:40:51.069891 n-d-773647-8 devstack@n-api.service[116649]: DEBUG nova.compute.api [None req-e99b7647-71d2-42c9-a76f-1b4b078a90f8 tempest-DeleteServersAdminTestJSON-1120336402 tempest-DeleteServersAdminTestJSON-1120336402-project] [instance: 960b24c8-3788-4146-9c31-390ef3ecfaf3] Fetching instance by UUID {{(pid=116649) get /opt/stack/nova/nova/compute/api.py:2825}}
Aug 24 11:40:51.084284 n-d-773647-8 devstack@n-api.service[116649]: DEBUG oslo_concurrency.lockutils [None req-e99b7647-71d2-42c9-a76f-1b4b078a90f8 tempest-DeleteServersAdminTestJSON-1120336402 tempest-DeleteServersAdminTestJSON-1120336402-project] Lock "b2147648-0fab-42d3-a8ea-bd4acff93c72" acquired by "nova.context.set_target_cell..get_or_set_cached_cell_and_set_connections" :: waited 0.000s {{(pid=116649) inner /usr/local/lib/python3.8/dist-packages/oslo_concurrency/lockutils.py:355}}
Aug 24 11:40:51.085769 n-d-773647-8 devstack@n-api.service[116649]: DEBUG oslo_concurrency.lockutils [None req-e99b7647-71d2-42c9-a76f-1b4b078a90f8 tempest-DeleteServersAdminTestJSON-1120336402 tempest-DeleteServersAdminTestJSON-1120336402-project] Lock "b2147648-0fab-42d3-a8ea-bd4acff93c72" released by "nova.context.set_target_cell..get_or_set_cached_cell_and_set_connections" :: held 0.003s {{(pid=116649) inner /usr/local/lib/python3.8/dist-packages/oslo_concurrency/lockutils.py:367}}
Aug 24 11:40:51.090565 n-d-773647-8 devstack@n-api.service[116649]: DEBUG oslo_concurrency.lockutils [None req-e99b7647-71d2-42c9-a76f-1b4b078a90f8 tempest-DeleteServersAdminTestJSON-1120336402 tempest-DeleteServersAdminTestJSON-1120336402-project] Lock "b2147648-0fab-42d3-a8ea-bd4acff93c72" acquired by "nova.context.set_target_cell..get_or_set_cached_cell_and_set_connections" :: waited 0.000s {{(pid=116649) inner /usr/local/lib/python3.8/dist-packages/oslo_concurrency/lockutils.py:355}}
Aug 24 11:40:51.091204 n-d-773647-8 devstack@n-api.service[116649]: DEBUG oslo_concurrency.lockutils [None req-e99b7647-71d2-42c9-a76f-1b4b078a90f8 tempest-DeleteServersAdminTestJSON-1120336402 tempest-DeleteServersAdminTestJSON-1120336402-project] Lock "b2147648-0fab-42d3-a8ea-bd4acff93c72" released by "nova.context.set_target_cell..get_or_set_cached_cell_and_set_connections" :: held 0.002s {{(pid=116649) inner /usr/local/lib/python3.8/dist-packages/oslo_concurrency/lockutils.py:367}}
Aug 24 11:40:51.313960 n-d-773647-8 devstack@n-api.service[116649]: DEBUG nova.policy [None req-e99b7647-71d2-42c9-a76f-1b4b078a90f8 tempest-DeleteServersAdminTestJSON-1120336402 tempest-DeleteServersAdminTestJSON-1120336402-project] Policy check for os_compute_api:os-extended-server-attributes failed with credentials {'is_admin': False, 'user_id': 'bba04e34989747a0b98e4c6180f28d8d', 'user_domain_id': 'default', 'system_scope': None, 'domain_id': None, 'project_id': '8fbb7717fb024bd1a79e2c81437889bb', 'project_domain_id': 'default', 'roles': ['member', 'reader'], 'is_admin_project': True, 'service_user_id': None, 'service_user_domain_id': None, 'service_project_id': None, 'service_project_domain_id': None, 'service_roles': []} {{(pid=116649) authorize /opt/stack/nova/nova/policy.py:199}}
Aug 24 11:40:51.326748 n-d-773647-8 devstack@n-api.service[116649]: INFO nova.api.openstack.requestlog [None req-e99b7647-71d2-42c9-a76f-1b4b078a90f8 tempest-DeleteServersAdminTestJSON-1120336402 tempest-DeleteServersAdminTestJSON-1120336402-project] 10.222.0.45 "GET /compute/v2.1/servers/960b24c8-3788-4146-9c31-390ef3ecfaf3" status: 200 len: 1298 microversion: 2.1 time: 0.261353
Aug 24 11:40:51.327437 n-d-773647-8 devstack@n-api.service[116649]: [pid: 116649|app: 0|req: 15/29] 10.222.0.45 () {58 vars in 1236 bytes} [Tue Aug 24 11:40:51 2021] GET /compute/v2.1/servers/960b24c8-3788-4146-9c31-390ef3ecfaf3 => generated 1298 bytes in 265 msecs (HTTP/1.1 200) 9 headers in 358 bytes (2 switches on core 0)
Aug 24 11:40:51.436308 n-d-773647-8 devstack@n-api.service[116650]: DEBUG nova.virt.hardware [None req-6cf0a506-69ac-41c9-8582-cbecbfbf7401 tempest-AggregatesAdminTestJSON-1853285381 tempest-AggregatesAdminTestJSON-1853285381-project] Flavor limits 0:0:0 {{(pid=116650) get_cpu_topology_constraints /opt/stack/nova/nova/virt/hardware.py:343}}
Aug 24 11:40:51.437078 n-d-773647-8 devstack@n-api.service[116650]: DEBUG nova.virt.hardware [None req-6cf0a506-69ac-41c9-8582-cbecbfbf7401 tempest-AggregatesAdminTestJSON-1853285381 tempest-AggregatesAdminTestJSON-1853285381-project] Image limits 0:0:0 {{(pid=116650) get_cpu_topology_constraints /opt/stack/nova/nova/virt/hardware.py:347}}
Aug 24 11:40:51.437809 n-d-773647-8 devstack@n-api.service[116650]: DEBUG nova.virt.hardware [None req-6cf0a506-69ac-41c9-8582-cbecbfbf7401 tempest-AggregatesAdminTestJSON-1853285381 tempest-AggregatesAdminTestJSON-1853285381-project] Flavor pref 0:0:0 {{(pid=116650) get_cpu_topology_constraints /opt/stack/nova/nova/virt/hardware.py:383}}
Aug 24 11:40:51.438427 n-d-773647-8 devstack@n-api.service[116650]: DEBUG nova.virt.hardware [None req-6cf0a506-69ac-41c9-8582-cbecbfbf7401 tempest-AggregatesAdminTestJSON-1853285381 tempest-AggregatesAdminTestJSON-1853285381-project] Image pref 0:0:0 {{(pid=116650) get_cpu_topology_constraints /opt/stack/nova/nova/virt/hardware.py:387}}
Aug 24 11:40:51.439035 n-d-773647-8 devstack@n-api.service[116650]: DEBUG nova.virt.hardware [None req-6cf0a506-69ac-41c9-8582-cbecbfbf7401 tempest-AggregatesAdminTestJSON-1853285381 tempest-AggregatesAdminTestJSON-1853285381-project] Chose sockets=0, cores=0, threads=0; limits were sockets=65536, cores=65536, threads=65536 {{(pid=116650) get_cpu_topology_constraints /opt/stack/nova/nova/virt/hardware.py:425}}
Aug 24 11:40:51.465517 n-d-773647-8 devstack@n-api.service[116650]: DEBUG oslo_concurrency.lockutils [None req-6cf0a506-69ac-41c9-8582-cbecbfbf7401 tempest-AggregatesAdminTestJSON-1853285381 tempest-AggregatesAdminTestJSON-1853285381-project] Lock "00000000-0000-0000-0000-000000000000" acquired by "nova.context.set_target_cell..get_or_set_cached_cell_and_set_connections" :: waited 0.000s {{(pid=116650) inner /usr/local/lib/python3.8/dist-packages/oslo_concurrency/lockutils.py:355}}
Aug 24 11:40:51.466231 n-d-773647-8 devstack@n-api.service[116650]: DEBUG oslo_concurrency.lockutils [None req-6cf0a506-69ac-41c9-8582-cbecbfbf7401 tempest-AggregatesAdminTestJSON-1853285381 tempest-AggregatesAdminTestJSON-1853285381-project] Lock "00000000-0000-0000-0000-000000000000" released by "nova.context.set_target_cell..get_or_set_cached_cell_and_set_connections" :: held 0.001s {{(pid=116650) inner /usr/local/lib/python3.8/dist-packages/oslo_concurrency/lockutils.py:367}}
Aug 24 11:40:51.471196 n-d-773647-8 devstack@n-api.service[116650]: DEBUG oslo_concurrency.lockutils [None req-6cf0a506-69ac-41c9-8582-cbecbfbf7401 tempest-AggregatesAdminTestJSON-1853285381 tempest-AggregatesAdminTestJSON-1853285381-project] Lock "b2147648-0fab-42d3-a8ea-bd4acff93c72" acquired by "nova.context.set_target_cell..get_or_set_cached_cell_and_set_connections" :: waited 0.000s {{(pid=116650) inner /usr/local/lib/python3.8/dist-packages/oslo_concurrency/lockutils.py:355}}
Aug 24 11:40:51.471978 n-d-773647-8 devstack@n-api.service[116650]: DEBUG oslo_concurrency.lockutils [None req-6cf0a506-69ac-41c9-8582-cbecbfbf7401 tempest-AggregatesAdminTestJSON-1853285381 tempest-AggregatesAdminTestJSON-1853285381-project] Lock "b2147648-0fab-42d3-a8ea-bd4acff93c72" released by "nova.context.set_target_cell..get_or_set_cached_cell_and_set_connections" :: held 0.001s {{(pid=116650) inner /usr/local/lib/python3.8/dist-packages/oslo_concurrency/lockutils.py:367}}
Aug 24 11:40:51.573296 n-d-773647-8 devstack@n-api.service[116650]: DEBUG nova.quota [None req-6cf0a506-69ac-41c9-8582-cbecbfbf7401 tempest-AggregatesAdminTestJSON-1853285381 tempest-AggregatesAdminTestJSON-1853285381-project] Getting quotas for project 79b589bc31764f6283ef23c251dc0a9a. Resources: {'instances', 'ram', 'cores'} {{(pid=116650) _get_quotas /opt/stack/nova/nova/quota.py:387}}
Aug 24 11:40:51.581275 n-d-773647-8 devstack@n-api.service[116650]: DEBUG nova.quota [None req-6cf0a506-69ac-41c9-8582-cbecbfbf7401 tempest-AggregatesAdminTestJSON-1853285381 tempest-AggregatesAdminTestJSON-1853285381-project] Getting quotas for user b5ad5a43a6c442b3bd14e70c4535ab22 and project 79b589bc31764f6283ef23c251dc0a9a. Resources: {'instances', 'ram', 'cores'} {{(pid=116650) _get_quotas /opt/stack/nova/nova/quota.py:377}}
Aug 24 11:40:51.627008 n-d-773647-8 devstack@n-api.service[116650]: DEBUG nova.compute.api [None req-6cf0a506-69ac-41c9-8582-cbecbfbf7401 tempest-AggregatesAdminTestJSON-1853285381 tempest-AggregatesAdminTestJSON-1853285381-project] Going to run 1 instances... {{(pid=116650) _provision_instances /opt/stack/nova/nova/compute/api.py:1314}}
Aug 24 11:40:51.633734 n-d-773647-8 devstack@n-api.service[116650]: DEBUG nova.compute.api [None req-6cf0a506-69ac-41c9-8582-cbecbfbf7401 tempest-AggregatesAdminTestJSON-1853285381 tempest-AggregatesAdminTestJSON-1853285381-project] [instance: ff7fa51f-5632-43a4-bd89-db16684db579] block_device_mapping [BlockDeviceMapping(attachment_id=,boot_index=0,connection_info=None,created_at=,delete_on_termination=True,deleted=,deleted_at=,destination_type='local',device_name=None,device_type='disk',disk_bus=None,guest_format=None,id=,image_id='40485d33-b159-4ffe-8a7a-9a201418b333',instance=,instance_uuid=,no_device=False,snapshot_id=None,source_type='image',tag=None,updated_at=,uuid=,volume_id=None,volume_size=None,volume_type=None)] {{(pid=116650) _bdm_validate_set_size_and_instance /opt/stack/nova/nova/compute/api.py:1719}}
Aug 24 11:40:51.794403 n-d-773647-8 devstack@n-api.service[116650]: INFO nova.api.openstack.requestlog [None req-6cf0a506-69ac-41c9-8582-cbecbfbf7401 tempest-AggregatesAdminTestJSON-1853285381 tempest-AggregatesAdminTestJSON-1853285381-project] 10.222.0.45 "POST /compute/v2.1/servers" status: 202 len: 380 microversion: 2.1 time: 2.716852
Aug 24 11:40:51.794403 n-d-773647-8 devstack@n-api.service[116650]: [pid: 116650|app: 0|req: 15/30] 10.222.0.45 () {60 vars in 1147 bytes} [Tue Aug 24 11:40:49 2021] POST /compute/v2.1/servers => generated 380 bytes in 2723 msecs (HTTP/1.1 202) 10 headers in 451 bytes (1 switches on core 0)
Aug 24 11:40:51.801465 n-d-773647-8 devstack@n-api.service[116649]: DEBUG nova.api.openstack.wsgi [None req-c2e64f0b-6952-42df-8a30-966f41ade225 tempest-AggregatesAdminTestJSON-1853285381 tempest-AggregatesAdminTestJSON-1853285381-project] Calling method '>' {{(pid=116649) _process_stack /opt/stack/nova/nova/api/openstack/wsgi.py:513}}
Aug 24 11:40:51.802504 n-d-773647-8 devstack@n-api.service[116649]: DEBUG nova.compute.api [None req-c2e64f0b-6952-42df-8a30-966f41ade225 tempest-AggregatesAdminTestJSON-1853285381 tempest-AggregatesAdminTestJSON-1853285381-project] [instance: ff7fa51f-5632-43a4-bd89-db16684db579] Fetching instance by UUID {{(pid=116649) get /opt/stack/nova/nova/compute/api.py:2825}}
Aug 24 11:40:51.986353 n-d-773647-8 devstack@n-api.service[116649]: DEBUG nova.policy [None req-c2e64f0b-6952-42df-8a30-966f41ade225 tempest-AggregatesAdminTestJSON-1853285381 tempest-AggregatesAdminTestJSON-1853285381-project] Policy check for os_compute_api:os-extended-server-attributes failed with credentials {'is_admin': False, 'user_id': 'b5ad5a43a6c442b3bd14e70c4535ab22', 'user_domain_id': 'default', 'system_scope': None, 'domain_id': None, 'project_id': '79b589bc31764f6283ef23c251dc0a9a', 'project_domain_id': 'default', 'roles': ['member', 'reader'], 'is_admin_project': True, 'service_user_id': None, 'service_user_domain_id': None, 'service_project_id': None, 'service_project_domain_id': None, 'service_roles': []} {{(pid=116649) authorize /opt/stack/nova/nova/policy.py:199}}
Aug 24 11:40:52.002444 n-d-773647-8 devstack@n-api.service[116649]: INFO nova.api.openstack.requestlog [None req-c2e64f0b-6952-42df-8a30-966f41ade225 tempest-AggregatesAdminTestJSON-1853285381 tempest-AggregatesAdminTestJSON-1853285381-project] 10.222.0.45 "GET /compute/v2.1/servers/ff7fa51f-5632-43a4-bd89-db16684db579" status: 200 len: 1241 microversion: 2.1 time: 0.201627
Aug 24 11:40:52.005203 n-d-773647-8 devstack@n-api.service[116649]: [pid: 116649|app: 0|req: 16/31] 10.222.0.45 () {58 vars in 1236 bytes} [Tue Aug 24 11:40:51 2021] GET /compute/v2.1/servers/ff7fa51f-5632-43a4-bd89-db16684db579 => generated 1241 bytes in 210 msecs (HTTP/1.1 200) 9 headers in 358 bytes (1 switches on core 0)
Aug 24 11:40:52.349850 n-d-773647-8 devstack@n-api.service[116650]: DEBUG nova.api.openstack.wsgi [None req-a7b93afb-2405-4d8f-b22d-f61704fcd526 tempest-DeleteServersAdminTestJSON-1120336402 tempest-DeleteServersAdminTestJSON-1120336402-project] Calling method '>' {{(pid=116650) _process_stack /opt/stack/nova/nova/api/openstack/wsgi.py:513}}
Aug 24 11:40:52.351135 n-d-773647-8 devstack@n-api.service[116650]: DEBUG nova.compute.api [None req-a7b93afb-2405-4d8f-b22d-f61704fcd526 tempest-DeleteServersAdminTestJSON-1120336402 tempest-DeleteServersAdminTestJSON-1120336402-project] [instance: 960b24c8-3788-4146-9c31-390ef3ecfaf3] Fetching instance by UUID {{(pid=116650) get /opt/stack/nova/nova/compute/api.py:2825}}
Aug 24 11:40:52.381877 n-d-773647-8 devstack@n-api.service[116650]: DEBUG oslo_concurrency.lockutils [None req-a7b93afb-2405-4d8f-b22d-f61704fcd526 tempest-DeleteServersAdminTestJSON-1120336402 tempest-DeleteServersAdminTestJSON-1120336402-project] Lock "b2147648-0fab-42d3-a8ea-bd4acff93c72" acquired by "nova.context.set_target_cell..get_or_set_cached_cell_and_set_connections" :: waited 0.000s {{(pid=116650) inner /usr/local/lib/python3.8/dist-packages/oslo_concurrency/lockutils.py:355}}
Aug 24 11:40:52.382596 n-d-773647-8 devstack@n-api.service[116650]: DEBUG oslo_concurrency.lockutils [None req-a7b93afb-2405-4d8f-b22d-f61704fcd526 tempest-DeleteServersAdminTestJSON-1120336402 tempest-DeleteServersAdminTestJSON-1120336402-project] Lock "b2147648-0fab-42d3-a8ea-bd4acff93c72" released by "nova.context.set_target_cell..get_or_set_cached_cell_and_set_connections" :: held 0.002s {{(pid=116650) inner /usr/local/lib/python3.8/dist-packages/oslo_concurrency/lockutils.py:367}}
Aug 24 11:40:52.384974 n-d-773647-8 devstack@n-api.service[116650]: DEBUG oslo_concurrency.lockutils [None req-a7b93afb-2405-4d8f-b22d-f61704fcd526 tempest-DeleteServersAdminTestJSON-1120336402 tempest-DeleteServersAdminTestJSON-1120336402-project] Lock "b2147648-0fab-42d3-a8ea-bd4acff93c72" acquired by "nova.context.set_target_cell..get_or_set_cached_cell_and_set_connections" :: waited 0.000s {{(pid=116650) inner /usr/local/lib/python3.8/dist-packages/oslo_concurrency/lockutils.py:355}}
Aug 24 11:40:52.387836 n-d-773647-8 devstack@n-api.service[116650]: DEBUG oslo_concurrency.lockutils [None req-a7b93afb-2405-4d8f-b22d-f61704fcd526 tempest-DeleteServersAdminTestJSON-1120336402 tempest-DeleteServersAdminTestJSON-1120336402-project] Lock "b2147648-0fab-42d3-a8ea-bd4acff93c72" released by "nova.context.set_target_cell..get_or_set_cached_cell_and_set_connections" :: held 0.003s {{(pid=116650) inner /usr/local/lib/python3.8/dist-packages/oslo_concurrency/lockutils.py:367}}
Aug 24 11:40:53.021155 n-d-773647-8 devstack@n-api.service[116650]: DEBUG nova.policy [None req-a7b93afb-2405-4d8f-b22d-f61704fcd526 tempest-DeleteServersAdminTestJSON-1120336402 tempest-DeleteServersAdminTestJSON-1120336402-project] Policy check for os_compute_api:os-extended-server-attributes failed with credentials {'is_admin': False, 'user_id': 'bba04e34989747a0b98e4c6180f28d8d', 'user_domain_id': 'default', 'system_scope': None, 'domain_id': None, 'project_id': '8fbb7717fb024bd1a79e2c81437889bb', 'project_domain_id': 'default', 'roles': ['member', 'reader'], 'is_admin_project': True, 'service_user_id': None, 'service_user_domain_id': None, 'service_project_id': None, 'service_project_domain_id': None, 'service_roles': []} {{(pid=116650) authorize /opt/stack/nova/nova/policy.py:199}}
Aug 24 11:40:53.022857 n-d-773647-8 devstack@n-api.service[116649]: DEBUG nova.api.openstack.wsgi [None req-0854ed0d-66e7-4a6d-a2f7-f64d34bd4312 tempest-AggregatesAdminTestJSON-1853285381 tempest-AggregatesAdminTestJSON-1853285381-project] Calling method '>' {{(pid=116649) _process_stack /opt/stack/nova/nova/api/openstack/wsgi.py:513}}
Aug 24 11:40:53.023640 n-d-773647-8 devstack@n-api.service[116649]: DEBUG nova.compute.api [None req-0854ed0d-66e7-4a6d-a2f7-f64d34bd4312 tempest-AggregatesAdminTestJSON-1853285381 tempest-AggregatesAdminTestJSON-1853285381-project] [instance: ff7fa51f-5632-43a4-bd89-db16684db579] Fetching instance by UUID {{(pid=116649) get /opt/stack/nova/nova/compute/api.py:2825}}
Aug 24 11:40:53.035024 n-d-773647-8 devstack@n-api.service[116649]: DEBUG oslo_concurrency.lockutils [None req-0854ed0d-66e7-4a6d-a2f7-f64d34bd4312 tempest-AggregatesAdminTestJSON-1853285381 tempest-AggregatesAdminTestJSON-1853285381-project] Lock "b2147648-0fab-42d3-a8ea-bd4acff93c72" acquired by "nova.context.set_target_cell..get_or_set_cached_cell_and_set_connections" :: waited 0.000s {{(pid=116649) inner /usr/local/lib/python3.8/dist-packages/oslo_concurrency/lockutils.py:355}}
Aug 24 11:40:53.050919 n-d-773647-8 devstack@n-api.service[116649]: DEBUG oslo_concurrency.lockutils [None req-0854ed0d-66e7-4a6d-a2f7-f64d34bd4312 tempest-AggregatesAdminTestJSON-1853285381 tempest-AggregatesAdminTestJSON-1853285381-project] Lock "b2147648-0fab-42d3-a8ea-bd4acff93c72" released by "nova.context.set_target_cell..get_or_set_cached_cell_and_set_connections" :: held 0.001s {{(pid=116649) inner /usr/local/lib/python3.8/dist-packages/oslo_concurrency/lockutils.py:367}}
Aug 24 11:40:53.054216 n-d-773647-8 devstack@n-api.service[116649]: DEBUG oslo_concurrency.lockutils [None req-0854ed0d-66e7-4a6d-a2f7-f64d34bd4312 tempest-AggregatesAdminTestJSON-1853285381 tempest-AggregatesAdminTestJSON-1853285381-project] Lock "b2147648-0fab-42d3-a8ea-bd4acff93c72" acquired by "nova.context.set_target_cell..get_or_set_cached_cell_and_set_connections" :: waited 0.000s {{(pid=116649) inner /usr/local/lib/python3.8/dist-packages/oslo_concurrency/lockutils.py:355}}
Aug 24 11:40:53.054744 n-d-773647-8 devstack@n-api.service[116649]: DEBUG oslo_concurrency.lockutils [None req-0854ed0d-66e7-4a6d-a2f7-f64d34bd4312 tempest-AggregatesAdminTestJSON-1853285381 tempest-AggregatesAdminTestJSON-1853285381-project] Lock "b2147648-0fab-42d3-a8ea-bd4acff93c72" released by "nova.context.set_target_cell..get_or_set_cached_cell_and_set_connections" :: held 0.001s {{(pid=116649) inner /usr/local/lib/python3.8/dist-packages/oslo_concurrency/lockutils.py:367}}
Aug 24 11:40:53.084469 n-d-773647-8 devstack@n-api.service[116650]: INFO nova.api.openstack.requestlog [None req-a7b93afb-2405-4d8f-b22d-f61704fcd526 tempest-DeleteServersAdminTestJSON-1120336402 tempest-DeleteServersAdminTestJSON-1120336402-project] 10.222.0.45 "GET /compute/v2.1/servers/960b24c8-3788-4146-9c31-390ef3ecfaf3" status: 200 len: 1298 microversion: 2.1 time: 0.743610
Aug 24 11:40:53.085077 n-d-773647-8 devstack@n-api.service[116650]: [pid: 116650|app: 0|req: 16/32] 10.222.0.45 () {58 vars in 1236 bytes} [Tue Aug 24 11:40:52 2021] GET /compute/v2.1/servers/960b24c8-3788-4146-9c31-390ef3ecfaf3 => generated 1298 bytes in 745 msecs (HTTP/1.1 200) 9 headers in 358 bytes (1 switches on core 0)
Aug 24 11:40:53.961421 n-d-773647-8 devstack@n-api.service[116649]: DEBUG nova.policy [None req-0854ed0d-66e7-4a6d-a2f7-f64d34bd4312 tempest-AggregatesAdminTestJSON-1853285381 tempest-AggregatesAdminTestJSON-1853285381-project] Policy check for os_compute_api:os-extended-server-attributes failed with credentials {'is_admin': False, 'user_id': 'b5ad5a43a6c442b3bd14e70c4535ab22', 'user_domain_id': 'default', 'system_scope': None, 'domain_id': None, 'project_id': '79b589bc31764f6283ef23c251dc0a9a', 'project_domain_id': 'default', 'roles': ['member', 'reader'], 'is_admin_project': True, 'service_user_id': None, 'service_user_domain_id': None, 'service_project_id': None, 'service_project_domain_id': None, 'service_roles': []} {{(pid=116649) authorize /opt/stack/nova/nova/policy.py:199}}
Aug 24 11:40:53.971403 n-d-773647-8 devstack@n-api.service[116649]: INFO nova.api.openstack.requestlog [None req-0854ed0d-66e7-4a6d-a2f7-f64d34bd4312 tempest-AggregatesAdminTestJSON-1853285381 tempest-AggregatesAdminTestJSON-1853285381-project] 10.222.0.45 "GET /compute/v2.1/servers/ff7fa51f-5632-43a4-bd89-db16684db579" status: 200 len: 1233 microversion: 2.1 time: 0.952420
Aug 24 11:40:53.974356 n-d-773647-8 devstack@n-api.service[116649]: [pid: 116649|app: 0|req: 17/33] 10.222.0.45 () {58 vars in 1236 bytes} [Tue Aug 24 11:40:53 2021] GET /compute/v2.1/servers/ff7fa51f-5632-43a4-bd89-db16684db579 => generated 1233 bytes in 956 msecs (HTTP/1.1 200) 9 headers in 358 bytes (2 switches on core 0)
Aug 24 11:40:54.106588 n-d-773647-8 devstack@n-api.service[116650]: DEBUG nova.api.openstack.wsgi [None req-0d3fa384-42b6-45ec-af66-4d01e6b169d5 tempest-DeleteServersAdminTestJSON-1120336402 tempest-DeleteServersAdminTestJSON-1120336402-project] Calling method '>' {{(pid=116650) _process_stack /opt/stack/nova/nova/api/openstack/wsgi.py:513}}
Aug 24 11:40:54.107338 n-d-773647-8 devstack@n-api.service[116650]: DEBUG nova.compute.api [None req-0d3fa384-42b6-45ec-af66-4d01e6b169d5 tempest-DeleteServersAdminTestJSON-1120336402 tempest-DeleteServersAdminTestJSON-1120336402-project] [instance: 960b24c8-3788-4146-9c31-390ef3ecfaf3] Fetching instance by UUID {{(pid=116650) get /opt/stack/nova/nova/compute/api.py:2825}}
Aug 24 11:40:54.123884 n-d-773647-8 devstack@n-api.service[116650]: DEBUG oslo_concurrency.lockutils [None req-0d3fa384-42b6-45ec-af66-4d01e6b169d5 tempest-DeleteServersAdminTestJSON-1120336402 tempest-DeleteServersAdminTestJSON-1120336402-project] Lock "b2147648-0fab-42d3-a8ea-bd4acff93c72" acquired by "nova.context.set_target_cell..get_or_set_cached_cell_and_set_connections" :: waited 0.000s {{(pid=116650) inner /usr/local/lib/python3.8/dist-packages/oslo_concurrency/lockutils.py:355}}
Aug 24 11:40:54.125229 n-d-773647-8 devstack@n-api.service[116650]: DEBUG oslo_concurrency.lockutils [None req-0d3fa384-42b6-45ec-af66-4d01e6b169d5 tempest-DeleteServersAdminTestJSON-1120336402 tempest-DeleteServersAdminTestJSON-1120336402-project] Lock "b2147648-0fab-42d3-a8ea-bd4acff93c72" released by "nova.context.set_target_cell..get_or_set_cached_cell_and_set_connections" :: held 0.001s {{(pid=116650) inner /usr/local/lib/python3.8/dist-packages/oslo_concurrency/lockutils.py:367}}
Aug 24 11:40:54.133048 n-d-773647-8 devstack@n-api.service[116650]: DEBUG oslo_concurrency.lockutils [None req-0d3fa384-42b6-45ec-af66-4d01e6b169d5 tempest-DeleteServersAdminTestJSON-1120336402 tempest-DeleteServersAdminTestJSON-1120336402-project] Lock "b2147648-0fab-42d3-a8ea-bd4acff93c72" acquired by "nova.context.set_target_cell..get_or_set_cached_cell_and_set_connections" :: waited 0.000s {{(pid=116650) inner /usr/local/lib/python3.8/dist-packages/oslo_concurrency/lockutils.py:355}}
Aug 24 11:40:54.133904 n-d-773647-8 devstack@n-api.service[116650]: DEBUG oslo_concurrency.lockutils [None req-0d3fa384-42b6-45ec-af66-4d01e6b169d5 tempest-DeleteServersAdminTestJSON-1120336402 tempest-DeleteServersAdminTestJSON-1120336402-project] Lock "b2147648-0fab-42d3-a8ea-bd4acff93c72" released by "nova.context.set_target_cell..get_or_set_cached_cell_and_set_connections" :: held 0.001s {{(pid=116650) inner /usr/local/lib/python3.8/dist-packages/oslo_concurrency/lockutils.py:367}}
Aug 24 11:40:54.471318 n-d-773647-8 devstack@n-api.service[116650]: DEBUG nova.policy [None req-0d3fa384-42b6-45ec-af66-4d01e6b169d5 tempest-DeleteServersAdminTestJSON-1120336402 tempest-DeleteServersAdminTestJSON-1120336402-project] Policy check for os_compute_api:os-extended-server-attributes failed with credentials {'is_admin': False, 'user_id': 'bba04e34989747a0b98e4c6180f28d8d', 'user_domain_id': 'default', 'system_scope': None, 'domain_id': None, 'project_id': '8fbb7717fb024bd1a79e2c81437889bb', 'project_domain_id': 'default', 'roles': ['member', 'reader'], 'is_admin_project': True, 'service_user_id': None, 'service_user_domain_id': None, 'service_project_id': None, 'service_project_domain_id': None, 'service_roles': []} {{(pid=116650) authorize /opt/stack/nova/nova/policy.py:199}}
Aug 24 11:40:54.489229 n-d-773647-8 devstack@n-api.service[116650]: INFO nova.api.openstack.requestlog [None req-0d3fa384-42b6-45ec-af66-4d01e6b169d5 tempest-DeleteServersAdminTestJSON-1120336402 tempest-DeleteServersAdminTestJSON-1120336402-project] 10.222.0.45 "GET /compute/v2.1/servers/960b24c8-3788-4146-9c31-390ef3ecfaf3" status: 200 len: 1298 microversion: 2.1 time: 0.386513
Aug 24 11:40:54.490388 n-d-773647-8 devstack@n-api.service[116650]: [pid: 116650|app: 0|req: 17/34] 10.222.0.45 () {58 vars in 1236 bytes} [Tue Aug 24 11:40:54 2021] GET /compute/v2.1/servers/960b24c8-3788-4146-9c31-390ef3ecfaf3 => generated 1298 bytes in 392 msecs (HTTP/1.1 200) 9 headers in 358 bytes (1 switches on core 0)
Aug 24 11:40:54.991545 n-d-773647-8 devstack@n-api.service[116649]: DEBUG nova.api.openstack.wsgi [None req-3fde2be7-482b-4a4a-bef1-29255103ecb1 tempest-AggregatesAdminTestJSON-1853285381 tempest-AggregatesAdminTestJSON-1853285381-project] Calling method '>' {{(pid=116649) _process_stack /opt/stack/nova/nova/api/openstack/wsgi.py:513}}
Aug 24 11:40:54.993000 n-d-773647-8 devstack@n-api.service[116649]: DEBUG nova.compute.api [None req-3fde2be7-482b-4a4a-bef1-29255103ecb1 tempest-AggregatesAdminTestJSON-1853285381 tempest-AggregatesAdminTestJSON-1853285381-project] [instance: ff7fa51f-5632-43a4-bd89-db16684db579] Fetching instance by UUID {{(pid=116649) get /opt/stack/nova/nova/compute/api.py:2825}}
