Aug 24 11:41:07.060987 n-d-773647-8 devstack@n-api.service[116649]: DEBUG nova.policy [None req-c2355b90-2336-4628-a283-183ba27ebe70 tempest-LiveMigrationNegativeTest-1905891472 tempest-LiveMigrationNegativeTest-1905891472-project] Policy check for os_compute_api:os-extended-server-attributes failed with credentials {'is_admin': False, 'user_id': 'b7c46fc04388464aa71da2556a52f6e4', 'user_domain_id': 'default', 'system_scope': None, 'domain_id': None, 'project_id': 'd6f41b6af6274c82b1f758aced5c821c', 'project_domain_id': 'default', 'roles': ['member', 'reader'], 'is_admin_project': True, 'service_user_id': None, 'service_user_domain_id': None, 'service_project_id': None, 'service_project_domain_id': None, 'service_roles': []} {{(pid=116649) authorize /opt/stack/nova/nova/policy.py:199}}
Aug 24 11:41:07.071325 n-d-773647-8 devstack@n-api.service[116649]: INFO nova.api.openstack.requestlog [None req-c2355b90-2336-4628-a283-183ba27ebe70 tempest-LiveMigrationNegativeTest-1905891472 tempest-LiveMigrationNegativeTest-1905891472-project] 10.222.0.45 "GET /compute/v2.1/servers/fb3d41ef-1d33-4cf1-b3d0-6600b1a59928" status: 200 len: 1277 microversion: 2.1 time: 0.137817
Aug 24 11:41:07.120395 n-d-773647-8 devstack@n-api.service[116649]: [pid: 116649|app: 0|req: 34/65] 10.222.0.45 () {58 vars in 1236 bytes} [Tue Aug 24 11:41:06 2021] GET /compute/v2.1/servers/fb3d41ef-1d33-4cf1-b3d0-6600b1a59928 => generated 1277 bytes in 188 msecs (HTTP/1.1 200) 9 headers in 358 bytes (2 switches on core 0)
Aug 24 11:41:07.142614 n-d-773647-8 devstack@n-api.service[116649]: DEBUG nova.api.openstack.wsgi [None req-a9e8a6a8-2ab4-4dac-9229-b82d7539df68 tempest-DeleteServersAdminTestJSON-1120336402 tempest-DeleteServersAdminTestJSON-1120336402-project] Calling method '>' {{(pid=116649) _process_stack /opt/stack/nova/nova/api/openstack/wsgi.py:513}}
Aug 24 11:41:07.155085 n-d-773647-8 devstack@n-api.service[116649]: DEBUG nova.compute.api [None req-a9e8a6a8-2ab4-4dac-9229-b82d7539df68 tempest-DeleteServersAdminTestJSON-1120336402 tempest-DeleteServersAdminTestJSON-1120336402-project] [instance: 960b24c8-3788-4146-9c31-390ef3ecfaf3] Fetching instance by UUID {{(pid=116649) get /opt/stack/nova/nova/compute/api.py:2825}}
Aug 24 11:41:07.173218 n-d-773647-8 devstack@n-api.service[116649]: DEBUG oslo_concurrency.lockutils [None req-a9e8a6a8-2ab4-4dac-9229-b82d7539df68 tempest-DeleteServersAdminTestJSON-1120336402 tempest-DeleteServersAdminTestJSON-1120336402-project] Lock "b2147648-0fab-42d3-a8ea-bd4acff93c72" acquired by "nova.context.set_target_cell..get_or_set_cached_cell_and_set_connections" :: waited 0.000s {{(pid=116649) inner /usr/local/lib/python3.8/dist-packages/oslo_concurrency/lockutils.py:355}}
Aug 24 11:41:07.190803 n-d-773647-8 devstack@n-api.service[116649]: DEBUG oslo_concurrency.lockutils [None req-a9e8a6a8-2ab4-4dac-9229-b82d7539df68 tempest-DeleteServersAdminTestJSON-1120336402 tempest-DeleteServersAdminTestJSON-1120336402-project] Lock "b2147648-0fab-42d3-a8ea-bd4acff93c72" released by "nova.context.set_target_cell..get_or_set_cached_cell_and_set_connections" :: held 0.003s {{(pid=116649) inner /usr/local/lib/python3.8/dist-packages/oslo_concurrency/lockutils.py:367}}
Aug 24 11:41:07.192045 n-d-773647-8 devstack@n-api.service[116649]: DEBUG oslo_concurrency.lockutils [None req-a9e8a6a8-2ab4-4dac-9229-b82d7539df68 tempest-DeleteServersAdminTestJSON-1120336402 tempest-DeleteServersAdminTestJSON-1120336402-project] Lock "b2147648-0fab-42d3-a8ea-bd4acff93c72" acquired by "nova.context.set_target_cell..get_or_set_cached_cell_and_set_connections" :: waited 0.000s {{(pid=116649) inner /usr/local/lib/python3.8/dist-packages/oslo_concurrency/lockutils.py:355}}
Aug 24 11:41:07.193466 n-d-773647-8 devstack@n-api.service[116649]: DEBUG oslo_concurrency.lockutils [None req-a9e8a6a8-2ab4-4dac-9229-b82d7539df68 tempest-DeleteServersAdminTestJSON-1120336402 tempest-DeleteServersAdminTestJSON-1120336402-project] Lock "b2147648-0fab-42d3-a8ea-bd4acff93c72" released by "nova.context.set_target_cell..get_or_set_cached_cell_and_set_connections" :: held 0.001s {{(pid=116649) inner /usr/local/lib/python3.8/dist-packages/oslo_concurrency/lockutils.py:367}}
Aug 24 11:41:07.235964 n-d-773647-8 devstack@n-api.service[116650]: DEBUG nova.policy [None req-8a23858f-4503-4270-9831-fb459e189f30 tempest-AggregatesAdminTestJSON-1853285381 tempest-AggregatesAdminTestJSON-1853285381-project] Policy check for os_compute_api:os-extended-server-attributes failed with credentials {'is_admin': False, 'user_id': 'b5ad5a43a6c442b3bd14e70c4535ab22', 'user_domain_id': 'default', 'system_scope': None, 'domain_id': None, 'project_id': '79b589bc31764f6283ef23c251dc0a9a', 'project_domain_id': 'default', 'roles': ['member', 'reader'], 'is_admin_project': True, 'service_user_id': None, 'service_user_domain_id': None, 'service_project_id': None, 'service_project_domain_id': None, 'service_roles': []} {{(pid=116650) authorize /opt/stack/nova/nova/policy.py:199}}
Aug 24 11:41:07.245215 n-d-773647-8 devstack@n-api.service[116650]: INFO nova.api.openstack.requestlog [None req-8a23858f-4503-4270-9831-fb459e189f30 tempest-AggregatesAdminTestJSON-1853285381 tempest-AggregatesAdminTestJSON-1853285381-project] 10.222.0.45 "GET /compute/v2.1/servers/ff7fa51f-5632-43a4-bd89-db16684db579" status: 200 len: 1337 microversion: 2.1 time: 0.512833
Aug 24 11:41:07.270301 n-d-773647-8 devstack@n-api.service[116650]: [pid: 116650|app: 0|req: 32/66] 10.222.0.45 () {58 vars in 1236 bytes} [Tue Aug 24 11:41:06 2021] GET /compute/v2.1/servers/ff7fa51f-5632-43a4-bd89-db16684db579 => generated 1337 bytes in 539 msecs (HTTP/1.1 200) 9 headers in 358 bytes (2 switches on core 0)
Aug 24 11:41:07.525086 n-d-773647-8 devstack@n-api.service[116649]: DEBUG nova.policy [None req-a9e8a6a8-2ab4-4dac-9229-b82d7539df68 tempest-DeleteServersAdminTestJSON-1120336402 tempest-DeleteServersAdminTestJSON-1120336402-project] Policy check for os_compute_api:os-extended-server-attributes failed with credentials {'is_admin': False, 'user_id': 'bba04e34989747a0b98e4c6180f28d8d', 'user_domain_id': 'default', 'system_scope': None, 'domain_id': None, 'project_id': '8fbb7717fb024bd1a79e2c81437889bb', 'project_domain_id': 'default', 'roles': ['member', 'reader'], 'is_admin_project': True, 'service_user_id': None, 'service_user_domain_id': None, 'service_project_id': None, 'service_project_domain_id': None, 'service_roles': []} {{(pid=116649) authorize /opt/stack/nova/nova/policy.py:199}}
Aug 24 11:41:07.534418 n-d-773647-8 devstack@n-api.service[116649]: INFO nova.api.openstack.requestlog [None req-a9e8a6a8-2ab4-4dac-9229-b82d7539df68 tempest-DeleteServersAdminTestJSON-1120336402 tempest-DeleteServersAdminTestJSON-1120336402-project] 10.222.0.45 "GET /compute/v2.1/servers/960b24c8-3788-4146-9c31-390ef3ecfaf3" status: 200 len: 1340 microversion: 2.1 time: 0.412709
Aug 24 11:41:07.553732 n-d-773647-8 devstack@n-api.service[116649]: [pid: 116649|app: 0|req: 35/67] 10.222.0.45 () {58 vars in 1236 bytes} [Tue Aug 24 11:41:07 2021] GET /compute/v2.1/servers/960b24c8-3788-4146-9c31-390ef3ecfaf3 => generated 1340 bytes in 427 msecs (HTTP/1.1 200) 9 headers in 358 bytes (1 switches on core 0)
Aug 24 11:41:08.093604 n-d-773647-8 devstack@n-api.service[116650]: DEBUG nova.api.openstack.wsgi [None req-7a980c50-8839-471a-b84a-b1fee29be5ea tempest-LiveMigrationNegativeTest-1905891472 tempest-LiveMigrationNegativeTest-1905891472-project] Calling method '>' {{(pid=116650) _process_stack /opt/stack/nova/nova/api/openstack/wsgi.py:513}}
Aug 24 11:41:08.100483 n-d-773647-8 devstack@n-api.service[116650]: DEBUG nova.compute.api [None req-7a980c50-8839-471a-b84a-b1fee29be5ea tempest-LiveMigrationNegativeTest-1905891472 tempest-LiveMigrationNegativeTest-1905891472-project] [instance: fb3d41ef-1d33-4cf1-b3d0-6600b1a59928] Fetching instance by UUID {{(pid=116650) get /opt/stack/nova/nova/compute/api.py:2825}}
Aug 24 11:41:08.107915 n-d-773647-8 devstack@n-api.service[116650]: DEBUG oslo_concurrency.lockutils [None req-7a980c50-8839-471a-b84a-b1fee29be5ea tempest-LiveMigrationNegativeTest-1905891472 tempest-LiveMigrationNegativeTest-1905891472-project] Lock "b2147648-0fab-42d3-a8ea-bd4acff93c72" acquired by "nova.context.set_target_cell..get_or_set_cached_cell_and_set_connections" :: waited 0.000s {{(pid=116650) inner /usr/local/lib/python3.8/dist-packages/oslo_concurrency/lockutils.py:355}}
Aug 24 11:41:08.108536 n-d-773647-8 devstack@n-api.service[116650]: DEBUG oslo_concurrency.lockutils [None req-7a980c50-8839-471a-b84a-b1fee29be5ea tempest-LiveMigrationNegativeTest-1905891472 tempest-LiveMigrationNegativeTest-1905891472-project] Lock "b2147648-0fab-42d3-a8ea-bd4acff93c72" released by "nova.context.set_target_cell..get_or_set_cached_cell_and_set_connections" :: held 0.001s {{(pid=116650) inner /usr/local/lib/python3.8/dist-packages/oslo_concurrency/lockutils.py:367}}
Aug 24 11:41:08.109457 n-d-773647-8 devstack@n-api.service[116650]: DEBUG oslo_concurrency.lockutils [None req-7a980c50-8839-471a-b84a-b1fee29be5ea tempest-LiveMigrationNegativeTest-1905891472 tempest-LiveMigrationNegativeTest-1905891472-project] Lock "b2147648-0fab-42d3-a8ea-bd4acff93c72" acquired by "nova.context.set_target_cell..get_or_set_cached_cell_and_set_connections" :: waited 0.000s {{(pid=116650) inner /usr/local/lib/python3.8/dist-packages/oslo_concurrency/lockutils.py:355}}
Aug 24 11:41:08.110314 n-d-773647-8 devstack@n-api.service[116650]: DEBUG oslo_concurrency.lockutils [None req-7a980c50-8839-471a-b84a-b1fee29be5ea tempest-LiveMigrationNegativeTest-1905891472 tempest-LiveMigrationNegativeTest-1905891472-project] Lock "b2147648-0fab-42d3-a8ea-bd4acff93c72" released by "nova.context.set_target_cell..get_or_set_cached_cell_and_set_connections" :: held 0.001s {{(pid=116650) inner /usr/local/lib/python3.8/dist-packages/oslo_concurrency/lockutils.py:367}}
Aug 24 11:41:08.203002 n-d-773647-8 devstack@n-api.service[116650]: DEBUG nova.policy [None req-7a980c50-8839-471a-b84a-b1fee29be5ea tempest-LiveMigrationNegativeTest-1905891472 tempest-LiveMigrationNegativeTest-1905891472-project] Policy check for os_compute_api:os-extended-server-attributes failed with credentials {'is_admin': False, 'user_id': 'b7c46fc04388464aa71da2556a52f6e4', 'user_domain_id': 'default', 'system_scope': None, 'domain_id': None, 'project_id': 'd6f41b6af6274c82b1f758aced5c821c', 'project_domain_id': 'default', 'roles': ['member', 'reader'], 'is_admin_project': True, 'service_user_id': None, 'service_user_domain_id': None, 'service_project_id': None, 'service_project_domain_id': None, 'service_roles': []} {{(pid=116650) authorize /opt/stack/nova/nova/policy.py:199}}
Aug 24 11:41:08.215459 n-d-773647-8 devstack@n-api.service[116650]: INFO nova.api.openstack.requestlog [None req-7a980c50-8839-471a-b84a-b1fee29be5ea tempest-LiveMigrationNegativeTest-1905891472 tempest-LiveMigrationNegativeTest-1905891472-project] 10.222.0.45 "GET /compute/v2.1/servers/fb3d41ef-1d33-4cf1-b3d0-6600b1a59928" status: 200 len: 1277 microversion: 2.1 time: 0.127423
Aug 24 11:41:08.216054 n-d-773647-8 devstack@n-api.service[116650]: [pid: 116650|app: 0|req: 33/68] 10.222.0.45 () {58 vars in 1236 bytes} [Tue Aug 24 11:41:08 2021] GET /compute/v2.1/servers/fb3d41ef-1d33-4cf1-b3d0-6600b1a59928 => generated 1277 bytes in 129 msecs (HTTP/1.1 200) 9 headers in 358 bytes (1 switches on core 0)
Aug 24 11:41:08.272818 n-d-773647-8 devstack@n-api.service[116649]: DEBUG nova.api.openstack.wsgi [None req-f4896bfe-44fa-4273-83b6-060b1cfe57e5 tempest-AggregatesAdminTestJSON-1853285381 tempest-AggregatesAdminTestJSON-1853285381-project] Calling method '>' {{(pid=116649) _process_stack /opt/stack/nova/nova/api/openstack/wsgi.py:513}}
Aug 24 11:41:08.273426 n-d-773647-8 devstack@n-api.service[116649]: DEBUG nova.compute.api [None req-f4896bfe-44fa-4273-83b6-060b1cfe57e5 tempest-AggregatesAdminTestJSON-1853285381 tempest-AggregatesAdminTestJSON-1853285381-project] [instance: ff7fa51f-5632-43a4-bd89-db16684db579] Fetching instance by UUID {{(pid=116649) get /opt/stack/nova/nova/compute/api.py:2825}}
Aug 24 11:41:08.285290 n-d-773647-8 devstack@n-api.service[116649]: DEBUG oslo_concurrency.lockutils [None req-f4896bfe-44fa-4273-83b6-060b1cfe57e5 tempest-AggregatesAdminTestJSON-1853285381 tempest-AggregatesAdminTestJSON-1853285381-project] Lock "b2147648-0fab-42d3-a8ea-bd4acff93c72" acquired by "nova.context.set_target_cell..get_or_set_cached_cell_and_set_connections" :: waited 0.000s {{(pid=116649) inner /usr/local/lib/python3.8/dist-packages/oslo_concurrency/lockutils.py:355}}
Aug 24 11:41:08.285799 n-d-773647-8 devstack@n-api.service[116649]: DEBUG oslo_concurrency.lockutils [None req-f4896bfe-44fa-4273-83b6-060b1cfe57e5 tempest-AggregatesAdminTestJSON-1853285381 tempest-AggregatesAdminTestJSON-1853285381-project] Lock "b2147648-0fab-42d3-a8ea-bd4acff93c72" released by "nova.context.set_target_cell..get_or_set_cached_cell_and_set_connections" :: held 0.001s {{(pid=116649) inner /usr/local/lib/python3.8/dist-packages/oslo_concurrency/lockutils.py:367}}
Aug 24 11:41:08.286808 n-d-773647-8 devstack@n-api.service[116649]: DEBUG oslo_concurrency.lockutils [None req-f4896bfe-44fa-4273-83b6-060b1cfe57e5 tempest-AggregatesAdminTestJSON-1853285381 tempest-AggregatesAdminTestJSON-1853285381-project] Lock "b2147648-0fab-42d3-a8ea-bd4acff93c72" acquired by "nova.context.set_target_cell..get_or_set_cached_cell_and_set_connections" :: waited 0.000s {{(pid=116649) inner /usr/local/lib/python3.8/dist-packages/oslo_concurrency/lockutils.py:355}}
Aug 24 11:41:08.287254 n-d-773647-8 devstack@n-api.service[116649]: DEBUG oslo_concurrency.lockutils [None req-f4896bfe-44fa-4273-83b6-060b1cfe57e5 tempest-AggregatesAdminTestJSON-1853285381 tempest-AggregatesAdminTestJSON-1853285381-project] Lock "b2147648-0fab-42d3-a8ea-bd4acff93c72" released by "nova.context.set_target_cell..get_or_set_cached_cell_and_set_connections" :: held 0.000s {{(pid=116649) inner /usr/local/lib/python3.8/dist-packages/oslo_concurrency/lockutils.py:367}}
Aug 24 11:41:08.474716 n-d-773647-8 devstack@n-api.service[116649]: DEBUG nova.policy [None req-f4896bfe-44fa-4273-83b6-060b1cfe57e5 tempest-AggregatesAdminTestJSON-1853285381 tempest-AggregatesAdminTestJSON-1853285381-project] Policy check for os_compute_api:os-extended-server-attributes failed with credentials {'is_admin': False, 'user_id': 'b5ad5a43a6c442b3bd14e70c4535ab22', 'user_domain_id': 'default', 'system_scope': None, 'domain_id': None, 'project_id': '79b589bc31764f6283ef23c251dc0a9a', 'project_domain_id': 'default', 'roles': ['member', 'reader'], 'is_admin_project': True, 'service_user_id': None, 'service_user_domain_id': None, 'service_project_id': None, 'service_project_domain_id': None, 'service_roles': []} {{(pid=116649) authorize /opt/stack/nova/nova/policy.py:199}}
Aug 24 11:41:08.483862 n-d-773647-8 devstack@n-api.service[116649]: INFO nova.api.openstack.requestlog [None req-f4896bfe-44fa-4273-83b6-060b1cfe57e5 tempest-AggregatesAdminTestJSON-1853285381 tempest-AggregatesAdminTestJSON-1853285381-project] 10.222.0.45 "GET /compute/v2.1/servers/ff7fa51f-5632-43a4-bd89-db16684db579" status: 200 len: 1337 microversion: 2.1 time: 0.215419
Aug 24 11:41:08.484568 n-d-773647-8 devstack@n-api.service[116649]: [pid: 116649|app: 0|req: 36/69] 10.222.0.45 () {58 vars in 1236 bytes} [Tue Aug 24 11:41:08 2021] GET /compute/v2.1/servers/ff7fa51f-5632-43a4-bd89-db16684db579 => generated 1337 bytes in 217 msecs (HTTP/1.1 200) 9 headers in 358 bytes (1 switches on core 0)
Aug 24 11:41:08.555462 n-d-773647-8 devstack@n-api.service[116650]: DEBUG nova.api.openstack.wsgi [None req-f5105947-4b91-452d-83bb-385e17f1b50f tempest-DeleteServersAdminTestJSON-1120336402 tempest-DeleteServersAdminTestJSON-1120336402-project] Calling method '>' {{(pid=116650) _process_stack /opt/stack/nova/nova/api/openstack/wsgi.py:513}}
Aug 24 11:41:08.556430 n-d-773647-8 devstack@n-api.service[116650]: DEBUG nova.compute.api [None req-f5105947-4b91-452d-83bb-385e17f1b50f tempest-DeleteServersAdminTestJSON-1120336402 tempest-DeleteServersAdminTestJSON-1120336402-project] [instance: 960b24c8-3788-4146-9c31-390ef3ecfaf3] Fetching instance by UUID {{(pid=116650) get /opt/stack/nova/nova/compute/api.py:2825}}
Aug 24 11:41:08.580589 n-d-773647-8 devstack@n-api.service[116650]: DEBUG oslo_concurrency.lockutils [None req-f5105947-4b91-452d-83bb-385e17f1b50f tempest-DeleteServersAdminTestJSON-1120336402 tempest-DeleteServersAdminTestJSON-1120336402-project] Lock "b2147648-0fab-42d3-a8ea-bd4acff93c72" acquired by "nova.context.set_target_cell..get_or_set_cached_cell_and_set_connections" :: waited 0.000s {{(pid=116650) inner /usr/local/lib/python3.8/dist-packages/oslo_concurrency/lockutils.py:355}}
Aug 24 11:41:08.581258 n-d-773647-8 devstack@n-api.service[116650]: DEBUG oslo_concurrency.lockutils [None req-f5105947-4b91-452d-83bb-385e17f1b50f tempest-DeleteServersAdminTestJSON-1120336402 tempest-DeleteServersAdminTestJSON-1120336402-project] Lock "b2147648-0fab-42d3-a8ea-bd4acff93c72" released by "nova.context.set_target_cell..get_or_set_cached_cell_and_set_connections" :: held 0.001s {{(pid=116650) inner /usr/local/lib/python3.8/dist-packages/oslo_concurrency/lockutils.py:367}}
Aug 24 11:41:08.583733 n-d-773647-8 devstack@n-api.service[116650]: DEBUG oslo_concurrency.lockutils [None req-f5105947-4b91-452d-83bb-385e17f1b50f tempest-DeleteServersAdminTestJSON-1120336402 tempest-DeleteServersAdminTestJSON-1120336402-project] Lock "b2147648-0fab-42d3-a8ea-bd4acff93c72" acquired by "nova.context.set_target_cell..get_or_set_cached_cell_and_set_connections" :: waited 0.000s {{(pid=116650) inner /usr/local/lib/python3.8/dist-packages/oslo_concurrency/lockutils.py:355}}
Aug 24 11:41:08.585337 n-d-773647-8 devstack@n-api.service[116650]: DEBUG oslo_concurrency.lockutils [None req-f5105947-4b91-452d-83bb-385e17f1b50f tempest-DeleteServersAdminTestJSON-1120336402 tempest-DeleteServersAdminTestJSON-1120336402-project] Lock "b2147648-0fab-42d3-a8ea-bd4acff93c72" released by "nova.context.set_target_cell..get_or_set_cached_cell_and_set_connections" :: held 0.001s {{(pid=116650) inner /usr/local/lib/python3.8/dist-packages/oslo_concurrency/lockutils.py:367}}
Aug 24 11:41:08.918666 n-d-773647-8 devstack@n-api.service[116650]: DEBUG nova.policy [None req-f5105947-4b91-452d-83bb-385e17f1b50f tempest-DeleteServersAdminTestJSON-1120336402 tempest-DeleteServersAdminTestJSON-1120336402-project] Policy check for os_compute_api:os-extended-server-attributes failed with credentials {'is_admin': False, 'user_id': 'bba04e34989747a0b98e4c6180f28d8d', 'user_domain_id': 'default', 'system_scope': None, 'domain_id': None, 'project_id': '8fbb7717fb024bd1a79e2c81437889bb', 'project_domain_id': 'default', 'roles': ['member', 'reader'], 'is_admin_project': True, 'service_user_id': None, 'service_user_domain_id': None, 'service_project_id': None, 'service_project_domain_id': None, 'service_roles': []} {{(pid=116650) authorize /opt/stack/nova/nova/policy.py:199}}
Aug 24 11:41:08.928826 n-d-773647-8 devstack@n-api.service[116650]: INFO nova.api.openstack.requestlog [None req-f5105947-4b91-452d-83bb-385e17f1b50f tempest-DeleteServersAdminTestJSON-1120336402 tempest-DeleteServersAdminTestJSON-1120336402-project] 10.222.0.45 "GET /compute/v2.1/servers/960b24c8-3788-4146-9c31-390ef3ecfaf3" status: 200 len: 1340 microversion: 2.1 time: 0.380337
Aug 24 11:41:08.934762 n-d-773647-8 devstack@n-api.service[116650]: [pid: 116650|app: 0|req: 34/70] 10.222.0.45 () {58 vars in 1236 bytes} [Tue Aug 24 11:41:08 2021] GET /compute/v2.1/servers/960b24c8-3788-4146-9c31-390ef3ecfaf3 => generated 1340 bytes in 387 msecs (HTTP/1.1 200) 9 headers in 358 bytes (1 switches on core 0)
Aug 24 11:41:09.232788 n-d-773647-8 devstack@n-api.service[116649]: DEBUG nova.api.openstack.wsgi [None req-41445177-9228-4162-a262-c8f4ad6fe484 tempest-LiveMigrationNegativeTest-1905891472 tempest-LiveMigrationNegativeTest-1905891472-project] Calling method '>' {{(pid=116649) _process_stack /opt/stack/nova/nova/api/openstack/wsgi.py:513}}
Aug 24 11:41:09.233676 n-d-773647-8 devstack@n-api.service[116649]: DEBUG nova.compute.api [None req-41445177-9228-4162-a262-c8f4ad6fe484 tempest-LiveMigrationNegativeTest-1905891472 tempest-LiveMigrationNegativeTest-1905891472-project] [instance: fb3d41ef-1d33-4cf1-b3d0-6600b1a59928] Fetching instance by UUID {{(pid=116649) get /opt/stack/nova/nova/compute/api.py:2825}}
Aug 24 11:41:09.240856 n-d-773647-8 devstack@n-api.service[116649]: DEBUG oslo_concurrency.lockutils [None req-41445177-9228-4162-a262-c8f4ad6fe484 tempest-LiveMigrationNegativeTest-1905891472 tempest-LiveMigrationNegativeTest-1905891472-project] Lock "b2147648-0fab-42d3-a8ea-bd4acff93c72" acquired by "nova.context.set_target_cell..get_or_set_cached_cell_and_set_connections" :: waited 0.000s {{(pid=116649) inner /usr/local/lib/python3.8/dist-packages/oslo_concurrency/lockutils.py:355}}
Aug 24 11:41:09.251124 n-d-773647-8 devstack@n-api.service[116649]: DEBUG oslo_concurrency.lockutils [None req-41445177-9228-4162-a262-c8f4ad6fe484 tempest-LiveMigrationNegativeTest-1905891472 tempest-LiveMigrationNegativeTest-1905891472-project] Lock "b2147648-0fab-42d3-a8ea-bd4acff93c72" released by "nova.context.set_target_cell..get_or_set_cached_cell_and_set_connections" :: held 0.010s {{(pid=116649) inner /usr/local/lib/python3.8/dist-packages/oslo_concurrency/lockutils.py:367}}
Aug 24 11:41:09.258353 n-d-773647-8 devstack@n-api.service[116649]: DEBUG oslo_concurrency.lockutils [None req-41445177-9228-4162-a262-c8f4ad6fe484 tempest-LiveMigrationNegativeTest-1905891472 tempest-LiveMigrationNegativeTest-1905891472-project] Lock "b2147648-0fab-42d3-a8ea-bd4acff93c72" acquired by "nova.context.set_target_cell..get_or_set_cached_cell_and_set_connections" :: waited 0.000s {{(pid=116649) inner /usr/local/lib/python3.8/dist-packages/oslo_concurrency/lockutils.py:355}}
Aug 24 11:41:09.262663 n-d-773647-8 devstack@n-api.service[116649]: DEBUG oslo_concurrency.lockutils [None req-41445177-9228-4162-a262-c8f4ad6fe484 tempest-LiveMigrationNegativeTest-1905891472 tempest-LiveMigrationNegativeTest-1905891472-project] Lock "b2147648-0fab-42d3-a8ea-bd4acff93c72" released by "nova.context.set_target_cell..get_or_set_cached_cell_and_set_connections" :: held 0.004s {{(pid=116649) inner /usr/local/lib/python3.8/dist-packages/oslo_concurrency/lockutils.py:367}}
Aug 24 11:41:09.613311 n-d-773647-8 devstack@n-api.service[116649]: DEBUG nova.policy [None req-41445177-9228-4162-a262-c8f4ad6fe484 tempest-LiveMigrationNegativeTest-1905891472 tempest-LiveMigrationNegativeTest-1905891472-project] Policy check for os_compute_api:os-extended-server-attributes failed with credentials {'is_admin': False, 'user_id': 'b7c46fc04388464aa71da2556a52f6e4', 'user_domain_id': 'default', 'system_scope': None, 'domain_id': None, 'project_id': 'd6f41b6af6274c82b1f758aced5c821c', 'project_domain_id': 'default', 'roles': ['member', 'reader'], 'is_admin_project': True, 'service_user_id': None, 'service_user_domain_id': None, 'service_project_id': None, 'service_project_domain_id': None, 'service_roles': []} {{(pid=116649) authorize /opt/stack/nova/nova/policy.py:199}}
Aug 24 11:41:09.629975 n-d-773647-8 devstack@n-api.service[116649]: INFO nova.api.openstack.requestlog [None req-41445177-9228-4162-a262-c8f4ad6fe484 tempest-LiveMigrationNegativeTest-1905891472 tempest-LiveMigrationNegativeTest-1905891472-project] 10.222.0.45 "GET /compute/v2.1/servers/fb3d41ef-1d33-4cf1-b3d0-6600b1a59928" status: 200 len: 1319 microversion: 2.1 time: 0.400622
Aug 24 11:41:09.631698 n-d-773647-8 devstack@n-api.service[116649]: [pid: 116649|app: 0|req: 37/71] 10.222.0.45 () {58 vars in 1236 bytes} [Tue Aug 24 11:41:09 2021] GET /compute/v2.1/servers/fb3d41ef-1d33-4cf1-b3d0-6600b1a59928 => generated 1319 bytes in 403 msecs (HTTP/1.1 200) 9 headers in 358 bytes (1 switches on core 0)
Aug 24 11:41:09.638439 n-d-773647-8 devstack@n-api.service[116649]: DEBUG nova.api.openstack.wsgi [None req-b9b6ee76-d051-479a-bd79-8d55774a535f tempest-AggregatesAdminTestJSON-1853285381 tempest-AggregatesAdminTestJSON-1853285381-project] Calling method '>' {{(pid=116649) _process_stack /opt/stack/nova/nova/api/openstack/wsgi.py:513}}
Aug 24 11:41:09.640609 n-d-773647-8 devstack@n-api.service[116649]: DEBUG nova.compute.api [None req-b9b6ee76-d051-479a-bd79-8d55774a535f tempest-AggregatesAdminTestJSON-1853285381 tempest-AggregatesAdminTestJSON-1853285381-project] [instance: ff7fa51f-5632-43a4-bd89-db16684db579] Fetching instance by UUID {{(pid=116649) get /opt/stack/nova/nova/compute/api.py:2825}}
Aug 24 11:41:09.650940 n-d-773647-8 devstack@n-api.service[116649]: DEBUG oslo_concurrency.lockutils [None req-b9b6ee76-d051-479a-bd79-8d55774a535f tempest-AggregatesAdminTestJSON-1853285381 tempest-AggregatesAdminTestJSON-1853285381-project] Lock "b2147648-0fab-42d3-a8ea-bd4acff93c72" acquired by "nova.context.set_target_cell..get_or_set_cached_cell_and_set_connections" :: waited 0.000s {{(pid=116649) inner /usr/local/lib/python3.8/dist-packages/oslo_concurrency/lockutils.py:355}}
Aug 24 11:41:09.651926 n-d-773647-8 devstack@n-api.service[116649]: DEBUG oslo_concurrency.lockutils [None req-b9b6ee76-d051-479a-bd79-8d55774a535f tempest-AggregatesAdminTestJSON-1853285381 tempest-AggregatesAdminTestJSON-1853285381-project] Lock "b2147648-0fab-42d3-a8ea-bd4acff93c72" released by "nova.context.set_target_cell..get_or_set_cached_cell_and_set_connections" :: held 0.001s {{(pid=116649) inner /usr/local/lib/python3.8/dist-packages/oslo_concurrency/lockutils.py:367}}
Aug 24 11:41:09.653302 n-d-773647-8 devstack@n-api.service[116649]: DEBUG oslo_concurrency.lockutils [None req-b9b6ee76-d051-479a-bd79-8d55774a535f tempest-AggregatesAdminTestJSON-1853285381 tempest-AggregatesAdminTestJSON-1853285381-project] Lock "b2147648-0fab-42d3-a8ea-bd4acff93c72" acquired by "nova.context.set_target_cell..get_or_set_cached_cell_and_set_connections" :: waited 0.000s {{(pid=116649) inner /usr/local/lib/python3.8/dist-packages/oslo_concurrency/lockutils.py:355}}
Aug 24 11:41:09.654098 n-d-773647-8 devstack@n-api.service[116649]: DEBUG oslo_concurrency.lockutils [None req-b9b6ee76-d051-479a-bd79-8d55774a535f tempest-AggregatesAdminTestJSON-1853285381 tempest-AggregatesAdminTestJSON-1853285381-project] Lock "b2147648-0fab-42d3-a8ea-bd4acff93c72" released by "nova.context.set_target_cell..get_or_set_cached_cell_and_set_connections" :: held 0.001s {{(pid=116649) inner /usr/local/lib/python3.8/dist-packages/oslo_concurrency/lockutils.py:367}}
Aug 24 11:41:09.878259 n-d-773647-8 devstack@n-api.service[116650]: DEBUG nova.api.openstack.wsgi [None req-a6a57afc-cd44-4a18-ae5d-35b5fd0576e1 tempest-LiveMigrationTest-558507496 tempest-LiveMigrationTest-558507496-project] Action: 'create', calling method: >, body: {"server": {"name": "tempest-LiveMigrationTest-server-1718227904", "imageRef": "40485d33-b159-4ffe-8a7a-9a201418b333", "flavorRef": "452", "networks": [{"uuid": "ee630eac-c052-4f1c-a6d8-9cbbce4c5927"}]}} {{(pid=116650) _process_stack /opt/stack/nova/nova/api/openstack/wsgi.py:511}}
Aug 24 11:41:09.892043 n-d-773647-8 devstack@n-api.service[116649]: DEBUG nova.policy [None req-b9b6ee76-d051-479a-bd79-8d55774a535f tempest-AggregatesAdminTestJSON-1853285381 tempest-AggregatesAdminTestJSON-1853285381-project] Policy check for os_compute_api:os-extended-server-attributes failed with credentials {'is_admin': False, 'user_id': 'b5ad5a43a6c442b3bd14e70c4535ab22', 'user_domain_id': 'default', 'system_scope': None, 'domain_id': None, 'project_id': '79b589bc31764f6283ef23c251dc0a9a', 'project_domain_id': 'default', 'roles': ['member', 'reader'], 'is_admin_project': True, 'service_user_id': None, 'service_user_domain_id': None, 'service_project_id': None, 'service_project_domain_id': None, 'service_roles': []} {{(pid=116649) authorize /opt/stack/nova/nova/policy.py:199}}
Aug 24 11:41:09.902106 n-d-773647-8 devstack@n-api.service[116649]: INFO nova.api.openstack.requestlog [None req-b9b6ee76-d051-479a-bd79-8d55774a535f tempest-AggregatesAdminTestJSON-1853285381 tempest-AggregatesAdminTestJSON-1853285381-project] 10.222.0.45 "GET /compute/v2.1/servers/ff7fa51f-5632-43a4-bd89-db16684db579" status: 200 len: 1337 microversion: 2.1 time: 0.268519
Aug 24 11:41:09.903734 n-d-773647-8 devstack@n-api.service[116649]: [pid: 116649|app: 0|req: 38/72] 10.222.0.45 () {58 vars in 1236 bytes} [Tue Aug 24 11:41:09 2021] GET /compute/v2.1/servers/ff7fa51f-5632-43a4-bd89-db16684db579 => generated 1337 bytes in 271 msecs (HTTP/1.1 200) 9 headers in 358 bytes (1 switches on core 0)
Aug 24 11:41:09.953138 n-d-773647-8 devstack@n-api.service[116649]: DEBUG nova.api.openstack.wsgi [None req-cf1d0f97-56e0-4c5b-98b3-5b7b75d7942c tempest-DeleteServersAdminTestJSON-1120336402 tempest-DeleteServersAdminTestJSON-1120336402-project] Calling method '>' {{(pid=116649) _process_stack /opt/stack/nova/nova/api/openstack/wsgi.py:513}}
Aug 24 11:41:09.954055 n-d-773647-8 devstack@n-api.service[116649]: DEBUG nova.compute.api [None req-cf1d0f97-56e0-4c5b-98b3-5b7b75d7942c tempest-DeleteServersAdminTestJSON-1120336402 tempest-DeleteServersAdminTestJSON-1120336402-project] [instance: 960b24c8-3788-4146-9c31-390ef3ecfaf3] Fetching instance by UUID {{(pid=116649) get /opt/stack/nova/nova/compute/api.py:2825}}
Aug 24 11:41:09.966543 n-d-773647-8 devstack@n-api.service[116649]: DEBUG oslo_concurrency.lockutils [None req-cf1d0f97-56e0-4c5b-98b3-5b7b75d7942c tempest-DeleteServersAdminTestJSON-1120336402 tempest-DeleteServersAdminTestJSON-1120336402-project] Lock "b2147648-0fab-42d3-a8ea-bd4acff93c72" acquired by "nova.context.set_target_cell..get_or_set_cached_cell_and_set_connections" :: waited 0.000s {{(pid=116649) inner /usr/local/lib/python3.8/dist-packages/oslo_concurrency/lockutils.py:355}}
Aug 24 11:41:09.969442 n-d-773647-8 devstack@n-api.service[116649]: DEBUG oslo_concurrency.lockutils [None req-cf1d0f97-56e0-4c5b-98b3-5b7b75d7942c tempest-DeleteServersAdminTestJSON-1120336402 tempest-DeleteServersAdminTestJSON-1120336402-project] Lock "b2147648-0fab-42d3-a8ea-bd4acff93c72" released by "nova.context.set_target_cell..get_or_set_cached_cell_and_set_connections" :: held 0.003s {{(pid=116649) inner /usr/local/lib/python3.8/dist-packages/oslo_concurrency/lockutils.py:367}}
Aug 24 11:41:09.971351 n-d-773647-8 devstack@n-api.service[116649]: DEBUG oslo_concurrency.lockutils [None req-cf1d0f97-56e0-4c5b-98b3-5b7b75d7942c tempest-DeleteServersAdminTestJSON-1120336402 tempest-DeleteServersAdminTestJSON-1120336402-project] Lock "b2147648-0fab-42d3-a8ea-bd4acff93c72" acquired by "nova.context.set_target_cell..get_or_set_cached_cell_and_set_connections" :: waited 0.001s {{(pid=116649) inner /usr/local/lib/python3.8/dist-packages/oslo_concurrency/lockutils.py:355}}
Aug 24 11:41:09.973234 n-d-773647-8 devstack@n-api.service[116649]: DEBUG oslo_concurrency.lockutils [None req-cf1d0f97-56e0-4c5b-98b3-5b7b75d7942c tempest-DeleteServersAdminTestJSON-1120336402 tempest-DeleteServersAdminTestJSON-1120336402-project] Lock "b2147648-0fab-42d3-a8ea-bd4acff93c72" released by "nova.context.set_target_cell..get_or_set_cached_cell_and_set_connections" :: held 0.002s {{(pid=116649) inner /usr/local/lib/python3.8/dist-packages/oslo_concurrency/lockutils.py:367}}
Aug 24 11:41:09.996719 n-d-773647-8 devstack@n-api.service[116650]: DEBUG nova.network.neutron [None req-a6a57afc-cd44-4a18-ae5d-35b5fd0576e1 tempest-LiveMigrationTest-558507496 tempest-LiveMigrationTest-558507496-project] validate_networks() for [('ee630eac-c052-4f1c-a6d8-9cbbce4c5927', None, None, None, None, None)] {{(pid=116650) validate_networks /opt/stack/nova/nova/network/neutron.py:2309}}
Aug 24 11:41:10.451668 n-d-773647-8 devstack@n-api.service[116649]: DEBUG nova.policy [None req-cf1d0f97-56e0-4c5b-98b3-5b7b75d7942c tempest-DeleteServersAdminTestJSON-1120336402 tempest-DeleteServersAdminTestJSON-1120336402-project] Policy check for os_compute_api:os-extended-server-attributes failed with credentials {'is_admin': False, 'user_id': 'bba04e34989747a0b98e4c6180f28d8d', 'user_domain_id': 'default', 'system_scope': None, 'domain_id': None, 'project_id': '8fbb7717fb024bd1a79e2c81437889bb', 'project_domain_id': 'default', 'roles': ['member', 'reader'], 'is_admin_project': True, 'service_user_id': None, 'service_user_domain_id': None, 'service_project_id': None, 'service_project_domain_id': None, 'service_roles': []} {{(pid=116649) authorize /opt/stack/nova/nova/policy.py:199}}
Aug 24 11:41:10.461874 n-d-773647-8 devstack@n-api.service[116649]: INFO nova.api.openstack.requestlog [None req-cf1d0f97-56e0-4c5b-98b3-5b7b75d7942c tempest-DeleteServersAdminTestJSON-1120336402 tempest-DeleteServersAdminTestJSON-1120336402-project] 10.222.0.45 "GET /compute/v2.1/servers/960b24c8-3788-4146-9c31-390ef3ecfaf3" status: 200 len: 1340 microversion: 2.1 time: 0.515357
Aug 24 11:41:10.465281 n-d-773647-8 devstack@n-api.service[116649]: [pid: 116649|app: 0|req: 39/73] 10.222.0.45 () {58 vars in 1236 bytes} [Tue Aug 24 11:41:09 2021] GET /compute/v2.1/servers/960b24c8-3788-4146-9c31-390ef3ecfaf3 => generated 1340 bytes in 520 msecs (HTTP/1.1 200) 9 headers in 358 bytes (1 switches on core 0)
Aug 24 11:41:10.773863 n-d-773647-8 devstack@n-api.service[116649]: DEBUG nova.api.openstack.wsgi [None req-b739ebfb-e21f-46b1-b2a0-564254d0aa53 tempest-ServersWithSpecificFlavorTestJSON-1930331401 tempest-ServersWithSpecificFlavorTestJSON-1930331401-project] Calling method '>' {{(pid=116649) _process_stack /opt/stack/nova/nova/api/openstack/wsgi.py:513}}
Aug 24 11:41:10.782631 n-d-773647-8 devstack@n-api.service[116649]: INFO nova.api.openstack.requestlog [None req-b739ebfb-e21f-46b1-b2a0-564254d0aa53 tempest-ServersWithSpecificFlavorTestJSON-1930331401 tempest-ServersWithSpecificFlavorTestJSON-1930331401-project] 10.222.0.45 "GET /compute/v2.1/flavors/452" status: 200 len: 370 microversion: 2.1 time: 0.316072
Aug 24 11:41:10.783209 n-d-773647-8 devstack@n-api.service[116649]: [pid: 116649|app: 0|req: 40/74] 10.222.0.45 () {58 vars in 1137 bytes} [Tue Aug 24 11:41:10 2021] GET /compute/v2.1/flavors/452 => generated 370 bytes in 317 msecs (HTTP/1.1 200) 9 headers in 357 bytes (1 switches on core 0)
Aug 24 11:41:11.120600 n-d-773647-8 devstack@n-api.service[116649]: DEBUG nova.api.openstack.wsgi [None req-d7f0d835-67e7-49a0-ad6d-2ee0ee1210d6 tempest-FlavorsExtraSpecsTestJSON-1603190724 tempest-FlavorsExtraSpecsTestJSON-1603190724-project-admin] Action: 'create', calling method: >, body: {"flavor": {"name": "tempest-test_flavor-2091791403", "ram": 512, "vcpus": 1, "disk": 10, "id": 283133283, "swap": 1024, "rxtx_factor": 1, "OS-FLV-EXT-DATA:ephemeral": 10}} {{(pid=116649) _process_stack /opt/stack/nova/nova/api/openstack/wsgi.py:511}}
Aug 24 11:41:11.128958 n-d-773647-8 devstack@n-api.service[116649]: /usr/local/lib/python3.8/dist-packages/oslo_policy/policy.py:1064: UserWarning: Policy os_compute_api:os-flavor-manage:create failed scope check. The token used to make the request was project scoped but the policy requires ['system'] scope. This behavior may change in the future where using the intended scope is required
Aug 24 11:41:11.128958 n-d-773647-8 devstack@n-api.service[116649]: warnings.warn(msg)
Aug 24 11:41:11.169317 n-d-773647-8 devstack@n-api.service[116650]: DEBUG nova.virt.hardware [None req-a6a57afc-cd44-4a18-ae5d-35b5fd0576e1 tempest-LiveMigrationTest-558507496 tempest-LiveMigrationTest-558507496-project] Flavor limits 0:0:0 {{(pid=116650) get_cpu_topology_constraints /opt/stack/nova/nova/virt/hardware.py:343}}
Aug 24 11:41:11.170238 n-d-773647-8 devstack@n-api.service[116649]: INFO nova.api.openstack.requestlog [None req-d7f0d835-67e7-49a0-ad6d-2ee0ee1210d6 tempest-FlavorsExtraSpecsTestJSON-1603190724 tempest-FlavorsExtraSpecsTestJSON-1603190724-project-admin] 10.222.0.45 "POST /compute/v2.1/flavors" status: 200 len: 413 microversion: 2.1 time: 0.385624
Aug 24 11:41:11.170596 n-d-773647-8 devstack@n-api.service[116650]: DEBUG nova.virt.hardware [None req-a6a57afc-cd44-4a18-ae5d-35b5fd0576e1 tempest-LiveMigrationTest-558507496 tempest-LiveMigrationTest-558507496-project] Image limits 0:0:0 {{(pid=116650) get_cpu_topology_constraints /opt/stack/nova/nova/virt/hardware.py:347}}
Aug 24 11:41:11.170959 n-d-773647-8 devstack@n-api.service[116649]: [pid: 116649|app: 0|req: 41/75] 10.222.0.45 () {60 vars in 1147 bytes} [Tue Aug 24 11:41:10 2021] POST /compute/v2.1/flavors => generated 413 bytes in 387 msecs (HTTP/1.1 200) 9 headers in 357 bytes (1 switches on core 0)
Aug 24 11:41:11.171074 n-d-773647-8 devstack@n-api.service[116650]: DEBUG nova.virt.hardware [None req-a6a57afc-cd44-4a18-ae5d-35b5fd0576e1 tempest-LiveMigrationTest-558507496 tempest-LiveMigrationTest-558507496-project] Flavor pref 0:0:0 {{(pid=116650) get_cpu_topology_constraints /opt/stack/nova/nova/virt/hardware.py:383}}
Aug 24 11:41:11.171665 n-d-773647-8 devstack@n-api.service[116650]: DEBUG nova.virt.hardware [None req-a6a57afc-cd44-4a18-ae5d-35b5fd0576e1 tempest-LiveMigrationTest-558507496 tempest-LiveMigrationTest-558507496-project] Image pref 0:0:0 {{(pid=116650) get_cpu_topology_constraints /opt/stack/nova/nova/virt/hardware.py:387}}
Aug 24 11:41:11.172189 n-d-773647-8 devstack@n-api.service[116650]: DEBUG nova.virt.hardware [None req-a6a57afc-cd44-4a18-ae5d-35b5fd0576e1 tempest-LiveMigrationTest-558507496 tempest-LiveMigrationTest-558507496-project] Chose sockets=0, cores=0, threads=0; limits were sockets=65536, cores=65536, threads=65536 {{(pid=116650) get_cpu_topology_constraints /opt/stack/nova/nova/virt/hardware.py:425}}
Aug 24 11:41:11.186900 n-d-773647-8 devstack@n-api.service[116650]: DEBUG oslo_concurrency.lockutils [None req-a6a57afc-cd44-4a18-ae5d-35b5fd0576e1 tempest-LiveMigrationTest-558507496 tempest-LiveMigrationTest-558507496-project] Lock "00000000-0000-0000-0000-000000000000" acquired by "nova.context.set_target_cell..get_or_set_cached_cell_and_set_connections" :: waited 0.000s {{(pid=116650) inner /usr/local/lib/python3.8/dist-packages/oslo_concurrency/lockutils.py:355}}
Aug 24 11:41:11.188129 n-d-773647-8 devstack@n-api.service[116650]: DEBUG oslo_concurrency.lockutils [None req-a6a57afc-cd44-4a18-ae5d-35b5fd0576e1 tempest-LiveMigrationTest-558507496 tempest-LiveMigrationTest-558507496-project] Lock "00000000-0000-0000-0000-000000000000" released by "nova.context.set_target_cell..get_or_set_cached_cell_and_set_connections" :: held 0.001s {{(pid=116650) inner /usr/local/lib/python3.8/dist-packages/oslo_concurrency/lockutils.py:367}}
Aug 24 11:41:11.188715 n-d-773647-8 devstack@n-api.service[116649]: DEBUG nova.api.openstack.wsgi [None req-1236b9f1-8d0e-418c-b2e3-a5f0d19d9ba3 tempest-LiveMigrationNegativeTest-1905891472 tempest-LiveMigrationNegativeTest-1905891472-project] Calling method '>' {{(pid=116649) _process_stack /opt/stack/nova/nova/api/openstack/wsgi.py:513}}
Aug 24 11:41:11.189888 n-d-773647-8 devstack@n-api.service[116649]: DEBUG nova.compute.api [None req-1236b9f1-8d0e-418c-b2e3-a5f0d19d9ba3 tempest-LiveMigrationNegativeTest-1905891472 tempest-LiveMigrationNegativeTest-1905891472-project] [instance: fb3d41ef-1d33-4cf1-b3d0-6600b1a59928] Fetching instance by UUID {{(pid=116649) get /opt/stack/nova/nova/compute/api.py:2825}}
Aug 24 11:41:11.189998 n-d-773647-8 devstack@n-api.service[116650]: DEBUG oslo_concurrency.lockutils [None req-a6a57afc-cd44-4a18-ae5d-35b5fd0576e1 tempest-LiveMigrationTest-558507496 tempest-LiveMigrationTest-558507496-project] Lock "b2147648-0fab-42d3-a8ea-bd4acff93c72" acquired by "nova.context.set_target_cell..get_or_set_cached_cell_and_set_connections" :: waited 0.000s {{(pid=116650) inner /usr/local/lib/python3.8/dist-packages/oslo_concurrency/lockutils.py:355}}
Aug 24 11:41:11.190384 n-d-773647-8 devstack@n-api.service[116650]: DEBUG oslo_concurrency.lockutils [None req-a6a57afc-cd44-4a18-ae5d-35b5fd0576e1 tempest-LiveMigrationTest-558507496 tempest-LiveMigrationTest-558507496-project] Lock "b2147648-0fab-42d3-a8ea-bd4acff93c72" released by "nova.context.set_target_cell..get_or_set_cached_cell_and_set_connections" :: held 0.000s {{(pid=116650) inner /usr/local/lib/python3.8/dist-packages/oslo_concurrency/lockutils.py:367}}
Aug 24 11:41:11.203189 n-d-773647-8 devstack@n-api.service[116649]: DEBUG oslo_concurrency.lockutils [None req-1236b9f1-8d0e-418c-b2e3-a5f0d19d9ba3 tempest-LiveMigrationNegativeTest-1905891472 tempest-LiveMigrationNegativeTest-1905891472-project] Lock "b2147648-0fab-42d3-a8ea-bd4acff93c72" acquired by "nova.context.set_target_cell..get_or_set_cached_cell_and_set_connections" :: waited 0.000s {{(pid=116649) inner /usr/local/lib/python3.8/dist-packages/oslo_concurrency/lockutils.py:355}}
Aug 24 11:41:11.204346 n-d-773647-8 devstack@n-api.service[116649]: DEBUG oslo_concurrency.lockutils [None req-1236b9f1-8d0e-418c-b2e3-a5f0d19d9ba3 tempest-LiveMigrationNegativeTest-1905891472 tempest-LiveMigrationNegativeTest-1905891472-project] Lock "b2147648-0fab-42d3-a8ea-bd4acff93c72" released by "nova.context.set_target_cell..get_or_set_cached_cell_and_set_connections" :: held 0.001s {{(pid=116649) inner /usr/local/lib/python3.8/dist-packages/oslo_concurrency/lockutils.py:367}}
Aug 24 11:41:11.215758 n-d-773647-8 devstack@n-api.service[116649]: DEBUG oslo_concurrency.lockutils [None req-1236b9f1-8d0e-418c-b2e3-a5f0d19d9ba3 tempest-LiveMigrationNegativeTest-1905891472 tempest-LiveMigrationNegativeTest-1905891472-project] Lock "b2147648-0fab-42d3-a8ea-bd4acff93c72" acquired by "nova.context.set_target_cell..get_or_set_cached_cell_and_set_connections" :: waited 0.000s {{(pid=116649) inner /usr/local/lib/python3.8/dist-packages/oslo_concurrency/lockutils.py:355}}
Aug 24 11:41:11.216458 n-d-773647-8 devstack@n-api.service[116649]: DEBUG oslo_concurrency.lockutils [None req-1236b9f1-8d0e-418c-b2e3-a5f0d19d9ba3 tempest-LiveMigrationNegativeTest-1905891472 tempest-LiveMigrationNegativeTest-1905891472-project] Lock "b2147648-0fab-42d3-a8ea-bd4acff93c72" released by "nova.context.set_target_cell..get_or_set_cached_cell_and_set_connections" :: held 0.001s {{(pid=116649) inner /usr/local/lib/python3.8/dist-packages/oslo_concurrency/lockutils.py:367}}
Aug 24 11:41:11.227870 n-d-773647-8 devstack@n-api.service[116650]: DEBUG nova.quota [None req-a6a57afc-cd44-4a18-ae5d-35b5fd0576e1 tempest-LiveMigrationTest-558507496 tempest-LiveMigrationTest-558507496-project] Getting quotas for project 4971ca7e5cb94aa5afb6f3ed90a1df62. Resources: {'instances', 'ram', 'cores'} {{(pid=116650) _get_quotas /opt/stack/nova/nova/quota.py:387}}
Aug 24 11:41:11.232757 n-d-773647-8 devstack@n-api.service[116650]: DEBUG nova.quota [None req-a6a57afc-cd44-4a18-ae5d-35b5fd0576e1 tempest-LiveMigrationTest-558507496 tempest-LiveMigrationTest-558507496-project] Getting quotas for user 4edc8d69da5c47988bb25e5652f00fbb and project 4971ca7e5cb94aa5afb6f3ed90a1df62. Resources: {'instances', 'ram', 'cores'} {{(pid=116650) _get_quotas /opt/stack/nova/nova/quota.py:377}}
Aug 24 11:41:11.248343 n-d-773647-8 devstack@n-api.service[116650]: DEBUG nova.compute.api [None req-a6a57afc-cd44-4a18-ae5d-35b5fd0576e1 tempest-LiveMigrationTest-558507496 tempest-LiveMigrationTest-558507496-project] Going to run 1 instances... {{(pid=116650) _provision_instances /opt/stack/nova/nova/compute/api.py:1314}}
Aug 24 11:41:11.251641 n-d-773647-8 devstack@n-api.service[116650]: DEBUG nova.compute.api [None req-a6a57afc-cd44-4a18-ae5d-35b5fd0576e1 tempest-LiveMigrationTest-558507496 tempest-LiveMigrationTest-558507496-project] [instance: 7c9ce6c9-dd9c-4dec-9f21-e3c40d4757fc] block_device_mapping [BlockDeviceMapping(attachment_id=,boot_index=0,connection_info=None,created_at=,delete_on_termination=True,deleted=,deleted_at=,destination_type='local',device_name=None,device_type='disk',disk_bus=None,guest_format=None,id=,image_id='40485d33-b159-4ffe-8a7a-9a201418b333',instance=,instance_uuid=,no_device=False,snapshot_id=None,source_type='image',tag=None,updated_at=,uuid=,volume_id=None,volume_size=None,volume_type=None)] {{(pid=116650) _bdm_validate_set_size_and_instance /opt/stack/nova/nova/compute/api.py:1719}}
Aug 24 11:41:11.324753 n-d-773647-8 devstack@n-api.service[116650]: INFO nova.api.openstack.requestlog [None req-a6a57afc-cd44-4a18-ae5d-35b5fd0576e1 tempest-LiveMigrationTest-558507496 tempest-LiveMigrationTest-558507496-project] 10.222.0.45 "POST /compute/v2.1/servers" status: 202 len: 380 microversion: 2.1 time: 1.911123
Aug 24 11:41:11.326552 n-d-773647-8 devstack@n-api.service[116650]: [pid: 116650|app: 0|req: 35/76] 10.222.0.45 () {60 vars in 1147 bytes} [Tue Aug 24 11:41:09 2021] POST /compute/v2.1/servers => generated 380 bytes in 1914 msecs (HTTP/1.1 202) 10 headers in 451 bytes (1 switches on core 0)
Aug 24 11:41:11.464009 n-d-773647-8 devstack@n-api.service[116649]: DEBUG nova.policy [None req-1236b9f1-8d0e-418c-b2e3-a5f0d19d9ba3 tempest-LiveMigrationNegativeTest-1905891472 tempest-LiveMigrationNegativeTest-1905891472-project] Policy check for os_compute_api:os-extended-server-attributes failed with credentials {'is_admin': False, 'user_id': 'b7c46fc04388464aa71da2556a52f6e4', 'user_domain_id': 'default', 'system_scope': None, 'domain_id': None, 'project_id': 'd6f41b6af6274c82b1f758aced5c821c', 'project_domain_id': 'default', 'roles': ['member', 'reader'], 'is_admin_project': True, 'service_user_id': None, 'service_user_domain_id': None, 'service_project_id': None, 'service_project_domain_id': None, 'service_roles': []} {{(pid=116649) authorize /opt/stack/nova/nova/policy.py:199}}
Aug 24 11:41:11.474122 n-d-773647-8 devstack@n-api.service[116649]: INFO nova.api.openstack.requestlog [None req-1236b9f1-8d0e-418c-b2e3-a5f0d19d9ba3 tempest-LiveMigrationNegativeTest-1905891472 tempest-LiveMigrationNegativeTest-1905891472-project] 10.222.0.45 "GET /compute/v2.1/servers/fb3d41ef-1d33-4cf1-b3d0-6600b1a59928" status: 200 len: 1319 microversion: 2.1 time: 0.301472
Aug 24 11:41:11.493820 n-d-773647-8 devstack@n-api.service[116649]: [pid: 116649|app: 0|req: 42/77] 10.222.0.45 () {58 vars in 1236 bytes} [Tue Aug 24 11:41:11 2021] GET /compute/v2.1/servers/fb3d41ef-1d33-4cf1-b3d0-6600b1a59928 => generated 1319 bytes in 322 msecs (HTTP/1.1 200) 9 headers in 358 bytes (1 switches on core 0)
Aug 24 11:41:11.499197 n-d-773647-8 devstack@n-api.service[116649]: DEBUG nova.api.openstack.wsgi [None req-a24ef91b-e89a-4f45-80a5-871c624a2aa9 tempest-AggregatesAdminTestJSON-1853285381 tempest-AggregatesAdminTestJSON-1853285381-project] Calling method '>' {{(pid=116649) _process_stack /opt/stack/nova/nova/api/openstack/wsgi.py:513}}
Aug 24 11:41:11.500542 n-d-773647-8 devstack@n-api.service[116649]: DEBUG nova.compute.api [None req-a24ef91b-e89a-4f45-80a5-871c624a2aa9 tempest-AggregatesAdminTestJSON-1853285381 tempest-AggregatesAdminTestJSON-1853285381-project] [instance: ff7fa51f-5632-43a4-bd89-db16684db579] Fetching instance by UUID {{(pid=116649) get /opt/stack/nova/nova/compute/api.py:2825}}
Aug 24 11:41:11.509113 n-d-773647-8 devstack@n-api.service[116649]: DEBUG oslo_concurrency.lockutils [None req-a24ef91b-e89a-4f45-80a5-871c624a2aa9 tempest-AggregatesAdminTestJSON-1853285381 tempest-AggregatesAdminTestJSON-1853285381-project] Lock "b2147648-0fab-42d3-a8ea-bd4acff93c72" acquired by "nova.context.set_target_cell..get_or_set_cached_cell_and_set_connections" :: waited 0.000s {{(pid=116649) inner /usr/local/lib/python3.8/dist-packages/oslo_concurrency/lockutils.py:355}}
Aug 24 11:41:11.511197 n-d-773647-8 devstack@n-api.service[116649]: DEBUG oslo_concurrency.lockutils [None req-a24ef91b-e89a-4f45-80a5-871c624a2aa9 tempest-AggregatesAdminTestJSON-1853285381 tempest-AggregatesAdminTestJSON-1853285381-project] Lock "b2147648-0fab-42d3-a8ea-bd4acff93c72" released by "nova.context.set_target_cell..get_or_set_cached_cell_and_set_connections" :: held 0.002s {{(pid=116649) inner /usr/local/lib/python3.8/dist-packages/oslo_concurrency/lockutils.py:367}}
Aug 24 11:41:11.513435 n-d-773647-8 devstack@n-api.service[116649]: DEBUG oslo_concurrency.lockutils [None req-a24ef91b-e89a-4f45-80a5-871c624a2aa9 tempest-AggregatesAdminTestJSON-1853285381 tempest-AggregatesAdminTestJSON-1853285381-project] Lock "b2147648-0fab-42d3-a8ea-bd4acff93c72" acquired by "nova.context.set_target_cell..get_or_set_cached_cell_and_set_connections" :: waited 0.000s {{(pid=116649) inner /usr/local/lib/python3.8/dist-packages/oslo_concurrency/lockutils.py:355}}
Aug 24 11:41:11.525671 n-d-773647-8 devstack@n-api.service[116649]: DEBUG oslo_concurrency.lockutils [None req-a24ef91b-e89a-4f45-80a5-871c624a2aa9 tempest-AggregatesAdminTestJSON-1853285381 tempest-AggregatesAdminTestJSON-1853285381-project] Lock "b2147648-0fab-42d3-a8ea-bd4acff93c72" released by "nova.context.set_target_cell..get_or_set_cached_cell_and_set_connections" :: held 0.001s {{(pid=116649) inner /usr/local/lib/python3.8/dist-packages/oslo_concurrency/lockutils.py:367}}
Aug 24 11:41:11.793550 n-d-773647-8 devstack@n-api.service[116649]: DEBUG nova.policy [None req-a24ef91b-e89a-4f45-80a5-871c624a2aa9 tempest-AggregatesAdminTestJSON-1853285381 tempest-AggregatesAdminTestJSON-1853285381-project] Policy check for os_compute_api:os-extended-server-attributes failed with credentials {'is_admin': False, 'user_id': 'b5ad5a43a6c442b3bd14e70c4535ab22', 'user_domain_id': 'default', 'system_scope': None, 'domain_id': None, 'project_id': '79b589bc31764f6283ef23c251dc0a9a', 'project_domain_id': 'default', 'roles': ['member', 'reader'], 'is_admin_project': True, 'service_user_id': None, 'service_user_domain_id': None, 'service_project_id': None, 'service_project_domain_id': None, 'service_roles': []} {{(pid=116649) authorize /opt/stack/nova/nova/policy.py:199}}
