Jul 06 13:54:05.075944 n-d-773647-6 neutron-server[100248]: DEBUG neutron.plugins.ml2.rpc [None req-5fb64de5-e72f-4e51-aa62-cf2701656455 None None] Returning: {'device': '2985e841-186d-4c50-81aa-7edeced86cb2', 'network_id': 'ac09d390-867f-4b75-a8d2-ab11550bffd6', 'port_id': '2985e841-186d-4c50-81aa-7edeced86cb2', 'mac_address': 'fa:16:3e:c2:80:62', 'admin_state_up': True, 'network_type': 'vlan', 'segmentation_id': 1023, 'physical_network': 'physnet1', 'mtu': 1500, 'fixed_ips': [{'subnet_id': 'd1c3cc78-09b9-4e30-99fd-0e5830de101d', 'ip_address': '192.168.233.93'}], 'device_owner': 'compute:tempest-test_az-375279855', 'allowed_address_pairs': [], 'port_security_enabled': True, 'qos_policy_id': None, 'network_qos_policy_id': None, 'profile': {}, 'propagate_uplink_status': False} {{(pid=100248) _get_device_details /opt/stack/neutron/neutron/plugins/ml2/rpc.py:184}}
Jul 06 13:54:05.081597 n-d-773647-6 neutron-server[100248]: DEBUG neutron.plugins.ml2.rpc [None req-4645228d-15a2-4fdf-8b29-6c89b43bc854 None None] Device 84d6b1fa-0230-4b93-85de-56e7eb7c3b9e details requested by agent hyperv_n-h1-773647-6 with host n-h1-773647-6 {{(pid=100248) get_device_details /opt/stack/neutron/neutron/plugins/ml2/rpc.py:102}}
Jul 06 13:54:05.131513 n-d-773647-6 neutron-server[100246]: DEBUG neutron_lib.callbacks.manager [None req-168b42b0-722f-42eb-bead-78312f88957a admin admin] Notify callbacks [] for security_group, before_create {{(pid=100246) _notify_loop /usr/local/lib/python3.8/dist-packages/neutron_lib/callbacks/manager.py:192}}
Jul 06 13:54:05.144141 n-d-773647-6 neutron-server[100247]: INFO neutron.wsgi [req-09e20dd1-ddfd-4ce8-8f39-bddbcfd65d5a req-1cddd00f-10f2-4519-9a87-fe189388aa8c tempest-ServersWithSpecificFlavorTestJSON-1219430523 tempest-ServersWithSpecificFlavorTestJSON-1219430523-project] 10.222.0.104 "GET /v2.0/security-groups?name=tempest-securitygroup--688009000&fields=id&tenant_id=acb800f580674ba5b45dfb76ebc253b1 HTTP/1.1" status: 200 len: 267 time: 0.0812669
Jul 06 13:54:05.191775 n-d-773647-6 neutron-server[100246]: DEBUG neutron_lib.callbacks.manager [None req-61ef9405-93b8-47f4-8406-defebbdf7a8e admin admin] Notify callbacks [] for security_group, precommit_create {{(pid=100246) _notify_loop /usr/local/lib/python3.8/dist-packages/neutron_lib/callbacks/manager.py:192}}
Jul 06 13:54:05.290008 n-d-773647-6 neutron-server[100247]: DEBUG neutron.wsgi [-] (100247) accepted ('10.222.0.104', 54086) {{(pid=100247) server /usr/local/lib/python3.8/dist-packages/eventlet/wsgi.py:982}}
Jul 06 13:54:05.302567 n-d-773647-6 neutron-server[100246]: DEBUG neutron_lib.callbacks.manager [None req-168b42b0-722f-42eb-bead-78312f88957a admin admin] Notify callbacks [] for security_group, precommit_create {{(pid=100246) _notify_loop /usr/local/lib/python3.8/dist-packages/neutron_lib/callbacks/manager.py:192}}
Jul 06 13:54:05.303178 n-d-773647-6 neutron-server[100248]: DEBUG neutron_lib.callbacks.manager [None req-5fb64de5-e72f-4e51-aa62-cf2701656455 None None] Notify callbacks ['neutron.plugins.ml2.plugin.SecurityGroupDbMixin._ensure_default_security_group_handler-772834'] for port, before_update {{(pid=100248) _notify_loop /usr/local/lib/python3.8/dist-packages/neutron_lib/callbacks/manager.py:192}}
Jul 06 13:54:05.304607 n-d-773647-6 neutron-server[100246]: DEBUG neutron_lib.callbacks.manager [None req-61ef9405-93b8-47f4-8406-defebbdf7a8e admin admin] Notify callbacks ['neutron.plugins.ml2.ovo_rpc._ObjectChangeHandler.handle_payload_event-1848938'] for security_group, after_create {{(pid=100246) _notify_loop /usr/local/lib/python3.8/dist-packages/neutron_lib/callbacks/manager.py:192}}
Jul 06 13:54:05.321566 n-d-773647-6 neutron-server[100246]: DEBUG neutron_lib.callbacks.manager [None req-168b42b0-722f-42eb-bead-78312f88957a admin admin] Notify callbacks ['neutron.plugins.ml2.ovo_rpc._ObjectChangeHandler.handle_payload_event-1848938'] for security_group, after_create {{(pid=100246) _notify_loop /usr/local/lib/python3.8/dist-packages/neutron_lib/callbacks/manager.py:192}}
Jul 06 13:54:05.335724 n-d-773647-6 neutron-server[100248]: DEBUG neutron.notifiers.nova [None req-5fb64de5-e72f-4e51-aa62-cf2701656455 None None] Ignoring state change previous_port_status: DOWN current_port_status: BUILD port_id 2985e841-186d-4c50-81aa-7edeced86cb2 {{(pid=100248) record_port_status_changed /opt/stack/neutron/neutron/notifiers/nova.py:224}}
Jul 06 13:54:05.338855 n-d-773647-6 neutron-server[100246]: DEBUG neutron.plugins.ml2.drivers.helpers [None req-61ef9405-93b8-47f4-8406-defebbdf7a8e admin admin] vlan segment allocate from pool success with {'vlan_id': 1004, 'physical_network': 'physnet1'} {{(pid=100246) allocate_partially_specified_segment /opt/stack/neutron/neutron/plugins/ml2/drivers/helpers.py:153}}
Jul 06 13:54:05.359026 n-d-773647-6 neutron-server[100248]: DEBUG neutron.plugins.ml2.db [None req-5fb64de5-e72f-4e51-aa62-cf2701656455 None None] For port 2985e841-186d-4c50-81aa-7edeced86cb2, host n-h2-773647-6, got binding levels [PortBindingLevel(driver='hyperv',host='n-h2-773647-6',level=0,port_id=2985e841-186d-4c50-81aa-7edeced86cb2,segment=NetworkSegment(c9ea893d-045e-42cf-b3dd-cdd1f79baccd),segment_id=c9ea893d-045e-42cf-b3dd-cdd1f79baccd)] {{(pid=100248) get_binding_level_objs /opt/stack/neutron/neutron/plugins/ml2/db.py:74}}
Jul 06 13:54:05.362142 n-d-773647-6 neutron-server[100248]: DEBUG neutron.plugins.ml2.db [None req-4645228d-15a2-4fdf-8b29-6c89b43bc854 None None] For port 84d6b1fa-0230-4b93-85de-56e7eb7c3b9e, host n-h1-773647-6, got binding levels [PortBindingLevel(driver='hyperv',host='n-h1-773647-6',level=0,port_id=84d6b1fa-0230-4b93-85de-56e7eb7c3b9e,segment=NetworkSegment(c9ea893d-045e-42cf-b3dd-cdd1f79baccd),segment_id=c9ea893d-045e-42cf-b3dd-cdd1f79baccd)] {{(pid=100248) get_binding_level_objs /opt/stack/neutron/neutron/plugins/ml2/db.py:74}}
Jul 06 13:54:05.367086 n-d-773647-6 neutron-server[100248]: DEBUG neutron_lib.callbacks.manager [None req-5fb64de5-e72f-4e51-aa62-cf2701656455 None None] Notify callbacks ['neutron.plugins.ml2.plugin.SecurityGroupServerNotifierRpcMixin.notify_sg_on_port_change-771374', 'neutron.plugins.ml2.ovo_rpc._ObjectChangeHandler.handle_event-426787', 'neutron.api.rpc.agentnotifiers.dhcp_rpc_agent_api.DhcpAgentNotifyAPI._native_event_send_dhcp_notification-1583021', 'neutron.db.l3_db.L3RpcNotifierMixin._notify_gateway_port_ip_changed-8773753488936', 'neutron.db.l3_dvrscheduler_db._notify_l3_agent_port_update-8773752966126', 'neutron.db.l3_hascheduler_db._notify_l3_agent_ha_port_update-8773752968223'] for port, after_update {{(pid=100248) _notify_loop /usr/local/lib/python3.8/dist-packages/neutron_lib/callbacks/manager.py:192}}
Jul 06 13:54:05.368039 n-d-773647-6 neutron-server[100246]: DEBUG neutron.api.rpc.handlers.resources_rpc [None req-61ef9405-93b8-47f4-8406-defebbdf7a8e admin admin] Pushing event updated for resources: {'SecurityGroup': ['ID=1a94e432-9d8e-4dee-a5c5-ba9ffcebcfd6,revision_number=1']} {{(pid=100246) push /opt/stack/neutron/neutron/api/rpc/handlers/resources_rpc.py:237}}
Jul 06 13:54:05.371664 n-d-773647-6 neutron-server[100246]: DEBUG neutron_lib.callbacks.manager [None req-61ef9405-93b8-47f4-8406-defebbdf7a8e admin admin] Notify callbacks ['neutron.plugins.ml2.plugin.Ml2Plugin._handle_segment_change-887552'] for segment, precommit_create {{(pid=100246) _notify_loop /usr/local/lib/python3.8/dist-packages/neutron_lib/callbacks/manager.py:192}}
Jul 06 13:54:05.372130 n-d-773647-6 neutron-server[100246]: INFO neutron.db.segments_db [None req-61ef9405-93b8-47f4-8406-defebbdf7a8e admin admin] Added segment c174a20c-1192-47eb-913d-a3537ae797f3 of type vlan for network 932ed93b-d0bd-4302-ab82-c9d554ed8a86
Jul 06 13:54:05.407625 n-d-773647-6 neutron-server[100246]: DEBUG neutron.api.rpc.handlers.resources_rpc [None req-168b42b0-722f-42eb-bead-78312f88957a admin admin] Pushing event updated for resources: {'SecurityGroup': ['ID=bf7f30cc-8b6a-4259-b3ea-f908578a6540,revision_number=1']} {{(pid=100246) push /opt/stack/neutron/neutron/api/rpc/handlers/resources_rpc.py:237}}
Jul 06 13:54:05.414452 n-d-773647-6 neutron-server[100246]: INFO neutron.wsgi [None req-168b42b0-722f-42eb-bead-78312f88957a admin admin] 10.222.0.104 "GET /v2.0/security-groups?tenant_id=542b57bbcd0147679858beb1ace9d789&name=default HTTP/1.1" status: 200 len: 2979 time: 0.7160661
Jul 06 13:54:05.417185 n-d-773647-6 neutron-server[100246]: DEBUG neutron.wsgi [-] (100246) accepted ('10.222.0.104', 54092) {{(pid=100246) server /usr/local/lib/python3.8/dist-packages/eventlet/wsgi.py:982}}
Jul 06 13:54:05.429578 n-d-773647-6 neutron-server[100248]: DEBUG neutron.plugins.ml2.rpc [None req-4645228d-15a2-4fdf-8b29-6c89b43bc854 None None] Returning: {'device': '84d6b1fa-0230-4b93-85de-56e7eb7c3b9e', 'network_id': 'ac09d390-867f-4b75-a8d2-ab11550bffd6', 'port_id': '84d6b1fa-0230-4b93-85de-56e7eb7c3b9e', 'mac_address': 'fa:16:3e:53:f8:e6', 'admin_state_up': True, 'network_type': 'vlan', 'segmentation_id': 1023, 'physical_network': 'physnet1', 'mtu': 1500, 'fixed_ips': [{'subnet_id': 'd1c3cc78-09b9-4e30-99fd-0e5830de101d', 'ip_address': '192.168.233.109'}], 'device_owner': 'compute:nova', 'allowed_address_pairs': [], 'port_security_enabled': True, 'qos_policy_id': None, 'network_qos_policy_id': None, 'profile': {}, 'propagate_uplink_status': False} {{(pid=100248) _get_device_details /opt/stack/neutron/neutron/plugins/ml2/rpc.py:184}}
Jul 06 13:54:05.464085 n-d-773647-6 neutron-server[100247]: DEBUG neutron.pecan_wsgi.hooks.policy_enforcement [req-09e20dd1-ddfd-4ce8-8f39-bddbcfd65d5a req-259efc6e-380c-4619-b35b-e26fa17be8c9 tempest-ServersWithSpecificFlavorTestJSON-1219430523 tempest-ServersWithSpecificFlavorTestJSON-1219430523-project] Attributes excluded by policy engine: ['standard_attr_id', 'vlan_transparent', 'provider:network_type', 'provider:physical_network', 'provider:segmentation_id'] {{(pid=100247) _exclude_attributes_by_policy /opt/stack/neutron/neutron/pecan_wsgi/hooks/policy_enforcement.py:255}}
Jul 06 13:54:05.466094 n-d-773647-6 neutron-server[100247]: INFO neutron.wsgi [req-09e20dd1-ddfd-4ce8-8f39-bddbcfd65d5a req-259efc6e-380c-4619-b35b-e26fa17be8c9 tempest-ServersWithSpecificFlavorTestJSON-1219430523 tempest-ServersWithSpecificFlavorTestJSON-1219430523-project] 10.222.0.104 "GET /v2.0/networks?id=460f74e5-0a7f-4f78-8d1f-c6320874439c HTTP/1.1" status: 200 len: 824 time: 0.3208880
Jul 06 13:54:05.472822 n-d-773647-6 neutron-server[100247]: DEBUG neutron.api.v2.base [None req-f1e64422-375b-482e-a0fc-90b3c6e2188a admin admin] Request body: {'network': {'name': 'tempest-VolumesAdminNegativeTest-49333329-network', 'tenant_id': '5aa238d449314226b68d16d2a37b7938'}} {{(pid=100247) prepare_request_body /opt/stack/neutron/neutron/api/v2/base.py:729}}
Jul 06 13:54:05.489613 n-d-773647-6 neutron-server[100246]: DEBUG neutron_lib.callbacks.manager [None req-61ef9405-93b8-47f4-8406-defebbdf7a8e admin admin] Notify callbacks ['neutron.services.auto_allocate.db._ensure_external_network_default_value_callback-8773752984405'] for network, precommit_create {{(pid=100246) _notify_loop /usr/local/lib/python3.8/dist-packages/neutron_lib/callbacks/manager.py:192}}
Jul 06 13:54:05.496941 n-d-773647-6 neutron-server[100248]: DEBUG neutron.api.rpc.handlers.resources_rpc [None req-5fb64de5-e72f-4e51-aa62-cf2701656455 None None] Pushing event updated for resources: {'Port': ['ID=2985e841-186d-4c50-81aa-7edeced86cb2,revision_number=4']} {{(pid=100248) push /opt/stack/neutron/neutron/api/rpc/handlers/resources_rpc.py:237}}
Jul 06 13:54:05.506767 n-d-773647-6 neutron-server[100248]: DEBUG neutron_lib.callbacks.manager [None req-4645228d-15a2-4fdf-8b29-6c89b43bc854 None None] Notify callbacks ['neutron.plugins.ml2.plugin.SecurityGroupDbMixin._ensure_default_security_group_handler-772834'] for port, before_update {{(pid=100248) _notify_loop /usr/local/lib/python3.8/dist-packages/neutron_lib/callbacks/manager.py:192}}
Jul 06 13:54:05.518402 n-d-773647-6 neutron-server[100246]: DEBUG neutron_lib.callbacks.manager [None req-0d8ed92e-7afa-4b7f-98a2-35f558fb68f7 admin admin] Notify callbacks [] for security_group, before_delete {{(pid=100246) _notify_loop /usr/local/lib/python3.8/dist-packages/neutron_lib/callbacks/manager.py:192}}
Jul 06 13:54:05.525785 n-d-773647-6 neutron-server[100248]: DEBUG neutron.notifiers.nova [None req-4645228d-15a2-4fdf-8b29-6c89b43bc854 None None] Ignoring state change previous_port_status: DOWN current_port_status: BUILD port_id 84d6b1fa-0230-4b93-85de-56e7eb7c3b9e {{(pid=100248) record_port_status_changed /opt/stack/neutron/neutron/notifiers/nova.py:224}}
Jul 06 13:54:05.540193 n-d-773647-6 neutron-server[100247]: INFO neutron.wsgi [req-09e20dd1-ddfd-4ce8-8f39-bddbcfd65d5a req-964b757f-8191-4b8e-8565-92c39cbbd9f6 tempest-ServersWithSpecificFlavorTestJSON-1219430523 tempest-ServersWithSpecificFlavorTestJSON-1219430523-project] 10.222.0.104 "GET /v2.0/quotas/acb800f580674ba5b45dfb76ebc253b1 HTTP/1.1" status: 200 len: 375 time: 0.0487978
Jul 06 13:54:05.547531 n-d-773647-6 neutron-server[100248]: DEBUG neutron.plugins.ml2.db [None req-4645228d-15a2-4fdf-8b29-6c89b43bc854 None None] For port 84d6b1fa-0230-4b93-85de-56e7eb7c3b9e, host n-h1-773647-6, got binding levels [PortBindingLevel(driver='hyperv',host='n-h1-773647-6',level=0,port_id=84d6b1fa-0230-4b93-85de-56e7eb7c3b9e,segment=NetworkSegment(c9ea893d-045e-42cf-b3dd-cdd1f79baccd),segment_id=c9ea893d-045e-42cf-b3dd-cdd1f79baccd)] {{(pid=100248) get_binding_level_objs /opt/stack/neutron/neutron/plugins/ml2/db.py:74}}
Jul 06 13:54:05.548886 n-d-773647-6 neutron-server[100246]: DEBUG neutron_lib.callbacks.manager [None req-0d8ed92e-7afa-4b7f-98a2-35f558fb68f7 admin admin] Notify callbacks [] for security_group, precommit_delete {{(pid=100246) _notify_loop /usr/local/lib/python3.8/dist-packages/neutron_lib/callbacks/manager.py:192}}
Jul 06 13:54:05.553087 n-d-773647-6 neutron-server[100248]: DEBUG neutron_lib.callbacks.manager [None req-4645228d-15a2-4fdf-8b29-6c89b43bc854 None None] Notify callbacks ['neutron.plugins.ml2.plugin.SecurityGroupServerNotifierRpcMixin.notify_sg_on_port_change-771374', 'neutron.plugins.ml2.ovo_rpc._ObjectChangeHandler.handle_event-426787', 'neutron.api.rpc.agentnotifiers.dhcp_rpc_agent_api.DhcpAgentNotifyAPI._native_event_send_dhcp_notification-1583021', 'neutron.db.l3_db.L3RpcNotifierMixin._notify_gateway_port_ip_changed-8773753488936', 'neutron.db.l3_dvrscheduler_db._notify_l3_agent_port_update-8773752966126', 'neutron.db.l3_hascheduler_db._notify_l3_agent_ha_port_update-8773752968223'] for port, after_update {{(pid=100248) _notify_loop /usr/local/lib/python3.8/dist-packages/neutron_lib/callbacks/manager.py:192}}
Jul 06 13:54:05.555812 n-d-773647-6 neutron-server[100246]: DEBUG neutron_lib.callbacks.manager [None req-61ef9405-93b8-47f4-8406-defebbdf7a8e admin admin] Notify callbacks ['neutron.plugins.ml2.ovo_rpc._ObjectChangeHandler.handle_payload_event-1848894', 'neutron.api.rpc.agentnotifiers.dhcp_rpc_agent_api.DhcpAgentNotifyAPI._native_event_send_dhcp_notification_payload-1583060'] for network, after_create {{(pid=100246) _notify_loop /usr/local/lib/python3.8/dist-packages/neutron_lib/callbacks/manager.py:192}}
Jul 06 13:54:05.556710 n-d-773647-6 neutron-server[100246]: DEBUG neutron.pecan_wsgi.hooks.policy_enforcement [None req-61ef9405-93b8-47f4-8406-defebbdf7a8e admin admin] Attributes excluded by policy engine: ['standard_attr_id', 'vlan_transparent'] {{(pid=100246) _exclude_attributes_by_policy /opt/stack/neutron/neutron/pecan_wsgi/hooks/policy_enforcement.py:255}}
Jul 06 13:54:05.557508 n-d-773647-6 neutron-server[100246]: DEBUG neutron_lib.callbacks.manager [None req-61ef9405-93b8-47f4-8406-defebbdf7a8e admin admin] Notify callbacks ['neutron.api.rpc.agentnotifiers.dhcp_rpc_agent_api.DhcpAgentNotifyAPI._send_dhcp_notification-1583035'] for network, before_response {{(pid=100246) _notify_loop /usr/local/lib/python3.8/dist-packages/neutron_lib/callbacks/manager.py:192}}
Jul 06 13:54:05.566412 n-d-773647-6 neutron-server[100247]: DEBUG neutron.pecan_wsgi.hooks.quota_enforcement [None req-f1e64422-375b-482e-a0fc-90b3c6e2188a admin admin] Made reservation on behalf of 5aa238d449314226b68d16d2a37b7938 for: {'network': 1} {{(pid=100247) before /opt/stack/neutron/neutron/pecan_wsgi/hooks/quota_enforcement.py:53}}
Jul 06 13:54:05.568724 n-d-773647-6 neutron-server[100247]: DEBUG neutron_lib.callbacks.manager [None req-f1e64422-375b-482e-a0fc-90b3c6e2188a admin admin] Notify callbacks ['neutron.plugins.ml2.plugin.SecurityGroupDbMixin._ensure_default_security_group_handler-772834'] for network, before_create {{(pid=100247) _notify_loop /usr/local/lib/python3.8/dist-packages/neutron_lib/callbacks/manager.py:192}}
Jul 06 13:54:05.592220 n-d-773647-6 neutron-server[100247]: DEBUG neutron_lib.callbacks.manager [None req-f1e64422-375b-482e-a0fc-90b3c6e2188a admin admin] Notify callbacks [] for security_group, before_create {{(pid=100247) _notify_loop /usr/local/lib/python3.8/dist-packages/neutron_lib/callbacks/manager.py:192}}
Jul 06 13:54:05.592421 n-d-773647-6 neutron-server[100248]: DEBUG neutron.plugins.ml2.db [None req-5fb64de5-e72f-4e51-aa62-cf2701656455 None None] get_ports_and_sgs() called for port_ids ['2985e841-186d-4c50-81aa-7edeced86cb2'] {{(pid=100248) get_ports_and_sgs /opt/stack/neutron/neutron/plugins/ml2/db.py:156}}
Jul 06 13:54:05.631291 n-d-773647-6 neutron-server[100246]: INFO neutron.wsgi [None req-61ef9405-93b8-47f4-8406-defebbdf7a8e admin admin] 10.222.0.104 "POST /v2.0/networks HTTP/1.1" status: 201 len: 882 time: 0.8000591
Jul 06 13:54:05.634302 n-d-773647-6 neutron-server[100246]: DEBUG neutron.wsgi [-] (100246) accepted ('10.222.0.104', 54094) {{(pid=100246) server /usr/local/lib/python3.8/dist-packages/eventlet/wsgi.py:982}}
Jul 06 13:54:05.639039 n-d-773647-6 neutron-server[100246]: DEBUG neutron.api.v2.base [None req-959b4e19-e081-4494-9daf-1ba44aacf0dc admin admin] Request body: {'subnet': {'network_id': '932ed93b-d0bd-4302-ab82-c9d554ed8a86', 'cidr': '172.20.0.0/28', 'name': 'tempest-LiveMigrationTest-1572822940-subnet', 'tenant_id': 'a575a7c9bd6c431c8e74ec5132ca4b60', 'enable_dhcp': False, 'ip_version': 4}} {{(pid=100246) prepare_request_body /opt/stack/neutron/neutron/api/v2/base.py:729}}
Jul 06 13:54:05.640167 n-d-773647-6 neutron-server[100248]: DEBUG neutron.api.rpc.handlers.resources_rpc [None req-4645228d-15a2-4fdf-8b29-6c89b43bc854 None None] Pushing event updated for resources: {'Port': ['ID=84d6b1fa-0230-4b93-85de-56e7eb7c3b9e,revision_number=4']} {{(pid=100248) push /opt/stack/neutron/neutron/api/rpc/handlers/resources_rpc.py:237}}
Jul 06 13:54:05.659274 n-d-773647-6 neutron-server[100246]: DEBUG neutron.api.rpc.handlers.resources_rpc [None req-61ef9405-93b8-47f4-8406-defebbdf7a8e admin admin] Pushing event updated for resources: {'Network': ['ID=932ed93b-d0bd-4302-ab82-c9d554ed8a86,revision_number=1']} {{(pid=100246) push /opt/stack/neutron/neutron/api/rpc/handlers/resources_rpc.py:237}}
Jul 06 13:54:05.673593 n-d-773647-6 neutron-server[100247]: DEBUG neutron.pecan_wsgi.hooks.policy_enforcement [req-2b39986b-5da5-4de5-a2e7-5038c6a42efe req-f3e380b1-158a-4026-94b1-0a84e0ee84a5 tempest-AggregatesAdminTestJSON-491068952 tempest-AggregatesAdminTestJSON-491068952-project] Attributes excluded by policy engine: ['standard_attr_id', 'binding:profile', 'binding:host_id', 'binding:vif_type', 'binding:vif_details'] {{(pid=100247) _exclude_attributes_by_policy /opt/stack/neutron/neutron/pecan_wsgi/hooks/policy_enforcement.py:255}}
Jul 06 13:54:05.675159 n-d-773647-6 neutron-server[100247]: INFO neutron.wsgi [req-2b39986b-5da5-4de5-a2e7-5038c6a42efe req-f3e380b1-158a-4026-94b1-0a84e0ee84a5 tempest-AggregatesAdminTestJSON-491068952 tempest-AggregatesAdminTestJSON-491068952-project] 10.222.0.104 "GET /v2.0/ports?device_id=d5b1ab2e-f68f-4ff1-94dc-9e2e4496504f HTTP/1.1" status: 200 len: 971 time: 0.1971226
Jul 06 13:54:05.679498 n-d-773647-6 neutron-server[100246]: DEBUG neutron_lib.callbacks.manager [None req-0d8ed92e-7afa-4b7f-98a2-35f558fb68f7 admin admin] Notify callbacks ['neutron.plugins.ml2.ovo_rpc._ObjectChangeHandler.handle_payload_event-1848938'] for security_group, after_delete {{(pid=100246) _notify_loop /usr/local/lib/python3.8/dist-packages/neutron_lib/callbacks/manager.py:192}}
Jul 06 13:54:05.684264 n-d-773647-6 neutron-server[100246]: DEBUG neutron_lib.callbacks.manager [None req-0d8ed92e-7afa-4b7f-98a2-35f558fb68f7 admin admin] Notify callbacks [] for security_group, before_response {{(pid=100246) _notify_loop /usr/local/lib/python3.8/dist-packages/neutron_lib/callbacks/manager.py:192}}
Jul 06 13:54:05.684424 n-d-773647-6 neutron-server[100248]: DEBUG neutron.plugins.ml2.rpc [None req-5fd68bdc-00db-4372-9a12-79845a4f9a4c None None] Network 932ed93b-d0bd-4302-ab82-c9d554ed8a86 details requested by agent ovs-agent-n-d-773647-6 with host n-d-773647-6 {{(pid=100248) get_network_details /opt/stack/neutron/neutron/plugins/ml2/rpc.py:248}}
Jul 06 13:54:05.685759 n-d-773647-6 neutron-server[100246]: INFO neutron.wsgi [None req-0d8ed92e-7afa-4b7f-98a2-35f558fb68f7 admin admin] 10.222.0.104 "DELETE /v2.0/security-groups/bf7f30cc-8b6a-4259-b3ea-f908578a6540 HTTP/1.1" status: 204 len: 168 time: 0.2675526
Jul 06 13:54:05.694186 n-d-773647-6 neutron-server[100246]: DEBUG neutron.api.rpc.handlers.resources_rpc [None req-0d8ed92e-7afa-4b7f-98a2-35f558fb68f7 admin admin] Pushing event deleted for resources: {'SecurityGroup': ['ID=bf7f30cc-8b6a-4259-b3ea-f908578a6540,revision_number=None']} {{(pid=100246) push /opt/stack/neutron/neutron/api/rpc/handlers/resources_rpc.py:237}}
Jul 06 13:54:05.766844 n-d-773647-6 neutron-server[100247]: INFO neutron.wsgi [req-2b39986b-5da5-4de5-a2e7-5038c6a42efe req-63139d7b-8066-4374-a4cd-dfc927be7596 tempest-AggregatesAdminTestJSON-491068952 tempest-AggregatesAdminTestJSON-491068952-project] 10.222.0.104 "GET /v2.0/security-groups?id=7abb9813-5e4b-4b90-b594-85f99e55eee9&fields=id&fields=name HTTP/1.1" status: 200 len: 286 time: 0.0829358
Jul 06 13:54:05.788043 n-d-773647-6 neutron-server[100247]: INFO neutron.wsgi [req-09e20dd1-ddfd-4ce8-8f39-bddbcfd65d5a req-3543993a-a8e5-439d-851c-e0a247d37188 tempest-ServersWithSpecificFlavorTestJSON-1219430523 tempest-ServersWithSpecificFlavorTestJSON-1219430523-project] 10.222.0.104 "GET /v2.0/ports?tenant_id=acb800f580674ba5b45dfb76ebc253b1&fields=id HTTP/1.1" status: 200 len: 348 time: 0.2343187
Jul 06 13:54:05.829762 n-d-773647-6 neutron-server[100247]: DEBUG neutron_lib.callbacks.manager [None req-f1e64422-375b-482e-a0fc-90b3c6e2188a admin admin] Notify callbacks [] for security_group, precommit_create {{(pid=100247) _notify_loop /usr/local/lib/python3.8/dist-packages/neutron_lib/callbacks/manager.py:192}}
Jul 06 13:54:05.853773 n-d-773647-6 neutron-server[100247]: DEBUG neutron_lib.callbacks.manager [None req-f1e64422-375b-482e-a0fc-90b3c6e2188a admin admin] Notify callbacks ['neutron.plugins.ml2.ovo_rpc._ObjectChangeHandler.handle_payload_event-1848938'] for security_group, after_create {{(pid=100247) _notify_loop /usr/local/lib/python3.8/dist-packages/neutron_lib/callbacks/manager.py:192}}
Jul 06 13:54:05.859958 n-d-773647-6 neutron-server[100246]: DEBUG neutron.pecan_wsgi.hooks.quota_enforcement [None req-959b4e19-e081-4494-9daf-1ba44aacf0dc admin admin] Made reservation on behalf of a575a7c9bd6c431c8e74ec5132ca4b60 for: {'subnet': 1} {{(pid=100246) before /opt/stack/neutron/neutron/pecan_wsgi/hooks/quota_enforcement.py:53}}
Jul 06 13:54:05.862798 n-d-773647-6 neutron-server[100246]: DEBUG neutron_lib.callbacks.manager [None req-959b4e19-e081-4494-9daf-1ba44aacf0dc admin admin] Notify callbacks [] for subnet, before_create {{(pid=100246) _notify_loop /usr/local/lib/python3.8/dist-packages/neutron_lib/callbacks/manager.py:192}}
Jul 06 13:54:05.875937 n-d-773647-6 neutron-server[100247]: DEBUG neutron.plugins.ml2.drivers.helpers [None req-f1e64422-375b-482e-a0fc-90b3c6e2188a admin admin] vlan segment allocate from pool success with {'vlan_id': 1044, 'physical_network': 'physnet1'} {{(pid=100247) allocate_partially_specified_segment /opt/stack/neutron/neutron/plugins/ml2/drivers/helpers.py:153}}
Jul 06 13:54:05.901491 n-d-773647-6 neutron-server[100247]: DEBUG neutron_lib.callbacks.manager [None req-f1e64422-375b-482e-a0fc-90b3c6e2188a admin admin] Notify callbacks ['neutron.plugins.ml2.plugin.Ml2Plugin._handle_segment_change-887552'] for segment, precommit_create {{(pid=100247) _notify_loop /usr/local/lib/python3.8/dist-packages/neutron_lib/callbacks/manager.py:192}}
Jul 06 13:54:05.902064 n-d-773647-6 neutron-server[100247]: INFO neutron.db.segments_db [None req-f1e64422-375b-482e-a0fc-90b3c6e2188a admin admin] Added segment 26f74b4f-ecf5-4836-af25-90b9528264bd of type vlan for network 4a973c6b-79bd-4be5-8390-2d3d2d7162ea
Jul 06 13:54:05.939457 n-d-773647-6 neutron-server[100247]: DEBUG neutron.api.rpc.handlers.resources_rpc [None req-f1e64422-375b-482e-a0fc-90b3c6e2188a admin admin] Pushing event updated for resources: {'SecurityGroup': ['ID=be172bf9-132f-4571-a5c1-0a751b1b69d2,revision_number=1']} {{(pid=100247) push /opt/stack/neutron/neutron/api/rpc/handlers/resources_rpc.py:237}}
Jul 06 13:54:05.962066 n-d-773647-6 neutron-server[100247]: DEBUG neutron_lib.callbacks.manager [None req-f1e64422-375b-482e-a0fc-90b3c6e2188a admin admin] Notify callbacks ['neutron.services.auto_allocate.db._ensure_external_network_default_value_callback-8773752984405'] for network, precommit_create {{(pid=100247) _notify_loop /usr/local/lib/python3.8/dist-packages/neutron_lib/callbacks/manager.py:192}}
Jul 06 13:54:05.994264 n-d-773647-6 neutron-server[100248]: DEBUG neutron.plugins.ml2.db [None req-4645228d-15a2-4fdf-8b29-6c89b43bc854 None None] get_ports_and_sgs() called for port_ids ['84d6b1fa-0230-4b93-85de-56e7eb7c3b9e'] {{(pid=100248) get_ports_and_sgs /opt/stack/neutron/neutron/plugins/ml2/db.py:156}}
Jul 06 13:54:06.041508 n-d-773647-6 neutron-server[100247]: DEBUG neutron.wsgi [req-09e20dd1-ddfd-4ce8-8f39-bddbcfd65d5a req-d72d6db4-869c-4b5b-b447-f805c6bf5d0a service neutron] http://10.222.0.104:9696/v2.0/extensions returned with HTTP 200 {{(pid=100247) __call__ /opt/stack/neutron/neutron/wsgi.py:729}}
Jul 06 13:54:06.043107 n-d-773647-6 neutron-server[100247]: INFO neutron.wsgi [req-09e20dd1-ddfd-4ce8-8f39-bddbcfd65d5a req-d72d6db4-869c-4b5b-b447-f805c6bf5d0a service neutron] 10.222.0.104 "GET /v2.0/extensions HTTP/1.1" status: 200 len: 13640 time: 0.0739317
Jul 06 13:54:06.046552 n-d-773647-6 neutron-server[100247]: DEBUG neutron_lib.callbacks.manager [None req-f1e64422-375b-482e-a0fc-90b3c6e2188a admin admin] Notify callbacks ['neutron.plugins.ml2.ovo_rpc._ObjectChangeHandler.handle_payload_event-1848894', 'neutron.api.rpc.agentnotifiers.dhcp_rpc_agent_api.DhcpAgentNotifyAPI._native_event_send_dhcp_notification_payload-1583060'] for network, after_create {{(pid=100247) _notify_loop /usr/local/lib/python3.8/dist-packages/neutron_lib/callbacks/manager.py:192}}
Jul 06 13:54:06.047815 n-d-773647-6 neutron-server[100247]: DEBUG neutron.pecan_wsgi.hooks.policy_enforcement [None req-f1e64422-375b-482e-a0fc-90b3c6e2188a admin admin] Attributes excluded by policy engine: ['standard_attr_id', 'vlan_transparent'] {{(pid=100247) _exclude_attributes_by_policy /opt/stack/neutron/neutron/pecan_wsgi/hooks/policy_enforcement.py:255}}
Jul 06 13:54:06.048546 n-d-773647-6 neutron-server[100247]: DEBUG neutron_lib.callbacks.manager [None req-f1e64422-375b-482e-a0fc-90b3c6e2188a admin admin] Notify callbacks ['neutron.api.rpc.agentnotifiers.dhcp_rpc_agent_api.DhcpAgentNotifyAPI._send_dhcp_notification-1583035'] for network, before_response {{(pid=100247) _notify_loop /usr/local/lib/python3.8/dist-packages/neutron_lib/callbacks/manager.py:192}}
Jul 06 13:54:06.109336 n-d-773647-6 neutron-server[100246]: DEBUG neutron.wsgi [-] (100246) accepted ('10.222.0.104', 54110) {{(pid=100246) server /usr/local/lib/python3.8/dist-packages/eventlet/wsgi.py:982}}
Jul 06 13:54:06.126290 n-d-773647-6 neutron-server[100246]: DEBUG neutron_lib.callbacks.manager [None req-d116f1d0-547b-45db-8f93-73a5e9df1004 admin admin] Notify callbacks [] for security_group, before_create {{(pid=100246) _notify_loop /usr/local/lib/python3.8/dist-packages/neutron_lib/callbacks/manager.py:192}}
Jul 06 13:54:06.159646 n-d-773647-6 neutron-server[100246]: DEBUG neutron_lib.callbacks.manager [None req-959b4e19-e081-4494-9daf-1ba44aacf0dc admin admin] Notify callbacks ['neutron.plugins.ml2.ovo_rpc._ObjectChangeHandler.handle_payload_event-1849032', 'neutron.api.rpc.agentnotifiers.dhcp_rpc_agent_api.DhcpAgentNotifyAPI._native_event_send_dhcp_notification_payload-1583060'] for subnet, after_create {{(pid=100246) _notify_loop /usr/local/lib/python3.8/dist-packages/neutron_lib/callbacks/manager.py:192}}
Jul 06 13:54:06.175575 n-d-773647-6 neutron-server[100247]: INFO neutron.wsgi [None req-f1e64422-375b-482e-a0fc-90b3c6e2188a admin admin] 10.222.0.104 "POST /v2.0/networks HTTP/1.1" status: 201 len: 887 time: 0.8839726
Jul 06 13:54:06.177225 n-d-773647-6 neutron-server[100247]: DEBUG neutron.api.rpc.handlers.resources_rpc [None req-f1e64422-375b-482e-a0fc-90b3c6e2188a admin admin] Pushing event updated for resources: {'Network': ['ID=4a973c6b-79bd-4be5-8390-2d3d2d7162ea,revision_number=1']} {{(pid=100247) push /opt/stack/neutron/neutron/api/rpc/handlers/resources_rpc.py:237}}
Jul 06 13:54:06.183080 n-d-773647-6 neutron-server[100247]: DEBUG neutron.wsgi [-] (100247) accepted ('10.222.0.104', 54112) {{(pid=100247) server /usr/local/lib/python3.8/dist-packages/eventlet/wsgi.py:982}}
Jul 06 13:54:06.187422 n-d-773647-6 neutron-server[100248]: DEBUG neutron.plugins.ml2.rpc [None req-5fd68bdc-00db-4372-9a12-79845a4f9a4c None None] Network 4a973c6b-79bd-4be5-8390-2d3d2d7162ea details requested by agent ovs-agent-n-d-773647-6 with host n-d-773647-6 {{(pid=100248) get_network_details /opt/stack/neutron/neutron/plugins/ml2/rpc.py:248}}
Jul 06 13:54:06.196615 n-d-773647-6 neutron-server[100247]: DEBUG neutron.api.v2.base [None req-c14068a7-d724-4719-acd3-1e0ac66fcc16 admin admin] Request body: {'subnet': {'network_id': '4a973c6b-79bd-4be5-8390-2d3d2d7162ea', 'cidr': '172.20.0.0/28', 'name': 'tempest-VolumesAdminNegativeTest-49333329-subnet', 'tenant_id': '5aa238d449314226b68d16d2a37b7938', 'enable_dhcp': False, 'ip_version': 4}} {{(pid=100247) prepare_request_body /opt/stack/neutron/neutron/api/v2/base.py:729}}
Jul 06 13:54:06.269843 n-d-773647-6 neutron-server[100248]: DEBUG neutron.plugins.ml2.rpc [None req-5fd68bdc-00db-4372-9a12-79845a4f9a4c None None] Device b85538f4-88c9-40ed-85dd-64c299ea3a6d up at agent ovs-agent-n-d-773647-6 {{(pid=100248) update_device_up /opt/stack/neutron/neutron/plugins/ml2/rpc.py:296}}
Jul 06 13:54:06.278903 n-d-773647-6 neutron-server[100247]: DEBUG neutron.pecan_wsgi.hooks.policy_enforcement [req-c60005c8-efe4-4a34-b464-7390f0dca879 req-da58dd5a-307c-48c2-bae7-e9d4d5b52a86 tempest-AggregatesAdminTestJSON-611585361 tempest-AggregatesAdminTestJSON-611585361-project-admin] Attributes excluded by policy engine: ['standard_attr_id'] {{(pid=100247) _exclude_attributes_by_policy /opt/stack/neutron/neutron/pecan_wsgi/hooks/policy_enforcement.py:255}}
Jul 06 13:54:06.280486 n-d-773647-6 neutron-server[100247]: INFO neutron.wsgi [req-c60005c8-efe4-4a34-b464-7390f0dca879 req-da58dd5a-307c-48c2-bae7-e9d4d5b52a86 tempest-AggregatesAdminTestJSON-611585361 tempest-AggregatesAdminTestJSON-611585361-project-admin] 10.222.0.104 "GET /v2.0/ports?device_id=d5b1ab2e-f68f-4ff1-94dc-9e2e4496504f HTTP/1.1" status: 200 len: 1122 time: 0.2787533
Jul 06 13:54:06.287738 n-d-773647-6 neutron-server[100247]: INFO neutron.wsgi [req-09e20dd1-ddfd-4ce8-8f39-bddbcfd65d5a req-366b8c16-b871-4a07-a69f-ffb7bd5fb524 service neutron] 10.222.0.104 "GET /v2.0/networks/460f74e5-0a7f-4f78-8d1f-c6320874439c?fields=segments HTTP/1.1" status: 200 len: 212 time: 0.2356365
Jul 06 13:54:06.312132 n-d-773647-6 neutron-server[100247]: DEBUG neutron_lib.callbacks.manager [req-c60005c8-efe4-4a34-b464-7390f0dca879 req-6a74cd70-673a-4e16-b4f6-f237d8aa1e61 tempest-AggregatesAdminTestJSON-611585361 tempest-AggregatesAdminTestJSON-611585361-project-admin] Notify callbacks [] for security_group, before_create {{(pid=100247) _notify_loop /usr/local/lib/python3.8/dist-packages/neutron_lib/callbacks/manager.py:192}}
Jul 06 13:54:06.325404 n-d-773647-6 neutron-server[100248]: DEBUG neutron.db.provisioning_blocks [None req-5fd68bdc-00db-4372-9a12-79845a4f9a4c None None] Provisioning complete for port b85538f4-88c9-40ed-85dd-64c299ea3a6d triggered by entity L2. {{(pid=100248) provisioning_complete /opt/stack/neutron/neutron/db/provisioning_blocks.py:139}}
Jul 06 13:54:06.325784 n-d-773647-6 neutron-server[100248]: DEBUG neutron_lib.callbacks.manager [None req-5fd68bdc-00db-4372-9a12-79845a4f9a4c None None] Notify callbacks ['neutron.plugins.ml2.plugin.Ml2Plugin._port_provisioned-910959'] for port, provisioning_complete {{(pid=100248) _notify_loop /usr/local/lib/python3.8/dist-packages/neutron_lib/callbacks/manager.py:192}}
Jul 06 13:54:06.403541 n-d-773647-6 neutron-server[100247]: INFO neutron.wsgi [req-09e20dd1-ddfd-4ce8-8f39-bddbcfd65d5a req-890a7ef5-a63c-46ed-8482-9e4f741bf243 service neutron] 10.222.0.104 "GET /v2.0/networks/460f74e5-0a7f-4f78-8d1f-c6320874439c?fields=provider%3Aphysical_network&fields=provider%3Anetwork_type HTTP/1.1" status: 200 len: 281 time: 0.1064370
Jul 06 13:54:06.408875 n-d-773647-6 neutron-server[100246]: DEBUG neutron.api.rpc.handlers.resources_rpc [None req-959b4e19-e081-4494-9daf-1ba44aacf0dc admin admin] Pushing event updated for resources: {'Subnet': ['ID=eafda808-8cb6-4445-8598-18ba34218073,revision_number=0']} {{(pid=100246) push /opt/stack/neutron/neutron/api/rpc/handlers/resources_rpc.py:237}}
Jul 06 13:54:06.426020 n-d-773647-6 neutron-server[100246]: DEBUG neutron.plugins.ml2.drivers.mech_agent [None req-959b4e19-e081-4494-9daf-1ba44aacf0dc admin admin] Checking segment: {'id': 'c174a20c-1192-47eb-913d-a3537ae797f3', 'network_type': 'vlan', 'physical_network': 'physnet1', 'segmentation_id': 1004, 'network_id': '932ed93b-d0bd-4302-ab82-c9d554ed8a86'} for mappings: {'physnet1': 'br-data'} with network types: ['local', 'flat', 'vlan'] {{(pid=100246) check_segment_for_agent /opt/stack/neutron/neutron/plugins/ml2/drivers/mech_agent.py:341}}
Jul 06 13:54:06.426379 n-d-773647-6 neutron-server[100246]: DEBUG neutron.scheduler.dhcp_agent_scheduler [None req-959b4e19-e081-4494-9daf-1ba44aacf0dc admin admin] Network hostable DHCP agents. Network: 932ed93b-d0bd-4302-ab82-c9d554ed8a86, hostable agents: ['f2bada3d-be77-4359-982b-8505a2bbca04'], hosted agents: [] {{(pid=100246) _get_network_hostable_dhcp_agents /opt/stack/neutron/neutron/scheduler/dhcp_agent_scheduler.py:329}}
Jul 06 13:54:06.453873 n-d-773647-6 neutron-server[100246]: DEBUG neutron.scheduler.dhcp_agent_scheduler [None req-959b4e19-e081-4494-9daf-1ba44aacf0dc admin admin] Network 932ed93b-d0bd-4302-ab82-c9d554ed8a86 is scheduled to be hosted by DHCP agent f2bada3d-be77-4359-982b-8505a2bbca04 with binding_index 1 {{(pid=100246) bind /opt/stack/neutron/neutron/scheduler/dhcp_agent_scheduler.py:227}}
Jul 06 13:54:06.470484 n-d-773647-6 neutron-server[100246]: DEBUG neutron.scheduler.base_scheduler [None req-959b4e19-e081-4494-9daf-1ba44aacf0dc admin admin] Resources bound (agent type, host, resource id): (DHCP agent, n-d-773647-6, 932ed93b-d0bd-4302-ab82-c9d554ed8a86) {{(pid=100246) schedule /opt/stack/neutron/neutron/scheduler/base_scheduler.py:57}}
Jul 06 13:54:06.477952 n-d-773647-6 neutron-server[100246]: DEBUG neutron.pecan_wsgi.hooks.policy_enforcement [None req-959b4e19-e081-4494-9daf-1ba44aacf0dc admin admin] Attributes excluded by policy engine: ['standard_attr_id', 'shared', 'network'] {{(pid=100246) _exclude_attributes_by_policy /opt/stack/neutron/neutron/pecan_wsgi/hooks/policy_enforcement.py:255}}
Jul 06 13:54:06.478546 n-d-773647-6 neutron-server[100246]: DEBUG neutron_lib.callbacks.manager [None req-959b4e19-e081-4494-9daf-1ba44aacf0dc admin admin] Notify callbacks ['neutron.api.rpc.agentnotifiers.dhcp_rpc_agent_api.DhcpAgentNotifyAPI._send_dhcp_notification-1583035'] for subnet, before_response {{(pid=100246) _notify_loop /usr/local/lib/python3.8/dist-packages/neutron_lib/callbacks/manager.py:192}}
Jul 06 13:54:06.481454 n-d-773647-6 neutron-server[100248]: DEBUG neutron.api.rpc.handlers.dhcp_rpc [None req-59b4f98f-856d-4400-931b-a4d74ac455eb None None] Network 932ed93b-d0bd-4302-ab82-c9d554ed8a86 requested from n-d-773647-6 {{(pid=100248) get_network_info /opt/stack/neutron/neutron/api/rpc/handlers/dhcp_rpc.py:218}}
Jul 06 13:54:06.492479 n-d-773647-6 neutron-server[100246]: DEBUG neutron_lib.callbacks.manager [None req-d116f1d0-547b-45db-8f93-73a5e9df1004 admin admin] Notify callbacks [] for security_group, precommit_create {{(pid=100246) _notify_loop /usr/local/lib/python3.8/dist-packages/neutron_lib/callbacks/manager.py:192}}
Jul 06 13:54:06.497595 n-d-773647-6 neutron-server[100246]: DEBUG neutron_lib.callbacks.manager [None req-d116f1d0-547b-45db-8f93-73a5e9df1004 admin admin] Notify callbacks ['neutron.plugins.ml2.ovo_rpc._ObjectChangeHandler.handle_payload_event-1848938'] for security_group, after_create {{(pid=100246) _notify_loop /usr/local/lib/python3.8/dist-packages/neutron_lib/callbacks/manager.py:192}}
Jul 06 13:54:06.526831 n-d-773647-6 neutron-server[100247]: DEBUG neutron.pecan_wsgi.hooks.quota_enforcement [None req-c14068a7-d724-4719-acd3-1e0ac66fcc16 admin admin] Made reservation on behalf of 5aa238d449314226b68d16d2a37b7938 for: {'subnet': 1} {{(pid=100247) before /opt/stack/neutron/neutron/pecan_wsgi/hooks/quota_enforcement.py:53}}
Jul 06 13:54:06.532983 n-d-773647-6 neutron-server[100247]: DEBUG neutron_lib.callbacks.manager [None req-c14068a7-d724-4719-acd3-1e0ac66fcc16 admin admin] Notify callbacks [] for subnet, before_create {{(pid=100247) _notify_loop /usr/local/lib/python3.8/dist-packages/neutron_lib/callbacks/manager.py:192}}
Jul 06 13:54:06.541118 n-d-773647-6 neutron-server[100246]: INFO neutron.wsgi [None req-959b4e19-e081-4494-9daf-1ba44aacf0dc admin admin] 10.222.0.104 "POST /v2.0/subnets HTTP/1.1" status: 201 len: 845 time: 0.9058137
Jul 06 13:54:06.544113 n-d-773647-6 neutron-server[100246]: INFO neutron.wsgi [None req-d116f1d0-547b-45db-8f93-73a5e9df1004 admin admin] 10.222.0.104 "GET /v2.0/security-groups?tenant_id=9058b05c33cf43f4a6c0d16ad8a388bf&name=default HTTP/1.1" status: 200 len: 2979 time: 0.4337473
Jul 06 13:54:06.544985 n-d-773647-6 neutron-server[100246]: DEBUG neutron.api.rpc.handlers.resources_rpc [None req-d116f1d0-547b-45db-8f93-73a5e9df1004 admin admin] Pushing event updated for resources: {'SecurityGroup': ['ID=9e40cb25-1bf5-4650-b898-83817fdbd7d7,revision_number=1']} {{(pid=100246) push /opt/stack/neutron/neutron/api/rpc/handlers/resources_rpc.py:237}}
Jul 06 13:54:06.548282 n-d-773647-6 neutron-server[100246]: DEBUG neutron.wsgi [-] (100246) accepted ('10.222.0.104', 54114) {{(pid=100246) server /usr/local/lib/python3.8/dist-packages/eventlet/wsgi.py:982}}
Jul 06 13:54:06.663491 n-d-773647-6 neutron-server[100246]: DEBUG neutron_lib.callbacks.manager [None req-3a8314e9-b599-407e-96a7-c65952cb48cd admin admin] Notify callbacks [] for security_group, before_delete {{(pid=100246) _notify_loop /usr/local/lib/python3.8/dist-packages/neutron_lib/callbacks/manager.py:192}}
Jul 06 13:54:06.666571 n-d-773647-6 neutron-server[100247]: DEBUG neutron_lib.callbacks.manager [req-c60005c8-efe4-4a34-b464-7390f0dca879 req-6a74cd70-673a-4e16-b4f6-f237d8aa1e61 tempest-AggregatesAdminTestJSON-611585361 tempest-AggregatesAdminTestJSON-611585361-project-admin] Notify callbacks [] for security_group, precommit_create {{(pid=100247) _notify_loop /usr/local/lib/python3.8/dist-packages/neutron_lib/callbacks/manager.py:192}}
Jul 06 13:54:06.695318 n-d-773647-6 neutron-server[100247]: DEBUG neutron_lib.callbacks.manager [req-c60005c8-efe4-4a34-b464-7390f0dca879 req-6a74cd70-673a-4e16-b4f6-f237d8aa1e61 tempest-AggregatesAdminTestJSON-611585361 tempest-AggregatesAdminTestJSON-611585361-project-admin] Notify callbacks ['neutron.plugins.ml2.ovo_rpc._ObjectChangeHandler.handle_payload_event-1848938'] for security_group, after_create {{(pid=100247) _notify_loop /usr/local/lib/python3.8/dist-packages/neutron_lib/callbacks/manager.py:192}}
Jul 06 13:54:06.706889 n-d-773647-6 neutron-server[100246]: DEBUG neutron_lib.callbacks.manager [None req-3a8314e9-b599-407e-96a7-c65952cb48cd admin admin] Notify callbacks [] for security_group, precommit_delete {{(pid=100246) _notify_loop /usr/local/lib/python3.8/dist-packages/neutron_lib/callbacks/manager.py:192}}
Jul 06 13:54:06.773413 n-d-773647-6 neutron-server[100247]: INFO neutron.wsgi [req-c60005c8-efe4-4a34-b464-7390f0dca879 req-6a74cd70-673a-4e16-b4f6-f237d8aa1e61 tempest-AggregatesAdminTestJSON-611585361 tempest-AggregatesAdminTestJSON-611585361-project-admin] 10.222.0.104 "GET /v2.0/security-groups?id=7abb9813-5e4b-4b90-b594-85f99e55eee9&fields=id&fields=name HTTP/1.1" status: 200 len: 286 time: 0.4843187
Jul 06 13:54:06.782986 n-d-773647-6 neutron-server[100247]: DEBUG neutron.api.rpc.handlers.resources_rpc [None req-6a74cd70-673a-4e16-b4f6-f237d8aa1e61 tempest-AggregatesAdminTestJSON-611585361 tempest-AggregatesAdminTestJSON-611585361-project-admin] Pushing event updated for resources: {'SecurityGroup': ['ID=5f34c9b6-b030-4056-aba7-ecbf208d5c6a,revision_number=1']} {{(pid=100247) push /opt/stack/neutron/neutron/api/rpc/handlers/resources_rpc.py:237}}
Jul 06 13:54:06.783625 n-d-773647-6 neutron-server[100246]: DEBUG neutron_lib.callbacks.manager [None req-3a8314e9-b599-407e-96a7-c65952cb48cd admin admin] Notify callbacks ['neutron.plugins.ml2.ovo_rpc._ObjectChangeHandler.handle_payload_event-1848938'] for security_group, after_delete {{(pid=100246) _notify_loop /usr/local/lib/python3.8/dist-packages/neutron_lib/callbacks/manager.py:192}}
Jul 06 13:54:06.797111 n-d-773647-6 neutron-server[100248]: DEBUG neutron.api.rpc.handlers.dhcp_rpc [None req-c0fd38f7-f8bf-43ee-b1cf-91fa0e72604d None None] Network 932ed93b-d0bd-4302-ab82-c9d554ed8a86 requested from n-d-773647-6 {{(pid=100248) get_network_info /opt/stack/neutron/neutron/api/rpc/handlers/dhcp_rpc.py:218}}
Jul 06 13:54:06.804156 n-d-773647-6 neutron-server[100246]: DEBUG neutron_lib.callbacks.manager [None req-3a8314e9-b599-407e-96a7-c65952cb48cd admin admin] Notify callbacks [] for security_group, before_response {{(pid=100246) _notify_loop /usr/local/lib/python3.8/dist-packages/neutron_lib/callbacks/manager.py:192}}
Jul 06 13:54:06.806079 n-d-773647-6 neutron-server[100246]: INFO neutron.wsgi [None req-3a8314e9-b599-407e-96a7-c65952cb48cd admin admin] 10.222.0.104 "DELETE /v2.0/security-groups/9e40cb25-1bf5-4650-b898-83817fdbd7d7 HTTP/1.1" status: 204 len: 168 time: 0.2568660
Jul 06 13:54:06.828635 n-d-773647-6 neutron-server[100246]: DEBUG neutron.api.rpc.handlers.resources_rpc [None req-3a8314e9-b599-407e-96a7-c65952cb48cd admin admin] Pushing event deleted for resources: {'SecurityGroup': ['ID=9e40cb25-1bf5-4650-b898-83817fdbd7d7,revision_number=None']} {{(pid=100246) push /opt/stack/neutron/neutron/api/rpc/handlers/resources_rpc.py:237}}
Jul 06 13:54:06.873641 n-d-773647-6 neutron-server[100248]: DEBUG neutron.plugins.ml2.rpc [None req-4645228d-15a2-4fdf-8b29-6c89b43bc854 None None] Device 84d6b1fa-0230-4b93-85de-56e7eb7c3b9e up at agent hyperv_n-h1-773647-6 {{(pid=100248) update_device_up /opt/stack/neutron/neutron/plugins/ml2/rpc.py:296}}
Jul 06 13:54:06.906554 n-d-773647-6 neutron-server[100248]: DEBUG neutron.plugins.ml2.rpc [None req-5fb64de5-e72f-4e51-aa62-cf2701656455 None None] Device 2985e841-186d-4c50-81aa-7edeced86cb2 up at agent hyperv_n-h2-773647-6 {{(pid=100248) update_device_up /opt/stack/neutron/neutron/plugins/ml2/rpc.py:296}}
Jul 06 13:54:07.034024 n-d-773647-6 neutron-server[100248]: DEBUG neutron.db.provisioning_blocks [None req-4645228d-15a2-4fdf-8b29-6c89b43bc854 None None] Provisioning for port 84d6b1fa-0230-4b93-85de-56e7eb7c3b9e completed by entity L2. {{(pid=100248) provisioning_complete /opt/stack/neutron/neutron/db/provisioning_blocks.py:133}}
Jul 06 13:54:07.041659 n-d-773647-6 neutron-server[100248]: DEBUG neutron.db.provisioning_blocks [None req-4645228d-15a2-4fdf-8b29-6c89b43bc854 None None] Provisioning complete for port 84d6b1fa-0230-4b93-85de-56e7eb7c3b9e triggered by entity L2. {{(pid=100248) provisioning_complete /opt/stack/neutron/neutron/db/provisioning_blocks.py:139}}
Jul 06 13:54:07.041905 n-d-773647-6 neutron-server[100248]: DEBUG neutron_lib.callbacks.manager [None req-4645228d-15a2-4fdf-8b29-6c89b43bc854 None None] Notify callbacks ['neutron.plugins.ml2.plugin.Ml2Plugin._port_provisioned-910959'] for port, provisioning_complete {{(pid=100248) _notify_loop /usr/local/lib/python3.8/dist-packages/neutron_lib/callbacks/manager.py:192}}
Jul 06 13:54:07.042591 n-d-773647-6 neutron-server[100247]: DEBUG neutron.pecan_wsgi.hooks.policy_enforcement [req-95b78e46-ef9d-4dfe-a883-7091583df2fd req-4ac9e041-be0f-4367-a32b-00d8986f61d8 tempest-MigrationsAdminTest-848193719 tempest-MigrationsAdminTest-848193719-project] Attributes excluded by policy engine: ['standard_attr_id', 'binding:profile', 'binding:host_id', 'binding:vif_type', 'binding:vif_details'] {{(pid=100247) _exclude_attributes_by_policy /opt/stack/neutron/neutron/pecan_wsgi/hooks/policy_enforcement.py:255}}
Jul 06 13:54:07.049409 n-d-773647-6 neutron-server[100247]: INFO neutron.wsgi [req-95b78e46-ef9d-4dfe-a883-7091583df2fd req-4ac9e041-be0f-4367-a32b-00d8986f61d8 tempest-MigrationsAdminTest-848193719 tempest-MigrationsAdminTest-848193719-project] 10.222.0.104 "GET /v2.0/ports?device_id=96a5ba91-9ae1-4374-9adc-f59710ec4759 HTTP/1.1" status: 200 len: 969 time: 0.2706749
Jul 06 13:54:07.132187 n-d-773647-6 neutron-server[100247]: DEBUG neutron_lib.callbacks.manager [None req-c14068a7-d724-4719-acd3-1e0ac66fcc16 admin admin] Notify callbacks ['neutron.plugins.ml2.ovo_rpc._ObjectChangeHandler.handle_payload_event-1849032', 'neutron.api.rpc.agentnotifiers.dhcp_rpc_agent_api.DhcpAgentNotifyAPI._native_event_send_dhcp_notification_payload-1583060'] for subnet, after_create {{(pid=100247) _notify_loop /usr/local/lib/python3.8/dist-packages/neutron_lib/callbacks/manager.py:192}}
Jul 06 13:54:07.155472 n-d-773647-6 neutron-server[100248]: DEBUG neutron_lib.callbacks.manager [None req-4645228d-15a2-4fdf-8b29-6c89b43bc854 None None] Notify callbacks ['neutron.plugins.ml2.plugin.SecurityGroupDbMixin._ensure_default_security_group_handler-772834'] for port, before_update {{(pid=100248) _notify_loop /usr/local/lib/python3.8/dist-packages/neutron_lib/callbacks/manager.py:192}}
Jul 06 13:54:07.161107 n-d-773647-6 neutron-server[100247]: INFO neutron.wsgi [req-95b78e46-ef9d-4dfe-a883-7091583df2fd req-c1c2dbd5-5087-4949-8238-f1dfade93977 tempest-MigrationsAdminTest-848193719 tempest-MigrationsAdminTest-848193719-project] 10.222.0.104 "GET /v2.0/security-groups?id=9f5b92e9-7340-49c3-a9bb-41e4a1caffc6&fields=id&fields=name HTTP/1.1" status: 200 len: 286 time: 0.1107655
Jul 06 13:54:07.203099 n-d-773647-6 neutron-server[100248]: DEBUG neutron.db.provisioning_blocks [None req-5fb64de5-e72f-4e51-aa62-cf2701656455 None None] Provisioning for port 2985e841-186d-4c50-81aa-7edeced86cb2 completed by entity L2. {{(pid=100248) provisioning_complete /opt/stack/neutron/neutron/db/provisioning_blocks.py:133}}
Jul 06 13:54:07.231965 n-d-773647-6 neutron-server[100248]: DEBUG neutron.db.provisioning_blocks [None req-5fb64de5-e72f-4e51-aa62-cf2701656455 None None] Provisioning complete for port 2985e841-186d-4c50-81aa-7edeced86cb2 triggered by entity L2. {{(pid=100248) provisioning_complete /opt/stack/neutron/neutron/db/provisioning_blocks.py:139}}
Jul 06 13:54:07.232356 n-d-773647-6 neutron-server[100248]: DEBUG neutron_lib.callbacks.manager [None req-5fb64de5-e72f-4e51-aa62-cf2701656455 None None] Notify callbacks ['neutron.plugins.ml2.plugin.Ml2Plugin._port_provisioned-910959'] for port, provisioning_complete {{(pid=100248) _notify_loop /usr/local/lib/python3.8/dist-packages/neutron_lib/callbacks/manager.py:192}}
Jul 06 13:54:07.243122 n-d-773647-6 neutron-server[100247]: DEBUG neutron.pecan_wsgi.hooks.policy_enforcement [req-5255ab7a-2aab-486f-a499-3cdcdd5fb62d req-2c9ec66a-d5b9-4efe-9581-42ba8ce18981 tempest-DeleteServersAdminTestJSON-881447012 tempest-DeleteServersAdminTestJSON-881447012-project] Attributes excluded by policy engine: ['standard_attr_id', 'binding:profile', 'binding:host_id', 'binding:vif_type', 'binding:vif_details'] {{(pid=100247) _exclude_attributes_by_policy /opt/stack/neutron/neutron/pecan_wsgi/hooks/policy_enforcement.py:255}}
Jul 06 13:54:07.244971 n-d-773647-6 neutron-server[100247]: INFO neutron.wsgi [req-5255ab7a-2aab-486f-a499-3cdcdd5fb62d req-2c9ec66a-d5b9-4efe-9581-42ba8ce18981 tempest-DeleteServersAdminTestJSON-881447012 tempest-DeleteServersAdminTestJSON-881447012-project] 10.222.0.104 "GET /v2.0/ports?device_id=ba387377-da87-4832-8988-a290e5ae50e0 HTTP/1.1" status: 200 len: 949 time: 0.2587042
Jul 06 13:54:07.279748 n-d-773647-6 neutron-server[100248]: DEBUG neutron.notifiers.nova [-] Sending events: [{'server_uuid': 'ba387377-da87-4832-8988-a290e5ae50e0', 'name': 'network-vif-plugged', 'status': 'completed', 'tag': '84d6b1fa-0230-4b93-85de-56e7eb7c3b9e'}] {{(pid=100248) send_events /opt/stack/neutron/neutron/notifiers/nova.py:262}}
