Aug 24 14:57:26.705720 n-d-773646-8 devstack@placement-api.service[101630]: INFO placement.requestlog [req-1b79bfd0-f3ca-404a-99f5-500ca238544d req-ee36694a-f8f1-4590-b629-378d8eb8ee59 service placement] 10.222.0.67 "PUT /placement/allocations/fca36b7a-fb82-40fb-93e9-acb74d36af51" status: 204 len: 0 microversion: 1.28
Aug 24 14:57:26.706005 n-d-773646-8 devstack@placement-api.service[101630]: [pid: 101630|app: 0|req: 235/476] 10.222.0.67 () {64 vars in 1434 bytes} [Tue Aug 24 14:57:26 2021] PUT /placement/allocations/fca36b7a-fb82-40fb-93e9-acb74d36af51 => generated 0 bytes in 51 msecs (HTTP/1.1 204) 5 headers in 199 bytes (2 switches on core 0)
Aug 24 14:57:26.835138 n-d-773646-8 devstack@placement-api.service[101629]: DEBUG placement.requestlog [req-1b79bfd0-f3ca-404a-99f5-500ca238544d req-ca2ccd17-134b-49cd-ba81-cc1e21e9fb3e None None] Starting request: 10.222.0.61 "GET /placement/allocations/fca36b7a-fb82-40fb-93e9-acb74d36af51" {{(pid=101629) __call__ /opt/stack/placement/placement/requestlog.py:55}}
Aug 24 14:57:26.854675 n-d-773646-8 devstack@placement-api.service[101629]: INFO placement.requestlog [req-1b79bfd0-f3ca-404a-99f5-500ca238544d req-ca2ccd17-134b-49cd-ba81-cc1e21e9fb3e service placement] 10.222.0.61 "GET /placement/allocations/fca36b7a-fb82-40fb-93e9-acb74d36af51" status: 200 len: 259 microversion: 1.28
Aug 24 14:57:26.854905 n-d-773646-8 devstack@placement-api.service[101629]: [pid: 101629|app: 0|req: 242/477] 10.222.0.61 () {60 vars in 1378 bytes} [Tue Aug 24 14:57:26 2021] GET /placement/allocations/fca36b7a-fb82-40fb-93e9-acb74d36af51 => generated 259 bytes in 25 msecs (HTTP/1.1 200) 8 headers in 296 bytes (2 switches on core 0)
Aug 24 14:57:34.176880 n-d-773646-8 devstack@placement-api.service[101630]: DEBUG placement.requestlog [req-246222ec-05f8-4d86-91fb-1296ae7fa49f req-54bbcda1-f99f-4549-8754-9e63f9596452 None None] Starting request: 10.222.0.46 "GET /placement/allocations/693a2e63-d986-40e3-992b-4f4c68bafd62" {{(pid=101630) __call__ /opt/stack/placement/placement/requestlog.py:55}}
Aug 24 14:57:34.212063 n-d-773646-8 devstack@placement-api.service[101630]: INFO placement.requestlog [req-246222ec-05f8-4d86-91fb-1296ae7fa49f req-54bbcda1-f99f-4549-8754-9e63f9596452 service placement] 10.222.0.46 "GET /placement/allocations/693a2e63-d986-40e3-992b-4f4c68bafd62" status: 200 len: 259 microversion: 1.28
Aug 24 14:57:34.212699 n-d-773646-8 devstack@placement-api.service[101630]: [pid: 101630|app: 0|req: 236/478] 10.222.0.46 () {60 vars in 1378 bytes} [Tue Aug 24 14:57:34 2021] GET /placement/allocations/693a2e63-d986-40e3-992b-4f4c68bafd62 => generated 259 bytes in 36 msecs (HTTP/1.1 200) 8 headers in 296 bytes (1 switches on core 0)
Aug 24 14:57:34.224763 n-d-773646-8 devstack@placement-api.service[101629]: DEBUG placement.requestlog [req-246222ec-05f8-4d86-91fb-1296ae7fa49f req-6787acdd-fa0b-4035-9fd2-b516ac3041ce None None] Starting request: 10.222.0.46 "PUT /placement/allocations/693a2e63-d986-40e3-992b-4f4c68bafd62" {{(pid=101629) __call__ /opt/stack/placement/placement/requestlog.py:55}}
Aug 24 14:57:34.362692 n-d-773646-8 devstack@placement-api.service[101629]: DEBUG placement.handlers.allocation [req-246222ec-05f8-4d86-91fb-1296ae7fa49f req-6787acdd-fa0b-4035-9fd2-b516ac3041ce service placement] Successfully wrote allocations [, , ] {{(pid=101629) _create_allocations /opt/stack/placement/placement/handlers/allocation.py:435}}
Aug 24 14:57:34.363487 n-d-773646-8 devstack@placement-api.service[101629]: INFO placement.requestlog [req-246222ec-05f8-4d86-91fb-1296ae7fa49f req-6787acdd-fa0b-4035-9fd2-b516ac3041ce service placement] 10.222.0.46 "PUT /placement/allocations/693a2e63-d986-40e3-992b-4f4c68bafd62" status: 204 len: 0 microversion: 1.28
Aug 24 14:57:34.363895 n-d-773646-8 devstack@placement-api.service[101629]: [pid: 101629|app: 0|req: 243/479] 10.222.0.46 () {64 vars in 1431 bytes} [Tue Aug 24 14:57:34 2021] PUT /placement/allocations/693a2e63-d986-40e3-992b-4f4c68bafd62 => generated 0 bytes in 140 msecs (HTTP/1.1 204) 5 headers in 199 bytes (1 switches on core 0)
Aug 24 14:57:39.200531 n-d-773646-8 devstack@placement-api.service[101630]: DEBUG placement.requestlog [req-1b79bfd0-f3ca-404a-99f5-500ca238544d req-53b4c632-acdf-492b-9e18-0c932c41c0f2 None None] Starting request: 10.222.0.46 "GET /placement/resource_providers/b6da0c70-cf46-4baf-8006-05235a4f30db/allocations" {{(pid=101630) __call__ /opt/stack/placement/placement/requestlog.py:55}}
Aug 24 14:57:39.616936 n-d-773646-8 devstack@placement-api.service[101630]: INFO placement.requestlog [req-1b79bfd0-f3ca-404a-99f5-500ca238544d req-53b4c632-acdf-492b-9e18-0c932c41c0f2 service placement] 10.222.0.46 "GET /placement/resource_providers/b6da0c70-cf46-4baf-8006-05235a4f30db/allocations" status: 200 len: 342 microversion: 1.0
Aug 24 14:57:39.617163 n-d-773646-8 devstack@placement-api.service[101630]: [pid: 101630|app: 0|req: 237/480] 10.222.0.46 () {58 vars in 1391 bytes} [Tue Aug 24 14:57:39 2021] GET /placement/resource_providers/b6da0c70-cf46-4baf-8006-05235a4f30db/allocations => generated 342 bytes in 417 msecs (HTTP/1.1 200) 6 headers in 224 bytes (1 switches on core 0)
Aug 24 14:57:39.732516 n-d-773646-8 devstack@placement-api.service[101629]: DEBUG placement.requestlog [req-1b79bfd0-f3ca-404a-99f5-500ca238544d req-e173bb62-5b06-4625-abe5-64580ac7ea1c None None] Starting request: 10.222.0.46 "GET /placement/resource_providers?in_tree=b6da0c70-cf46-4baf-8006-05235a4f30db" {{(pid=101629) __call__ /opt/stack/placement/placement/requestlog.py:55}}
Aug 24 14:57:39.741674 n-d-773646-8 devstack@placement-api.service[101630]: DEBUG placement.requestlog [req-c350a6aa-6ea5-4bbc-a80c-a09acbccb4f7 req-a382d402-5a18-4436-b394-4cb6af688f64 None None] Starting request: 10.222.0.61 "GET /placement/resource_providers?in_tree=b597cf94-a339-4428-ad0b-a1a9cc1920aa" {{(pid=101630) __call__ /opt/stack/placement/placement/requestlog.py:55}}
Aug 24 14:57:39.766606 n-d-773646-8 devstack@placement-api.service[101629]: INFO placement.requestlog [req-1b79bfd0-f3ca-404a-99f5-500ca238544d req-e173bb62-5b06-4625-abe5-64580ac7ea1c service placement] 10.222.0.46 "GET /placement/resource_providers?in_tree=b6da0c70-cf46-4baf-8006-05235a4f30db" status: 200 len: 863 microversion: 1.14
Aug 24 14:57:39.768227 n-d-773646-8 devstack@placement-api.service[101629]: [pid: 101629|app: 0|req: 244/481] 10.222.0.46 () {60 vars in 1377 bytes} [Tue Aug 24 14:57:39 2021] GET /placement/resource_providers?in_tree=b6da0c70-cf46-4baf-8006-05235a4f30db => generated 863 bytes in 39 msecs (HTTP/1.1 200) 6 headers in 225 bytes (1 switches on core 0)
Aug 24 14:57:39.778763 n-d-773646-8 devstack@placement-api.service[101629]: DEBUG placement.requestlog [req-1b79bfd0-f3ca-404a-99f5-500ca238544d req-1e78aaa4-e972-4b9e-a754-026b5f76c3e2 None None] Starting request: 10.222.0.46 "GET /placement/resource_providers/b6da0c70-cf46-4baf-8006-05235a4f30db/inventories" {{(pid=101629) __call__ /opt/stack/placement/placement/requestlog.py:55}}
Aug 24 14:57:39.831828 n-d-773646-8 devstack@placement-api.service[101629]: INFO placement.requestlog [req-1b79bfd0-f3ca-404a-99f5-500ca238544d req-1e78aaa4-e972-4b9e-a754-026b5f76c3e2 service placement] 10.222.0.46 "GET /placement/resource_providers/b6da0c70-cf46-4baf-8006-05235a4f30db/inventories" status: 200 len: 398 microversion: 1.0
Aug 24 14:57:39.843217 n-d-773646-8 devstack@placement-api.service[101629]: [pid: 101629|app: 0|req: 245/482] 10.222.0.46 () {58 vars in 1391 bytes} [Tue Aug 24 14:57:39 2021] GET /placement/resource_providers/b6da0c70-cf46-4baf-8006-05235a4f30db/inventories => generated 398 bytes in 64 msecs (HTTP/1.1 200) 6 headers in 224 bytes (1 switches on core 0)
Aug 24 14:57:39.859515 n-d-773646-8 devstack@placement-api.service[101629]: DEBUG placement.requestlog [req-1b79bfd0-f3ca-404a-99f5-500ca238544d req-8d2a3ba9-b264-48ea-b3dc-15e3b200f9f3 None None] Starting request: 10.222.0.46 "GET /placement/resource_providers/b6da0c70-cf46-4baf-8006-05235a4f30db/aggregates" {{(pid=101629) __call__ /opt/stack/placement/placement/requestlog.py:55}}
Aug 24 14:57:39.888730 n-d-773646-8 devstack@placement-api.service[101629]: INFO placement.requestlog [req-1b79bfd0-f3ca-404a-99f5-500ca238544d req-8d2a3ba9-b264-48ea-b3dc-15e3b200f9f3 service placement] 10.222.0.46 "GET /placement/resource_providers/b6da0c70-cf46-4baf-8006-05235a4f30db/aggregates" status: 200 len: 54 microversion: 1.19
Aug 24 14:57:39.889342 n-d-773646-8 devstack@placement-api.service[101629]: [pid: 101629|app: 0|req: 246/483] 10.222.0.46 () {60 vars in 1432 bytes} [Tue Aug 24 14:57:39 2021] GET /placement/resource_providers/b6da0c70-cf46-4baf-8006-05235a4f30db/aggregates => generated 54 bytes in 35 msecs (HTTP/1.1 200) 8 headers in 295 bytes (1 switches on core 0)
Aug 24 14:57:39.899647 n-d-773646-8 devstack@placement-api.service[101630]: INFO placement.requestlog [req-c350a6aa-6ea5-4bbc-a80c-a09acbccb4f7 req-a382d402-5a18-4436-b394-4cb6af688f64 service placement] 10.222.0.61 "GET /placement/resource_providers?in_tree=b597cf94-a339-4428-ad0b-a1a9cc1920aa" status: 200 len: 863 microversion: 1.14
Aug 24 14:57:39.900108 n-d-773646-8 devstack@placement-api.service[101630]: [pid: 101630|app: 0|req: 238/484] 10.222.0.61 () {60 vars in 1377 bytes} [Tue Aug 24 14:57:39 2021] GET /placement/resource_providers?in_tree=b597cf94-a339-4428-ad0b-a1a9cc1920aa => generated 863 bytes in 159 msecs (HTTP/1.1 200) 6 headers in 225 bytes (2 switches on core 0)
Aug 24 14:57:39.902188 n-d-773646-8 devstack@placement-api.service[101629]: DEBUG placement.requestlog [req-1b79bfd0-f3ca-404a-99f5-500ca238544d req-aa60e77b-7d78-4881-a7de-cb08ab54acbd None None] Starting request: 10.222.0.46 "GET /placement/resource_providers/b6da0c70-cf46-4baf-8006-05235a4f30db/traits" {{(pid=101629) __call__ /opt/stack/placement/placement/requestlog.py:55}}
Aug 24 14:57:39.936549 n-d-773646-8 devstack@placement-api.service[101630]: DEBUG placement.requestlog [req-c350a6aa-6ea5-4bbc-a80c-a09acbccb4f7 req-8d45a7ac-8d59-4c88-82df-fc08f1252927 None None] Starting request: 10.222.0.61 "GET /placement/resource_providers/b597cf94-a339-4428-ad0b-a1a9cc1920aa/inventories" {{(pid=101630) __call__ /opt/stack/placement/placement/requestlog.py:55}}
Aug 24 14:57:39.963798 n-d-773646-8 devstack@placement-api.service[101629]: INFO placement.requestlog [req-1b79bfd0-f3ca-404a-99f5-500ca238544d req-aa60e77b-7d78-4881-a7de-cb08ab54acbd service placement] 10.222.0.46 "GET /placement/resource_providers/b6da0c70-cf46-4baf-8006-05235a4f30db/traits" status: 200 len: 212 microversion: 1.6
Aug 24 14:57:39.964030 n-d-773646-8 devstack@placement-api.service[101629]: [pid: 101629|app: 0|req: 247/485] 10.222.0.46 () {60 vars in 1419 bytes} [Tue Aug 24 14:57:39 2021] GET /placement/resource_providers/b6da0c70-cf46-4baf-8006-05235a4f30db/traits => generated 212 bytes in 63 msecs (HTTP/1.1 200) 6 headers in 224 bytes (1 switches on core 0)
Aug 24 14:57:39.964760 n-d-773646-8 devstack@placement-api.service[101630]: INFO placement.requestlog [req-c350a6aa-6ea5-4bbc-a80c-a09acbccb4f7 req-8d45a7ac-8d59-4c88-82df-fc08f1252927 service placement] 10.222.0.61 "GET /placement/resource_providers/b597cf94-a339-4428-ad0b-a1a9cc1920aa/inventories" status: 200 len: 398 microversion: 1.0
Aug 24 14:57:39.965246 n-d-773646-8 devstack@placement-api.service[101630]: [pid: 101630|app: 0|req: 239/486] 10.222.0.61 () {58 vars in 1391 bytes} [Tue Aug 24 14:57:39 2021] GET /placement/resource_providers/b597cf94-a339-4428-ad0b-a1a9cc1920aa/inventories => generated 398 bytes in 29 msecs (HTTP/1.1 200) 6 headers in 224 bytes (1 switches on core 0)
Aug 24 14:57:39.988161 n-d-773646-8 devstack@placement-api.service[101629]: DEBUG placement.requestlog [req-c350a6aa-6ea5-4bbc-a80c-a09acbccb4f7 req-8b319bae-a166-449a-b03a-2d5048bcf9e0 None None] Starting request: 10.222.0.61 "GET /placement/resource_providers/b597cf94-a339-4428-ad0b-a1a9cc1920aa/aggregates" {{(pid=101629) __call__ /opt/stack/placement/placement/requestlog.py:55}}
Aug 24 14:57:40.005688 n-d-773646-8 devstack@placement-api.service[101629]: INFO placement.requestlog [req-c350a6aa-6ea5-4bbc-a80c-a09acbccb4f7 req-8b319bae-a166-449a-b03a-2d5048bcf9e0 service placement] 10.222.0.61 "GET /placement/resource_providers/b597cf94-a339-4428-ad0b-a1a9cc1920aa/aggregates" status: 200 len: 54 microversion: 1.19
Aug 24 14:57:40.006643 n-d-773646-8 devstack@placement-api.service[101629]: [pid: 101629|app: 0|req: 248/487] 10.222.0.61 () {60 vars in 1432 bytes} [Tue Aug 24 14:57:39 2021] GET /placement/resource_providers/b597cf94-a339-4428-ad0b-a1a9cc1920aa/aggregates => generated 54 bytes in 18 msecs (HTTP/1.1 200) 8 headers in 295 bytes (1 switches on core 0)
Aug 24 14:57:40.020951 n-d-773646-8 devstack@placement-api.service[101630]: DEBUG placement.requestlog [req-c350a6aa-6ea5-4bbc-a80c-a09acbccb4f7 req-f622d98e-2acc-4b07-aade-ffa757a37ea9 None None] Starting request: 10.222.0.61 "GET /placement/resource_providers/b597cf94-a339-4428-ad0b-a1a9cc1920aa/traits" {{(pid=101630) __call__ /opt/stack/placement/placement/requestlog.py:55}}
Aug 24 14:57:40.078151 n-d-773646-8 devstack@placement-api.service[101630]: INFO placement.requestlog [req-c350a6aa-6ea5-4bbc-a80c-a09acbccb4f7 req-f622d98e-2acc-4b07-aade-ffa757a37ea9 service placement] 10.222.0.61 "GET /placement/resource_providers/b597cf94-a339-4428-ad0b-a1a9cc1920aa/traits" status: 200 len: 212 microversion: 1.6
Aug 24 14:57:40.079630 n-d-773646-8 devstack@placement-api.service[101630]: [pid: 101630|app: 0|req: 240/488] 10.222.0.61 () {60 vars in 1419 bytes} [Tue Aug 24 14:57:40 2021] GET /placement/resource_providers/b597cf94-a339-4428-ad0b-a1a9cc1920aa/traits => generated 212 bytes in 59 msecs (HTTP/1.1 200) 6 headers in 224 bytes (1 switches on core 0)
Aug 24 14:57:40.415044 n-d-773646-8 devstack@placement-api.service[101629]: DEBUG placement.requestlog [req-1b79bfd0-f3ca-404a-99f5-500ca238544d req-72d14d1d-232a-432e-a5a6-7e516ac0466d None None] Starting request: 10.222.0.46 "GET /placement/allocations/adc9d7f1-ac09-499f-a508-14075b9385b0" {{(pid=101629) __call__ /opt/stack/placement/placement/requestlog.py:55}}
Aug 24 14:57:40.447266 n-d-773646-8 devstack@placement-api.service[101630]: DEBUG placement.requestlog [req-c350a6aa-6ea5-4bbc-a80c-a09acbccb4f7 req-2b2e8a31-6e26-4dd6-8189-8631cc4628c3 None None] Starting request: 10.222.0.61 "GET /placement/allocations/7313c255-2085-48e1-a274-160211acd579" {{(pid=101630) __call__ /opt/stack/placement/placement/requestlog.py:55}}
Aug 24 14:57:40.470670 n-d-773646-8 devstack@placement-api.service[101630]: INFO placement.requestlog [req-c350a6aa-6ea5-4bbc-a80c-a09acbccb4f7 req-2b2e8a31-6e26-4dd6-8189-8631cc4628c3 service placement] 10.222.0.61 "GET /placement/allocations/7313c255-2085-48e1-a274-160211acd579" status: 200 len: 259 microversion: 1.28
Aug 24 14:57:40.470913 n-d-773646-8 devstack@placement-api.service[101630]: [pid: 101630|app: 0|req: 241/489] 10.222.0.61 () {60 vars in 1378 bytes} [Tue Aug 24 14:57:40 2021] GET /placement/allocations/7313c255-2085-48e1-a274-160211acd579 => generated 259 bytes in 24 msecs (HTTP/1.1 200) 8 headers in 296 bytes (2 switches on core 0)
Aug 24 14:57:40.473945 n-d-773646-8 devstack@placement-api.service[101629]: INFO placement.requestlog [req-1b79bfd0-f3ca-404a-99f5-500ca238544d req-72d14d1d-232a-432e-a5a6-7e516ac0466d service placement] 10.222.0.46 "GET /placement/allocations/adc9d7f1-ac09-499f-a508-14075b9385b0" status: 200 len: 259 microversion: 1.28
Aug 24 14:57:40.474424 n-d-773646-8 devstack@placement-api.service[101629]: [pid: 101629|app: 0|req: 249/490] 10.222.0.46 () {60 vars in 1378 bytes} [Tue Aug 24 14:57:40 2021] GET /placement/allocations/adc9d7f1-ac09-499f-a508-14075b9385b0 => generated 259 bytes in 60 msecs (HTTP/1.1 200) 8 headers in 296 bytes (2 switches on core 0)
Aug 24 14:57:40.479967 n-d-773646-8 devstack@placement-api.service[101630]: DEBUG placement.requestlog [req-c350a6aa-6ea5-4bbc-a80c-a09acbccb4f7 req-ba575800-2c19-4204-aa14-85c5d4a5e582 None None] Starting request: 10.222.0.61 "PUT /placement/allocations/7313c255-2085-48e1-a274-160211acd579" {{(pid=101630) __call__ /opt/stack/placement/placement/requestlog.py:55}}
Aug 24 14:57:40.485092 n-d-773646-8 devstack@placement-api.service[101629]: DEBUG placement.requestlog [req-1b79bfd0-f3ca-404a-99f5-500ca238544d req-52d3a88d-6b5a-41de-90d7-2fd881ae361f None None] Starting request: 10.222.0.46 "PUT /placement/allocations/adc9d7f1-ac09-499f-a508-14075b9385b0" {{(pid=101629) __call__ /opt/stack/placement/placement/requestlog.py:55}}
Aug 24 14:57:40.580266 n-d-773646-8 devstack@placement-api.service[101630]: DEBUG placement.handlers.allocation [req-c350a6aa-6ea5-4bbc-a80c-a09acbccb4f7 req-ba575800-2c19-4204-aa14-85c5d4a5e582 service placement] Successfully wrote allocations [, , ] {{(pid=101630) _create_allocations /opt/stack/placement/placement/handlers/allocation.py:435}}
Aug 24 14:57:40.581579 n-d-773646-8 devstack@placement-api.service[101630]: INFO placement.requestlog [req-c350a6aa-6ea5-4bbc-a80c-a09acbccb4f7 req-ba575800-2c19-4204-aa14-85c5d4a5e582 service placement] 10.222.0.61 "PUT /placement/allocations/7313c255-2085-48e1-a274-160211acd579" status: 204 len: 0 microversion: 1.28
Aug 24 14:57:40.582327 n-d-773646-8 devstack@placement-api.service[101630]: [pid: 101630|app: 0|req: 242/491] 10.222.0.61 () {64 vars in 1431 bytes} [Tue Aug 24 14:57:40 2021] PUT /placement/allocations/7313c255-2085-48e1-a274-160211acd579 => generated 0 bytes in 102 msecs (HTTP/1.1 204) 5 headers in 199 bytes (2 switches on core 0)
Aug 24 14:57:40.583232 n-d-773646-8 devstack@placement-api.service[101630]: DEBUG placement.requestlog [req-3ca2f6c6-9c15-4c3c-ad95-eed5ef80426a req-fe4a2603-d9de-4bcd-816a-7a7959391fa8 None None] Starting request: 10.222.0.46 "GET /placement/resource_providers/b6da0c70-cf46-4baf-8006-05235a4f30db/allocations" {{(pid=101630) __call__ /opt/stack/placement/placement/requestlog.py:55}}
Aug 24 14:57:40.606251 n-d-773646-8 devstack@placement-api.service[101629]: DEBUG placement.handlers.allocation [req-1b79bfd0-f3ca-404a-99f5-500ca238544d req-52d3a88d-6b5a-41de-90d7-2fd881ae361f service placement] Successfully wrote allocations [, , ] {{(pid=101629) _create_allocations /opt/stack/placement/placement/handlers/allocation.py:435}}
Aug 24 14:57:40.607069 n-d-773646-8 devstack@placement-api.service[101629]: INFO placement.requestlog [req-1b79bfd0-f3ca-404a-99f5-500ca238544d req-52d3a88d-6b5a-41de-90d7-2fd881ae361f service placement] 10.222.0.46 "PUT /placement/allocations/adc9d7f1-ac09-499f-a508-14075b9385b0" status: 204 len: 0 microversion: 1.28
Aug 24 14:57:40.607619 n-d-773646-8 devstack@placement-api.service[101629]: [pid: 101629|app: 0|req: 250/492] 10.222.0.46 () {64 vars in 1431 bytes} [Tue Aug 24 14:57:40 2021] PUT /placement/allocations/adc9d7f1-ac09-499f-a508-14075b9385b0 => generated 0 bytes in 125 msecs (HTTP/1.1 204) 5 headers in 199 bytes (1 switches on core 0)
Aug 24 14:57:40.620985 n-d-773646-8 devstack@placement-api.service[101630]: INFO placement.requestlog [req-3ca2f6c6-9c15-4c3c-ad95-eed5ef80426a req-fe4a2603-d9de-4bcd-816a-7a7959391fa8 service placement] 10.222.0.46 "GET /placement/resource_providers/b6da0c70-cf46-4baf-8006-05235a4f30db/allocations" status: 200 len: 241 microversion: 1.0
Aug 24 14:57:40.622917 n-d-773646-8 devstack@placement-api.service[101630]: [pid: 101630|app: 0|req: 243/493] 10.222.0.46 () {58 vars in 1391 bytes} [Tue Aug 24 14:57:40 2021] GET /placement/resource_providers/b6da0c70-cf46-4baf-8006-05235a4f30db/allocations => generated 241 bytes in 39 msecs (HTTP/1.1 200) 6 headers in 224 bytes (1 switches on core 0)
Aug 24 14:57:43.700096 n-d-773646-8 devstack@placement-api.service[101629]: DEBUG placement.requestlog [req-9592b505-9af6-4f9a-b639-1edb97c684ba req-56cd81cf-314f-4295-a696-5aa79c04b3bb None None] Starting request: 10.222.0.67 "GET /placement/allocation_candidates?limit=1000&resources=DISK_GB%3A1%2CMEMORY_MB%3A1024%2CVCPU%3A1&root_required=%21COMPUTE_STATUS_DISABLED" {{(pid=101629) __call__ /opt/stack/placement/placement/requestlog.py:55}}
Aug 24 14:57:43.759937 n-d-773646-8 devstack@placement-api.service[101629]: DEBUG placement.objects.research_context [req-9592b505-9af6-4f9a-b639-1edb97c684ba req-56cd81cf-314f-4295-a696-5aa79c04b3bb service placement] getting providers with 1 DISK_GB {{(pid=101629) __init__ /opt/stack/placement/placement/objects/research_context.py:126}}
Aug 24 14:57:43.777348 n-d-773646-8 devstack@placement-api.service[101629]: DEBUG placement.objects.research_context [req-9592b505-9af6-4f9a-b639-1edb97c684ba req-56cd81cf-314f-4295-a696-5aa79c04b3bb service placement] getting providers with 1024 MEMORY_MB {{(pid=101629) __init__ /opt/stack/placement/placement/objects/research_context.py:126}}
Aug 24 14:57:43.807824 n-d-773646-8 devstack@placement-api.service[101629]: DEBUG placement.objects.research_context [req-9592b505-9af6-4f9a-b639-1edb97c684ba req-56cd81cf-314f-4295-a696-5aa79c04b3bb service placement] getting providers with 1 VCPU {{(pid=101629) __init__ /opt/stack/placement/placement/objects/research_context.py:126}}
Aug 24 14:57:43.828462 n-d-773646-8 devstack@placement-api.service[101629]: DEBUG placement.objects.research_context [req-9592b505-9af6-4f9a-b639-1edb97c684ba req-56cd81cf-314f-4295-a696-5aa79c04b3bb service placement] found 2 providers with available 1 DISK_GB {{(pid=101629) get_provider_ids_matching /opt/stack/placement/placement/objects/research_context.py:549}}
Aug 24 14:57:43.828741 n-d-773646-8 devstack@placement-api.service[101629]: DEBUG placement.objects.research_context [req-9592b505-9af6-4f9a-b639-1edb97c684ba req-56cd81cf-314f-4295-a696-5aa79c04b3bb service placement] found 2 providers with available 1024 MEMORY_MB {{(pid=101629) get_provider_ids_matching /opt/stack/placement/placement/objects/research_context.py:549}}
Aug 24 14:57:43.836367 n-d-773646-8 devstack@placement-api.service[101629]: DEBUG placement.objects.research_context [req-9592b505-9af6-4f9a-b639-1edb97c684ba req-56cd81cf-314f-4295-a696-5aa79c04b3bb service placement] found 2 providers after filtering by previous result {{(pid=101629) get_provider_ids_matching /opt/stack/placement/placement/objects/research_context.py:580}}
Aug 24 14:57:43.836916 n-d-773646-8 devstack@placement-api.service[101629]: DEBUG placement.objects.research_context [req-9592b505-9af6-4f9a-b639-1edb97c684ba req-56cd81cf-314f-4295-a696-5aa79c04b3bb service placement] found 2 providers with available 1 VCPU {{(pid=101629) get_provider_ids_matching /opt/stack/placement/placement/objects/research_context.py:549}}
Aug 24 14:57:43.837367 n-d-773646-8 devstack@placement-api.service[101629]: DEBUG placement.objects.research_context [req-9592b505-9af6-4f9a-b639-1edb97c684ba req-56cd81cf-314f-4295-a696-5aa79c04b3bb service placement] found 2 providers after filtering by previous result {{(pid=101629) get_provider_ids_matching /opt/stack/placement/placement/objects/research_context.py:580}}
Aug 24 14:57:43.876176 n-d-773646-8 devstack@placement-api.service[101629]: DEBUG placement.objects.allocation_candidate [req-9592b505-9af6-4f9a-b639-1edb97c684ba req-56cd81cf-314f-4295-a696-5aa79c04b3bb service placement] RequestGroup(use_same_provider=False, resources={DISK_GB:1, MEMORY_MB:1024, VCPU:1}, traits=[], aggregates=[]) (suffix '') returned 2 matches {{(pid=101629) _get_by_requests /opt/stack/placement/placement/objects/allocation_candidate.py:145}}
Aug 24 14:57:43.876755 n-d-773646-8 devstack@placement-api.service[101629]: DEBUG placement.objects.allocation_candidate [req-9592b505-9af6-4f9a-b639-1edb97c684ba req-56cd81cf-314f-4295-a696-5aa79c04b3bb service placement] Merging candidates yields 2 allocation requests and 2 provider summaries {{(pid=101629) _merge_candidates /opt/stack/placement/placement/objects/allocation_candidate.py:783}}
Aug 24 14:57:43.893413 n-d-773646-8 devstack@placement-api.service[101629]: INFO placement.requestlog [req-9592b505-9af6-4f9a-b639-1edb97c684ba req-56cd81cf-314f-4295-a696-5aa79c04b3bb service placement] 10.222.0.67 "GET /placement/allocation_candidates?limit=1000&resources=DISK_GB%3A1%2CMEMORY_MB%3A1024%2CVCPU%3A1&root_required=%21COMPUTE_STATUS_DISABLED" status: 200 len: 1309 microversion: 1.35
Aug 24 14:57:43.897249 n-d-773646-8 devstack@placement-api.service[101629]: [pid: 101629|app: 0|req: 251/494] 10.222.0.67 () {60 vars in 1507 bytes} [Tue Aug 24 14:57:43 2021] GET /placement/allocation_candidates?limit=1000&resources=DISK_GB%3A1%2CMEMORY_MB%3A1024%2CVCPU%3A1&root_required=%21COMPUTE_STATUS_DISABLED => generated 1309 bytes in 197 msecs (HTTP/1.1 200) 8 headers in 297 bytes (1 switches on core 0)
Aug 24 14:57:44.000399 n-d-773646-8 devstack@placement-api.service[101630]: DEBUG placement.requestlog [req-9592b505-9af6-4f9a-b639-1edb97c684ba req-362d7709-dff0-4ccd-a6a6-bf4e37325431 None None] Starting request: 10.222.0.67 "GET /placement/allocations/62969c03-a4e3-40b3-bd32-2432d031e618" {{(pid=101630) __call__ /opt/stack/placement/placement/requestlog.py:55}}
Aug 24 14:57:44.020714 n-d-773646-8 devstack@placement-api.service[101630]: INFO placement.requestlog [req-9592b505-9af6-4f9a-b639-1edb97c684ba req-362d7709-dff0-4ccd-a6a6-bf4e37325431 service placement] 10.222.0.67 "GET /placement/allocations/62969c03-a4e3-40b3-bd32-2432d031e618" status: 200 len: 19 microversion: 1.28
Aug 24 14:57:44.020958 n-d-773646-8 devstack@placement-api.service[101630]: [pid: 101630|app: 0|req: 244/495] 10.222.0.67 () {60 vars in 1381 bytes} [Tue Aug 24 14:57:43 2021] GET /placement/allocations/62969c03-a4e3-40b3-bd32-2432d031e618 => generated 19 bytes in 21 msecs (HTTP/1.1 200) 8 headers in 295 bytes (1 switches on core 0)
Aug 24 14:57:44.031437 n-d-773646-8 devstack@placement-api.service[101629]: DEBUG placement.requestlog [req-9592b505-9af6-4f9a-b639-1edb97c684ba req-c96d467a-ba73-4413-b6b9-24df4da8f7f0 None None] Starting request: 10.222.0.67 "PUT /placement/allocations/62969c03-a4e3-40b3-bd32-2432d031e618" {{(pid=101629) __call__ /opt/stack/placement/placement/requestlog.py:55}}
Aug 24 14:57:44.047876 n-d-773646-8 devstack@placement-api.service[101630]: DEBUG placement.requestlog [req-0d799475-8966-4b0e-8ce2-a88aced96c97 req-bcc3babd-b55f-48b4-8d99-34259aa32c7a None None] Starting request: 10.222.0.61 "GET /placement/resource_providers/b597cf94-a339-4428-ad0b-a1a9cc1920aa/allocations" {{(pid=101630) __call__ /opt/stack/placement/placement/requestlog.py:55}}
Aug 24 14:57:44.087204 n-d-773646-8 devstack@placement-api.service[101630]: INFO placement.requestlog [req-0d799475-8966-4b0e-8ce2-a88aced96c97 req-bcc3babd-b55f-48b4-8d99-34259aa32c7a service placement] 10.222.0.61 "GET /placement/resource_providers/b597cf94-a339-4428-ad0b-a1a9cc1920aa/allocations" status: 200 len: 544 microversion: 1.0
Aug 24 14:57:44.088087 n-d-773646-8 devstack@placement-api.service[101630]: [pid: 101630|app: 0|req: 245/496] 10.222.0.61 () {58 vars in 1391 bytes} [Tue Aug 24 14:57:44 2021] GET /placement/resource_providers/b597cf94-a339-4428-ad0b-a1a9cc1920aa/allocations => generated 544 bytes in 40 msecs (HTTP/1.1 200) 6 headers in 224 bytes (2 switches on core 0)
Aug 24 14:57:44.152873 n-d-773646-8 devstack@placement-api.service[101629]: DEBUG placement.handlers.allocation [req-9592b505-9af6-4f9a-b639-1edb97c684ba req-c96d467a-ba73-4413-b6b9-24df4da8f7f0 service placement] Successfully wrote allocations [, , ] {{(pid=101629) _create_allocations /opt/stack/placement/placement/handlers/allocation.py:435}}
Aug 24 14:57:44.153856 n-d-773646-8 devstack@placement-api.service[101629]: INFO placement.requestlog [req-9592b505-9af6-4f9a-b639-1edb97c684ba req-c96d467a-ba73-4413-b6b9-24df4da8f7f0 service placement] 10.222.0.67 "PUT /placement/allocations/62969c03-a4e3-40b3-bd32-2432d031e618" status: 204 len: 0 microversion: 1.35
Aug 24 14:57:44.154320 n-d-773646-8 devstack@placement-api.service[101629]: [pid: 101629|app: 0|req: 252/497] 10.222.0.67 () {64 vars in 1434 bytes} [Tue Aug 24 14:57:44 2021] PUT /placement/allocations/62969c03-a4e3-40b3-bd32-2432d031e618 => generated 0 bytes in 123 msecs (HTTP/1.1 204) 5 headers in 199 bytes (1 switches on core 0)
Aug 24 14:57:44.652788 n-d-773646-8 devstack@placement-api.service[101630]: DEBUG placement.requestlog [req-9592b505-9af6-4f9a-b639-1edb97c684ba req-55e4588b-451c-4913-b53d-369429dd8b74 None None] Starting request: 10.222.0.46 "GET /placement/allocations/62969c03-a4e3-40b3-bd32-2432d031e618" {{(pid=101630) __call__ /opt/stack/placement/placement/requestlog.py:55}}
Aug 24 14:57:44.689343 n-d-773646-8 devstack@placement-api.service[101630]: INFO placement.requestlog [req-9592b505-9af6-4f9a-b639-1edb97c684ba req-55e4588b-451c-4913-b53d-369429dd8b74 service placement] 10.222.0.46 "GET /placement/allocations/62969c03-a4e3-40b3-bd32-2432d031e618" status: 200 len: 259 microversion: 1.28
Aug 24 14:57:44.691735 n-d-773646-8 devstack@placement-api.service[101630]: [pid: 101630|app: 0|req: 246/498] 10.222.0.46 () {60 vars in 1378 bytes} [Tue Aug 24 14:57:44 2021] GET /placement/allocations/62969c03-a4e3-40b3-bd32-2432d031e618 => generated 259 bytes in 39 msecs (HTTP/1.1 200) 8 headers in 296 bytes (1 switches on core 0)
Aug 24 14:57:45.139284 n-d-773646-8 devstack@placement-api.service[101629]: DEBUG placement.requestlog [req-7bb45234-ff47-4d0c-bd94-3a6f65d1b06b req-215e3360-ce27-4078-b3d0-bc4f4b7b463a None None] Starting request: 10.222.0.67 "GET /placement/allocation_candidates?limit=1000&resources=DISK_GB%3A1%2CMEMORY_MB%3A1024%2CVCPU%3A1&root_required=%21COMPUTE_STATUS_DISABLED" {{(pid=101629) __call__ /opt/stack/placement/placement/requestlog.py:55}}
Aug 24 14:57:45.194811 n-d-773646-8 devstack@placement-api.service[101629]: DEBUG placement.objects.research_context [req-7bb45234-ff47-4d0c-bd94-3a6f65d1b06b req-215e3360-ce27-4078-b3d0-bc4f4b7b463a service placement] getting providers with 1 DISK_GB {{(pid=101629) __init__ /opt/stack/placement/placement/objects/research_context.py:126}}
Aug 24 14:57:45.209510 n-d-773646-8 devstack@placement-api.service[101629]: DEBUG placement.objects.research_context [req-7bb45234-ff47-4d0c-bd94-3a6f65d1b06b req-215e3360-ce27-4078-b3d0-bc4f4b7b463a service placement] getting providers with 1024 MEMORY_MB {{(pid=101629) __init__ /opt/stack/placement/placement/objects/research_context.py:126}}
Aug 24 14:57:45.221796 n-d-773646-8 devstack@placement-api.service[101629]: DEBUG placement.objects.research_context [req-7bb45234-ff47-4d0c-bd94-3a6f65d1b06b req-215e3360-ce27-4078-b3d0-bc4f4b7b463a service placement] getting providers with 1 VCPU {{(pid=101629) __init__ /opt/stack/placement/placement/objects/research_context.py:126}}
Aug 24 14:57:45.234772 n-d-773646-8 devstack@placement-api.service[101629]: DEBUG placement.objects.research_context [req-7bb45234-ff47-4d0c-bd94-3a6f65d1b06b req-215e3360-ce27-4078-b3d0-bc4f4b7b463a service placement] found 2 providers with available 1 DISK_GB {{(pid=101629) get_provider_ids_matching /opt/stack/placement/placement/objects/research_context.py:549}}
Aug 24 14:57:45.235437 n-d-773646-8 devstack@placement-api.service[101629]: DEBUG placement.objects.research_context [req-7bb45234-ff47-4d0c-bd94-3a6f65d1b06b req-215e3360-ce27-4078-b3d0-bc4f4b7b463a service placement] found 2 providers with available 1024 MEMORY_MB {{(pid=101629) get_provider_ids_matching /opt/stack/placement/placement/objects/research_context.py:549}}
Aug 24 14:57:45.237209 n-d-773646-8 devstack@placement-api.service[101629]: DEBUG placement.objects.research_context [req-7bb45234-ff47-4d0c-bd94-3a6f65d1b06b req-215e3360-ce27-4078-b3d0-bc4f4b7b463a service placement] found 2 providers after filtering by previous result {{(pid=101629) get_provider_ids_matching /opt/stack/placement/placement/objects/research_context.py:580}}
Aug 24 14:57:45.237718 n-d-773646-8 devstack@placement-api.service[101629]: DEBUG placement.objects.research_context [req-7bb45234-ff47-4d0c-bd94-3a6f65d1b06b req-215e3360-ce27-4078-b3d0-bc4f4b7b463a service placement] found 2 providers with available 1 VCPU {{(pid=101629) get_provider_ids_matching /opt/stack/placement/placement/objects/research_context.py:549}}
Aug 24 14:57:45.238209 n-d-773646-8 devstack@placement-api.service[101629]: DEBUG placement.objects.research_context [req-7bb45234-ff47-4d0c-bd94-3a6f65d1b06b req-215e3360-ce27-4078-b3d0-bc4f4b7b463a service placement] found 2 providers after filtering by previous result {{(pid=101629) get_provider_ids_matching /opt/stack/placement/placement/objects/research_context.py:580}}
Aug 24 14:57:45.265398 n-d-773646-8 devstack@placement-api.service[101629]: DEBUG placement.objects.allocation_candidate [req-7bb45234-ff47-4d0c-bd94-3a6f65d1b06b req-215e3360-ce27-4078-b3d0-bc4f4b7b463a service placement] RequestGroup(use_same_provider=False, resources={DISK_GB:1, MEMORY_MB:1024, VCPU:1}, traits=[], aggregates=[]) (suffix '') returned 2 matches {{(pid=101629) _get_by_requests /opt/stack/placement/placement/objects/allocation_candidate.py:145}}
Aug 24 14:57:45.267293 n-d-773646-8 devstack@placement-api.service[101629]: DEBUG placement.objects.allocation_candidate [req-7bb45234-ff47-4d0c-bd94-3a6f65d1b06b req-215e3360-ce27-4078-b3d0-bc4f4b7b463a service placement] Merging candidates yields 2 allocation requests and 2 provider summaries {{(pid=101629) _merge_candidates /opt/stack/placement/placement/objects/allocation_candidate.py:783}}
Aug 24 14:57:45.269765 n-d-773646-8 devstack@placement-api.service[101629]: INFO placement.requestlog [req-7bb45234-ff47-4d0c-bd94-3a6f65d1b06b req-215e3360-ce27-4078-b3d0-bc4f4b7b463a service placement] 10.222.0.67 "GET /placement/allocation_candidates?limit=1000&resources=DISK_GB%3A1%2CMEMORY_MB%3A1024%2CVCPU%3A1&root_required=%21COMPUTE_STATUS_DISABLED" status: 200 len: 1309 microversion: 1.35
Aug 24 14:57:45.271629 n-d-773646-8 devstack@placement-api.service[101629]: [pid: 101629|app: 0|req: 253/499] 10.222.0.67 () {60 vars in 1507 bytes} [Tue Aug 24 14:57:45 2021] GET /placement/allocation_candidates?limit=1000&resources=DISK_GB%3A1%2CMEMORY_MB%3A1024%2CVCPU%3A1&root_required=%21COMPUTE_STATUS_DISABLED => generated 1309 bytes in 133 msecs (HTTP/1.1 200) 8 headers in 297 bytes (1 switches on core 0)
Aug 24 14:57:45.394070 n-d-773646-8 devstack@placement-api.service[101630]: DEBUG placement.requestlog [req-7bb45234-ff47-4d0c-bd94-3a6f65d1b06b req-3cbd9570-8708-4fad-acba-98f9c42378d8 None None] Starting request: 10.222.0.67 "GET /placement/allocations/313889c1-7e27-4fd5-8b83-808be816a05c" {{(pid=101630) __call__ /opt/stack/placement/placement/requestlog.py:55}}
Aug 24 14:57:45.409188 n-d-773646-8 devstack@placement-api.service[101630]: INFO placement.requestlog [req-7bb45234-ff47-4d0c-bd94-3a6f65d1b06b req-3cbd9570-8708-4fad-acba-98f9c42378d8 service placement] 10.222.0.67 "GET /placement/allocations/313889c1-7e27-4fd5-8b83-808be816a05c" status: 200 len: 19 microversion: 1.28
Aug 24 14:57:45.413723 n-d-773646-8 devstack@placement-api.service[101630]: [pid: 101630|app: 0|req: 247/500] 10.222.0.67 () {60 vars in 1381 bytes} [Tue Aug 24 14:57:45 2021] GET /placement/allocations/313889c1-7e27-4fd5-8b83-808be816a05c => generated 19 bytes in 21 msecs (HTTP/1.1 200) 8 headers in 295 bytes (1 switches on core 0)
Aug 24 14:57:45.417986 n-d-773646-8 devstack@placement-api.service[101629]: DEBUG placement.requestlog [req-7bb45234-ff47-4d0c-bd94-3a6f65d1b06b req-745e687f-a7f5-4666-bc1c-6a0377d4be5c None None] Starting request: 10.222.0.67 "PUT /placement/allocations/313889c1-7e27-4fd5-8b83-808be816a05c" {{(pid=101629) __call__ /opt/stack/placement/placement/requestlog.py:55}}
Aug 24 14:57:45.559173 n-d-773646-8 devstack@placement-api.service[101629]: DEBUG placement.handlers.allocation [req-7bb45234-ff47-4d0c-bd94-3a6f65d1b06b req-745e687f-a7f5-4666-bc1c-6a0377d4be5c service placement] Successfully wrote allocations [, , ] {{(pid=101629) _create_allocations /opt/stack/placement/placement/handlers/allocation.py:435}}
Aug 24 14:57:45.559954 n-d-773646-8 devstack@placement-api.service[101629]: INFO placement.requestlog [req-7bb45234-ff47-4d0c-bd94-3a6f65d1b06b req-745e687f-a7f5-4666-bc1c-6a0377d4be5c service placement] 10.222.0.67 "PUT /placement/allocations/313889c1-7e27-4fd5-8b83-808be816a05c" status: 204 len: 0 microversion: 1.35
Aug 24 14:57:45.560309 n-d-773646-8 devstack@placement-api.service[101629]: [pid: 101629|app: 0|req: 254/501] 10.222.0.67 () {64 vars in 1434 bytes} [Tue Aug 24 14:57:45 2021] PUT /placement/allocations/313889c1-7e27-4fd5-8b83-808be816a05c => generated 0 bytes in 143 msecs (HTTP/1.1 204) 5 headers in 199 bytes (1 switches on core 0)
Aug 24 14:57:46.247725 n-d-773646-8 devstack@placement-api.service[101630]: DEBUG placement.requestlog [req-7bb45234-ff47-4d0c-bd94-3a6f65d1b06b req-04a6c46d-de0b-4e6f-98b6-742fe7cd84a0 None None] Starting request: 10.222.0.61 "GET /placement/allocations/313889c1-7e27-4fd5-8b83-808be816a05c" {{(pid=101630) __call__ /opt/stack/placement/placement/requestlog.py:55}}
Aug 24 14:57:46.278829 n-d-773646-8 devstack@placement-api.service[101630]: INFO placement.requestlog [req-7bb45234-ff47-4d0c-bd94-3a6f65d1b06b req-04a6c46d-de0b-4e6f-98b6-742fe7cd84a0 service placement] 10.222.0.61 "GET /placement/allocations/313889c1-7e27-4fd5-8b83-808be816a05c" status: 200 len: 259 microversion: 1.28
Aug 24 14:57:46.299704 n-d-773646-8 devstack@placement-api.service[101630]: [pid: 101630|app: 0|req: 248/502] 10.222.0.61 () {60 vars in 1378 bytes} [Tue Aug 24 14:57:46 2021] GET /placement/allocations/313889c1-7e27-4fd5-8b83-808be816a05c => generated 259 bytes in 34 msecs (HTTP/1.1 200) 8 headers in 296 bytes (2 switches on core 0)
Aug 24 14:57:49.890194 n-d-773646-8 devstack@placement-api.service[101629]: DEBUG placement.requestlog [req-7bfdbe42-3750-4caf-90e0-f07b2d704a2f req-f8bed29e-88a9-4f88-9c3a-5ec8ddc16cea None None] Starting request: 10.222.0.61 "GET /placement/allocations/48295b45-12c7-45ba-84a7-fb6a701dea14" {{(pid=101629) __call__ /opt/stack/placement/placement/requestlog.py:55}}
Aug 24 14:57:49.911135 n-d-773646-8 devstack@placement-api.service[101629]: INFO placement.requestlog [req-7bfdbe42-3750-4caf-90e0-f07b2d704a2f req-f8bed29e-88a9-4f88-9c3a-5ec8ddc16cea service placement] 10.222.0.61 "GET /placement/allocations/48295b45-12c7-45ba-84a7-fb6a701dea14" status: 200 len: 259 microversion: 1.28
Aug 24 14:57:49.912263 n-d-773646-8 devstack@placement-api.service[101629]: [pid: 101629|app: 0|req: 255/503] 10.222.0.61 () {60 vars in 1378 bytes} [Tue Aug 24 14:57:49 2021] GET /placement/allocations/48295b45-12c7-45ba-84a7-fb6a701dea14 => generated 259 bytes in 22 msecs (HTTP/1.1 200) 8 headers in 296 bytes (1 switches on core 0)
Aug 24 14:57:49.923143 n-d-773646-8 devstack@placement-api.service[101630]: DEBUG placement.requestlog [req-7bfdbe42-3750-4caf-90e0-f07b2d704a2f req-378120df-894b-4c98-9e95-c576844f18aa None None] Starting request: 10.222.0.61 "PUT /placement/allocations/48295b45-12c7-45ba-84a7-fb6a701dea14" {{(pid=101630) __call__ /opt/stack/placement/placement/requestlog.py:55}}
Aug 24 14:57:50.007766 n-d-773646-8 devstack@placement-api.service[101630]: DEBUG placement.handlers.allocation [req-7bfdbe42-3750-4caf-90e0-f07b2d704a2f req-378120df-894b-4c98-9e95-c576844f18aa service placement] Successfully wrote allocations [, , ] {{(pid=101630) _create_allocations /opt/stack/placement/placement/handlers/allocation.py:435}}
Aug 24 14:57:50.008276 n-d-773646-8 devstack@placement-api.service[101630]: INFO placement.requestlog [req-7bfdbe42-3750-4caf-90e0-f07b2d704a2f req-378120df-894b-4c98-9e95-c576844f18aa service placement] 10.222.0.61 "PUT /placement/allocations/48295b45-12c7-45ba-84a7-fb6a701dea14" status: 204 len: 0 microversion: 1.28
Aug 24 14:57:50.008810 n-d-773646-8 devstack@placement-api.service[101630]: [pid: 101630|app: 0|req: 249/504] 10.222.0.61 () {64 vars in 1431 bytes} [Tue Aug 24 14:57:49 2021] PUT /placement/allocations/48295b45-12c7-45ba-84a7-fb6a701dea14 => generated 0 bytes in 86 msecs (HTTP/1.1 204) 5 headers in 199 bytes (1 switches on core 0)
Aug 24 14:58:00.202042 n-d-773646-8 devstack@placement-api.service[101629]: DEBUG placement.requestlog [req-61b47e8a-b248-408b-94ac-a778393d2ad9 req-ea783112-b95e-483b-a69a-a3c2ee76c4ee None None] Starting request: 10.222.0.61 "GET /placement/allocations/9c6bec0d-7d4f-45a2-9688-d289f5de1d1f" {{(pid=101629) __call__ /opt/stack/placement/placement/requestlog.py:55}}
Aug 24 14:58:00.229699 n-d-773646-8 devstack@placement-api.service[101629]: INFO placement.requestlog [req-61b47e8a-b248-408b-94ac-a778393d2ad9 req-ea783112-b95e-483b-a69a-a3c2ee76c4ee service placement] 10.222.0.61 "GET /placement/allocations/9c6bec0d-7d4f-45a2-9688-d289f5de1d1f" status: 200 len: 259 microversion: 1.28
Aug 24 14:58:00.231747 n-d-773646-8 devstack@placement-api.service[101629]: [pid: 101629|app: 0|req: 256/505] 10.222.0.61 () {60 vars in 1378 bytes} [Tue Aug 24 14:58:00 2021] GET /placement/allocations/9c6bec0d-7d4f-45a2-9688-d289f5de1d1f => generated 259 bytes in 30 msecs (HTTP/1.1 200) 8 headers in 296 bytes (1 switches on core 0)
Aug 24 14:58:00.240892 n-d-773646-8 devstack@placement-api.service[101630]: DEBUG placement.requestlog [req-61b47e8a-b248-408b-94ac-a778393d2ad9 req-19e75120-f676-462a-ac64-1e895754b4fe None None] Starting request: 10.222.0.61 "PUT /placement/allocations/9c6bec0d-7d4f-45a2-9688-d289f5de1d1f" {{(pid=101630) __call__ /opt/stack/placement/placement/requestlog.py:55}}
Aug 24 14:58:00.375861 n-d-773646-8 devstack@placement-api.service[101630]: DEBUG placement.handlers.allocation [req-61b47e8a-b248-408b-94ac-a778393d2ad9 req-19e75120-f676-462a-ac64-1e895754b4fe service placement] Successfully wrote allocations [, , ] {{(pid=101630) _create_allocations /opt/stack/placement/placement/handlers/allocation.py:435}}
Aug 24 14:58:00.375861 n-d-773646-8 devstack@placement-api.service[101630]: INFO placement.requestlog [req-61b47e8a-b248-408b-94ac-a778393d2ad9 req-19e75120-f676-462a-ac64-1e895754b4fe service placement] 10.222.0.61 "PUT /placement/allocations/9c6bec0d-7d4f-45a2-9688-d289f5de1d1f" status: 204 len: 0 microversion: 1.28
Aug 24 14:58:00.375861 n-d-773646-8 devstack@placement-api.service[101630]: [pid: 101630|app: 0|req: 250/506] 10.222.0.61 () {64 vars in 1431 bytes} [Tue Aug 24 14:58:00 2021] PUT /placement/allocations/9c6bec0d-7d4f-45a2-9688-d289f5de1d1f => generated 0 bytes in 135 msecs (HTTP/1.1 204) 5 headers in 199 bytes (2 switches on core 0)
Aug 24 14:58:11.031205 n-d-773646-8 devstack@placement-api.service[101629]: DEBUG placement.requestlog [req-913b52fd-7ce3-40b6-a069-33ca11988bce req-acb5fc60-b597-451a-a6ad-6a084eeb311e None None] Starting request: 10.222.0.61 "GET /placement/allocations/313889c1-7e27-4fd5-8b83-808be816a05c" {{(pid=101629) __call__ /opt/stack/placement/placement/requestlog.py:55}}
Aug 24 14:58:11.068182 n-d-773646-8 devstack@placement-api.service[101629]: INFO placement.requestlog [req-913b52fd-7ce3-40b6-a069-33ca11988bce req-acb5fc60-b597-451a-a6ad-6a084eeb311e service placement] 10.222.0.61 "GET /placement/allocations/313889c1-7e27-4fd5-8b83-808be816a05c" status: 200 len: 259 microversion: 1.28
Aug 24 14:58:11.071449 n-d-773646-8 devstack@placement-api.service[101629]: [pid: 101629|app: 0|req: 257/507] 10.222.0.61 () {60 vars in 1378 bytes} [Tue Aug 24 14:58:11 2021] GET /placement/allocations/313889c1-7e27-4fd5-8b83-808be816a05c => generated 259 bytes in 40 msecs (HTTP/1.1 200) 8 headers in 296 bytes (1 switches on core 0)
Aug 24 14:58:11.077927 n-d-773646-8 devstack@placement-api.service[101630]: DEBUG placement.requestlog [req-913b52fd-7ce3-40b6-a069-33ca11988bce req-2225693b-f33d-46c6-a5ed-1a7b3690b12e None None] Starting request: 10.222.0.61 "PUT /placement/allocations/313889c1-7e27-4fd5-8b83-808be816a05c" {{(pid=101630) __call__ /opt/stack/placement/placement/requestlog.py:55}}
Aug 24 14:58:11.214063 n-d-773646-8 devstack@placement-api.service[101630]: DEBUG placement.handlers.allocation [req-913b52fd-7ce3-40b6-a069-33ca11988bce req-2225693b-f33d-46c6-a5ed-1a7b3690b12e service placement] Successfully wrote allocations [, , ] {{(pid=101630) _create_allocations /opt/stack/placement/placement/handlers/allocation.py:435}}
Aug 24 14:58:11.214573 n-d-773646-8 devstack@placement-api.service[101630]: INFO placement.requestlog [req-913b52fd-7ce3-40b6-a069-33ca11988bce req-2225693b-f33d-46c6-a5ed-1a7b3690b12e service placement] 10.222.0.61 "PUT /placement/allocations/313889c1-7e27-4fd5-8b83-808be816a05c" status: 204 len: 0 microversion: 1.28
Aug 24 14:58:11.215251 n-d-773646-8 devstack@placement-api.service[101630]: [pid: 101630|app: 0|req: 251/508] 10.222.0.61 () {64 vars in 1431 bytes} [Tue Aug 24 14:58:11 2021] PUT /placement/allocations/313889c1-7e27-4fd5-8b83-808be816a05c => generated 0 bytes in 137 msecs (HTTP/1.1 204) 5 headers in 199 bytes (1 switches on core 0)
Aug 24 14:58:19.620930 n-d-773646-8 devstack@placement-api.service[101629]: DEBUG placement.requestlog [req-33af4635-570b-46e8-9402-778b7711b3f0 req-08b10500-4769-4024-bdd8-57d675efa469 None None] Starting request: 10.222.0.67 "GET /placement/allocation_candidates?limit=1000&resources=DISK_GB%3A1%2CMEMORY_MB%3A1024%2CVCPU%3A1&root_required=%21COMPUTE_STATUS_DISABLED" {{(pid=101629) __call__ /opt/stack/placement/placement/requestlog.py:55}}
Aug 24 14:58:19.763701 n-d-773646-8 devstack@placement-api.service[101629]: DEBUG placement.objects.research_context [req-33af4635-570b-46e8-9402-778b7711b3f0 req-08b10500-4769-4024-bdd8-57d675efa469 service placement] getting providers with 1 DISK_GB {{(pid=101629) __init__ /opt/stack/placement/placement/objects/research_context.py:126}}
Aug 24 14:58:19.787426 n-d-773646-8 devstack@placement-api.service[101629]: DEBUG placement.objects.research_context [req-33af4635-570b-46e8-9402-778b7711b3f0 req-08b10500-4769-4024-bdd8-57d675efa469 service placement] getting providers with 1024 MEMORY_MB {{(pid=101629) __init__ /opt/stack/placement/placement/objects/research_context.py:126}}
Aug 24 14:58:19.801575 n-d-773646-8 devstack@placement-api.service[101629]: DEBUG placement.objects.research_context [req-33af4635-570b-46e8-9402-778b7711b3f0 req-08b10500-4769-4024-bdd8-57d675efa469 service placement] getting providers with 1 VCPU {{(pid=101629) __init__ /opt/stack/placement/placement/objects/research_context.py:126}}
Aug 24 14:58:19.815883 n-d-773646-8 devstack@placement-api.service[101629]: DEBUG placement.objects.research_context [req-33af4635-570b-46e8-9402-778b7711b3f0 req-08b10500-4769-4024-bdd8-57d675efa469 service placement] found 2 providers with available 1 DISK_GB {{(pid=101629) get_provider_ids_matching /opt/stack/placement/placement/objects/research_context.py:549}}
Aug 24 14:58:19.816082 n-d-773646-8 devstack@placement-api.service[101629]: DEBUG placement.objects.research_context [req-33af4635-570b-46e8-9402-778b7711b3f0 req-08b10500-4769-4024-bdd8-57d675efa469 service placement] found 2 providers with available 1024 MEMORY_MB {{(pid=101629) get_provider_ids_matching /opt/stack/placement/placement/objects/research_context.py:549}}
Aug 24 14:58:19.818635 n-d-773646-8 devstack@placement-api.service[101629]: DEBUG placement.objects.research_context [req-33af4635-570b-46e8-9402-778b7711b3f0 req-08b10500-4769-4024-bdd8-57d675efa469 service placement] found 2 providers after filtering by previous result {{(pid=101629) get_provider_ids_matching /opt/stack/placement/placement/objects/research_context.py:580}}
Aug 24 14:58:19.820152 n-d-773646-8 devstack@placement-api.service[101629]: DEBUG placement.objects.research_context [req-33af4635-570b-46e8-9402-778b7711b3f0 req-08b10500-4769-4024-bdd8-57d675efa469 service placement] found 2 providers with available 1 VCPU {{(pid=101629) get_provider_ids_matching /opt/stack/placement/placement/objects/research_context.py:549}}
Aug 24 14:58:19.824560 n-d-773646-8 devstack@placement-api.service[101629]: DEBUG placement.objects.research_context [req-33af4635-570b-46e8-9402-778b7711b3f0 req-08b10500-4769-4024-bdd8-57d675efa469 service placement] found 2 providers after filtering by previous result {{(pid=101629) get_provider_ids_matching /opt/stack/placement/placement/objects/research_context.py:580}}
Aug 24 14:58:19.870346 n-d-773646-8 devstack@placement-api.service[101629]: DEBUG placement.objects.allocation_candidate [req-33af4635-570b-46e8-9402-778b7711b3f0 req-08b10500-4769-4024-bdd8-57d675efa469 service placement] RequestGroup(use_same_provider=False, resources={DISK_GB:1, MEMORY_MB:1024, VCPU:1}, traits=[], aggregates=[]) (suffix '') returned 2 matches {{(pid=101629) _get_by_requests /opt/stack/placement/placement/objects/allocation_candidate.py:145}}
Aug 24 14:58:19.871814 n-d-773646-8 devstack@placement-api.service[101629]: DEBUG placement.objects.allocation_candidate [req-33af4635-570b-46e8-9402-778b7711b3f0 req-08b10500-4769-4024-bdd8-57d675efa469 service placement] Merging candidates yields 2 allocation requests and 2 provider summaries {{(pid=101629) _merge_candidates /opt/stack/placement/placement/objects/allocation_candidate.py:783}}
Aug 24 14:58:19.879015 n-d-773646-8 devstack@placement-api.service[101629]: INFO placement.requestlog [req-33af4635-570b-46e8-9402-778b7711b3f0 req-08b10500-4769-4024-bdd8-57d675efa469 service placement] 10.222.0.67 "GET /placement/allocation_candidates?limit=1000&resources=DISK_GB%3A1%2CMEMORY_MB%3A1024%2CVCPU%3A1&root_required=%21COMPUTE_STATUS_DISABLED" status: 200 len: 1309 microversion: 1.35
Aug 24 14:58:19.879601 n-d-773646-8 devstack@placement-api.service[101629]: [pid: 101629|app: 0|req: 258/509] 10.222.0.67 () {60 vars in 1507 bytes} [Tue Aug 24 14:58:19 2021] GET /placement/allocation_candidates?limit=1000&resources=DISK_GB%3A1%2CMEMORY_MB%3A1024%2CVCPU%3A1&root_required=%21COMPUTE_STATUS_DISABLED => generated 1309 bytes in 259 msecs (HTTP/1.1 200) 8 headers in 297 bytes (1 switches on core 0)
