Aug 24 14:44:01.485432 n-d-773644-8 devstack@n-api.service[116227]: /usr/local/lib/python3.8/dist-packages/oslo_policy/policy.py:1064: UserWarning: Policy os_compute_api:os-flavor-manage:create failed scope check. The token used to make the request was project scoped but the policy requires ['system'] scope. This behavior may change in the future where using the intended scope is required
Aug 24 14:44:01.485432 n-d-773644-8 devstack@n-api.service[116227]: warnings.warn(msg)
Aug 24 14:44:01.529144 n-d-773644-8 devstack@n-api.service[116227]: INFO nova.api.openstack.requestlog [None req-4fddaa20-0e65-4edf-a474-240668d5a0b0 tempest-FlavorsExtraSpecsNegativeTestJSON-126005012 tempest-FlavorsExtraSpecsNegativeTestJSON-126005012-project-admin] 10.222.0.49 "POST /compute/v2.1/flavors" status: 200 len: 416 microversion: 2.1 time: 0.171129
Aug 24 14:44:01.537341 n-d-773644-8 devstack@n-api.service[116227]: [pid: 116227|app: 0|req: 36/83] 10.222.0.49 () {60 vars in 1147 bytes} [Tue Aug 24 14:44:01 2021] POST /compute/v2.1/flavors => generated 416 bytes in 177 msecs (HTTP/1.1 200) 9 headers in 357 bytes (1 switches on core 0)
Aug 24 14:44:01.539992 n-d-773644-8 devstack@n-api.service[116227]: DEBUG nova.api.openstack.wsgi [None req-ddf861ef-b1e1-4ac3-a4ed-13edda059d83 tempest-FlavorsAdminTestJSON-111803171 tempest-FlavorsAdminTestJSON-111803171-project-admin] Calling method '>' {{(pid=116227) _process_stack /opt/stack/nova/nova/api/openstack/wsgi.py:513}}
Aug 24 14:44:01.582256 n-d-773644-8 devstack@n-api.service[116226]: DEBUG oslo_concurrency.lockutils [None req-4b9a33f3-7b78-4a92-9ee0-77d863835367 tempest-HypervisorAdminUnderV252Test-412695936 tempest-HypervisorAdminUnderV252Test-412695936-project-admin] Lock "eccb2eed-c97b-45ab-ace9-c34693faf67b" acquired by "nova.context.set_target_cell..get_or_set_cached_cell_and_set_connections" :: waited 0.000s {{(pid=116226) inner /usr/local/lib/python3.8/dist-packages/oslo_concurrency/lockutils.py:355}}
Aug 24 14:44:01.583252 n-d-773644-8 devstack@n-api.service[116226]: DEBUG oslo_concurrency.lockutils [None req-4b9a33f3-7b78-4a92-9ee0-77d863835367 tempest-HypervisorAdminUnderV252Test-412695936 tempest-HypervisorAdminUnderV252Test-412695936-project-admin] Lock "eccb2eed-c97b-45ab-ace9-c34693faf67b" released by "nova.context.set_target_cell..get_or_set_cached_cell_and_set_connections" :: held 0.002s {{(pid=116226) inner /usr/local/lib/python3.8/dist-packages/oslo_concurrency/lockutils.py:367}}
Aug 24 14:44:01.600938 n-d-773644-8 devstack@n-api.service[116226]: INFO nova.api.openstack.requestlog [None req-4b9a33f3-7b78-4a92-9ee0-77d863835367 tempest-HypervisorAdminUnderV252Test-412695936 tempest-HypervisorAdminUnderV252Test-412695936-project-admin] 10.222.0.49 "GET /compute/v2.1/os-hypervisors/n-h1-773644-8/servers" status: 200 len: 196 microversion: 2.1 time: 0.188655
Aug 24 14:44:01.603082 n-d-773644-8 devstack@n-api.service[116226]: [pid: 116226|app: 0|req: 48/84] 10.222.0.49 () {58 vars in 1212 bytes} [Tue Aug 24 14:44:01 2021] GET /compute/v2.1/os-hypervisors/n-h1-773644-8/servers => generated 196 bytes in 201 msecs (HTTP/1.1 200) 9 headers in 357 bytes (1 switches on core 0)
Aug 24 14:44:01.612197 n-d-773644-8 devstack@n-api.service[116226]: DEBUG nova.api.openstack.wsgi [None req-67d247b5-cce2-4ed7-ba08-21debfc1252d tempest-AggregatesAdminTestJSON-1995607213 tempest-AggregatesAdminTestJSON-1995607213-project] Calling method '>' {{(pid=116226) _process_stack /opt/stack/nova/nova/api/openstack/wsgi.py:513}}
Aug 24 14:44:01.628093 n-d-773644-8 devstack@n-api.service[116226]: DEBUG nova.compute.api [None req-67d247b5-cce2-4ed7-ba08-21debfc1252d tempest-AggregatesAdminTestJSON-1995607213 tempest-AggregatesAdminTestJSON-1995607213-project] [instance: 8474723a-ca9e-45cd-af99-e940d4aa542a] Fetching instance by UUID {{(pid=116226) get /opt/stack/nova/nova/compute/api.py:2825}}
Aug 24 14:44:01.650804 n-d-773644-8 devstack@n-api.service[116226]: DEBUG oslo_concurrency.lockutils [None req-67d247b5-cce2-4ed7-ba08-21debfc1252d tempest-AggregatesAdminTestJSON-1995607213 tempest-AggregatesAdminTestJSON-1995607213-project] Lock "eccb2eed-c97b-45ab-ace9-c34693faf67b" acquired by "nova.context.set_target_cell..get_or_set_cached_cell_and_set_connections" :: waited 0.000s {{(pid=116226) inner /usr/local/lib/python3.8/dist-packages/oslo_concurrency/lockutils.py:355}}
Aug 24 14:44:01.654286 n-d-773644-8 devstack@n-api.service[116227]: INFO nova.api.openstack.requestlog [None req-ddf861ef-b1e1-4ac3-a4ed-13edda059d83 tempest-FlavorsAdminTestJSON-111803171 tempest-FlavorsAdminTestJSON-111803171-project-admin] 10.222.0.49 "GET /compute/v2.1/flavors/detail" status: 200 len: 5397 microversion: 2.1 time: 0.121158
Aug 24 14:44:01.654986 n-d-773644-8 devstack@n-api.service[116226]: DEBUG oslo_concurrency.lockutils [None req-67d247b5-cce2-4ed7-ba08-21debfc1252d tempest-AggregatesAdminTestJSON-1995607213 tempest-AggregatesAdminTestJSON-1995607213-project] Lock "eccb2eed-c97b-45ab-ace9-c34693faf67b" released by "nova.context.set_target_cell..get_or_set_cached_cell_and_set_connections" :: held 0.005s {{(pid=116226) inner /usr/local/lib/python3.8/dist-packages/oslo_concurrency/lockutils.py:367}}
Aug 24 14:44:01.656449 n-d-773644-8 devstack@n-api.service[116226]: DEBUG oslo_concurrency.lockutils [None req-67d247b5-cce2-4ed7-ba08-21debfc1252d tempest-AggregatesAdminTestJSON-1995607213 tempest-AggregatesAdminTestJSON-1995607213-project] Lock "eccb2eed-c97b-45ab-ace9-c34693faf67b" acquired by "nova.context.set_target_cell..get_or_set_cached_cell_and_set_connections" :: waited 0.000s {{(pid=116226) inner /usr/local/lib/python3.8/dist-packages/oslo_concurrency/lockutils.py:355}}
Aug 24 14:44:01.658407 n-d-773644-8 devstack@n-api.service[116226]: DEBUG oslo_concurrency.lockutils [None req-67d247b5-cce2-4ed7-ba08-21debfc1252d tempest-AggregatesAdminTestJSON-1995607213 tempest-AggregatesAdminTestJSON-1995607213-project] Lock "eccb2eed-c97b-45ab-ace9-c34693faf67b" released by "nova.context.set_target_cell..get_or_set_cached_cell_and_set_connections" :: held 0.002s {{(pid=116226) inner /usr/local/lib/python3.8/dist-packages/oslo_concurrency/lockutils.py:367}}
Aug 24 14:44:01.678018 n-d-773644-8 devstack@n-api.service[116227]: [pid: 116227|app: 0|req: 37/85] 10.222.0.49 () {58 vars in 1146 bytes} [Tue Aug 24 14:44:01 2021] GET /compute/v2.1/flavors/detail => generated 5397 bytes in 144 msecs (HTTP/1.1 200) 9 headers in 358 bytes (1 switches on core 0)
Aug 24 14:44:01.799253 n-d-773644-8 devstack@n-api.service[116226]: DEBUG nova.policy [None req-67d247b5-cce2-4ed7-ba08-21debfc1252d tempest-AggregatesAdminTestJSON-1995607213 tempest-AggregatesAdminTestJSON-1995607213-project] Policy check for os_compute_api:os-extended-server-attributes failed with credentials {'is_admin': False, 'user_id': '851fdd32690b4dd0982cdbd80e85fe0b', 'user_domain_id': 'default', 'system_scope': None, 'domain_id': None, 'project_id': '0513a860806a4e96b07c37526d81236d', 'project_domain_id': 'default', 'roles': ['reader', 'member'], 'is_admin_project': True, 'service_user_id': None, 'service_user_domain_id': None, 'service_project_id': None, 'service_project_domain_id': None, 'service_roles': []} {{(pid=116226) authorize /opt/stack/nova/nova/policy.py:199}}
Aug 24 14:44:01.831876 n-d-773644-8 devstack@n-api.service[116226]: INFO nova.api.openstack.requestlog [None req-67d247b5-cce2-4ed7-ba08-21debfc1252d tempest-AggregatesAdminTestJSON-1995607213 tempest-AggregatesAdminTestJSON-1995607213-project] 10.222.0.49 "GET /compute/v2.1/servers/8474723a-ca9e-45cd-af99-e940d4aa542a" status: 200 len: 1297 microversion: 2.1 time: 0.227363
Aug 24 14:44:01.853332 n-d-773644-8 devstack@n-api.service[116226]: [pid: 116226|app: 0|req: 49/86] 10.222.0.49 () {58 vars in 1236 bytes} [Tue Aug 24 14:44:01 2021] GET /compute/v2.1/servers/8474723a-ca9e-45cd-af99-e940d4aa542a => generated 1297 bytes in 249 msecs (HTTP/1.1 200) 9 headers in 358 bytes (1 switches on core 0)
Aug 24 14:44:01.884302 n-d-773644-8 devstack@n-api.service[116226]: DEBUG nova.api.openstack.wsgi [None req-1003e207-bb6b-4565-8bca-fc10267eca80 tempest-HypervisorAdminUnderV252Test-412695936 tempest-HypervisorAdminUnderV252Test-412695936-project-admin] Calling method '.version_select at 0x7fa5cad3f9d0>' {{(pid=116226) _process_stack /opt/stack/nova/nova/api/openstack/wsgi.py:513}}
Aug 24 14:44:01.891492 n-d-773644-8 devstack@n-api.service[116226]: /usr/local/lib/python3.8/dist-packages/oslo_policy/policy.py:1064: UserWarning: Policy os_compute_api:os-hypervisors:list failed scope check. The token used to make the request was project scoped but the policy requires ['system'] scope. This behavior may change in the future where using the intended scope is required
Aug 24 14:44:01.891492 n-d-773644-8 devstack@n-api.service[116226]: warnings.warn(msg)
Aug 24 14:44:01.902672 n-d-773644-8 devstack@n-api.service[116226]: DEBUG oslo_concurrency.lockutils [None req-1003e207-bb6b-4565-8bca-fc10267eca80 tempest-HypervisorAdminUnderV252Test-412695936 tempest-HypervisorAdminUnderV252Test-412695936-project-admin] Lock "eccb2eed-c97b-45ab-ace9-c34693faf67b" acquired by "nova.context.set_target_cell..get_or_set_cached_cell_and_set_connections" :: waited 0.000s {{(pid=116226) inner /usr/local/lib/python3.8/dist-packages/oslo_concurrency/lockutils.py:355}}
Aug 24 14:44:01.905782 n-d-773644-8 devstack@n-api.service[116226]: DEBUG oslo_concurrency.lockutils [None req-1003e207-bb6b-4565-8bca-fc10267eca80 tempest-HypervisorAdminUnderV252Test-412695936 tempest-HypervisorAdminUnderV252Test-412695936-project-admin] Lock "eccb2eed-c97b-45ab-ace9-c34693faf67b" released by "nova.context.set_target_cell..get_or_set_cached_cell_and_set_connections" :: held 0.006s {{(pid=116226) inner /usr/local/lib/python3.8/dist-packages/oslo_concurrency/lockutils.py:367}}
Aug 24 14:44:01.982655 n-d-773644-8 devstack@n-api.service[116226]: DEBUG oslo_concurrency.lockutils [None req-1003e207-bb6b-4565-8bca-fc10267eca80 tempest-HypervisorAdminUnderV252Test-412695936 tempest-HypervisorAdminUnderV252Test-412695936-project-admin] Lock "eccb2eed-c97b-45ab-ace9-c34693faf67b" acquired by "nova.context.set_target_cell..get_or_set_cached_cell_and_set_connections" :: waited 0.000s {{(pid=116226) inner /usr/local/lib/python3.8/dist-packages/oslo_concurrency/lockutils.py:355}}
Aug 24 14:44:01.997414 n-d-773644-8 devstack@n-api.service[116226]: DEBUG oslo_concurrency.lockutils [None req-1003e207-bb6b-4565-8bca-fc10267eca80 tempest-HypervisorAdminUnderV252Test-412695936 tempest-HypervisorAdminUnderV252Test-412695936-project-admin] Lock "eccb2eed-c97b-45ab-ace9-c34693faf67b" released by "nova.context.set_target_cell..get_or_set_cached_cell_and_set_connections" :: held 0.001s {{(pid=116226) inner /usr/local/lib/python3.8/dist-packages/oslo_concurrency/lockutils.py:367}}
Aug 24 14:44:01.999579 n-d-773644-8 devstack@n-api.service[116227]: DEBUG nova.api.openstack.wsgi [None req-83c3b6b6-8509-4d40-b6b6-8bbf1bc64d8a tempest-FlavorsExtraSpecsNegativeTestJSON-363878603 tempest-FlavorsExtraSpecsNegativeTestJSON-363878603-project] Calling method '>' {{(pid=116227) _process_stack /opt/stack/nova/nova/api/openstack/wsgi.py:513}}
Aug 24 14:44:02.012150 n-d-773644-8 devstack@n-api.service[116227]: INFO nova.api.openstack.wsgi [None req-83c3b6b6-8509-4d40-b6b6-8bbf1bc64d8a tempest-FlavorsExtraSpecsNegativeTestJSON-363878603 tempest-FlavorsExtraSpecsNegativeTestJSON-363878603-project] HTTP exception thrown: Flavor 2076934900 has no extra specs with key hw:cpu_thread_policy.
Aug 24 14:44:02.012802 n-d-773644-8 devstack@n-api.service[116227]: DEBUG nova.api.openstack.wsgi [None req-83c3b6b6-8509-4d40-b6b6-8bbf1bc64d8a tempest-FlavorsExtraSpecsNegativeTestJSON-363878603 tempest-FlavorsExtraSpecsNegativeTestJSON-363878603-project] Returning 404 to user: Flavor 2076934900 has no extra specs with key hw:cpu_thread_policy. {{(pid=116227) __call__ /opt/stack/nova/nova/api/openstack/wsgi.py:927}}
Aug 24 14:44:02.013608 n-d-773644-8 devstack@n-api.service[116227]: INFO nova.api.openstack.requestlog [None req-83c3b6b6-8509-4d40-b6b6-8bbf1bc64d8a tempest-FlavorsExtraSpecsNegativeTestJSON-363878603 tempest-FlavorsExtraSpecsNegativeTestJSON-363878603-project] 10.222.0.49 "GET /compute/v2.1/flavors/2076934900/os-extra_specs/hw:cpu_thread_policy" status: 404 len: 113 microversion: 2.1 time: 0.334563
Aug 24 14:44:02.028479 n-d-773644-8 devstack@n-api.service[116227]: [pid: 116227|app: 0|req: 38/87] 10.222.0.49 () {58 vars in 1266 bytes} [Tue Aug 24 14:44:01 2021] GET /compute/v2.1/flavors/2076934900/os-extra_specs/hw:cpu_thread_policy => generated 113 bytes in 336 msecs (HTTP/1.1 404) 9 headers in 379 bytes (1 switches on core 0)
Aug 24 14:44:02.028479 n-d-773644-8 devstack@n-api.service[116227]: DEBUG nova.api.openstack.wsgi [None req-420a08a6-f2cd-4eb6-93c5-aec95119a22c tempest-FlavorsAdminTestJSON-111803171 tempest-FlavorsAdminTestJSON-111803171-project-admin] Action: 'create', calling method: >, body: {"flavor": {"ram": 512, "vcpus": 1, "disk": 10, "name": "tempest-test_flavor_-78521423", "id": 964557157, "swap": 1024, "rxtx_factor": 2, "OS-FLV-EXT-DATA:ephemeral": 10, "os-flavor-access:is_public": "True"}} {{(pid=116227) _process_stack /opt/stack/nova/nova/api/openstack/wsgi.py:511}}
Aug 24 14:44:02.053642 n-d-773644-8 devstack@n-api.service[116227]: INFO nova.api.openstack.requestlog [None req-420a08a6-f2cd-4eb6-93c5-aec95119a22c tempest-FlavorsAdminTestJSON-111803171 tempest-FlavorsAdminTestJSON-111803171-project-admin] 10.222.0.49 "POST /compute/v2.1/flavors" status: 200 len: 412 microversion: 2.1 time: 0.036590
Aug 24 14:44:02.054766 n-d-773644-8 devstack@n-api.service[116227]: [pid: 116227|app: 0|req: 39/88] 10.222.0.49 () {60 vars in 1147 bytes} [Tue Aug 24 14:44:02 2021] POST /compute/v2.1/flavors => generated 412 bytes in 40 msecs (HTTP/1.1 200) 9 headers in 357 bytes (1 switches on core 0)
Aug 24 14:44:02.060888 n-d-773644-8 devstack@n-api.service[116227]: DEBUG nova.api.openstack.wsgi [None req-1ae3afc3-53f2-4316-b15c-08dc8fcf7f61 tempest-FlavorsExtraSpecsNegativeTestJSON-363878603 tempest-FlavorsExtraSpecsNegativeTestJSON-363878603-project] Action: 'create', calling method: >, body: {"extra_specs": {"hw:numa_nodes": "1", "hw:cpu_policy": "shared"}} {{(pid=116227) _process_stack /opt/stack/nova/nova/api/openstack/wsgi.py:511}}
Aug 24 14:44:02.063294 n-d-773644-8 devstack@n-api.service[116227]: /usr/local/lib/python3.8/dist-packages/oslo_policy/policy.py:1064: UserWarning: Policy os_compute_api:os-flavor-extra-specs:create failed scope check. The token used to make the request was project scoped but the policy requires ['system'] scope. This behavior may change in the future where using the intended scope is required
Aug 24 14:44:02.063294 n-d-773644-8 devstack@n-api.service[116227]: warnings.warn(msg)
Aug 24 14:44:02.064411 n-d-773644-8 devstack@n-api.service[116227]: DEBUG nova.policy [None req-1ae3afc3-53f2-4316-b15c-08dc8fcf7f61 tempest-FlavorsExtraSpecsNegativeTestJSON-363878603 tempest-FlavorsExtraSpecsNegativeTestJSON-363878603-project] Policy check for os_compute_api:os-flavor-extra-specs:create failed with credentials {'is_admin': False, 'user_id': 'd2bd3617dd90402ea057ffdd20c4d70f', 'user_domain_id': 'default', 'system_scope': None, 'domain_id': None, 'project_id': '9b859aa62b884981841f87ea8839ed86', 'project_domain_id': 'default', 'roles': ['reader', 'member'], 'is_admin_project': True, 'service_user_id': None, 'service_user_domain_id': None, 'service_project_id': None, 'service_project_domain_id': None, 'service_roles': []} {{(pid=116227) authorize /opt/stack/nova/nova/policy.py:199}}
Aug 24 14:44:02.066971 n-d-773644-8 devstack@n-api.service[116226]: DEBUG oslo_concurrency.lockutils [None req-1003e207-bb6b-4565-8bca-fc10267eca80 tempest-HypervisorAdminUnderV252Test-412695936 tempest-HypervisorAdminUnderV252Test-412695936-project-admin] Lock "eccb2eed-c97b-45ab-ace9-c34693faf67b" acquired by "nova.context.set_target_cell..get_or_set_cached_cell_and_set_connections" :: waited 0.000s {{(pid=116226) inner /usr/local/lib/python3.8/dist-packages/oslo_concurrency/lockutils.py:355}}
Aug 24 14:44:02.068453 n-d-773644-8 devstack@n-api.service[116226]: DEBUG oslo_concurrency.lockutils [None req-1003e207-bb6b-4565-8bca-fc10267eca80 tempest-HypervisorAdminUnderV252Test-412695936 tempest-HypervisorAdminUnderV252Test-412695936-project-admin] Lock "eccb2eed-c97b-45ab-ace9-c34693faf67b" released by "nova.context.set_target_cell..get_or_set_cached_cell_and_set_connections" :: held 0.001s {{(pid=116226) inner /usr/local/lib/python3.8/dist-packages/oslo_concurrency/lockutils.py:367}}
Aug 24 14:44:02.077560 n-d-773644-8 devstack@n-api.service[116227]: DEBUG nova.api.openstack.wsgi [None req-1ae3afc3-53f2-4316-b15c-08dc8fcf7f61 tempest-FlavorsExtraSpecsNegativeTestJSON-363878603 tempest-FlavorsExtraSpecsNegativeTestJSON-363878603-project] Returning 403 to user: Policy doesn't allow os_compute_api:os-flavor-extra-specs:create to be performed. {{(pid=116227) __call__ /opt/stack/nova/nova/api/openstack/wsgi.py:927}}
Aug 24 14:44:02.079401 n-d-773644-8 devstack@n-api.service[116227]: INFO nova.api.openstack.requestlog [None req-1ae3afc3-53f2-4316-b15c-08dc8fcf7f61 tempest-FlavorsExtraSpecsNegativeTestJSON-363878603 tempest-FlavorsExtraSpecsNegativeTestJSON-363878603-project] 10.222.0.49 "POST /compute/v2.1/flavors/2076934900/os-extra_specs" status: 403 len: 124 microversion: 2.1 time: 0.023487
Aug 24 14:44:02.080526 n-d-773644-8 devstack@n-api.service[116227]: [pid: 116227|app: 0|req: 40/89] 10.222.0.49 () {60 vars in 1224 bytes} [Tue Aug 24 14:44:02 2021] POST /compute/v2.1/flavors/2076934900/os-extra_specs => generated 124 bytes in 25 msecs (HTTP/1.1 403) 9 headers in 379 bytes (1 switches on core 0)
Aug 24 14:44:02.087725 n-d-773644-8 devstack@n-api.service[116227]: DEBUG nova.api.openstack.wsgi [None req-f4a690a5-89f1-4b3e-b43b-f4f533ef3392 tempest-FlavorsAdminTestJSON-111803171 tempest-FlavorsAdminTestJSON-111803171-project-admin] Calling method '>' {{(pid=116227) _process_stack /opt/stack/nova/nova/api/openstack/wsgi.py:513}}
Aug 24 14:44:02.090948 n-d-773644-8 devstack@n-api.service[116226]: INFO nova.api.openstack.requestlog [None req-1003e207-bb6b-4565-8bca-fc10267eca80 tempest-HypervisorAdminUnderV252Test-412695936 tempest-HypervisorAdminUnderV252Test-412695936-project-admin] 10.222.0.49 "GET /compute/v2.1/os-hypervisors" status: 200 len: 191 microversion: 2.1 time: 0.230869
Aug 24 14:44:02.098171 n-d-773644-8 devstack@n-api.service[116226]: [pid: 116226|app: 0|req: 50/90] 10.222.0.49 () {58 vars in 1146 bytes} [Tue Aug 24 14:44:01 2021] GET /compute/v2.1/os-hypervisors => generated 191 bytes in 239 msecs (HTTP/1.1 200) 9 headers in 357 bytes (1 switches on core 0)
Aug 24 14:44:02.115271 n-d-773644-8 devstack@n-api.service[116226]: DEBUG nova.api.openstack.wsgi [None req-4ecd2f68-dc53-4557-9542-f649537f74dc tempest-FlavorsExtraSpecsNegativeTestJSON-126005012 tempest-FlavorsExtraSpecsNegativeTestJSON-126005012-project-admin] Action: 'create', calling method: >, body: {"extra_specs": {"hw:numa_nodes": "1", "hw:cpu_policy": "shared"}} {{(pid=116226) _process_stack /opt/stack/nova/nova/api/openstack/wsgi.py:511}}
Aug 24 14:44:02.124014 n-d-773644-8 devstack@n-api.service[116226]: /usr/local/lib/python3.8/dist-packages/oslo_policy/policy.py:1064: UserWarning: Policy os_compute_api:os-flavor-extra-specs:create failed scope check. The token used to make the request was project scoped but the policy requires ['system'] scope. This behavior may change in the future where using the intended scope is required
Aug 24 14:44:02.124014 n-d-773644-8 devstack@n-api.service[116226]: warnings.warn(msg)
Aug 24 14:44:02.159961 n-d-773644-8 devstack@n-api.service[116227]: INFO nova.api.openstack.requestlog [None req-f4a690a5-89f1-4b3e-b43b-f4f533ef3392 tempest-FlavorsAdminTestJSON-111803171 tempest-FlavorsAdminTestJSON-111803171-project-admin] 10.222.0.49 "GET /compute/v2.1/flavors/detail" status: 200 len: 5799 microversion: 2.1 time: 0.077255
Aug 24 14:44:02.163033 n-d-773644-8 devstack@n-api.service[116227]: [pid: 116227|app: 0|req: 41/91] 10.222.0.49 () {58 vars in 1146 bytes} [Tue Aug 24 14:44:02 2021] GET /compute/v2.1/flavors/detail => generated 5799 bytes in 82 msecs (HTTP/1.1 200) 9 headers in 358 bytes (1 switches on core 0)
Aug 24 14:44:02.171124 n-d-773644-8 devstack@n-api.service[116227]: DEBUG nova.api.openstack.wsgi [None req-8f36e161-ef12-4400-818e-38f70bf3d679 tempest-HypervisorAdminUnderV252Test-412695936 tempest-HypervisorAdminUnderV252Test-412695936-project-admin] Calling method '.version_select at 0x7fa5cad503a0>' {{(pid=116227) _process_stack /opt/stack/nova/nova/api/openstack/wsgi.py:513}}
Aug 24 14:44:02.172828 n-d-773644-8 devstack@n-api.service[116227]: /usr/local/lib/python3.8/dist-packages/oslo_policy/policy.py:1064: UserWarning: Policy os_compute_api:os-hypervisors:search failed scope check. The token used to make the request was project scoped but the policy requires ['system'] scope. This behavior may change in the future where using the intended scope is required
Aug 24 14:44:02.172828 n-d-773644-8 devstack@n-api.service[116227]: warnings.warn(msg)
Aug 24 14:44:02.174936 n-d-773644-8 devstack@n-api.service[116227]: DEBUG oslo_concurrency.lockutils [None req-8f36e161-ef12-4400-818e-38f70bf3d679 tempest-HypervisorAdminUnderV252Test-412695936 tempest-HypervisorAdminUnderV252Test-412695936-project-admin] Lock "eccb2eed-c97b-45ab-ace9-c34693faf67b" acquired by "nova.context.set_target_cell..get_or_set_cached_cell_and_set_connections" :: waited 0.000s {{(pid=116227) inner /usr/local/lib/python3.8/dist-packages/oslo_concurrency/lockutils.py:355}}
Aug 24 14:44:02.175692 n-d-773644-8 devstack@n-api.service[116227]: DEBUG oslo_concurrency.lockutils [None req-8f36e161-ef12-4400-818e-38f70bf3d679 tempest-HypervisorAdminUnderV252Test-412695936 tempest-HypervisorAdminUnderV252Test-412695936-project-admin] Lock "eccb2eed-c97b-45ab-ace9-c34693faf67b" released by "nova.context.set_target_cell..get_or_set_cached_cell_and_set_connections" :: held 0.001s {{(pid=116227) inner /usr/local/lib/python3.8/dist-packages/oslo_concurrency/lockutils.py:367}}
Aug 24 14:44:02.204521 n-d-773644-8 devstack@n-api.service[116227]: DEBUG oslo_concurrency.lockutils [None req-8f36e161-ef12-4400-818e-38f70bf3d679 tempest-HypervisorAdminUnderV252Test-412695936 tempest-HypervisorAdminUnderV252Test-412695936-project-admin] Lock "eccb2eed-c97b-45ab-ace9-c34693faf67b" acquired by "nova.context.set_target_cell..get_or_set_cached_cell_and_set_connections" :: waited 0.000s {{(pid=116227) inner /usr/local/lib/python3.8/dist-packages/oslo_concurrency/lockutils.py:355}}
Aug 24 14:44:02.205523 n-d-773644-8 devstack@n-api.service[116227]: DEBUG oslo_concurrency.lockutils [None req-8f36e161-ef12-4400-818e-38f70bf3d679 tempest-HypervisorAdminUnderV252Test-412695936 tempest-HypervisorAdminUnderV252Test-412695936-project-admin] Lock "eccb2eed-c97b-45ab-ace9-c34693faf67b" released by "nova.context.set_target_cell..get_or_set_cached_cell_and_set_connections" :: held 0.001s {{(pid=116227) inner /usr/local/lib/python3.8/dist-packages/oslo_concurrency/lockutils.py:367}}
Aug 24 14:44:02.210932 n-d-773644-8 devstack@n-api.service[116226]: INFO nova.api.openstack.requestlog [None req-4ecd2f68-dc53-4557-9542-f649537f74dc tempest-FlavorsExtraSpecsNegativeTestJSON-126005012 tempest-FlavorsExtraSpecsNegativeTestJSON-126005012-project-admin] 10.222.0.49 "POST /compute/v2.1/flavors/2076934900/os-extra_specs" status: 200 len: 66 microversion: 2.1 time: 0.115649
Aug 24 14:44:02.211982 n-d-773644-8 devstack@n-api.service[116226]: [pid: 116226|app: 0|req: 51/92] 10.222.0.49 () {60 vars in 1224 bytes} [Tue Aug 24 14:44:02 2021] POST /compute/v2.1/flavors/2076934900/os-extra_specs => generated 66 bytes in 117 msecs (HTTP/1.1 200) 9 headers in 356 bytes (1 switches on core 0)
Aug 24 14:44:02.222812 n-d-773644-8 devstack@n-api.service[116227]: INFO nova.api.openstack.requestlog [None req-8f36e161-ef12-4400-818e-38f70bf3d679 tempest-HypervisorAdminUnderV252Test-412695936 tempest-HypervisorAdminUnderV252Test-412695936-project-admin] 10.222.0.49 "GET /compute/v2.1/os-hypervisors/n-h1-773644-8/search" status: 200 len: 104 microversion: 2.1 time: 0.057878
Aug 24 14:44:02.224184 n-d-773644-8 devstack@n-api.service[116227]: [pid: 116227|app: 0|req: 42/93] 10.222.0.49 () {58 vars in 1209 bytes} [Tue Aug 24 14:44:02 2021] GET /compute/v2.1/os-hypervisors/n-h1-773644-8/search => generated 104 bytes in 60 msecs (HTTP/1.1 200) 9 headers in 357 bytes (1 switches on core 0)
Aug 24 14:44:02.235788 n-d-773644-8 devstack@n-api.service[116227]: DEBUG nova.api.openstack.wsgi [None req-3c6d7ce4-92ac-4309-9970-19acd9b4d7ef tempest-DeleteServersAdminTestJSON-33339436 tempest-DeleteServersAdminTestJSON-33339436-project] Calling method '>' {{(pid=116227) _process_stack /opt/stack/nova/nova/api/openstack/wsgi.py:513}}
Aug 24 14:44:02.237259 n-d-773644-8 devstack@n-api.service[116227]: DEBUG nova.compute.api [None req-3c6d7ce4-92ac-4309-9970-19acd9b4d7ef tempest-DeleteServersAdminTestJSON-33339436 tempest-DeleteServersAdminTestJSON-33339436-project] [instance: 65acffa7-5f12-4d26-91fe-dc72241362c8] Fetching instance by UUID {{(pid=116227) get /opt/stack/nova/nova/compute/api.py:2825}}
Aug 24 14:44:02.258659 n-d-773644-8 devstack@n-api.service[116226]: DEBUG nova.api.openstack.wsgi [None req-95e74cb4-efaf-49cb-a5fd-b6c27ea4bf15 tempest-FlavorsAdminTestJSON-111803171 tempest-FlavorsAdminTestJSON-111803171-project-admin] Calling method '>' {{(pid=116226) _process_stack /opt/stack/nova/nova/api/openstack/wsgi.py:513}}
Aug 24 14:44:02.259629 n-d-773644-8 devstack@n-api.service[116227]: DEBUG oslo_concurrency.lockutils [None req-3c6d7ce4-92ac-4309-9970-19acd9b4d7ef tempest-DeleteServersAdminTestJSON-33339436 tempest-DeleteServersAdminTestJSON-33339436-project] Lock "eccb2eed-c97b-45ab-ace9-c34693faf67b" acquired by "nova.context.set_target_cell..get_or_set_cached_cell_and_set_connections" :: waited 0.000s {{(pid=116227) inner /usr/local/lib/python3.8/dist-packages/oslo_concurrency/lockutils.py:355}}
Aug 24 14:44:02.262163 n-d-773644-8 devstack@n-api.service[116227]: DEBUG oslo_concurrency.lockutils [None req-3c6d7ce4-92ac-4309-9970-19acd9b4d7ef tempest-DeleteServersAdminTestJSON-33339436 tempest-DeleteServersAdminTestJSON-33339436-project] Lock "eccb2eed-c97b-45ab-ace9-c34693faf67b" released by "nova.context.set_target_cell..get_or_set_cached_cell_and_set_connections" :: held 0.003s {{(pid=116227) inner /usr/local/lib/python3.8/dist-packages/oslo_concurrency/lockutils.py:367}}
Aug 24 14:44:02.264153 n-d-773644-8 devstack@n-api.service[116227]: DEBUG oslo_concurrency.lockutils [None req-3c6d7ce4-92ac-4309-9970-19acd9b4d7ef tempest-DeleteServersAdminTestJSON-33339436 tempest-DeleteServersAdminTestJSON-33339436-project] Lock "eccb2eed-c97b-45ab-ace9-c34693faf67b" acquired by "nova.context.set_target_cell..get_or_set_cached_cell_and_set_connections" :: waited 0.000s {{(pid=116227) inner /usr/local/lib/python3.8/dist-packages/oslo_concurrency/lockutils.py:355}}
Aug 24 14:44:02.264630 n-d-773644-8 devstack@n-api.service[116226]: /usr/local/lib/python3.8/dist-packages/oslo_policy/policy.py:1064: UserWarning: Policy os_compute_api:os-flavor-manage:delete failed scope check. The token used to make the request was project scoped but the policy requires ['system'] scope. This behavior may change in the future where using the intended scope is required
Aug 24 14:44:02.264630 n-d-773644-8 devstack@n-api.service[116226]: warnings.warn(msg)
Aug 24 14:44:02.269178 n-d-773644-8 devstack@n-api.service[116227]: DEBUG oslo_concurrency.lockutils [None req-3c6d7ce4-92ac-4309-9970-19acd9b4d7ef tempest-DeleteServersAdminTestJSON-33339436 tempest-DeleteServersAdminTestJSON-33339436-project] Lock "eccb2eed-c97b-45ab-ace9-c34693faf67b" released by "nova.context.set_target_cell..get_or_set_cached_cell_and_set_connections" :: held 0.004s {{(pid=116227) inner /usr/local/lib/python3.8/dist-packages/oslo_concurrency/lockutils.py:367}}
Aug 24 14:44:02.340451 n-d-773644-8 devstack@n-api.service[116226]: INFO nova.api.openstack.requestlog [None req-95e74cb4-efaf-49cb-a5fd-b6c27ea4bf15 tempest-FlavorsAdminTestJSON-111803171 tempest-FlavorsAdminTestJSON-111803171-project-admin] 10.222.0.49 "DELETE /compute/v2.1/flavors/964557157" status: 202 len: 0 microversion: 2.1 time: 0.126006
Aug 24 14:44:02.341546 n-d-773644-8 devstack@n-api.service[116226]: [pid: 116226|app: 0|req: 52/94] 10.222.0.49 () {58 vars in 1158 bytes} [Tue Aug 24 14:44:02 2021] DELETE /compute/v2.1/flavors/964557157 => generated 0 bytes in 129 msecs (HTTP/1.1 202) 9 headers in 361 bytes (1 switches on core 0)
Aug 24 14:44:02.385692 n-d-773644-8 devstack@n-api.service[116226]: DEBUG nova.api.openstack.wsgi [None req-10a1a24a-7604-48cf-8666-abe11f8165e2 tempest-FlavorsExtraSpecsNegativeTestJSON-363878603 tempest-FlavorsExtraSpecsNegativeTestJSON-363878603-project] Calling method '>' {{(pid=116226) _process_stack /opt/stack/nova/nova/api/openstack/wsgi.py:513}}
Aug 24 14:44:02.390992 n-d-773644-8 devstack@n-api.service[116226]: /usr/local/lib/python3.8/dist-packages/oslo_policy/policy.py:1064: UserWarning: Policy os_compute_api:os-flavor-extra-specs:delete failed scope check. The token used to make the request was project scoped but the policy requires ['system'] scope. This behavior may change in the future where using the intended scope is required
Aug 24 14:44:02.390992 n-d-773644-8 devstack@n-api.service[116226]: warnings.warn(msg)
Aug 24 14:44:02.395749 n-d-773644-8 devstack@n-api.service[116226]: DEBUG nova.policy [None req-10a1a24a-7604-48cf-8666-abe11f8165e2 tempest-FlavorsExtraSpecsNegativeTestJSON-363878603 tempest-FlavorsExtraSpecsNegativeTestJSON-363878603-project] Policy check for os_compute_api:os-flavor-extra-specs:delete failed with credentials {'is_admin': False, 'user_id': 'd2bd3617dd90402ea057ffdd20c4d70f', 'user_domain_id': 'default', 'system_scope': None, 'domain_id': None, 'project_id': '9b859aa62b884981841f87ea8839ed86', 'project_domain_id': 'default', 'roles': ['reader', 'member'], 'is_admin_project': True, 'service_user_id': None, 'service_user_domain_id': None, 'service_project_id': None, 'service_project_domain_id': None, 'service_roles': []} {{(pid=116226) authorize /opt/stack/nova/nova/policy.py:199}}
Aug 24 14:44:02.397566 n-d-773644-8 devstack@n-api.service[116226]: DEBUG nova.api.openstack.wsgi [None req-10a1a24a-7604-48cf-8666-abe11f8165e2 tempest-FlavorsExtraSpecsNegativeTestJSON-363878603 tempest-FlavorsExtraSpecsNegativeTestJSON-363878603-project] Returning 403 to user: Policy doesn't allow os_compute_api:os-flavor-extra-specs:delete to be performed. {{(pid=116226) __call__ /opt/stack/nova/nova/api/openstack/wsgi.py:927}}
Aug 24 14:44:02.401547 n-d-773644-8 devstack@n-api.service[116226]: INFO nova.api.openstack.requestlog [None req-10a1a24a-7604-48cf-8666-abe11f8165e2 tempest-FlavorsExtraSpecsNegativeTestJSON-363878603 tempest-FlavorsExtraSpecsNegativeTestJSON-363878603-project] 10.222.0.49 "DELETE /compute/v2.1/flavors/2076934900/os-extra_specs/hw:numa_nodes" status: 403 len: 124 microversion: 2.1 time: 0.055845
Aug 24 14:44:02.411092 n-d-773644-8 devstack@n-api.service[116226]: [pid: 116226|app: 0|req: 53/95] 10.222.0.49 () {58 vars in 1248 bytes} [Tue Aug 24 14:44:02 2021] DELETE /compute/v2.1/flavors/2076934900/os-extra_specs/hw:numa_nodes => generated 124 bytes in 67 msecs (HTTP/1.1 403) 9 headers in 379 bytes (1 switches on core 0)
Aug 24 14:44:02.423243 n-d-773644-8 devstack@n-api.service[116226]: DEBUG nova.api.openstack.wsgi [None req-8f232bba-dc92-4913-8035-4bfe74acff3a tempest-FlavorsAdminTestJSON-111803171 tempest-FlavorsAdminTestJSON-111803171-project-admin] Calling method '>' {{(pid=116226) _process_stack /opt/stack/nova/nova/api/openstack/wsgi.py:513}}
Aug 24 14:44:02.509583 n-d-773644-8 devstack@n-api.service[116227]: DEBUG nova.policy [None req-3c6d7ce4-92ac-4309-9970-19acd9b4d7ef tempest-DeleteServersAdminTestJSON-33339436 tempest-DeleteServersAdminTestJSON-33339436-project] Policy check for os_compute_api:os-extended-server-attributes failed with credentials {'is_admin': False, 'user_id': '7ac27ffe767c4390961d7500f6338a5f', 'user_domain_id': 'default', 'system_scope': None, 'domain_id': None, 'project_id': 'ee1d0acca4f343578740a32811a28b8c', 'project_domain_id': 'default', 'roles': ['reader', 'member'], 'is_admin_project': True, 'service_user_id': None, 'service_user_domain_id': None, 'service_project_id': None, 'service_project_domain_id': None, 'service_roles': []} {{(pid=116227) authorize /opt/stack/nova/nova/policy.py:199}}
Aug 24 14:44:02.514832 n-d-773644-8 devstack@n-api.service[116226]: INFO nova.api.openstack.requestlog [None req-8f232bba-dc92-4913-8035-4bfe74acff3a tempest-FlavorsAdminTestJSON-111803171 tempest-FlavorsAdminTestJSON-111803171-project-admin] 10.222.0.49 "GET /compute/v2.1/flavors/detail" status: 200 len: 5397 microversion: 2.1 time: 0.084292
Aug 24 14:44:02.532954 n-d-773644-8 devstack@n-api.service[116226]: [pid: 116226|app: 0|req: 54/96] 10.222.0.49 () {58 vars in 1146 bytes} [Tue Aug 24 14:44:02 2021] GET /compute/v2.1/flavors/detail => generated 5397 bytes in 121 msecs (HTTP/1.1 200) 9 headers in 358 bytes (1 switches on core 0)
Aug 24 14:44:02.538115 n-d-773644-8 devstack@n-api.service[116226]: DEBUG nova.api.openstack.wsgi [None req-5d2486f2-2148-477d-85e4-7f0e54ae2a6e tempest-FlavorsExtraSpecsNegativeTestJSON-126005012 tempest-FlavorsExtraSpecsNegativeTestJSON-126005012-project-admin] Action: 'create', calling method: >, body: {"extra_specs": {"hw:numa_nodes": "1", "hw:cpu_policy": "shared"}} {{(pid=116226) _process_stack /opt/stack/nova/nova/api/openstack/wsgi.py:511}}
Aug 24 14:44:02.539122 n-d-773644-8 devstack@n-api.service[116227]: INFO nova.api.openstack.requestlog [None req-3c6d7ce4-92ac-4309-9970-19acd9b4d7ef tempest-DeleteServersAdminTestJSON-33339436 tempest-DeleteServersAdminTestJSON-33339436-project] 10.222.0.49 "GET /compute/v2.1/servers/65acffa7-5f12-4d26-91fe-dc72241362c8" status: 200 len: 1278 microversion: 2.1 time: 0.313514
Aug 24 14:44:02.550638 n-d-773644-8 devstack@n-api.service[116227]: [pid: 116227|app: 0|req: 43/97] 10.222.0.49 () {58 vars in 1236 bytes} [Tue Aug 24 14:44:02 2021] GET /compute/v2.1/servers/65acffa7-5f12-4d26-91fe-dc72241362c8 => generated 1278 bytes in 325 msecs (HTTP/1.1 200) 9 headers in 358 bytes (1 switches on core 0)
Aug 24 14:44:02.555621 n-d-773644-8 devstack@n-api.service[116227]: DEBUG nova.api.openstack.wsgi [None req-213a5f5d-0e46-405f-bebc-2d7b8caaaeac tempest-LiveMigrationNegativeTest-804508164 tempest-LiveMigrationNegativeTest-804508164-project] Calling method '>' {{(pid=116227) _process_stack /opt/stack/nova/nova/api/openstack/wsgi.py:513}}
Aug 24 14:44:02.575666 n-d-773644-8 devstack@n-api.service[116227]: DEBUG nova.compute.api [None req-213a5f5d-0e46-405f-bebc-2d7b8caaaeac tempest-LiveMigrationNegativeTest-804508164 tempest-LiveMigrationNegativeTest-804508164-project] [instance: 3a19812c-3968-400d-ae4b-c57bf94c7147] Fetching instance by UUID {{(pid=116227) get /opt/stack/nova/nova/compute/api.py:2825}}
Aug 24 14:44:02.597727 n-d-773644-8 devstack@n-api.service[116227]: DEBUG oslo_concurrency.lockutils [None req-213a5f5d-0e46-405f-bebc-2d7b8caaaeac tempest-LiveMigrationNegativeTest-804508164 tempest-LiveMigrationNegativeTest-804508164-project] Lock "eccb2eed-c97b-45ab-ace9-c34693faf67b" acquired by "nova.context.set_target_cell..get_or_set_cached_cell_and_set_connections" :: waited 0.000s {{(pid=116227) inner /usr/local/lib/python3.8/dist-packages/oslo_concurrency/lockutils.py:355}}
Aug 24 14:44:02.598056 n-d-773644-8 devstack@n-api.service[116227]: DEBUG oslo_concurrency.lockutils [None req-213a5f5d-0e46-405f-bebc-2d7b8caaaeac tempest-LiveMigrationNegativeTest-804508164 tempest-LiveMigrationNegativeTest-804508164-project] Lock "eccb2eed-c97b-45ab-ace9-c34693faf67b" released by "nova.context.set_target_cell..get_or_set_cached_cell_and_set_connections" :: held 0.001s {{(pid=116227) inner /usr/local/lib/python3.8/dist-packages/oslo_concurrency/lockutils.py:367}}
Aug 24 14:44:02.598873 n-d-773644-8 devstack@n-api.service[116227]: DEBUG oslo_concurrency.lockutils [None req-213a5f5d-0e46-405f-bebc-2d7b8caaaeac tempest-LiveMigrationNegativeTest-804508164 tempest-LiveMigrationNegativeTest-804508164-project] Lock "eccb2eed-c97b-45ab-ace9-c34693faf67b" acquired by "nova.context.set_target_cell..get_or_set_cached_cell_and_set_connections" :: waited 0.000s {{(pid=116227) inner /usr/local/lib/python3.8/dist-packages/oslo_concurrency/lockutils.py:355}}
Aug 24 14:44:02.599419 n-d-773644-8 devstack@n-api.service[116227]: DEBUG oslo_concurrency.lockutils [None req-213a5f5d-0e46-405f-bebc-2d7b8caaaeac tempest-LiveMigrationNegativeTest-804508164 tempest-LiveMigrationNegativeTest-804508164-project] Lock "eccb2eed-c97b-45ab-ace9-c34693faf67b" released by "nova.context.set_target_cell..get_or_set_cached_cell_and_set_connections" :: held 0.000s {{(pid=116227) inner /usr/local/lib/python3.8/dist-packages/oslo_concurrency/lockutils.py:367}}
Aug 24 14:44:02.650168 n-d-773644-8 devstack@n-api.service[116226]: INFO nova.api.openstack.requestlog [None req-5d2486f2-2148-477d-85e4-7f0e54ae2a6e tempest-FlavorsExtraSpecsNegativeTestJSON-126005012 tempest-FlavorsExtraSpecsNegativeTestJSON-126005012-project-admin] 10.222.0.49 "POST /compute/v2.1/flavors/2076934900/os-extra_specs" status: 200 len: 66 microversion: 2.1 time: 0.115658
Aug 24 14:44:02.650695 n-d-773644-8 devstack@n-api.service[116226]: [pid: 116226|app: 0|req: 55/98] 10.222.0.49 () {60 vars in 1224 bytes} [Tue Aug 24 14:44:02 2021] POST /compute/v2.1/flavors/2076934900/os-extra_specs => generated 66 bytes in 117 msecs (HTTP/1.1 200) 9 headers in 356 bytes (1 switches on core 0)
Aug 24 14:44:02.678233 n-d-773644-8 devstack@n-api.service[116226]: DEBUG nova.api.openstack.wsgi [None req-e5cae6b0-610c-4930-bac8-21ce408a900b tempest-FlavorsAdminTestJSON-111803171 tempest-FlavorsAdminTestJSON-111803171-project-admin] Action: 'create', calling method: >, body: {"flavor": {"ram": 512, "vcpus": 1, "disk": 10, "name": "tempest-FlavorsAdminTestJSON-flavor-1647863140", "id": 1314364138, "os-flavor-access:is_public": "True"}} {{(pid=116226) _process_stack /opt/stack/nova/nova/api/openstack/wsgi.py:511}}
Aug 24 14:44:02.680015 n-d-773644-8 devstack@n-api.service[116226]: /usr/local/lib/python3.8/dist-packages/oslo_policy/policy.py:1064: UserWarning: Policy os_compute_api:os-flavor-manage:create failed scope check. The token used to make the request was project scoped but the policy requires ['system'] scope. This behavior may change in the future where using the intended scope is required
Aug 24 14:44:02.680015 n-d-773644-8 devstack@n-api.service[116226]: warnings.warn(msg)
Aug 24 14:44:02.729190 n-d-773644-8 devstack@n-api.service[116226]: INFO nova.api.openstack.requestlog [None req-e5cae6b0-610c-4930-bac8-21ce408a900b tempest-FlavorsAdminTestJSON-111803171 tempest-FlavorsAdminTestJSON-111803171-project-admin] 10.222.0.49 "POST /compute/v2.1/flavors" status: 200 len: 429 microversion: 2.1 time: 0.065987
Aug 24 14:44:02.730657 n-d-773644-8 devstack@n-api.service[116226]: [pid: 116226|app: 0|req: 56/99] 10.222.0.49 () {60 vars in 1147 bytes} [Tue Aug 24 14:44:02 2021] POST /compute/v2.1/flavors => generated 429 bytes in 79 msecs (HTTP/1.1 200) 9 headers in 357 bytes (1 switches on core 0)
Aug 24 14:44:02.747396 n-d-773644-8 devstack@n-api.service[116226]: DEBUG nova.api.openstack.wsgi [None req-51c7fb98-46c1-4ab1-b79e-c46cc9e9ceeb tempest-FlavorsExtraSpecsNegativeTestJSON-363878603 tempest-FlavorsExtraSpecsNegativeTestJSON-363878603-project] Action: 'update', calling method: >, body: {"hw:numa_nodes": "1"} {{(pid=116226) _process_stack /opt/stack/nova/nova/api/openstack/wsgi.py:511}}
Aug 24 14:44:02.756736 n-d-773644-8 devstack@n-api.service[116226]: /usr/local/lib/python3.8/dist-packages/oslo_policy/policy.py:1064: UserWarning: Policy os_compute_api:os-flavor-extra-specs:update failed scope check. The token used to make the request was project scoped but the policy requires ['system'] scope. This behavior may change in the future where using the intended scope is required
Aug 24 14:44:02.756736 n-d-773644-8 devstack@n-api.service[116226]: warnings.warn(msg)
Aug 24 14:44:02.761183 n-d-773644-8 devstack@n-api.service[116226]: DEBUG nova.policy [None req-51c7fb98-46c1-4ab1-b79e-c46cc9e9ceeb tempest-FlavorsExtraSpecsNegativeTestJSON-363878603 tempest-FlavorsExtraSpecsNegativeTestJSON-363878603-project] Policy check for os_compute_api:os-flavor-extra-specs:update failed with credentials {'is_admin': False, 'user_id': 'd2bd3617dd90402ea057ffdd20c4d70f', 'user_domain_id': 'default', 'system_scope': None, 'domain_id': None, 'project_id': '9b859aa62b884981841f87ea8839ed86', 'project_domain_id': 'default', 'roles': ['reader', 'member'], 'is_admin_project': True, 'service_user_id': None, 'service_user_domain_id': None, 'service_project_id': None, 'service_project_domain_id': None, 'service_roles': []} {{(pid=116226) authorize /opt/stack/nova/nova/policy.py:199}}
Aug 24 14:44:02.762200 n-d-773644-8 devstack@n-api.service[116226]: DEBUG nova.api.openstack.wsgi [None req-51c7fb98-46c1-4ab1-b79e-c46cc9e9ceeb tempest-FlavorsExtraSpecsNegativeTestJSON-363878603 tempest-FlavorsExtraSpecsNegativeTestJSON-363878603-project] Returning 403 to user: Policy doesn't allow os_compute_api:os-flavor-extra-specs:update to be performed. {{(pid=116226) __call__ /opt/stack/nova/nova/api/openstack/wsgi.py:927}}
Aug 24 14:44:02.766083 n-d-773644-8 devstack@n-api.service[116226]: INFO nova.api.openstack.requestlog [None req-51c7fb98-46c1-4ab1-b79e-c46cc9e9ceeb tempest-FlavorsExtraSpecsNegativeTestJSON-363878603 tempest-FlavorsExtraSpecsNegativeTestJSON-363878603-project] 10.222.0.49 "PUT /compute/v2.1/flavors/2076934900/os-extra_specs/hw:numa_nodes" status: 403 len: 124 microversion: 2.1 time: 0.024061
Aug 24 14:44:02.776486 n-d-773644-8 devstack@n-api.service[116226]: [pid: 116226|app: 0|req: 57/100] 10.222.0.49 () {60 vars in 1265 bytes} [Tue Aug 24 14:44:02 2021] PUT /compute/v2.1/flavors/2076934900/os-extra_specs/hw:numa_nodes => generated 124 bytes in 41 msecs (HTTP/1.1 403) 9 headers in 379 bytes (1 switches on core 0)
Aug 24 14:44:02.790129 n-d-773644-8 devstack@n-api.service[116226]: DEBUG nova.api.openstack.wsgi [None req-30cb45d2-8564-4155-bfa8-ec6491bfb59b tempest-FlavorsAdminTestJSON-111803171 tempest-FlavorsAdminTestJSON-111803171-project-admin] Calling method '>' {{(pid=116226) _process_stack /opt/stack/nova/nova/api/openstack/wsgi.py:513}}
Aug 24 14:44:02.863940 n-d-773644-8 devstack@n-api.service[116226]: INFO nova.api.openstack.requestlog [None req-30cb45d2-8564-4155-bfa8-ec6491bfb59b tempest-FlavorsAdminTestJSON-111803171 tempest-FlavorsAdminTestJSON-111803171-project-admin] 10.222.0.49 "DELETE /compute/v2.1/flavors/1314364138" status: 202 len: 0 microversion: 2.1 time: 0.085561
Aug 24 14:44:02.864612 n-d-773644-8 devstack@n-api.service[116226]: [pid: 116226|app: 0|req: 58/101] 10.222.0.49 () {58 vars in 1161 bytes} [Tue Aug 24 14:44:02 2021] DELETE /compute/v2.1/flavors/1314364138 => generated 0 bytes in 88 msecs (HTTP/1.1 202) 9 headers in 361 bytes (1 switches on core 0)
Aug 24 14:44:02.878914 n-d-773644-8 devstack@n-api.service[116226]: DEBUG nova.api.openstack.wsgi [None req-f62604e3-bf97-4cd0-8e27-9fbb25832407 tempest-FlavorsExtraSpecsNegativeTestJSON-126005012 tempest-FlavorsExtraSpecsNegativeTestJSON-126005012-project-admin] Calling method '>' {{(pid=116226) _process_stack /opt/stack/nova/nova/api/openstack/wsgi.py:513}}
Aug 24 14:44:02.906162 n-d-773644-8 devstack@n-api.service[116227]: DEBUG nova.policy [None req-213a5f5d-0e46-405f-bebc-2d7b8caaaeac tempest-LiveMigrationNegativeTest-804508164 tempest-LiveMigrationNegativeTest-804508164-project] Policy check for os_compute_api:os-extended-server-attributes failed with credentials {'is_admin': False, 'user_id': '83b4c1bff93d4b02a1e98bf027abfc29', 'user_domain_id': 'default', 'system_scope': None, 'domain_id': None, 'project_id': '6260c41300004175912587371230960c', 'project_domain_id': 'default', 'roles': ['reader', 'member'], 'is_admin_project': True, 'service_user_id': None, 'service_user_domain_id': None, 'service_project_id': None, 'service_project_domain_id': None, 'service_roles': []} {{(pid=116227) authorize /opt/stack/nova/nova/policy.py:199}}
Aug 24 14:44:02.922384 n-d-773644-8 devstack@n-api.service[116227]: INFO nova.api.openstack.requestlog [None req-213a5f5d-0e46-405f-bebc-2d7b8caaaeac tempest-LiveMigrationNegativeTest-804508164 tempest-LiveMigrationNegativeTest-804508164-project] 10.222.0.49 "GET /compute/v2.1/servers/3a19812c-3968-400d-ae4b-c57bf94c7147" status: 200 len: 1276 microversion: 2.1 time: 0.370524
Aug 24 14:44:02.923132 n-d-773644-8 devstack@n-api.service[116227]: [pid: 116227|app: 0|req: 44/102] 10.222.0.49 () {58 vars in 1236 bytes} [Tue Aug 24 14:44:02 2021] GET /compute/v2.1/servers/3a19812c-3968-400d-ae4b-c57bf94c7147 => generated 1276 bytes in 372 msecs (HTTP/1.1 200) 9 headers in 358 bytes (1 switches on core 0)
Aug 24 14:44:02.933541 n-d-773644-8 devstack@n-api.service[116226]: INFO nova.api.openstack.wsgi [None req-f62604e3-bf97-4cd0-8e27-9fbb25832407 tempest-FlavorsExtraSpecsNegativeTestJSON-126005012 tempest-FlavorsExtraSpecsNegativeTestJSON-126005012-project-admin] HTTP exception thrown: Flavor 2076934900 has no extra specs with key hw:cpu_thread_policy.
Aug 24 14:44:02.934381 n-d-773644-8 devstack@n-api.service[116226]: DEBUG nova.api.openstack.wsgi [None req-f62604e3-bf97-4cd0-8e27-9fbb25832407 tempest-FlavorsExtraSpecsNegativeTestJSON-126005012 tempest-FlavorsExtraSpecsNegativeTestJSON-126005012-project-admin] Returning 404 to user: Flavor 2076934900 has no extra specs with key hw:cpu_thread_policy. {{(pid=116226) __call__ /opt/stack/nova/nova/api/openstack/wsgi.py:927}}
Aug 24 14:44:02.935327 n-d-773644-8 devstack@n-api.service[116226]: INFO nova.api.openstack.requestlog [None req-f62604e3-bf97-4cd0-8e27-9fbb25832407 tempest-FlavorsExtraSpecsNegativeTestJSON-126005012 tempest-FlavorsExtraSpecsNegativeTestJSON-126005012-project-admin] 10.222.0.49 "DELETE /compute/v2.1/flavors/2076934900/os-extra_specs/hw:cpu_thread_policy" status: 404 len: 113 microversion: 2.1 time: 0.065754
Aug 24 14:44:02.936096 n-d-773644-8 devstack@n-api.service[116226]: [pid: 116226|app: 0|req: 59/103] 10.222.0.49 () {58 vars in 1269 bytes} [Tue Aug 24 14:44:02 2021] DELETE /compute/v2.1/flavors/2076934900/os-extra_specs/hw:cpu_thread_policy => generated 113 bytes in 71 msecs (HTTP/1.1 404) 9 headers in 379 bytes (1 switches on core 0)
Aug 24 14:44:02.956409 n-d-773644-8 devstack@n-api.service[116227]: DEBUG nova.api.openstack.wsgi [None req-1e347d27-0e50-45c8-a9cc-561dd2f23a17 tempest-AggregatesAdminTestJSON-1995607213 tempest-AggregatesAdminTestJSON-1995607213-project] Calling method '>' {{(pid=116227) _process_stack /opt/stack/nova/nova/api/openstack/wsgi.py:513}}
Aug 24 14:44:02.957229 n-d-773644-8 devstack@n-api.service[116227]: DEBUG nova.compute.api [None req-1e347d27-0e50-45c8-a9cc-561dd2f23a17 tempest-AggregatesAdminTestJSON-1995607213 tempest-AggregatesAdminTestJSON-1995607213-project] [instance: 8474723a-ca9e-45cd-af99-e940d4aa542a] Fetching instance by UUID {{(pid=116227) get /opt/stack/nova/nova/compute/api.py:2825}}
Aug 24 14:44:02.966848 n-d-773644-8 devstack@n-api.service[116226]: DEBUG nova.api.openstack.wsgi [None req-b594359f-f962-4bcc-af7e-3acfd86b08f3 tempest-FlavorsAdminTestJSON-111803171 tempest-FlavorsAdminTestJSON-111803171-project-admin] Calling method '>' {{(pid=116226) _process_stack /opt/stack/nova/nova/api/openstack/wsgi.py:513}}
Aug 24 14:44:02.983545 n-d-773644-8 devstack@n-api.service[116227]: DEBUG oslo_concurrency.lockutils [None req-1e347d27-0e50-45c8-a9cc-561dd2f23a17 tempest-AggregatesAdminTestJSON-1995607213 tempest-AggregatesAdminTestJSON-1995607213-project] Lock "eccb2eed-c97b-45ab-ace9-c34693faf67b" acquired by "nova.context.set_target_cell..get_or_set_cached_cell_and_set_connections" :: waited 0.000s {{(pid=116227) inner /usr/local/lib/python3.8/dist-packages/oslo_concurrency/lockutils.py:355}}
Aug 24 14:44:02.994702 n-d-773644-8 devstack@n-api.service[116227]: DEBUG oslo_concurrency.lockutils [None req-1e347d27-0e50-45c8-a9cc-561dd2f23a17 tempest-AggregatesAdminTestJSON-1995607213 tempest-AggregatesAdminTestJSON-1995607213-project] Lock "eccb2eed-c97b-45ab-ace9-c34693faf67b" released by "nova.context.set_target_cell..get_or_set_cached_cell_and_set_connections" :: held 0.001s {{(pid=116227) inner /usr/local/lib/python3.8/dist-packages/oslo_concurrency/lockutils.py:367}}
Aug 24 14:44:02.995928 n-d-773644-8 devstack@n-api.service[116227]: DEBUG oslo_concurrency.lockutils [None req-1e347d27-0e50-45c8-a9cc-561dd2f23a17 tempest-AggregatesAdminTestJSON-1995607213 tempest-AggregatesAdminTestJSON-1995607213-project] Lock "eccb2eed-c97b-45ab-ace9-c34693faf67b" acquired by "nova.context.set_target_cell..get_or_set_cached_cell_and_set_connections" :: waited 0.000s {{(pid=116227) inner /usr/local/lib/python3.8/dist-packages/oslo_concurrency/lockutils.py:355}}
Aug 24 14:44:02.996672 n-d-773644-8 devstack@n-api.service[116227]: DEBUG oslo_concurrency.lockutils [None req-1e347d27-0e50-45c8-a9cc-561dd2f23a17 tempest-AggregatesAdminTestJSON-1995607213 tempest-AggregatesAdminTestJSON-1995607213-project] Lock "eccb2eed-c97b-45ab-ace9-c34693faf67b" released by "nova.context.set_target_cell..get_or_set_cached_cell_and_set_connections" :: held 0.001s {{(pid=116227) inner /usr/local/lib/python3.8/dist-packages/oslo_concurrency/lockutils.py:367}}
