Jul 06 13:43:07.444318 n-d-773644-6 devstack@placement-api.service[100900]: INFO placement.requestlog [req-e98c37d7-df05-4069-aae6-6ac0f57be71c req-677dafa9-c590-4689-8535-e09d48f3023f service placement] 10.222.0.52 "GET /placement/allocations/5edeafe1-36c7-4010-a9ce-b0e132808f92" status: 200 len: 258 microversion: 1.28
Jul 06 13:43:07.445050 n-d-773644-6 devstack@placement-api.service[100900]: [pid: 100900|app: 0|req: 49/95] 10.222.0.52 () {60 vars in 1382 bytes} [Tue Jul 6 13:43:07 2021] GET /placement/allocations/5edeafe1-36c7-4010-a9ce-b0e132808f92 => generated 258 bytes in 24 msecs (HTTP/1.1 200) 8 headers in 296 bytes (1 switches on core 0)
Jul 06 13:43:07.757254 n-d-773644-6 devstack@placement-api.service[100899]: DEBUG placement.requestlog [req-98116bf2-b9ff-4c94-875b-bb511dc7be64 req-5b5625fa-0f2d-4e70-87c4-cef80e35b91b None None] Starting request: 10.222.0.118 "GET /placement/allocation_candidates?limit=1000&resources=DISK_GB%3A1%2CMEMORY_MB%3A1024%2CVCPU%3A1&root_required=%21COMPUTE_STATUS_DISABLED" {{(pid=100899) __call__ /opt/stack/placement/placement/requestlog.py:55}}
Jul 06 13:43:07.808884 n-d-773644-6 devstack@placement-api.service[100899]: DEBUG placement.objects.research_context [req-98116bf2-b9ff-4c94-875b-bb511dc7be64 req-5b5625fa-0f2d-4e70-87c4-cef80e35b91b service placement] getting providers with 1 DISK_GB {{(pid=100899) __init__ /opt/stack/placement/placement/objects/research_context.py:126}}
Jul 06 13:43:07.823245 n-d-773644-6 devstack@placement-api.service[100899]: DEBUG placement.objects.research_context [req-98116bf2-b9ff-4c94-875b-bb511dc7be64 req-5b5625fa-0f2d-4e70-87c4-cef80e35b91b service placement] getting providers with 1024 MEMORY_MB {{(pid=100899) __init__ /opt/stack/placement/placement/objects/research_context.py:126}}
Jul 06 13:43:07.830578 n-d-773644-6 devstack@placement-api.service[100899]: DEBUG placement.objects.research_context [req-98116bf2-b9ff-4c94-875b-bb511dc7be64 req-5b5625fa-0f2d-4e70-87c4-cef80e35b91b service placement] getting providers with 1 VCPU {{(pid=100899) __init__ /opt/stack/placement/placement/objects/research_context.py:126}}
Jul 06 13:43:07.837698 n-d-773644-6 devstack@placement-api.service[100899]: DEBUG placement.objects.research_context [req-98116bf2-b9ff-4c94-875b-bb511dc7be64 req-5b5625fa-0f2d-4e70-87c4-cef80e35b91b service placement] found 2 providers with available 1 DISK_GB {{(pid=100899) get_provider_ids_matching /opt/stack/placement/placement/objects/research_context.py:549}}
Jul 06 13:43:07.838189 n-d-773644-6 devstack@placement-api.service[100899]: DEBUG placement.objects.research_context [req-98116bf2-b9ff-4c94-875b-bb511dc7be64 req-5b5625fa-0f2d-4e70-87c4-cef80e35b91b service placement] found 2 providers with available 1024 MEMORY_MB {{(pid=100899) get_provider_ids_matching /opt/stack/placement/placement/objects/research_context.py:549}}
Jul 06 13:43:07.838671 n-d-773644-6 devstack@placement-api.service[100899]: DEBUG placement.objects.research_context [req-98116bf2-b9ff-4c94-875b-bb511dc7be64 req-5b5625fa-0f2d-4e70-87c4-cef80e35b91b service placement] found 2 providers after filtering by previous result {{(pid=100899) get_provider_ids_matching /opt/stack/placement/placement/objects/research_context.py:580}}
Jul 06 13:43:07.839104 n-d-773644-6 devstack@placement-api.service[100899]: DEBUG placement.objects.research_context [req-98116bf2-b9ff-4c94-875b-bb511dc7be64 req-5b5625fa-0f2d-4e70-87c4-cef80e35b91b service placement] found 2 providers with available 1 VCPU {{(pid=100899) get_provider_ids_matching /opt/stack/placement/placement/objects/research_context.py:549}}
Jul 06 13:43:07.839540 n-d-773644-6 devstack@placement-api.service[100899]: DEBUG placement.objects.research_context [req-98116bf2-b9ff-4c94-875b-bb511dc7be64 req-5b5625fa-0f2d-4e70-87c4-cef80e35b91b service placement] found 2 providers after filtering by previous result {{(pid=100899) get_provider_ids_matching /opt/stack/placement/placement/objects/research_context.py:580}}
Jul 06 13:43:07.854660 n-d-773644-6 devstack@placement-api.service[100899]: DEBUG placement.objects.allocation_candidate [req-98116bf2-b9ff-4c94-875b-bb511dc7be64 req-5b5625fa-0f2d-4e70-87c4-cef80e35b91b service placement] RequestGroup(use_same_provider=False, resources={DISK_GB:1, MEMORY_MB:1024, VCPU:1}, traits=[], aggregates=[]) (suffix '') returned 2 matches {{(pid=100899) _get_by_requests /opt/stack/placement/placement/objects/allocation_candidate.py:145}}
Jul 06 13:43:07.855221 n-d-773644-6 devstack@placement-api.service[100899]: DEBUG placement.objects.allocation_candidate [req-98116bf2-b9ff-4c94-875b-bb511dc7be64 req-5b5625fa-0f2d-4e70-87c4-cef80e35b91b service placement] Merging candidates yields 2 allocation requests and 2 provider summaries {{(pid=100899) _merge_candidates /opt/stack/placement/placement/objects/allocation_candidate.py:783}}
Jul 06 13:43:07.857255 n-d-773644-6 devstack@placement-api.service[100899]: INFO placement.requestlog [req-98116bf2-b9ff-4c94-875b-bb511dc7be64 req-5b5625fa-0f2d-4e70-87c4-cef80e35b91b service placement] 10.222.0.118 "GET /placement/allocation_candidates?limit=1000&resources=DISK_GB%3A1%2CMEMORY_MB%3A1024%2CVCPU%3A1&root_required=%21COMPUTE_STATUS_DISABLED" status: 200 len: 1309 microversion: 1.35
Jul 06 13:43:07.857686 n-d-773644-6 devstack@placement-api.service[100899]: [pid: 100899|app: 0|req: 47/96] 10.222.0.118 () {60 vars in 1512 bytes} [Tue Jul 6 13:43:07 2021] GET /placement/allocation_candidates?limit=1000&resources=DISK_GB%3A1%2CMEMORY_MB%3A1024%2CVCPU%3A1&root_required=%21COMPUTE_STATUS_DISABLED => generated 1309 bytes in 101 msecs (HTTP/1.1 200) 8 headers in 297 bytes (1 switches on core 0)
Jul 06 13:43:07.993590 n-d-773644-6 devstack@placement-api.service[100900]: DEBUG placement.requestlog [req-98116bf2-b9ff-4c94-875b-bb511dc7be64 req-b50fbbca-b0b5-433c-8650-967c5ba5d66d None None] Starting request: 10.222.0.118 "GET /placement/allocations/25963fba-ab6a-4418-bb9b-9de3666197da" {{(pid=100900) __call__ /opt/stack/placement/placement/requestlog.py:55}}
Jul 06 13:43:08.015548 n-d-773644-6 devstack@placement-api.service[100900]: INFO placement.requestlog [req-98116bf2-b9ff-4c94-875b-bb511dc7be64 req-b50fbbca-b0b5-433c-8650-967c5ba5d66d service placement] 10.222.0.118 "GET /placement/allocations/25963fba-ab6a-4418-bb9b-9de3666197da" status: 200 len: 19 microversion: 1.28
Jul 06 13:43:08.018165 n-d-773644-6 devstack@placement-api.service[100900]: [pid: 100900|app: 0|req: 50/97] 10.222.0.118 () {60 vars in 1386 bytes} [Tue Jul 6 13:43:07 2021] GET /placement/allocations/25963fba-ab6a-4418-bb9b-9de3666197da => generated 19 bytes in 24 msecs (HTTP/1.1 200) 8 headers in 295 bytes (1 switches on core 0)
Jul 06 13:43:08.028941 n-d-773644-6 devstack@placement-api.service[100899]: DEBUG placement.requestlog [req-98116bf2-b9ff-4c94-875b-bb511dc7be64 req-e4ee5548-845f-4215-83d2-e2a47dc82988 None None] Starting request: 10.222.0.118 "PUT /placement/allocations/25963fba-ab6a-4418-bb9b-9de3666197da" {{(pid=100899) __call__ /opt/stack/placement/placement/requestlog.py:55}}
Jul 06 13:43:08.162734 n-d-773644-6 devstack@placement-api.service[100899]: DEBUG placement.handlers.allocation [req-98116bf2-b9ff-4c94-875b-bb511dc7be64 req-e4ee5548-845f-4215-83d2-e2a47dc82988 service placement] Successfully wrote allocations [, , ] {{(pid=100899) _create_allocations /opt/stack/placement/placement/handlers/allocation.py:435}}
Jul 06 13:43:08.163361 n-d-773644-6 devstack@placement-api.service[100899]: INFO placement.requestlog [req-98116bf2-b9ff-4c94-875b-bb511dc7be64 req-e4ee5548-845f-4215-83d2-e2a47dc82988 service placement] 10.222.0.118 "PUT /placement/allocations/25963fba-ab6a-4418-bb9b-9de3666197da" status: 204 len: 0 microversion: 1.35
Jul 06 13:43:08.163929 n-d-773644-6 devstack@placement-api.service[100899]: [pid: 100899|app: 0|req: 48/98] 10.222.0.118 () {64 vars in 1439 bytes} [Tue Jul 6 13:43:08 2021] PUT /placement/allocations/25963fba-ab6a-4418-bb9b-9de3666197da => generated 0 bytes in 141 msecs (HTTP/1.1 204) 5 headers in 199 bytes (1 switches on core 0)
Jul 06 13:43:08.786775 n-d-773644-6 devstack@placement-api.service[100900]: DEBUG placement.requestlog [req-98116bf2-b9ff-4c94-875b-bb511dc7be64 req-007d33f7-82f8-46b0-96f8-c336801a7816 None None] Starting request: 10.222.0.124 "GET /placement/allocations/25963fba-ab6a-4418-bb9b-9de3666197da" {{(pid=100900) __call__ /opt/stack/placement/placement/requestlog.py:55}}
Jul 06 13:43:08.806080 n-d-773644-6 devstack@placement-api.service[100900]: INFO placement.requestlog [req-98116bf2-b9ff-4c94-875b-bb511dc7be64 req-007d33f7-82f8-46b0-96f8-c336801a7816 service placement] 10.222.0.124 "GET /placement/allocations/25963fba-ab6a-4418-bb9b-9de3666197da" status: 200 len: 259 microversion: 1.28
Jul 06 13:43:08.806909 n-d-773644-6 devstack@placement-api.service[100900]: [pid: 100900|app: 0|req: 51/99] 10.222.0.124 () {60 vars in 1383 bytes} [Tue Jul 6 13:43:08 2021] GET /placement/allocations/25963fba-ab6a-4418-bb9b-9de3666197da => generated 259 bytes in 20 msecs (HTTP/1.1 200) 8 headers in 296 bytes (1 switches on core 0)
Jul 06 13:43:08.907954 n-d-773644-6 devstack@placement-api.service[100899]: DEBUG placement.requestlog [req-59ee334f-ad45-4e53-84f0-adbef1b0a50a req-a97e0594-13a6-47b3-8e64-fbe1f9db1b6d None None] Starting request: 10.222.0.118 "GET /placement/resource_providers?name=n-h2-773644-6" {{(pid=100899) __call__ /opt/stack/placement/placement/requestlog.py:55}}
Jul 06 13:43:08.920926 n-d-773644-6 devstack@placement-api.service[100899]: INFO placement.requestlog [req-59ee334f-ad45-4e53-84f0-adbef1b0a50a req-a97e0594-13a6-47b3-8e64-fbe1f9db1b6d service placement] 10.222.0.118 "GET /placement/resource_providers?name=n-h2-773644-6" status: 200 len: 441 microversion: 1.0
Jul 06 13:43:08.927836 n-d-773644-6 devstack@placement-api.service[100899]: [pid: 100899|app: 0|req: 49/100] 10.222.0.118 () {58 vars in 1280 bytes} [Tue Jul 6 13:43:08 2021] GET /placement/resource_providers?name=n-h2-773644-6 => generated 441 bytes in 20 msecs (HTTP/1.1 200) 6 headers in 224 bytes (1 switches on core 0)
Jul 06 13:43:08.929587 n-d-773644-6 devstack@placement-api.service[100900]: DEBUG placement.requestlog [req-59ee334f-ad45-4e53-84f0-adbef1b0a50a req-291f783f-1d26-4fbf-845f-d84a49ab7f3b None None] Starting request: 10.222.0.118 "GET /placement/resource_providers/35846093-39fe-482c-a86c-fd9741bece36/aggregates" {{(pid=100900) __call__ /opt/stack/placement/placement/requestlog.py:55}}
Jul 06 13:43:08.946095 n-d-773644-6 devstack@placement-api.service[100900]: INFO placement.requestlog [req-59ee334f-ad45-4e53-84f0-adbef1b0a50a req-291f783f-1d26-4fbf-845f-d84a49ab7f3b service placement] 10.222.0.118 "GET /placement/resource_providers/35846093-39fe-482c-a86c-fd9741bece36/aggregates" status: 200 len: 54 microversion: 1.19
Jul 06 13:43:08.946410 n-d-773644-6 devstack@placement-api.service[100900]: [pid: 100900|app: 0|req: 52/101] 10.222.0.118 () {60 vars in 1431 bytes} [Tue Jul 6 13:43:08 2021] GET /placement/resource_providers/35846093-39fe-482c-a86c-fd9741bece36/aggregates => generated 54 bytes in 17 msecs (HTTP/1.1 200) 8 headers in 295 bytes (2 switches on core 0)
Jul 06 13:43:08.953621 n-d-773644-6 devstack@placement-api.service[100899]: DEBUG placement.requestlog [req-59ee334f-ad45-4e53-84f0-adbef1b0a50a req-bb5a0bfa-01b7-45a0-8459-698f351e5c7f None None] Starting request: 10.222.0.118 "PUT /placement/resource_providers/35846093-39fe-482c-a86c-fd9741bece36/aggregates" {{(pid=100899) __call__ /opt/stack/placement/placement/requestlog.py:55}}
Jul 06 13:43:08.971227 n-d-773644-6 devstack@placement-api.service[100899]: DEBUG placement.objects.resource_provider [req-59ee334f-ad45-4e53-84f0-adbef1b0a50a req-bb5a0bfa-01b7-45a0-8459-698f351e5c7f service placement] _ensure_aggregate() did not find aggregate a94ea036-4b65-4efd-9271-112086d7b103. Attempting to create it. {{(pid=100899) _ensure_aggregate /opt/stack/placement/placement/objects/resource_provider.py:319}}
Jul 06 13:43:08.972744 n-d-773644-6 devstack@placement-api.service[100899]: DEBUG placement.objects.resource_provider [req-59ee334f-ad45-4e53-84f0-adbef1b0a50a req-bb5a0bfa-01b7-45a0-8459-698f351e5c7f service placement] _ensure_aggregate() created new aggregate a94ea036-4b65-4efd-9271-112086d7b103 (id=7). {{(pid=100899) _ensure_aggregate /opt/stack/placement/placement/objects/resource_provider.py:325}}
Jul 06 13:43:08.974444 n-d-773644-6 devstack@placement-api.service[100899]: DEBUG placement.objects.resource_provider [req-59ee334f-ad45-4e53-84f0-adbef1b0a50a req-bb5a0bfa-01b7-45a0-8459-698f351e5c7f service placement] Setting aggregates for provider 35846093-39fe-482c-a86c-fd9741bece36. Successfully associated aggregate a94ea036-4b65-4efd-9271-112086d7b103. {{(pid=100899) _set_aggregates /opt/stack/placement/placement/objects/resource_provider.py:387}}
Jul 06 13:43:08.980539 n-d-773644-6 devstack@placement-api.service[100899]: INFO placement.requestlog [req-59ee334f-ad45-4e53-84f0-adbef1b0a50a req-bb5a0bfa-01b7-45a0-8459-698f351e5c7f service placement] 10.222.0.118 "PUT /placement/resource_providers/35846093-39fe-482c-a86c-fd9741bece36/aggregates" status: 200 len: 92 microversion: 1.19
Jul 06 13:43:08.985860 n-d-773644-6 devstack@placement-api.service[100899]: [pid: 100899|app: 0|req: 50/102] 10.222.0.118 () {64 vars in 1483 bytes} [Tue Jul 6 13:43:08 2021] PUT /placement/resource_providers/35846093-39fe-482c-a86c-fd9741bece36/aggregates => generated 92 bytes in 32 msecs (HTTP/1.1 200) 8 headers in 295 bytes (1 switches on core 0)
Jul 06 13:43:09.122213 n-d-773644-6 devstack@placement-api.service[100900]: DEBUG placement.requestlog [req-4a32b5dd-d751-410b-ad78-147e4e7106c9 req-6edffef8-0df3-4739-acf5-b1cadf00d6fd None None] Starting request: 10.222.0.118 "GET /placement/resource_providers?name=n-h2-773644-6" {{(pid=100900) __call__ /opt/stack/placement/placement/requestlog.py:55}}
Jul 06 13:43:09.145705 n-d-773644-6 devstack@placement-api.service[100900]: INFO placement.requestlog [req-4a32b5dd-d751-410b-ad78-147e4e7106c9 req-6edffef8-0df3-4739-acf5-b1cadf00d6fd service placement] 10.222.0.118 "GET /placement/resource_providers?name=n-h2-773644-6" status: 200 len: 441 microversion: 1.0
Jul 06 13:43:09.148700 n-d-773644-6 devstack@placement-api.service[100900]: [pid: 100900|app: 0|req: 53/103] 10.222.0.118 () {58 vars in 1280 bytes} [Tue Jul 6 13:43:09 2021] GET /placement/resource_providers?name=n-h2-773644-6 => generated 441 bytes in 26 msecs (HTTP/1.1 200) 6 headers in 224 bytes (1 switches on core 0)
Jul 06 13:43:09.157390 n-d-773644-6 devstack@placement-api.service[100899]: DEBUG placement.requestlog [req-4a32b5dd-d751-410b-ad78-147e4e7106c9 req-4540ddb6-b45c-4b58-a155-663a194a8301 None None] Starting request: 10.222.0.118 "GET /placement/resource_providers/35846093-39fe-482c-a86c-fd9741bece36/aggregates" {{(pid=100899) __call__ /opt/stack/placement/placement/requestlog.py:55}}
Jul 06 13:43:09.194822 n-d-773644-6 devstack@placement-api.service[100899]: INFO placement.requestlog [req-4a32b5dd-d751-410b-ad78-147e4e7106c9 req-4540ddb6-b45c-4b58-a155-663a194a8301 service placement] 10.222.0.118 "GET /placement/resource_providers/35846093-39fe-482c-a86c-fd9741bece36/aggregates" status: 200 len: 92 microversion: 1.19
Jul 06 13:43:09.196140 n-d-773644-6 devstack@placement-api.service[100899]: [pid: 100899|app: 0|req: 51/104] 10.222.0.118 () {60 vars in 1431 bytes} [Tue Jul 6 13:43:09 2021] GET /placement/resource_providers/35846093-39fe-482c-a86c-fd9741bece36/aggregates => generated 92 bytes in 39 msecs (HTTP/1.1 200) 8 headers in 295 bytes (1 switches on core 0)
Jul 06 13:43:09.203320 n-d-773644-6 devstack@placement-api.service[100900]: DEBUG placement.requestlog [req-4a32b5dd-d751-410b-ad78-147e4e7106c9 req-f615aaff-d970-47d0-a4ca-7177d70df72c None None] Starting request: 10.222.0.118 "PUT /placement/resource_providers/35846093-39fe-482c-a86c-fd9741bece36/aggregates" {{(pid=100900) __call__ /opt/stack/placement/placement/requestlog.py:55}}
Jul 06 13:43:09.237444 n-d-773644-6 devstack@placement-api.service[100900]: DEBUG placement.objects.resource_provider [req-4a32b5dd-d751-410b-ad78-147e4e7106c9 req-f615aaff-d970-47d0-a4ca-7177d70df72c service placement] Setting aggregates for provider 35846093-39fe-482c-a86c-fd9741bece36. Successfully disassociated aggregate a94ea036-4b65-4efd-9271-112086d7b103. {{(pid=100900) _set_aggregates /opt/stack/placement/placement/objects/resource_provider.py:402}}
Jul 06 13:43:09.253234 n-d-773644-6 devstack@placement-api.service[100900]: INFO placement.requestlog [req-4a32b5dd-d751-410b-ad78-147e4e7106c9 req-f615aaff-d970-47d0-a4ca-7177d70df72c service placement] 10.222.0.118 "PUT /placement/resource_providers/35846093-39fe-482c-a86c-fd9741bece36/aggregates" status: 200 len: 54 microversion: 1.19
Jul 06 13:43:09.253781 n-d-773644-6 devstack@placement-api.service[100900]: [pid: 100900|app: 0|req: 54/105] 10.222.0.118 () {64 vars in 1483 bytes} [Tue Jul 6 13:43:09 2021] PUT /placement/resource_providers/35846093-39fe-482c-a86c-fd9741bece36/aggregates => generated 54 bytes in 50 msecs (HTTP/1.1 200) 8 headers in 295 bytes (1 switches on core 0)
Jul 06 13:43:11.914375 n-d-773644-6 devstack@placement-api.service[100899]: DEBUG placement.requestlog [req-69e7dc79-244e-4c8f-bf6f-456eb993b181 req-5b852a2b-f2f6-46e0-8445-acb8cec8d4a1 None None] Starting request: 10.222.0.124 "GET /placement/allocations/c4dafedf-3c3b-4b17-ba9b-f1287949a3be" {{(pid=100899) __call__ /opt/stack/placement/placement/requestlog.py:55}}
Jul 06 13:43:11.941283 n-d-773644-6 devstack@placement-api.service[100899]: INFO placement.requestlog [req-69e7dc79-244e-4c8f-bf6f-456eb993b181 req-5b852a2b-f2f6-46e0-8445-acb8cec8d4a1 service placement] 10.222.0.124 "GET /placement/allocations/c4dafedf-3c3b-4b17-ba9b-f1287949a3be" status: 200 len: 259 microversion: 1.28
Jul 06 13:43:11.941671 n-d-773644-6 devstack@placement-api.service[100899]: [pid: 100899|app: 0|req: 52/106] 10.222.0.124 () {60 vars in 1383 bytes} [Tue Jul 6 13:43:11 2021] GET /placement/allocations/c4dafedf-3c3b-4b17-ba9b-f1287949a3be => generated 259 bytes in 28 msecs (HTTP/1.1 200) 8 headers in 296 bytes (1 switches on core 0)
Jul 06 13:43:11.949834 n-d-773644-6 devstack@placement-api.service[100900]: DEBUG placement.requestlog [req-69e7dc79-244e-4c8f-bf6f-456eb993b181 req-f2d62fd1-ce53-40da-ac93-be63723caff5 None None] Starting request: 10.222.0.124 "PUT /placement/allocations/c4dafedf-3c3b-4b17-ba9b-f1287949a3be" {{(pid=100900) __call__ /opt/stack/placement/placement/requestlog.py:55}}
Jul 06 13:43:12.073192 n-d-773644-6 devstack@placement-api.service[100900]: DEBUG placement.handlers.allocation [req-69e7dc79-244e-4c8f-bf6f-456eb993b181 req-f2d62fd1-ce53-40da-ac93-be63723caff5 service placement] Successfully wrote allocations [, , ] {{(pid=100900) _create_allocations /opt/stack/placement/placement/handlers/allocation.py:435}}
Jul 06 13:43:12.073695 n-d-773644-6 devstack@placement-api.service[100900]: INFO placement.requestlog [req-69e7dc79-244e-4c8f-bf6f-456eb993b181 req-f2d62fd1-ce53-40da-ac93-be63723caff5 service placement] 10.222.0.124 "PUT /placement/allocations/c4dafedf-3c3b-4b17-ba9b-f1287949a3be" status: 204 len: 0 microversion: 1.28
Jul 06 13:43:12.075002 n-d-773644-6 devstack@placement-api.service[100900]: [pid: 100900|app: 0|req: 55/107] 10.222.0.124 () {64 vars in 1436 bytes} [Tue Jul 6 13:43:11 2021] PUT /placement/allocations/c4dafedf-3c3b-4b17-ba9b-f1287949a3be => generated 0 bytes in 125 msecs (HTTP/1.1 204) 5 headers in 199 bytes (1 switches on core 0)
Jul 06 13:43:17.259304 n-d-773644-6 devstack@placement-api.service[100899]: DEBUG placement.requestlog [req-cb970a48-00d4-4b07-afb1-b8fa92fa7e79 req-9585957c-d11a-4ef6-8a8e-e66cb4aa58cd None None] Starting request: 10.222.0.118 "GET /placement/allocation_candidates?limit=1000&resources=DISK_GB%3A1%2CMEMORY_MB%3A1024%2CVCPU%3A1&root_required=%21COMPUTE_STATUS_DISABLED" {{(pid=100899) __call__ /opt/stack/placement/placement/requestlog.py:55}}
Jul 06 13:43:17.300446 n-d-773644-6 devstack@placement-api.service[100899]: DEBUG placement.objects.research_context [req-cb970a48-00d4-4b07-afb1-b8fa92fa7e79 req-9585957c-d11a-4ef6-8a8e-e66cb4aa58cd service placement] getting providers with 1 DISK_GB {{(pid=100899) __init__ /opt/stack/placement/placement/objects/research_context.py:126}}
Jul 06 13:43:17.309412 n-d-773644-6 devstack@placement-api.service[100899]: DEBUG placement.objects.research_context [req-cb970a48-00d4-4b07-afb1-b8fa92fa7e79 req-9585957c-d11a-4ef6-8a8e-e66cb4aa58cd service placement] getting providers with 1024 MEMORY_MB {{(pid=100899) __init__ /opt/stack/placement/placement/objects/research_context.py:126}}
Jul 06 13:43:17.319751 n-d-773644-6 devstack@placement-api.service[100899]: DEBUG placement.objects.research_context [req-cb970a48-00d4-4b07-afb1-b8fa92fa7e79 req-9585957c-d11a-4ef6-8a8e-e66cb4aa58cd service placement] getting providers with 1 VCPU {{(pid=100899) __init__ /opt/stack/placement/placement/objects/research_context.py:126}}
Jul 06 13:43:17.326824 n-d-773644-6 devstack@placement-api.service[100899]: DEBUG placement.objects.research_context [req-cb970a48-00d4-4b07-afb1-b8fa92fa7e79 req-9585957c-d11a-4ef6-8a8e-e66cb4aa58cd service placement] found 2 providers with available 1 DISK_GB {{(pid=100899) get_provider_ids_matching /opt/stack/placement/placement/objects/research_context.py:549}}
Jul 06 13:43:17.327362 n-d-773644-6 devstack@placement-api.service[100899]: DEBUG placement.objects.research_context [req-cb970a48-00d4-4b07-afb1-b8fa92fa7e79 req-9585957c-d11a-4ef6-8a8e-e66cb4aa58cd service placement] found 2 providers with available 1024 MEMORY_MB {{(pid=100899) get_provider_ids_matching /opt/stack/placement/placement/objects/research_context.py:549}}
Jul 06 13:43:17.327855 n-d-773644-6 devstack@placement-api.service[100899]: DEBUG placement.objects.research_context [req-cb970a48-00d4-4b07-afb1-b8fa92fa7e79 req-9585957c-d11a-4ef6-8a8e-e66cb4aa58cd service placement] found 2 providers after filtering by previous result {{(pid=100899) get_provider_ids_matching /opt/stack/placement/placement/objects/research_context.py:580}}
Jul 06 13:43:17.328319 n-d-773644-6 devstack@placement-api.service[100899]: DEBUG placement.objects.research_context [req-cb970a48-00d4-4b07-afb1-b8fa92fa7e79 req-9585957c-d11a-4ef6-8a8e-e66cb4aa58cd service placement] found 2 providers with available 1 VCPU {{(pid=100899) get_provider_ids_matching /opt/stack/placement/placement/objects/research_context.py:549}}
Jul 06 13:43:17.328954 n-d-773644-6 devstack@placement-api.service[100899]: DEBUG placement.objects.research_context [req-cb970a48-00d4-4b07-afb1-b8fa92fa7e79 req-9585957c-d11a-4ef6-8a8e-e66cb4aa58cd service placement] found 2 providers after filtering by previous result {{(pid=100899) get_provider_ids_matching /opt/stack/placement/placement/objects/research_context.py:580}}
Jul 06 13:43:17.344128 n-d-773644-6 devstack@placement-api.service[100899]: DEBUG placement.objects.allocation_candidate [req-cb970a48-00d4-4b07-afb1-b8fa92fa7e79 req-9585957c-d11a-4ef6-8a8e-e66cb4aa58cd service placement] RequestGroup(use_same_provider=False, resources={DISK_GB:1, MEMORY_MB:1024, VCPU:1}, traits=[], aggregates=[]) (suffix '') returned 2 matches {{(pid=100899) _get_by_requests /opt/stack/placement/placement/objects/allocation_candidate.py:145}}
Jul 06 13:43:17.344501 n-d-773644-6 devstack@placement-api.service[100899]: DEBUG placement.objects.allocation_candidate [req-cb970a48-00d4-4b07-afb1-b8fa92fa7e79 req-9585957c-d11a-4ef6-8a8e-e66cb4aa58cd service placement] Merging candidates yields 2 allocation requests and 2 provider summaries {{(pid=100899) _merge_candidates /opt/stack/placement/placement/objects/allocation_candidate.py:783}}
Jul 06 13:43:17.355952 n-d-773644-6 devstack@placement-api.service[100899]: INFO placement.requestlog [req-cb970a48-00d4-4b07-afb1-b8fa92fa7e79 req-9585957c-d11a-4ef6-8a8e-e66cb4aa58cd service placement] 10.222.0.118 "GET /placement/allocation_candidates?limit=1000&resources=DISK_GB%3A1%2CMEMORY_MB%3A1024%2CVCPU%3A1&root_required=%21COMPUTE_STATUS_DISABLED" status: 200 len: 1309 microversion: 1.35
Jul 06 13:43:17.355952 n-d-773644-6 devstack@placement-api.service[100899]: [pid: 100899|app: 0|req: 53/108] 10.222.0.118 () {60 vars in 1512 bytes} [Tue Jul 6 13:43:17 2021] GET /placement/allocation_candidates?limit=1000&resources=DISK_GB%3A1%2CMEMORY_MB%3A1024%2CVCPU%3A1&root_required=%21COMPUTE_STATUS_DISABLED => generated 1309 bytes in 97 msecs (HTTP/1.1 200) 8 headers in 297 bytes (1 switches on core 0)
Jul 06 13:43:17.389618 n-d-773644-6 devstack@placement-api.service[100900]: DEBUG placement.requestlog [req-9d8082b6-39cf-48b4-8eca-6f77ca6034d4 req-d1db7407-a370-4263-aa5f-ce6366d78679 None None] Starting request: 10.222.0.124 "GET /placement/allocations/82f398ed-590b-44bb-90da-24569464385f" {{(pid=100900) __call__ /opt/stack/placement/placement/requestlog.py:55}}
Jul 06 13:43:17.419125 n-d-773644-6 devstack@placement-api.service[100900]: INFO placement.requestlog [req-9d8082b6-39cf-48b4-8eca-6f77ca6034d4 req-d1db7407-a370-4263-aa5f-ce6366d78679 service placement] 10.222.0.124 "GET /placement/allocations/82f398ed-590b-44bb-90da-24569464385f" status: 200 len: 259 microversion: 1.28
Jul 06 13:43:17.419391 n-d-773644-6 devstack@placement-api.service[100900]: [pid: 100900|app: 0|req: 56/109] 10.222.0.124 () {60 vars in 1383 bytes} [Tue Jul 6 13:43:17 2021] GET /placement/allocations/82f398ed-590b-44bb-90da-24569464385f => generated 259 bytes in 30 msecs (HTTP/1.1 200) 8 headers in 296 bytes (1 switches on core 0)
Jul 06 13:43:17.428338 n-d-773644-6 devstack@placement-api.service[100899]: DEBUG placement.requestlog [req-9d8082b6-39cf-48b4-8eca-6f77ca6034d4 req-b3c80067-aa5b-4d55-9572-8859720261a4 None None] Starting request: 10.222.0.124 "PUT /placement/allocations/82f398ed-590b-44bb-90da-24569464385f" {{(pid=100899) __call__ /opt/stack/placement/placement/requestlog.py:55}}
Jul 06 13:43:17.470185 n-d-773644-6 devstack@placement-api.service[100900]: DEBUG placement.requestlog [req-cb970a48-00d4-4b07-afb1-b8fa92fa7e79 req-4e782816-4404-49e8-8eea-e2d128164194 None None] Starting request: 10.222.0.118 "GET /placement/allocations/2dab4ecd-3564-4d45-876b-9093d903eee2" {{(pid=100900) __call__ /opt/stack/placement/placement/requestlog.py:55}}
Jul 06 13:43:17.483693 n-d-773644-6 devstack@placement-api.service[100900]: INFO placement.requestlog [req-cb970a48-00d4-4b07-afb1-b8fa92fa7e79 req-4e782816-4404-49e8-8eea-e2d128164194 service placement] 10.222.0.118 "GET /placement/allocations/2dab4ecd-3564-4d45-876b-9093d903eee2" status: 200 len: 19 microversion: 1.28
Jul 06 13:43:17.484194 n-d-773644-6 devstack@placement-api.service[100900]: [pid: 100900|app: 0|req: 57/110] 10.222.0.118 () {60 vars in 1386 bytes} [Tue Jul 6 13:43:17 2021] GET /placement/allocations/2dab4ecd-3564-4d45-876b-9093d903eee2 => generated 19 bytes in 14 msecs (HTTP/1.1 200) 8 headers in 295 bytes (2 switches on core 0)
Jul 06 13:43:17.491215 n-d-773644-6 devstack@placement-api.service[100900]: DEBUG placement.requestlog [req-cb970a48-00d4-4b07-afb1-b8fa92fa7e79 req-99f3cd1a-457b-4a21-b89b-938b2536aeba None None] Starting request: 10.222.0.118 "PUT /placement/allocations/2dab4ecd-3564-4d45-876b-9093d903eee2" {{(pid=100900) __call__ /opt/stack/placement/placement/requestlog.py:55}}
Jul 06 13:43:17.576512 n-d-773644-6 devstack@placement-api.service[100899]: DEBUG placement.handlers.allocation [req-9d8082b6-39cf-48b4-8eca-6f77ca6034d4 req-b3c80067-aa5b-4d55-9572-8859720261a4 service placement] Successfully wrote allocations [, , ] {{(pid=100899) _create_allocations /opt/stack/placement/placement/handlers/allocation.py:435}}
Jul 06 13:43:17.577274 n-d-773644-6 devstack@placement-api.service[100899]: INFO placement.requestlog [req-9d8082b6-39cf-48b4-8eca-6f77ca6034d4 req-b3c80067-aa5b-4d55-9572-8859720261a4 service placement] 10.222.0.124 "PUT /placement/allocations/82f398ed-590b-44bb-90da-24569464385f" status: 204 len: 0 microversion: 1.28
Jul 06 13:43:17.587468 n-d-773644-6 devstack@placement-api.service[100899]: [pid: 100899|app: 0|req: 54/111] 10.222.0.124 () {64 vars in 1436 bytes} [Tue Jul 6 13:43:17 2021] PUT /placement/allocations/82f398ed-590b-44bb-90da-24569464385f => generated 0 bytes in 153 msecs (HTTP/1.1 204) 5 headers in 199 bytes (2 switches on core 0)
Jul 06 13:43:17.614374 n-d-773644-6 devstack@placement-api.service[100900]: DEBUG placement.objects.allocation [req-cb970a48-00d4-4b07-afb1-b8fa92fa7e79 req-99f3cd1a-457b-4a21-b89b-938b2536aeba service placement] Retrying allocations write on resource provider generation conflict {{(pid=100900) replace_all /opt/stack/placement/placement/objects/allocation.py:505}}
Jul 06 13:43:17.641731 n-d-773644-6 devstack@placement-api.service[100900]: DEBUG placement.handlers.allocation [req-cb970a48-00d4-4b07-afb1-b8fa92fa7e79 req-99f3cd1a-457b-4a21-b89b-938b2536aeba service placement] Successfully wrote allocations [, , ] {{(pid=100900) _create_allocations /opt/stack/placement/placement/handlers/allocation.py:435}}
Jul 06 13:43:17.642281 n-d-773644-6 devstack@placement-api.service[100900]: INFO placement.requestlog [req-cb970a48-00d4-4b07-afb1-b8fa92fa7e79 req-99f3cd1a-457b-4a21-b89b-938b2536aeba service placement] 10.222.0.118 "PUT /placement/allocations/2dab4ecd-3564-4d45-876b-9093d903eee2" status: 204 len: 0 microversion: 1.35
Jul 06 13:43:17.654061 n-d-773644-6 devstack@placement-api.service[100900]: [pid: 100900|app: 0|req: 58/112] 10.222.0.118 () {64 vars in 1439 bytes} [Tue Jul 6 13:43:17 2021] PUT /placement/allocations/2dab4ecd-3564-4d45-876b-9093d903eee2 => generated 0 bytes in 152 msecs (HTTP/1.1 204) 5 headers in 199 bytes (1 switches on core 0)
Jul 06 13:43:18.203200 n-d-773644-6 devstack@placement-api.service[100899]: DEBUG placement.requestlog [req-cb970a48-00d4-4b07-afb1-b8fa92fa7e79 req-8abeae29-cbe3-4f5f-bff9-9814eade8822 None None] Starting request: 10.222.0.124 "GET /placement/allocations/2dab4ecd-3564-4d45-876b-9093d903eee2" {{(pid=100899) __call__ /opt/stack/placement/placement/requestlog.py:55}}
Jul 06 13:43:18.240624 n-d-773644-6 devstack@placement-api.service[100899]: INFO placement.requestlog [req-cb970a48-00d4-4b07-afb1-b8fa92fa7e79 req-8abeae29-cbe3-4f5f-bff9-9814eade8822 service placement] 10.222.0.124 "GET /placement/allocations/2dab4ecd-3564-4d45-876b-9093d903eee2" status: 200 len: 259 microversion: 1.28
Jul 06 13:43:18.242464 n-d-773644-6 devstack@placement-api.service[100899]: [pid: 100899|app: 0|req: 55/113] 10.222.0.124 () {60 vars in 1383 bytes} [Tue Jul 6 13:43:18 2021] GET /placement/allocations/2dab4ecd-3564-4d45-876b-9093d903eee2 => generated 259 bytes in 39 msecs (HTTP/1.1 200) 8 headers in 296 bytes (1 switches on core 0)
Jul 06 13:43:20.075864 n-d-773644-6 devstack@placement-api.service[100900]: DEBUG placement.requestlog [req-d49c3048-b092-4308-a0f4-b5ccd3d72c49 req-878369a3-cde6-4277-b681-0fe1faa261de None None] Starting request: 10.222.0.118 "GET /placement/allocation_candidates?limit=1000&resources=DISK_GB%3A1%2CMEMORY_MB%3A1024%2CVCPU%3A1&root_required=%21COMPUTE_STATUS_DISABLED" {{(pid=100900) __call__ /opt/stack/placement/placement/requestlog.py:55}}
Jul 06 13:43:20.142913 n-d-773644-6 devstack@placement-api.service[100900]: DEBUG placement.objects.research_context [req-d49c3048-b092-4308-a0f4-b5ccd3d72c49 req-878369a3-cde6-4277-b681-0fe1faa261de service placement] getting providers with 1 DISK_GB {{(pid=100900) __init__ /opt/stack/placement/placement/objects/research_context.py:126}}
Jul 06 13:43:20.152025 n-d-773644-6 devstack@placement-api.service[100900]: DEBUG placement.objects.research_context [req-d49c3048-b092-4308-a0f4-b5ccd3d72c49 req-878369a3-cde6-4277-b681-0fe1faa261de service placement] getting providers with 1024 MEMORY_MB {{(pid=100900) __init__ /opt/stack/placement/placement/objects/research_context.py:126}}
Jul 06 13:43:20.160750 n-d-773644-6 devstack@placement-api.service[100900]: DEBUG placement.objects.research_context [req-d49c3048-b092-4308-a0f4-b5ccd3d72c49 req-878369a3-cde6-4277-b681-0fe1faa261de service placement] getting providers with 1 VCPU {{(pid=100900) __init__ /opt/stack/placement/placement/objects/research_context.py:126}}
Jul 06 13:43:20.170999 n-d-773644-6 devstack@placement-api.service[100900]: DEBUG placement.objects.research_context [req-d49c3048-b092-4308-a0f4-b5ccd3d72c49 req-878369a3-cde6-4277-b681-0fe1faa261de service placement] found 2 providers with available 1 DISK_GB {{(pid=100900) get_provider_ids_matching /opt/stack/placement/placement/objects/research_context.py:549}}
Jul 06 13:43:20.171494 n-d-773644-6 devstack@placement-api.service[100900]: DEBUG placement.objects.research_context [req-d49c3048-b092-4308-a0f4-b5ccd3d72c49 req-878369a3-cde6-4277-b681-0fe1faa261de service placement] found 2 providers with available 1024 MEMORY_MB {{(pid=100900) get_provider_ids_matching /opt/stack/placement/placement/objects/research_context.py:549}}
Jul 06 13:43:20.172205 n-d-773644-6 devstack@placement-api.service[100900]: DEBUG placement.objects.research_context [req-d49c3048-b092-4308-a0f4-b5ccd3d72c49 req-878369a3-cde6-4277-b681-0fe1faa261de service placement] found 2 providers after filtering by previous result {{(pid=100900) get_provider_ids_matching /opt/stack/placement/placement/objects/research_context.py:580}}
Jul 06 13:43:20.172632 n-d-773644-6 devstack@placement-api.service[100900]: DEBUG placement.objects.research_context [req-d49c3048-b092-4308-a0f4-b5ccd3d72c49 req-878369a3-cde6-4277-b681-0fe1faa261de service placement] found 2 providers with available 1 VCPU {{(pid=100900) get_provider_ids_matching /opt/stack/placement/placement/objects/research_context.py:549}}
Jul 06 13:43:20.173157 n-d-773644-6 devstack@placement-api.service[100900]: DEBUG placement.objects.research_context [req-d49c3048-b092-4308-a0f4-b5ccd3d72c49 req-878369a3-cde6-4277-b681-0fe1faa261de service placement] found 2 providers after filtering by previous result {{(pid=100900) get_provider_ids_matching /opt/stack/placement/placement/objects/research_context.py:580}}
Jul 06 13:43:20.186317 n-d-773644-6 devstack@placement-api.service[100900]: DEBUG placement.objects.allocation_candidate [req-d49c3048-b092-4308-a0f4-b5ccd3d72c49 req-878369a3-cde6-4277-b681-0fe1faa261de service placement] RequestGroup(use_same_provider=False, resources={DISK_GB:1, MEMORY_MB:1024, VCPU:1}, traits=[], aggregates=[]) (suffix '') returned 2 matches {{(pid=100900) _get_by_requests /opt/stack/placement/placement/objects/allocation_candidate.py:145}}
Jul 06 13:43:20.186829 n-d-773644-6 devstack@placement-api.service[100900]: DEBUG placement.objects.allocation_candidate [req-d49c3048-b092-4308-a0f4-b5ccd3d72c49 req-878369a3-cde6-4277-b681-0fe1faa261de service placement] Merging candidates yields 2 allocation requests and 2 provider summaries {{(pid=100900) _merge_candidates /opt/stack/placement/placement/objects/allocation_candidate.py:783}}
Jul 06 13:43:20.188431 n-d-773644-6 devstack@placement-api.service[100900]: INFO placement.requestlog [req-d49c3048-b092-4308-a0f4-b5ccd3d72c49 req-878369a3-cde6-4277-b681-0fe1faa261de service placement] 10.222.0.118 "GET /placement/allocation_candidates?limit=1000&resources=DISK_GB%3A1%2CMEMORY_MB%3A1024%2CVCPU%3A1&root_required=%21COMPUTE_STATUS_DISABLED" status: 200 len: 1309 microversion: 1.35
Jul 06 13:43:20.189001 n-d-773644-6 devstack@placement-api.service[100900]: [pid: 100900|app: 0|req: 59/114] 10.222.0.118 () {60 vars in 1512 bytes} [Tue Jul 6 13:43:20 2021] GET /placement/allocation_candidates?limit=1000&resources=DISK_GB%3A1%2CMEMORY_MB%3A1024%2CVCPU%3A1&root_required=%21COMPUTE_STATUS_DISABLED => generated 1309 bytes in 113 msecs (HTTP/1.1 200) 8 headers in 297 bytes (1 switches on core 0)
Jul 06 13:43:20.268499 n-d-773644-6 devstack@placement-api.service[100899]: DEBUG placement.requestlog [req-d49c3048-b092-4308-a0f4-b5ccd3d72c49 req-cf314e47-1ef3-426e-b9b1-2256ca30f2ec None None] Starting request: 10.222.0.118 "GET /placement/allocations/b7ddf908-bfa7-4c39-b5ef-6971f69205ca" {{(pid=100899) __call__ /opt/stack/placement/placement/requestlog.py:55}}
Jul 06 13:43:20.281053 n-d-773644-6 devstack@placement-api.service[100899]: INFO placement.requestlog [req-d49c3048-b092-4308-a0f4-b5ccd3d72c49 req-cf314e47-1ef3-426e-b9b1-2256ca30f2ec service placement] 10.222.0.118 "GET /placement/allocations/b7ddf908-bfa7-4c39-b5ef-6971f69205ca" status: 200 len: 19 microversion: 1.28
Jul 06 13:43:20.282159 n-d-773644-6 devstack@placement-api.service[100899]: [pid: 100899|app: 0|req: 56/115] 10.222.0.118 () {60 vars in 1386 bytes} [Tue Jul 6 13:43:20 2021] GET /placement/allocations/b7ddf908-bfa7-4c39-b5ef-6971f69205ca => generated 19 bytes in 14 msecs (HTTP/1.1 200) 8 headers in 295 bytes (1 switches on core 0)
Jul 06 13:43:20.289434 n-d-773644-6 devstack@placement-api.service[100900]: DEBUG placement.requestlog [req-d49c3048-b092-4308-a0f4-b5ccd3d72c49 req-cd32b6fc-b7e7-464d-b2f3-8f6854703afc None None] Starting request: 10.222.0.118 "PUT /placement/allocations/b7ddf908-bfa7-4c39-b5ef-6971f69205ca" {{(pid=100900) __call__ /opt/stack/placement/placement/requestlog.py:55}}
Jul 06 13:43:20.408781 n-d-773644-6 devstack@placement-api.service[100900]: DEBUG placement.handlers.allocation [req-d49c3048-b092-4308-a0f4-b5ccd3d72c49 req-cd32b6fc-b7e7-464d-b2f3-8f6854703afc service placement] Successfully wrote allocations [, , ] {{(pid=100900) _create_allocations /opt/stack/placement/placement/handlers/allocation.py:435}}
Jul 06 13:43:20.409733 n-d-773644-6 devstack@placement-api.service[100900]: INFO placement.requestlog [req-d49c3048-b092-4308-a0f4-b5ccd3d72c49 req-cd32b6fc-b7e7-464d-b2f3-8f6854703afc service placement] 10.222.0.118 "PUT /placement/allocations/b7ddf908-bfa7-4c39-b5ef-6971f69205ca" status: 204 len: 0 microversion: 1.35
Jul 06 13:43:20.410576 n-d-773644-6 devstack@placement-api.service[100900]: [pid: 100900|app: 0|req: 60/116] 10.222.0.118 () {64 vars in 1439 bytes} [Tue Jul 6 13:43:20 2021] PUT /placement/allocations/b7ddf908-bfa7-4c39-b5ef-6971f69205ca => generated 0 bytes in 121 msecs (HTTP/1.1 204) 5 headers in 199 bytes (1 switches on core 0)
Jul 06 13:43:20.830862 n-d-773644-6 devstack@placement-api.service[100899]: DEBUG placement.requestlog [req-d49c3048-b092-4308-a0f4-b5ccd3d72c49 req-2bd83960-92c1-4445-9670-8abceacf8d61 None None] Starting request: 10.222.0.124 "GET /placement/allocations/b7ddf908-bfa7-4c39-b5ef-6971f69205ca" {{(pid=100899) __call__ /opt/stack/placement/placement/requestlog.py:55}}
Jul 06 13:43:20.854095 n-d-773644-6 devstack@placement-api.service[100899]: INFO placement.requestlog [req-d49c3048-b092-4308-a0f4-b5ccd3d72c49 req-2bd83960-92c1-4445-9670-8abceacf8d61 service placement] 10.222.0.124 "GET /placement/allocations/b7ddf908-bfa7-4c39-b5ef-6971f69205ca" status: 200 len: 259 microversion: 1.28
Jul 06 13:43:20.855322 n-d-773644-6 devstack@placement-api.service[100899]: [pid: 100899|app: 0|req: 57/117] 10.222.0.124 () {60 vars in 1383 bytes} [Tue Jul 6 13:43:20 2021] GET /placement/allocations/b7ddf908-bfa7-4c39-b5ef-6971f69205ca => generated 259 bytes in 25 msecs (HTTP/1.1 200) 8 headers in 296 bytes (1 switches on core 0)
Jul 06 13:43:28.525528 n-d-773644-6 devstack@placement-api.service[100900]: DEBUG placement.requestlog [req-e72afb25-7615-4c87-9dcb-929d1d67dc5f req-7effc2e0-8c2a-458f-84d7-6939f49fddaa None None] Starting request: 10.222.0.118 "GET /placement/allocation_candidates?limit=1000&resources=DISK_GB%3A1%2CMEMORY_MB%3A1024%2CVCPU%3A1&root_required=%21COMPUTE_STATUS_DISABLED" {{(pid=100900) __call__ /opt/stack/placement/placement/requestlog.py:55}}
Jul 06 13:43:28.556773 n-d-773644-6 devstack@placement-api.service[100900]: DEBUG placement.objects.research_context [req-e72afb25-7615-4c87-9dcb-929d1d67dc5f req-7effc2e0-8c2a-458f-84d7-6939f49fddaa service placement] getting providers with 1 DISK_GB {{(pid=100900) __init__ /opt/stack/placement/placement/objects/research_context.py:126}}
Jul 06 13:43:28.562924 n-d-773644-6 devstack@placement-api.service[100900]: DEBUG placement.objects.research_context [req-e72afb25-7615-4c87-9dcb-929d1d67dc5f req-7effc2e0-8c2a-458f-84d7-6939f49fddaa service placement] getting providers with 1024 MEMORY_MB {{(pid=100900) __init__ /opt/stack/placement/placement/objects/research_context.py:126}}
Jul 06 13:43:28.569259 n-d-773644-6 devstack@placement-api.service[100900]: DEBUG placement.objects.research_context [req-e72afb25-7615-4c87-9dcb-929d1d67dc5f req-7effc2e0-8c2a-458f-84d7-6939f49fddaa service placement] getting providers with 1 VCPU {{(pid=100900) __init__ /opt/stack/placement/placement/objects/research_context.py:126}}
Jul 06 13:43:28.575671 n-d-773644-6 devstack@placement-api.service[100900]: DEBUG placement.objects.research_context [req-e72afb25-7615-4c87-9dcb-929d1d67dc5f req-7effc2e0-8c2a-458f-84d7-6939f49fddaa service placement] found 2 providers with available 1 DISK_GB {{(pid=100900) get_provider_ids_matching /opt/stack/placement/placement/objects/research_context.py:549}}
Jul 06 13:43:28.575948 n-d-773644-6 devstack@placement-api.service[100900]: DEBUG placement.objects.research_context [req-e72afb25-7615-4c87-9dcb-929d1d67dc5f req-7effc2e0-8c2a-458f-84d7-6939f49fddaa service placement] found 2 providers with available 1024 MEMORY_MB {{(pid=100900) get_provider_ids_matching /opt/stack/placement/placement/objects/research_context.py:549}}
Jul 06 13:43:28.576436 n-d-773644-6 devstack@placement-api.service[100900]: DEBUG placement.objects.research_context [req-e72afb25-7615-4c87-9dcb-929d1d67dc5f req-7effc2e0-8c2a-458f-84d7-6939f49fddaa service placement] found 2 providers after filtering by previous result {{(pid=100900) get_provider_ids_matching /opt/stack/placement/placement/objects/research_context.py:580}}
Jul 06 13:43:28.576697 n-d-773644-6 devstack@placement-api.service[100900]: DEBUG placement.objects.research_context [req-e72afb25-7615-4c87-9dcb-929d1d67dc5f req-7effc2e0-8c2a-458f-84d7-6939f49fddaa service placement] found 2 providers with available 1 VCPU {{(pid=100900) get_provider_ids_matching /opt/stack/placement/placement/objects/research_context.py:549}}
Jul 06 13:43:28.576963 n-d-773644-6 devstack@placement-api.service[100900]: DEBUG placement.objects.research_context [req-e72afb25-7615-4c87-9dcb-929d1d67dc5f req-7effc2e0-8c2a-458f-84d7-6939f49fddaa service placement] found 2 providers after filtering by previous result {{(pid=100900) get_provider_ids_matching /opt/stack/placement/placement/objects/research_context.py:580}}
Jul 06 13:43:28.589240 n-d-773644-6 devstack@placement-api.service[100900]: DEBUG placement.objects.allocation_candidate [req-e72afb25-7615-4c87-9dcb-929d1d67dc5f req-7effc2e0-8c2a-458f-84d7-6939f49fddaa service placement] RequestGroup(use_same_provider=False, resources={DISK_GB:1, MEMORY_MB:1024, VCPU:1}, traits=[], aggregates=[]) (suffix '') returned 2 matches {{(pid=100900) _get_by_requests /opt/stack/placement/placement/objects/allocation_candidate.py:145}}
Jul 06 13:43:28.589848 n-d-773644-6 devstack@placement-api.service[100900]: DEBUG placement.objects.allocation_candidate [req-e72afb25-7615-4c87-9dcb-929d1d67dc5f req-7effc2e0-8c2a-458f-84d7-6939f49fddaa service placement] Merging candidates yields 2 allocation requests and 2 provider summaries {{(pid=100900) _merge_candidates /opt/stack/placement/placement/objects/allocation_candidate.py:783}}
Jul 06 13:43:28.592061 n-d-773644-6 devstack@placement-api.service[100900]: INFO placement.requestlog [req-e72afb25-7615-4c87-9dcb-929d1d67dc5f req-7effc2e0-8c2a-458f-84d7-6939f49fddaa service placement] 10.222.0.118 "GET /placement/allocation_candidates?limit=1000&resources=DISK_GB%3A1%2CMEMORY_MB%3A1024%2CVCPU%3A1&root_required=%21COMPUTE_STATUS_DISABLED" status: 200 len: 1309 microversion: 1.35
Jul 06 13:43:28.592641 n-d-773644-6 devstack@placement-api.service[100900]: [pid: 100900|app: 0|req: 61/118] 10.222.0.118 () {60 vars in 1512 bytes} [Tue Jul 6 13:43:28 2021] GET /placement/allocation_candidates?limit=1000&resources=DISK_GB%3A1%2CMEMORY_MB%3A1024%2CVCPU%3A1&root_required=%21COMPUTE_STATUS_DISABLED => generated 1309 bytes in 67 msecs (HTTP/1.1 200) 8 headers in 297 bytes (1 switches on core 0)
Jul 06 13:43:28.646674 n-d-773644-6 devstack@placement-api.service[100899]: DEBUG placement.requestlog [req-e72afb25-7615-4c87-9dcb-929d1d67dc5f req-9889686a-c425-4e93-8c18-2b3ff29cbfa4 None None] Starting request: 10.222.0.118 "GET /placement/allocations/315fd776-04f0-4cf9-828d-19f23de87e5a" {{(pid=100899) __call__ /opt/stack/placement/placement/requestlog.py:55}}
Jul 06 13:43:28.657723 n-d-773644-6 devstack@placement-api.service[100899]: INFO placement.requestlog [req-e72afb25-7615-4c87-9dcb-929d1d67dc5f req-9889686a-c425-4e93-8c18-2b3ff29cbfa4 service placement] 10.222.0.118 "GET /placement/allocations/315fd776-04f0-4cf9-828d-19f23de87e5a" status: 200 len: 19 microversion: 1.28
Jul 06 13:43:28.658142 n-d-773644-6 devstack@placement-api.service[100899]: [pid: 100899|app: 0|req: 58/119] 10.222.0.118 () {60 vars in 1386 bytes} [Tue Jul 6 13:43:28 2021] GET /placement/allocations/315fd776-04f0-4cf9-828d-19f23de87e5a => generated 19 bytes in 12 msecs (HTTP/1.1 200) 8 headers in 295 bytes (1 switches on core 0)
Jul 06 13:43:28.664099 n-d-773644-6 devstack@placement-api.service[100900]: DEBUG placement.requestlog [req-e72afb25-7615-4c87-9dcb-929d1d67dc5f req-53bd6df1-c0cb-46fd-94f4-54fc5524f2b4 None None] Starting request: 10.222.0.118 "PUT /placement/allocations/315fd776-04f0-4cf9-828d-19f23de87e5a" {{(pid=100900) __call__ /opt/stack/placement/placement/requestlog.py:55}}
Jul 06 13:43:28.727768 n-d-773644-6 devstack@placement-api.service[100900]: DEBUG placement.handlers.allocation [req-e72afb25-7615-4c87-9dcb-929d1d67dc5f req-53bd6df1-c0cb-46fd-94f4-54fc5524f2b4 service placement] Successfully wrote allocations [, , ] {{(pid=100900) _create_allocations /opt/stack/placement/placement/handlers/allocation.py:435}}
Jul 06 13:43:28.728233 n-d-773644-6 devstack@placement-api.service[100900]: INFO placement.requestlog [req-e72afb25-7615-4c87-9dcb-929d1d67dc5f req-53bd6df1-c0cb-46fd-94f4-54fc5524f2b4 service placement] 10.222.0.118 "PUT /placement/allocations/315fd776-04f0-4cf9-828d-19f23de87e5a" status: 204 len: 0 microversion: 1.35
Jul 06 13:43:28.728486 n-d-773644-6 devstack@placement-api.service[100900]: [pid: 100900|app: 0|req: 62/120] 10.222.0.118 () {64 vars in 1439 bytes} [Tue Jul 6 13:43:28 2021] PUT /placement/allocations/315fd776-04f0-4cf9-828d-19f23de87e5a => generated 0 bytes in 65 msecs (HTTP/1.1 204) 5 headers in 199 bytes (1 switches on core 0)
Jul 06 13:43:29.053500 n-d-773644-6 devstack@placement-api.service[100899]: DEBUG placement.requestlog [req-e72afb25-7615-4c87-9dcb-929d1d67dc5f req-fb95e3ff-209a-4935-8c36-a0efa0f7f5be None None] Starting request: 10.222.0.52 "GET /placement/allocations/315fd776-04f0-4cf9-828d-19f23de87e5a" {{(pid=100899) __call__ /opt/stack/placement/placement/requestlog.py:55}}
Jul 06 13:43:29.075881 n-d-773644-6 devstack@placement-api.service[100899]: INFO placement.requestlog [req-e72afb25-7615-4c87-9dcb-929d1d67dc5f req-fb95e3ff-209a-4935-8c36-a0efa0f7f5be service placement] 10.222.0.52 "GET /placement/allocations/315fd776-04f0-4cf9-828d-19f23de87e5a" status: 200 len: 258 microversion: 1.28
Jul 06 13:43:29.076251 n-d-773644-6 devstack@placement-api.service[100899]: [pid: 100899|app: 0|req: 59/121] 10.222.0.52 () {60 vars in 1382 bytes} [Tue Jul 6 13:43:29 2021] GET /placement/allocations/315fd776-04f0-4cf9-828d-19f23de87e5a => generated 258 bytes in 23 msecs (HTTP/1.1 200) 8 headers in 296 bytes (1 switches on core 0)
Jul 06 13:43:33.332064 n-d-773644-6 devstack@placement-api.service[100900]: DEBUG placement.requestlog [req-eeb15f5a-a084-47fc-b064-0a8d53f1c4c3 req-fbfdf72f-b08f-4ccc-a8a2-9e7c293e3ccf None None] Starting request: 10.222.0.52 "GET /placement/allocations/5edeafe1-36c7-4010-a9ce-b0e132808f92" {{(pid=100900) __call__ /opt/stack/placement/placement/requestlog.py:55}}
Jul 06 13:43:33.353330 n-d-773644-6 devstack@placement-api.service[100900]: INFO placement.requestlog [req-eeb15f5a-a084-47fc-b064-0a8d53f1c4c3 req-fbfdf72f-b08f-4ccc-a8a2-9e7c293e3ccf service placement] 10.222.0.52 "GET /placement/allocations/5edeafe1-36c7-4010-a9ce-b0e132808f92" status: 200 len: 258 microversion: 1.28
Jul 06 13:43:33.355281 n-d-773644-6 devstack@placement-api.service[100900]: [pid: 100900|app: 0|req: 63/122] 10.222.0.52 () {60 vars in 1382 bytes} [Tue Jul 6 13:43:33 2021] GET /placement/allocations/5edeafe1-36c7-4010-a9ce-b0e132808f92 => generated 258 bytes in 22 msecs (HTTP/1.1 200) 8 headers in 296 bytes (1 switches on core 0)
Jul 06 13:43:33.366318 n-d-773644-6 devstack@placement-api.service[100899]: DEBUG placement.requestlog [req-eeb15f5a-a084-47fc-b064-0a8d53f1c4c3 req-c35ef430-4906-437a-aeda-0b196b6e4aa0 None None] Starting request: 10.222.0.52 "PUT /placement/allocations/5edeafe1-36c7-4010-a9ce-b0e132808f92" {{(pid=100899) __call__ /opt/stack/placement/placement/requestlog.py:55}}
Jul 06 13:43:33.465264 n-d-773644-6 devstack@placement-api.service[100899]: DEBUG placement.handlers.allocation [req-eeb15f5a-a084-47fc-b064-0a8d53f1c4c3 req-c35ef430-4906-437a-aeda-0b196b6e4aa0 service placement] Successfully wrote allocations [, , ] {{(pid=100899) _create_allocations /opt/stack/placement/placement/handlers/allocation.py:435}}
Jul 06 13:43:33.465858 n-d-773644-6 devstack@placement-api.service[100899]: INFO placement.requestlog [req-eeb15f5a-a084-47fc-b064-0a8d53f1c4c3 req-c35ef430-4906-437a-aeda-0b196b6e4aa0 service placement] 10.222.0.52 "PUT /placement/allocations/5edeafe1-36c7-4010-a9ce-b0e132808f92" status: 204 len: 0 microversion: 1.28
Jul 06 13:43:33.466153 n-d-773644-6 devstack@placement-api.service[100899]: [pid: 100899|app: 0|req: 60/123] 10.222.0.52 () {64 vars in 1435 bytes} [Tue Jul 6 13:43:33 2021] PUT /placement/allocations/5edeafe1-36c7-4010-a9ce-b0e132808f92 => generated 0 bytes in 100 msecs (HTTP/1.1 204) 5 headers in 199 bytes (1 switches on core 0)
