Aug 03 02:05:53.113651 n-d-772272-9 devstack@placement-api.service[111935]: [pid: 111935|app: 0|req: 249/503] 10.222.0.17 () {60 vars in 1506 bytes} [Wed Aug 3 02:05:52 2022] GET /placement/allocation_candidates?limit=1000&resources=DISK_GB%3A1%2CMEMORY_MB%3A1024%2CVCPU%3A1&root_required=%21COMPUTE_STATUS_DISABLED => generated 1309 bytes in 262 msecs (HTTP/1.1 200) 8 headers in 297 bytes (1 switches on core 0)
Aug 03 02:05:53.168108 n-d-772272-9 devstack@placement-api.service[111934]: DEBUG placement.requestlog [req-883d5adb-262b-4113-8ce3-a9b4fa2b4fcb req-45d2c6c0-c3de-4690-a5bc-d12649eb3f32 None None] Starting request: 10.222.0.17 "GET /placement/allocations/5c8d68b2-5b09-4851-90c4-d8060f99d75f" {{(pid=111934) __call__ /opt/stack/placement/placement/requestlog.py:55}}
Aug 03 02:05:53.197806 n-d-772272-9 devstack@placement-api.service[111934]: INFO placement.requestlog [req-883d5adb-262b-4113-8ce3-a9b4fa2b4fcb req-45d2c6c0-c3de-4690-a5bc-d12649eb3f32 service placement] 10.222.0.17 "GET /placement/allocations/5c8d68b2-5b09-4851-90c4-d8060f99d75f" status: 200 len: 19 microversion: 1.28
Aug 03 02:05:53.204320 n-d-772272-9 devstack@placement-api.service[111934]: [pid: 111934|app: 0|req: 255/504] 10.222.0.17 () {60 vars in 1380 bytes} [Wed Aug 3 02:05:53 2022] GET /placement/allocations/5c8d68b2-5b09-4851-90c4-d8060f99d75f => generated 19 bytes in 35 msecs (HTTP/1.1 200) 8 headers in 295 bytes (1 switches on core 0)
Aug 03 02:05:53.205477 n-d-772272-9 devstack@placement-api.service[111935]: DEBUG placement.requestlog [req-883d5adb-262b-4113-8ce3-a9b4fa2b4fcb req-a52491f0-ad78-4297-a66e-885b425b3e33 None None] Starting request: 10.222.0.17 "PUT /placement/allocations/5c8d68b2-5b09-4851-90c4-d8060f99d75f" {{(pid=111935) __call__ /opt/stack/placement/placement/requestlog.py:55}}
Aug 03 02:05:53.235532 n-d-772272-9 devstack@placement-api.service[111934]: DEBUG placement.requestlog [req-a198428a-5416-4a61-83ef-1ee3dd512558 req-b843bc9a-e689-4d66-afe8-892566b6b3a9 None None] Starting request: 10.222.0.17 "GET /placement/allocations/fcde5d3c-df78-4765-a9e3-217c3565e4d9" {{(pid=111934) __call__ /opt/stack/placement/placement/requestlog.py:55}}
Aug 03 02:05:53.265067 n-d-772272-9 devstack@placement-api.service[111934]: INFO placement.requestlog [req-a198428a-5416-4a61-83ef-1ee3dd512558 req-b843bc9a-e689-4d66-afe8-892566b6b3a9 service placement] 10.222.0.17 "GET /placement/allocations/fcde5d3c-df78-4765-a9e3-217c3565e4d9" status: 200 len: 19 microversion: 1.28
Aug 03 02:05:53.266140 n-d-772272-9 devstack@placement-api.service[111934]: [pid: 111934|app: 0|req: 256/505] 10.222.0.17 () {60 vars in 1380 bytes} [Wed Aug 3 02:05:53 2022] GET /placement/allocations/fcde5d3c-df78-4765-a9e3-217c3565e4d9 => generated 19 bytes in 31 msecs (HTTP/1.1 200) 8 headers in 295 bytes (1 switches on core 0)
Aug 03 02:05:53.273909 n-d-772272-9 devstack@placement-api.service[111934]: DEBUG placement.requestlog [req-a198428a-5416-4a61-83ef-1ee3dd512558 req-c40063a2-3ddf-462a-b76d-b1adfbd1f5ad None None] Starting request: 10.222.0.17 "PUT /placement/allocations/fcde5d3c-df78-4765-a9e3-217c3565e4d9" {{(pid=111934) __call__ /opt/stack/placement/placement/requestlog.py:55}}
Aug 03 02:05:53.392381 n-d-772272-9 devstack@placement-api.service[111935]: DEBUG dbcounter [-] [111935] Writing DB stats placement:SELECT=82,placement:INSERT=10,placement:DELETE=4,placement:UPDATE=4 {{(pid=111935) stat_writer /usr/local/lib/python3.8/dist-packages/dbcounter.py:114}}
Aug 03 02:05:53.395495 n-d-772272-9 devstack@placement-api.service[111935]: DEBUG placement.handlers.allocation [req-883d5adb-262b-4113-8ce3-a9b4fa2b4fcb req-a52491f0-ad78-4297-a66e-885b425b3e33 service placement] Successfully wrote allocations [, , ] {{(pid=111935) _update_consumers_and_create_allocations /opt/stack/placement/placement/handlers/allocation.py:462}}
Aug 03 02:05:53.404194 n-d-772272-9 devstack@placement-api.service[111935]: INFO placement.requestlog [req-883d5adb-262b-4113-8ce3-a9b4fa2b4fcb req-a52491f0-ad78-4297-a66e-885b425b3e33 service placement] 10.222.0.17 "PUT /placement/allocations/5c8d68b2-5b09-4851-90c4-d8060f99d75f" status: 204 len: 0 microversion: 1.36
Aug 03 02:05:53.408468 n-d-772272-9 devstack@placement-api.service[111935]: [pid: 111935|app: 0|req: 250/506] 10.222.0.17 () {64 vars in 1433 bytes} [Wed Aug 3 02:05:53 2022] PUT /placement/allocations/5c8d68b2-5b09-4851-90c4-d8060f99d75f => generated 0 bytes in 203 msecs (HTTP/1.1 204) 5 headers in 199 bytes (1 switches on core 0)
Aug 03 02:05:53.460857 n-d-772272-9 devstack@placement-api.service[111934]: DEBUG placement.handlers.allocation [req-a198428a-5416-4a61-83ef-1ee3dd512558 req-c40063a2-3ddf-462a-b76d-b1adfbd1f5ad service placement] Successfully wrote allocations [, , ] {{(pid=111934) _update_consumers_and_create_allocations /opt/stack/placement/placement/handlers/allocation.py:462}}
Aug 03 02:05:53.474173 n-d-772272-9 devstack@placement-api.service[111934]: INFO placement.requestlog [req-a198428a-5416-4a61-83ef-1ee3dd512558 req-c40063a2-3ddf-462a-b76d-b1adfbd1f5ad service placement] 10.222.0.17 "PUT /placement/allocations/fcde5d3c-df78-4765-a9e3-217c3565e4d9" status: 204 len: 0 microversion: 1.36
Aug 03 02:05:53.475101 n-d-772272-9 devstack@placement-api.service[111934]: [pid: 111934|app: 0|req: 257/507] 10.222.0.17 () {64 vars in 1433 bytes} [Wed Aug 3 02:05:53 2022] PUT /placement/allocations/fcde5d3c-df78-4765-a9e3-217c3565e4d9 => generated 0 bytes in 201 msecs (HTTP/1.1 204) 5 headers in 199 bytes (1 switches on core 0)
Aug 03 02:05:54.093477 n-d-772272-9 devstack@placement-api.service[111935]: DEBUG placement.requestlog [req-883d5adb-262b-4113-8ce3-a9b4fa2b4fcb req-d6d854b0-1410-4a9e-8855-f88cbfbc2c34 None None] Starting request: 10.222.0.71 "GET /placement/allocations/5c8d68b2-5b09-4851-90c4-d8060f99d75f" {{(pid=111935) __call__ /opt/stack/placement/placement/requestlog.py:55}}
Aug 03 02:05:54.102634 n-d-772272-9 devstack@placement-api.service[111934]: DEBUG placement.requestlog [req-a198428a-5416-4a61-83ef-1ee3dd512558 req-725eac8d-5321-44d3-b617-03238e336f92 None None] Starting request: 10.222.0.71 "GET /placement/allocations/fcde5d3c-df78-4765-a9e3-217c3565e4d9" {{(pid=111934) __call__ /opt/stack/placement/placement/requestlog.py:55}}
Aug 03 02:05:54.138800 n-d-772272-9 devstack@placement-api.service[111935]: INFO placement.requestlog [req-883d5adb-262b-4113-8ce3-a9b4fa2b4fcb req-d6d854b0-1410-4a9e-8855-f88cbfbc2c34 service placement] 10.222.0.71 "GET /placement/allocations/5c8d68b2-5b09-4851-90c4-d8060f99d75f" status: 200 len: 259 microversion: 1.28
Aug 03 02:05:54.139213 n-d-772272-9 devstack@placement-api.service[111934]: INFO placement.requestlog [req-a198428a-5416-4a61-83ef-1ee3dd512558 req-725eac8d-5321-44d3-b617-03238e336f92 service placement] 10.222.0.71 "GET /placement/allocations/fcde5d3c-df78-4765-a9e3-217c3565e4d9" status: 200 len: 259 microversion: 1.28
Aug 03 02:05:54.141067 n-d-772272-9 devstack@placement-api.service[111935]: [pid: 111935|app: 0|req: 251/508] 10.222.0.71 () {60 vars in 1377 bytes} [Wed Aug 3 02:05:54 2022] GET /placement/allocations/5c8d68b2-5b09-4851-90c4-d8060f99d75f => generated 259 bytes in 47 msecs (HTTP/1.1 200) 8 headers in 296 bytes (1 switches on core 0)
Aug 03 02:05:54.141696 n-d-772272-9 devstack@placement-api.service[111934]: [pid: 111934|app: 0|req: 258/509] 10.222.0.71 () {60 vars in 1377 bytes} [Wed Aug 3 02:05:54 2022] GET /placement/allocations/fcde5d3c-df78-4765-a9e3-217c3565e4d9 => generated 259 bytes in 39 msecs (HTTP/1.1 200) 8 headers in 296 bytes (1 switches on core 0)
Aug 03 02:06:01.540760 n-d-772272-9 devstack@placement-api.service[111935]: DEBUG placement.requestlog [req-c0b45e73-fa8c-4089-bbf9-0b090fca43b0 req-9b1bc609-7395-41af-9261-f5293f9e2a90 None None] Starting request: 10.222.0.40 "DELETE /placement/allocations/2e8c01fe-1fda-4fb5-aeb6-4b4e42fcc997" {{(pid=111935) __call__ /opt/stack/placement/placement/requestlog.py:55}}
Aug 03 02:06:01.605294 n-d-772272-9 devstack@placement-api.service[111935]: DEBUG placement.handlers.allocation [req-c0b45e73-fa8c-4089-bbf9-0b090fca43b0 req-9b1bc609-7395-41af-9261-f5293f9e2a90 service placement] Successfully deleted allocations [, , ] {{(pid=111935) delete_allocations /opt/stack/placement/placement/handlers/allocation.py:627}}
Aug 03 02:06:01.607005 n-d-772272-9 devstack@placement-api.service[111935]: INFO placement.requestlog [req-c0b45e73-fa8c-4089-bbf9-0b090fca43b0 req-9b1bc609-7395-41af-9261-f5293f9e2a90 service placement] 10.222.0.40 "DELETE /placement/allocations/2e8c01fe-1fda-4fb5-aeb6-4b4e42fcc997" status: 204 len: 0 microversion: 1.0
Aug 03 02:06:01.611233 n-d-772272-9 devstack@placement-api.service[111935]: [pid: 111935|app: 0|req: 252/510] 10.222.0.40 () {60 vars in 1355 bytes} [Wed Aug 3 02:06:01 2022] DELETE /placement/allocations/2e8c01fe-1fda-4fb5-aeb6-4b4e42fcc997 => generated 0 bytes in 69 msecs (HTTP/1.1 204) 5 headers in 198 bytes (1 switches on core 0)
Aug 03 02:06:04.139715 n-d-772272-9 devstack@placement-api.service[111934]: DEBUG dbcounter [-] [111934] Writing DB stats placement:SELECT=45,placement:DELETE=4,placement:INSERT=8,placement:UPDATE=4 {{(pid=111934) stat_writer /usr/local/lib/python3.8/dist-packages/dbcounter.py:114}}
Aug 03 02:06:05.713769 n-d-772272-9 devstack@placement-api.service[111934]: DEBUG placement.requestlog [req-966bb6d9-408a-4d7b-838d-37c8cb0af97d req-a777d87e-10d0-458f-8423-8e9b10aa27b8 None None] Starting request: 10.222.0.71 "DELETE /placement/allocations/f2502edc-edd7-4f52-89ba-7974e00f94a7" {{(pid=111934) __call__ /opt/stack/placement/placement/requestlog.py:55}}
Aug 03 02:06:05.748671 n-d-772272-9 devstack@placement-api.service[111934]: DEBUG placement.handlers.allocation [req-966bb6d9-408a-4d7b-838d-37c8cb0af97d req-a777d87e-10d0-458f-8423-8e9b10aa27b8 service placement] Successfully deleted allocations [, , ] {{(pid=111934) delete_allocations /opt/stack/placement/placement/handlers/allocation.py:627}}
Aug 03 02:06:05.749794 n-d-772272-9 devstack@placement-api.service[111934]: INFO placement.requestlog [req-966bb6d9-408a-4d7b-838d-37c8cb0af97d req-a777d87e-10d0-458f-8423-8e9b10aa27b8 service placement] 10.222.0.71 "DELETE /placement/allocations/f2502edc-edd7-4f52-89ba-7974e00f94a7" status: 204 len: 0 microversion: 1.0
Aug 03 02:06:05.750489 n-d-772272-9 devstack@placement-api.service[111934]: [pid: 111934|app: 0|req: 259/511] 10.222.0.71 () {60 vars in 1355 bytes} [Wed Aug 3 02:06:05 2022] DELETE /placement/allocations/f2502edc-edd7-4f52-89ba-7974e00f94a7 => generated 0 bytes in 37 msecs (HTTP/1.1 204) 5 headers in 198 bytes (1 switches on core 0)
Aug 03 02:06:10.731506 n-d-772272-9 devstack@placement-api.service[111935]: DEBUG placement.requestlog [req-1b05dd53-a93c-42f3-9b0a-03e92785cd59 req-c73b4aee-4156-4ef7-98c0-d0d65040ace0 None None] Starting request: 10.222.0.17 "GET /placement/allocation_candidates?limit=1000&resources=DISK_GB%3A1%2CMEMORY_MB%3A1024%2CVCPU%3A1&root_required=%21COMPUTE_STATUS_DISABLED" {{(pid=111935) __call__ /opt/stack/placement/placement/requestlog.py:55}}
Aug 03 02:06:10.784889 n-d-772272-9 devstack@placement-api.service[111935]: DEBUG placement.objects.research_context [req-1b05dd53-a93c-42f3-9b0a-03e92785cd59 req-c73b4aee-4156-4ef7-98c0-d0d65040ace0 service placement] getting providers with 1 DISK_GB {{(pid=111935) __init__ /opt/stack/placement/placement/objects/research_context.py:136}}
Aug 03 02:06:10.791485 n-d-772272-9 devstack@placement-api.service[111935]: DEBUG placement.objects.research_context [req-1b05dd53-a93c-42f3-9b0a-03e92785cd59 req-c73b4aee-4156-4ef7-98c0-d0d65040ace0 service placement] getting providers with 1024 MEMORY_MB {{(pid=111935) __init__ /opt/stack/placement/placement/objects/research_context.py:136}}
Aug 03 02:06:10.797611 n-d-772272-9 devstack@placement-api.service[111935]: DEBUG placement.objects.research_context [req-1b05dd53-a93c-42f3-9b0a-03e92785cd59 req-c73b4aee-4156-4ef7-98c0-d0d65040ace0 service placement] getting providers with 1 VCPU {{(pid=111935) __init__ /opt/stack/placement/placement/objects/research_context.py:136}}
Aug 03 02:06:10.807246 n-d-772272-9 devstack@placement-api.service[111935]: DEBUG placement.objects.research_context [req-1b05dd53-a93c-42f3-9b0a-03e92785cd59 req-c73b4aee-4156-4ef7-98c0-d0d65040ace0 service placement] found 2 providers with available 1 DISK_GB {{(pid=111935) get_provider_ids_matching /opt/stack/placement/placement/objects/research_context.py:563}}
Aug 03 02:06:10.807810 n-d-772272-9 devstack@placement-api.service[111935]: DEBUG placement.objects.research_context [req-1b05dd53-a93c-42f3-9b0a-03e92785cd59 req-c73b4aee-4156-4ef7-98c0-d0d65040ace0 service placement] found 2 providers with available 1024 MEMORY_MB {{(pid=111935) get_provider_ids_matching /opt/stack/placement/placement/objects/research_context.py:563}}
Aug 03 02:06:10.808386 n-d-772272-9 devstack@placement-api.service[111935]: DEBUG placement.objects.research_context [req-1b05dd53-a93c-42f3-9b0a-03e92785cd59 req-c73b4aee-4156-4ef7-98c0-d0d65040ace0 service placement] found 2 providers after filtering by previous result {{(pid=111935) get_provider_ids_matching /opt/stack/placement/placement/objects/research_context.py:594}}
Aug 03 02:06:10.809106 n-d-772272-9 devstack@placement-api.service[111935]: DEBUG placement.objects.research_context [req-1b05dd53-a93c-42f3-9b0a-03e92785cd59 req-c73b4aee-4156-4ef7-98c0-d0d65040ace0 service placement] found 2 providers with available 1 VCPU {{(pid=111935) get_provider_ids_matching /opt/stack/placement/placement/objects/research_context.py:563}}
Aug 03 02:06:10.809614 n-d-772272-9 devstack@placement-api.service[111935]: DEBUG placement.objects.research_context [req-1b05dd53-a93c-42f3-9b0a-03e92785cd59 req-c73b4aee-4156-4ef7-98c0-d0d65040ace0 service placement] found 2 providers after filtering by previous result {{(pid=111935) get_provider_ids_matching /opt/stack/placement/placement/objects/research_context.py:594}}
Aug 03 02:06:10.824277 n-d-772272-9 devstack@placement-api.service[111935]: DEBUG placement.objects.allocation_candidate [req-1b05dd53-a93c-42f3-9b0a-03e92785cd59 req-c73b4aee-4156-4ef7-98c0-d0d65040ace0 service placement] RequestGroup(use_same_provider=False, resources={DISK_GB:1, MEMORY_MB:1024, VCPU:1}, traits=(), aggregates=[]) (suffix '') returned 2 matches {{(pid=111935) _get_by_requests /opt/stack/placement/placement/objects/allocation_candidate.py:156}}
Aug 03 02:06:10.825157 n-d-772272-9 devstack@placement-api.service[111935]: DEBUG placement.objects.allocation_candidate [req-1b05dd53-a93c-42f3-9b0a-03e92785cd59 req-c73b4aee-4156-4ef7-98c0-d0d65040ace0 service placement] Merging candidates yields 2 allocation requests and 2 provider summaries {{(pid=111935) _merge_candidates /opt/stack/placement/placement/objects/allocation_candidate.py:809}}
Aug 03 02:06:10.827090 n-d-772272-9 devstack@placement-api.service[111935]: INFO placement.requestlog [req-1b05dd53-a93c-42f3-9b0a-03e92785cd59 req-c73b4aee-4156-4ef7-98c0-d0d65040ace0 service placement] 10.222.0.17 "GET /placement/allocation_candidates?limit=1000&resources=DISK_GB%3A1%2CMEMORY_MB%3A1024%2CVCPU%3A1&root_required=%21COMPUTE_STATUS_DISABLED" status: 200 len: 1309 microversion: 1.36
Aug 03 02:06:10.828800 n-d-772272-9 devstack@placement-api.service[111935]: [pid: 111935|app: 0|req: 253/512] 10.222.0.17 () {60 vars in 1506 bytes} [Wed Aug 3 02:06:10 2022] GET /placement/allocation_candidates?limit=1000&resources=DISK_GB%3A1%2CMEMORY_MB%3A1024%2CVCPU%3A1&root_required=%21COMPUTE_STATUS_DISABLED => generated 1309 bytes in 97 msecs (HTTP/1.1 200) 8 headers in 297 bytes (1 switches on core 0)
Aug 03 02:06:10.937807 n-d-772272-9 devstack@placement-api.service[111934]: DEBUG placement.requestlog [req-1b05dd53-a93c-42f3-9b0a-03e92785cd59 req-2d4bcce3-b55b-4445-a32d-6f7d198f013c None None] Starting request: 10.222.0.17 "GET /placement/allocations/ffb588a8-bbb0-4863-a730-2df7f59f606d" {{(pid=111934) __call__ /opt/stack/placement/placement/requestlog.py:55}}
Aug 03 02:06:10.969949 n-d-772272-9 devstack@placement-api.service[111934]: INFO placement.requestlog [req-1b05dd53-a93c-42f3-9b0a-03e92785cd59 req-2d4bcce3-b55b-4445-a32d-6f7d198f013c service placement] 10.222.0.17 "GET /placement/allocations/ffb588a8-bbb0-4863-a730-2df7f59f606d" status: 200 len: 19 microversion: 1.28
Aug 03 02:06:10.971377 n-d-772272-9 devstack@placement-api.service[111934]: [pid: 111934|app: 0|req: 260/513] 10.222.0.17 () {60 vars in 1380 bytes} [Wed Aug 3 02:06:10 2022] GET /placement/allocations/ffb588a8-bbb0-4863-a730-2df7f59f606d => generated 19 bytes in 36 msecs (HTTP/1.1 200) 8 headers in 295 bytes (1 switches on core 0)
Aug 03 02:06:11.011756 n-d-772272-9 devstack@placement-api.service[111935]: DEBUG placement.requestlog [req-1b05dd53-a93c-42f3-9b0a-03e92785cd59 req-0dcdf639-f260-46cb-95ac-9fced3830196 None None] Starting request: 10.222.0.17 "PUT /placement/allocations/ffb588a8-bbb0-4863-a730-2df7f59f606d" {{(pid=111935) __call__ /opt/stack/placement/placement/requestlog.py:55}}
Aug 03 02:06:11.349376 n-d-772272-9 devstack@placement-api.service[111935]: DEBUG placement.handlers.allocation [req-1b05dd53-a93c-42f3-9b0a-03e92785cd59 req-0dcdf639-f260-46cb-95ac-9fced3830196 service placement] Successfully wrote allocations [, , ] {{(pid=111935) _update_consumers_and_create_allocations /opt/stack/placement/placement/handlers/allocation.py:462}}
Aug 03 02:06:11.357338 n-d-772272-9 devstack@placement-api.service[111935]: INFO placement.requestlog [req-1b05dd53-a93c-42f3-9b0a-03e92785cd59 req-0dcdf639-f260-46cb-95ac-9fced3830196 service placement] 10.222.0.17 "PUT /placement/allocations/ffb588a8-bbb0-4863-a730-2df7f59f606d" status: 204 len: 0 microversion: 1.36
Aug 03 02:06:11.358599 n-d-772272-9 devstack@placement-api.service[111935]: [pid: 111935|app: 0|req: 254/514] 10.222.0.17 () {64 vars in 1433 bytes} [Wed Aug 3 02:06:10 2022] PUT /placement/allocations/ffb588a8-bbb0-4863-a730-2df7f59f606d => generated 0 bytes in 363 msecs (HTTP/1.1 204) 5 headers in 199 bytes (1 switches on core 0)
Aug 03 02:06:11.542440 n-d-772272-9 devstack@placement-api.service[111934]: DEBUG placement.requestlog [req-f679a907-01c1-4ffe-b8c0-c3f75af7a305 req-57dac6f9-2144-4019-b777-2ce31ee89b4f None None] Starting request: 10.222.0.71 "DELETE /placement/allocations/344a5f3f-ecaa-4c6d-9e8c-f414637b1b2a" {{(pid=111934) __call__ /opt/stack/placement/placement/requestlog.py:55}}
Aug 03 02:06:11.624150 n-d-772272-9 devstack@placement-api.service[111934]: DEBUG placement.handlers.allocation [req-f679a907-01c1-4ffe-b8c0-c3f75af7a305 req-57dac6f9-2144-4019-b777-2ce31ee89b4f service placement] Successfully deleted allocations [, , ] {{(pid=111934) delete_allocations /opt/stack/placement/placement/handlers/allocation.py:627}}
Aug 03 02:06:11.625885 n-d-772272-9 devstack@placement-api.service[111934]: INFO placement.requestlog [req-f679a907-01c1-4ffe-b8c0-c3f75af7a305 req-57dac6f9-2144-4019-b777-2ce31ee89b4f service placement] 10.222.0.71 "DELETE /placement/allocations/344a5f3f-ecaa-4c6d-9e8c-f414637b1b2a" status: 204 len: 0 microversion: 1.0
Aug 03 02:06:11.628532 n-d-772272-9 devstack@placement-api.service[111934]: [pid: 111934|app: 0|req: 261/515] 10.222.0.71 () {60 vars in 1355 bytes} [Wed Aug 3 02:06:11 2022] DELETE /placement/allocations/344a5f3f-ecaa-4c6d-9e8c-f414637b1b2a => generated 0 bytes in 86 msecs (HTTP/1.1 204) 5 headers in 198 bytes (1 switches on core 0)
Aug 03 02:06:12.136475 n-d-772272-9 devstack@placement-api.service[111935]: DEBUG placement.requestlog [req-1b05dd53-a93c-42f3-9b0a-03e92785cd59 req-395e964a-1aa9-433c-8a05-26e4c08ef843 None None] Starting request: 10.222.0.40 "GET /placement/allocations/ffb588a8-bbb0-4863-a730-2df7f59f606d" {{(pid=111935) __call__ /opt/stack/placement/placement/requestlog.py:55}}
Aug 03 02:06:12.171381 n-d-772272-9 devstack@placement-api.service[111935]: INFO placement.requestlog [req-1b05dd53-a93c-42f3-9b0a-03e92785cd59 req-395e964a-1aa9-433c-8a05-26e4c08ef843 service placement] 10.222.0.40 "GET /placement/allocations/ffb588a8-bbb0-4863-a730-2df7f59f606d" status: 200 len: 259 microversion: 1.28
Aug 03 02:06:12.172012 n-d-772272-9 devstack@placement-api.service[111935]: [pid: 111935|app: 0|req: 255/516] 10.222.0.40 () {60 vars in 1377 bytes} [Wed Aug 3 02:06:12 2022] GET /placement/allocations/ffb588a8-bbb0-4863-a730-2df7f59f606d => generated 259 bytes in 36 msecs (HTTP/1.1 200) 8 headers in 296 bytes (1 switches on core 0)
Aug 03 02:06:16.015320 n-d-772272-9 devstack@placement-api.service[111934]: DEBUG placement.requestlog [None req-53b2dd32-29a9-42e1-8630-3865883af9ce None None] Starting request: 10.222.0.17 "GET /placement/resource_providers/affd7fe5-e349-4d6b-9dd0-e1ef7d769bd0/aggregates" {{(pid=111934) __call__ /opt/stack/placement/placement/requestlog.py:55}}
Aug 03 02:06:16.038173 n-d-772272-9 devstack@placement-api.service[111934]: INFO placement.requestlog [None req-53b2dd32-29a9-42e1-8630-3865883af9ce service placement] 10.222.0.17 "GET /placement/resource_providers/affd7fe5-e349-4d6b-9dd0-e1ef7d769bd0/aggregates" status: 404 len: 235 microversion: 1.1
Aug 03 02:06:16.038957 n-d-772272-9 devstack@placement-api.service[111934]: [pid: 111934|app: 0|req: 262/517] 10.222.0.17 () {58 vars in 1362 bytes} [Wed Aug 3 02:06:16 2022] GET /placement/resource_providers/affd7fe5-e349-4d6b-9dd0-e1ef7d769bd0/aggregates => generated 235 bytes in 24 msecs (HTTP/1.1 404) 5 headers in 202 bytes (1 switches on core 0)
Aug 03 02:06:16.054799 n-d-772272-9 devstack@placement-api.service[111935]: DEBUG placement.requestlog [None req-0309adf9-9970-401b-b8dc-ea760dd660bc None None] Starting request: 10.222.0.17 "DELETE /placement/resource_providers/affd7fe5-e349-4d6b-9dd0-e1ef7d769bd0" {{(pid=111935) __call__ /opt/stack/placement/placement/requestlog.py:55}}
Aug 03 02:06:16.071679 n-d-772272-9 devstack@placement-api.service[111935]: DEBUG placement.wsgi_wrapper [None req-0309adf9-9970-401b-b8dc-ea760dd660bc service placement] Placement API returning an error response: No resource provider with uuid affd7fe5-e349-4d6b-9dd0-e1ef7d769bd0 found for delete {{(pid=111935) call_func /opt/stack/placement/placement/wsgi_wrapper.py:31}}
Aug 03 02:06:16.072504 n-d-772272-9 devstack@placement-api.service[111935]: INFO placement.requestlog [None req-0309adf9-9970-401b-b8dc-ea760dd660bc service placement] 10.222.0.17 "DELETE /placement/resource_providers/affd7fe5-e349-4d6b-9dd0-e1ef7d769bd0" status: 404 len: 246 microversion: 1.1
Aug 03 02:06:16.075427 n-d-772272-9 devstack@placement-api.service[111935]: [pid: 111935|app: 0|req: 256/518] 10.222.0.17 () {60 vars in 1351 bytes} [Wed Aug 3 02:06:16 2022] DELETE /placement/resource_providers/affd7fe5-e349-4d6b-9dd0-e1ef7d769bd0 => generated 246 bytes in 21 msecs (HTTP/1.1 404) 6 headers in 231 bytes (1 switches on core 0)
Aug 03 02:06:18.506425 n-d-772272-9 devstack@placement-api.service[111934]: DEBUG placement.requestlog [None req-0aab27d3-0eb5-4dec-adf9-f68ae2e32f75 None None] Starting request: 10.222.0.17 "GET /placement/resource_providers/73f34114-d468-4433-bfca-4ce026818aad/aggregates" {{(pid=111934) __call__ /opt/stack/placement/placement/requestlog.py:55}}
Aug 03 02:06:18.528642 n-d-772272-9 devstack@placement-api.service[111934]: INFO placement.requestlog [None req-0aab27d3-0eb5-4dec-adf9-f68ae2e32f75 service placement] 10.222.0.17 "GET /placement/resource_providers/73f34114-d468-4433-bfca-4ce026818aad/aggregates" status: 404 len: 235 microversion: 1.1
Aug 03 02:06:18.529473 n-d-772272-9 devstack@placement-api.service[111934]: [pid: 111934|app: 0|req: 263/519] 10.222.0.17 () {58 vars in 1362 bytes} [Wed Aug 3 02:06:18 2022] GET /placement/resource_providers/73f34114-d468-4433-bfca-4ce026818aad/aggregates => generated 235 bytes in 23 msecs (HTTP/1.1 404) 5 headers in 202 bytes (1 switches on core 0)
Aug 03 02:06:18.566613 n-d-772272-9 devstack@placement-api.service[111935]: DEBUG placement.requestlog [None req-9f709fc0-3b46-4f98-958d-0da00e290114 None None] Starting request: 10.222.0.17 "DELETE /placement/resource_providers/73f34114-d468-4433-bfca-4ce026818aad" {{(pid=111935) __call__ /opt/stack/placement/placement/requestlog.py:55}}
Aug 03 02:06:18.578478 n-d-772272-9 devstack@placement-api.service[111935]: DEBUG placement.wsgi_wrapper [None req-9f709fc0-3b46-4f98-958d-0da00e290114 service placement] Placement API returning an error response: No resource provider with uuid 73f34114-d468-4433-bfca-4ce026818aad found for delete {{(pid=111935) call_func /opt/stack/placement/placement/wsgi_wrapper.py:31}}
Aug 03 02:06:18.579477 n-d-772272-9 devstack@placement-api.service[111935]: INFO placement.requestlog [None req-9f709fc0-3b46-4f98-958d-0da00e290114 service placement] 10.222.0.17 "DELETE /placement/resource_providers/73f34114-d468-4433-bfca-4ce026818aad" status: 404 len: 246 microversion: 1.1
Aug 03 02:06:18.580418 n-d-772272-9 devstack@placement-api.service[111935]: [pid: 111935|app: 0|req: 257/520] 10.222.0.17 () {60 vars in 1351 bytes} [Wed Aug 3 02:06:18 2022] DELETE /placement/resource_providers/73f34114-d468-4433-bfca-4ce026818aad => generated 246 bytes in 14 msecs (HTTP/1.1 404) 6 headers in 231 bytes (1 switches on core 0)
Aug 03 02:06:18.976750 n-d-772272-9 devstack@placement-api.service[111934]: DEBUG placement.requestlog [None req-9a8763f4-df74-47e4-a7fb-b7f6559ec7b8 None None] Starting request: 10.222.0.17 "GET /placement/resource_providers/1fbd2810-1abb-478a-be9b-9a30160f50ca/aggregates" {{(pid=111934) __call__ /opt/stack/placement/placement/requestlog.py:55}}
Aug 03 02:06:18.995178 n-d-772272-9 devstack@placement-api.service[111934]: INFO placement.requestlog [None req-9a8763f4-df74-47e4-a7fb-b7f6559ec7b8 service placement] 10.222.0.17 "GET /placement/resource_providers/1fbd2810-1abb-478a-be9b-9a30160f50ca/aggregates" status: 404 len: 235 microversion: 1.1
Aug 03 02:06:18.996133 n-d-772272-9 devstack@placement-api.service[111934]: [pid: 111934|app: 0|req: 264/521] 10.222.0.17 () {58 vars in 1362 bytes} [Wed Aug 3 02:06:18 2022] GET /placement/resource_providers/1fbd2810-1abb-478a-be9b-9a30160f50ca/aggregates => generated 235 bytes in 20 msecs (HTTP/1.1 404) 5 headers in 202 bytes (1 switches on core 0)
Aug 03 02:06:19.023398 n-d-772272-9 devstack@placement-api.service[111935]: DEBUG placement.requestlog [None req-9878b879-3869-428f-9544-41902eb719e8 None None] Starting request: 10.222.0.17 "DELETE /placement/resource_providers/1fbd2810-1abb-478a-be9b-9a30160f50ca" {{(pid=111935) __call__ /opt/stack/placement/placement/requestlog.py:55}}
Aug 03 02:06:19.034936 n-d-772272-9 devstack@placement-api.service[111935]: DEBUG placement.wsgi_wrapper [None req-9878b879-3869-428f-9544-41902eb719e8 service placement] Placement API returning an error response: No resource provider with uuid 1fbd2810-1abb-478a-be9b-9a30160f50ca found for delete {{(pid=111935) call_func /opt/stack/placement/placement/wsgi_wrapper.py:31}}
Aug 03 02:06:19.036090 n-d-772272-9 devstack@placement-api.service[111935]: INFO placement.requestlog [None req-9878b879-3869-428f-9544-41902eb719e8 service placement] 10.222.0.17 "DELETE /placement/resource_providers/1fbd2810-1abb-478a-be9b-9a30160f50ca" status: 404 len: 246 microversion: 1.1
Aug 03 02:06:19.036967 n-d-772272-9 devstack@placement-api.service[111935]: [pid: 111935|app: 0|req: 258/522] 10.222.0.17 () {60 vars in 1351 bytes} [Wed Aug 3 02:06:19 2022] DELETE /placement/resource_providers/1fbd2810-1abb-478a-be9b-9a30160f50ca => generated 246 bytes in 14 msecs (HTTP/1.1 404) 6 headers in 231 bytes (1 switches on core 0)
Aug 03 02:06:20.641928 n-d-772272-9 devstack@placement-api.service[111934]: DEBUG placement.requestlog [None req-a5af59d7-d32f-44ec-9580-a862ff19f90a None None] Starting request: 10.222.0.17 "GET /placement/resource_providers/9dbe43fe-bbbf-4554-9306-8da71f1cf3d4/aggregates" {{(pid=111934) __call__ /opt/stack/placement/placement/requestlog.py:55}}
Aug 03 02:06:20.677796 n-d-772272-9 devstack@placement-api.service[111934]: INFO placement.requestlog [None req-a5af59d7-d32f-44ec-9580-a862ff19f90a service placement] 10.222.0.17 "GET /placement/resource_providers/9dbe43fe-bbbf-4554-9306-8da71f1cf3d4/aggregates" status: 404 len: 235 microversion: 1.1
Aug 03 02:06:20.679906 n-d-772272-9 devstack@placement-api.service[111934]: [pid: 111934|app: 0|req: 265/523] 10.222.0.17 () {58 vars in 1362 bytes} [Wed Aug 3 02:06:20 2022] GET /placement/resource_providers/9dbe43fe-bbbf-4554-9306-8da71f1cf3d4/aggregates => generated 235 bytes in 39 msecs (HTTP/1.1 404) 5 headers in 202 bytes (1 switches on core 0)
Aug 03 02:06:20.688080 n-d-772272-9 devstack@placement-api.service[111935]: DEBUG placement.requestlog [None req-a0c760b6-cb3a-41e8-b78a-5693ac49a216 None None] Starting request: 10.222.0.17 "DELETE /placement/resource_providers/9dbe43fe-bbbf-4554-9306-8da71f1cf3d4" {{(pid=111935) __call__ /opt/stack/placement/placement/requestlog.py:55}}
Aug 03 02:06:20.717134 n-d-772272-9 devstack@placement-api.service[111935]: DEBUG placement.wsgi_wrapper [None req-a0c760b6-cb3a-41e8-b78a-5693ac49a216 service placement] Placement API returning an error response: No resource provider with uuid 9dbe43fe-bbbf-4554-9306-8da71f1cf3d4 found for delete {{(pid=111935) call_func /opt/stack/placement/placement/wsgi_wrapper.py:31}}
Aug 03 02:06:20.718163 n-d-772272-9 devstack@placement-api.service[111935]: INFO placement.requestlog [None req-a0c760b6-cb3a-41e8-b78a-5693ac49a216 service placement] 10.222.0.17 "DELETE /placement/resource_providers/9dbe43fe-bbbf-4554-9306-8da71f1cf3d4" status: 404 len: 246 microversion: 1.1
Aug 03 02:06:20.718894 n-d-772272-9 devstack@placement-api.service[111935]: [pid: 111935|app: 0|req: 259/524] 10.222.0.17 () {60 vars in 1351 bytes} [Wed Aug 3 02:06:20 2022] DELETE /placement/resource_providers/9dbe43fe-bbbf-4554-9306-8da71f1cf3d4 => generated 246 bytes in 31 msecs (HTTP/1.1 404) 6 headers in 231 bytes (1 switches on core 0)
Aug 03 02:06:26.405872 n-d-772272-9 devstack@placement-api.service[111934]: DEBUG placement.requestlog [req-241b6b13-be90-4cb6-90e3-01b54e0a61e2 req-abc67717-12ad-4138-b926-baf1ad00cee5 None None] Starting request: 10.222.0.71 "GET /placement/allocations/7694f7b8-806b-4ee1-91bf-ba2f4d1c18cc" {{(pid=111934) __call__ /opt/stack/placement/placement/requestlog.py:55}}
Aug 03 02:06:26.445810 n-d-772272-9 devstack@placement-api.service[111934]: INFO placement.requestlog [req-241b6b13-be90-4cb6-90e3-01b54e0a61e2 req-abc67717-12ad-4138-b926-baf1ad00cee5 service placement] 10.222.0.71 "GET /placement/allocations/7694f7b8-806b-4ee1-91bf-ba2f4d1c18cc" status: 200 len: 259 microversion: 1.28
Aug 03 02:06:26.446868 n-d-772272-9 devstack@placement-api.service[111934]: [pid: 111934|app: 0|req: 266/525] 10.222.0.71 () {60 vars in 1377 bytes} [Wed Aug 3 02:06:26 2022] GET /placement/allocations/7694f7b8-806b-4ee1-91bf-ba2f4d1c18cc => generated 259 bytes in 41 msecs (HTTP/1.1 200) 8 headers in 296 bytes (2 switches on core 0)
Aug 03 02:06:27.304020 n-d-772272-9 devstack@placement-api.service[111935]: DEBUG placement.requestlog [req-173de1fb-3840-482e-b93b-3ed3b97b9545 req-b10e740d-b735-4f81-b036-367df48a64c0 None None] Starting request: 10.222.0.40 "GET /placement/resource_providers/550498ca-b51b-4f34-b525-41de89395694/allocations" {{(pid=111935) __call__ /opt/stack/placement/placement/requestlog.py:55}}
Aug 03 02:06:27.319266 n-d-772272-9 devstack@placement-api.service[111935]: DEBUG dbcounter [-] [111935] Writing DB stats placement:SELECT=51,placement:DELETE=4,placement:INSERT=6,placement:UPDATE=2 {{(pid=111935) stat_writer /usr/local/lib/python3.8/dist-packages/dbcounter.py:114}}
Aug 03 02:06:27.377363 n-d-772272-9 devstack@placement-api.service[111935]: INFO placement.requestlog [req-173de1fb-3840-482e-b93b-3ed3b97b9545 req-b10e740d-b735-4f81-b036-367df48a64c0 service placement] 10.222.0.40 "GET /placement/resource_providers/550498ca-b51b-4f34-b525-41de89395694/allocations" status: 200 len: 645 microversion: 1.0
Aug 03 02:06:27.377763 n-d-772272-9 devstack@placement-api.service[111935]: [pid: 111935|app: 0|req: 260/526] 10.222.0.40 () {58 vars in 1390 bytes} [Wed Aug 3 02:06:27 2022] GET /placement/resource_providers/550498ca-b51b-4f34-b525-41de89395694/allocations => generated 645 bytes in 74 msecs (HTTP/1.1 200) 6 headers in 224 bytes (1 switches on core 0)
Aug 03 02:06:27.709387 n-d-772272-9 devstack@placement-api.service[111934]: DEBUG placement.requestlog [req-173de1fb-3840-482e-b93b-3ed3b97b9545 req-39aeae19-1aa3-4949-9b69-3e6c751e64ee None None] Starting request: 10.222.0.40 "GET /placement/allocations/7e959507-7327-4c32-b20c-fc0cd090bf5d" {{(pid=111934) __call__ /opt/stack/placement/placement/requestlog.py:55}}
Aug 03 02:06:27.733516 n-d-772272-9 devstack@placement-api.service[111934]: INFO placement.requestlog [req-173de1fb-3840-482e-b93b-3ed3b97b9545 req-39aeae19-1aa3-4949-9b69-3e6c751e64ee service placement] 10.222.0.40 "GET /placement/allocations/7e959507-7327-4c32-b20c-fc0cd090bf5d" status: 200 len: 245 microversion: 1.28
Aug 03 02:06:27.734196 n-d-772272-9 devstack@placement-api.service[111934]: [pid: 111934|app: 0|req: 267/527] 10.222.0.40 () {60 vars in 1377 bytes} [Wed Aug 3 02:06:27 2022] GET /placement/allocations/7e959507-7327-4c32-b20c-fc0cd090bf5d => generated 245 bytes in 25 msecs (HTTP/1.1 200) 8 headers in 296 bytes (1 switches on core 0)
Aug 03 02:06:27.763622 n-d-772272-9 devstack@placement-api.service[111935]: DEBUG placement.requestlog [req-173de1fb-3840-482e-b93b-3ed3b97b9545 req-16082ff8-a304-42cd-9eb2-9bbaf9b2b10e None None] Starting request: 10.222.0.40 "PUT /placement/allocations/7e959507-7327-4c32-b20c-fc0cd090bf5d" {{(pid=111935) __call__ /opt/stack/placement/placement/requestlog.py:55}}
Aug 03 02:06:27.886107 n-d-772272-9 devstack@placement-api.service[111935]: DEBUG placement.handlers.allocation [req-173de1fb-3840-482e-b93b-3ed3b97b9545 req-16082ff8-a304-42cd-9eb2-9bbaf9b2b10e service placement] Successfully wrote allocations [, ] {{(pid=111935) _update_consumers_and_create_allocations /opt/stack/placement/placement/handlers/allocation.py:462}}
Aug 03 02:06:27.894772 n-d-772272-9 devstack@placement-api.service[111935]: INFO placement.requestlog [req-173de1fb-3840-482e-b93b-3ed3b97b9545 req-16082ff8-a304-42cd-9eb2-9bbaf9b2b10e service placement] 10.222.0.40 "PUT /placement/allocations/7e959507-7327-4c32-b20c-fc0cd090bf5d" status: 204 len: 0 microversion: 1.28
Aug 03 02:06:27.897734 n-d-772272-9 devstack@placement-api.service[111935]: [pid: 111935|app: 0|req: 261/528] 10.222.0.40 () {64 vars in 1430 bytes} [Wed Aug 3 02:06:27 2022] PUT /placement/allocations/7e959507-7327-4c32-b20c-fc0cd090bf5d => generated 0 bytes in 134 msecs (HTTP/1.1 204) 5 headers in 199 bytes (2 switches on core 0)
Aug 03 02:06:33.209513 n-d-772272-9 devstack@placement-api.service[111934]: DEBUG placement.requestlog [req-664b6693-59d0-4a52-9eff-83c81139cfb0 req-e58d79e6-739f-4346-9e20-c828f3bd3889 None None] Starting request: 10.222.0.40 "GET /placement/resource_providers/550498ca-b51b-4f34-b525-41de89395694/allocations" {{(pid=111934) __call__ /opt/stack/placement/placement/requestlog.py:55}}
Aug 03 02:06:33.275953 n-d-772272-9 devstack@placement-api.service[111934]: INFO placement.requestlog [req-664b6693-59d0-4a52-9eff-83c81139cfb0 req-e58d79e6-739f-4346-9e20-c828f3bd3889 service placement] 10.222.0.40 "GET /placement/resource_providers/550498ca-b51b-4f34-b525-41de89395694/allocations" status: 200 len: 558 microversion: 1.0
Aug 03 02:06:33.276783 n-d-772272-9 devstack@placement-api.service[111934]: [pid: 111934|app: 0|req: 268/529] 10.222.0.40 () {58 vars in 1390 bytes} [Wed Aug 3 02:06:33 2022] GET /placement/resource_providers/550498ca-b51b-4f34-b525-41de89395694/allocations => generated 558 bytes in 67 msecs (HTTP/1.1 200) 6 headers in 224 bytes (1 switches on core 0)
Aug 03 02:06:37.354748 n-d-772272-9 devstack@placement-api.service[111935]: DEBUG placement.requestlog [None req-3225ba7c-a5f9-465e-8390-4da3cbb4ca93 None None] Starting request: 10.222.0.17 "GET /placement/resource_providers/7b1e120e-4372-47d5-a50d-a2b9ddc751bb/aggregates" {{(pid=111935) __call__ /opt/stack/placement/placement/requestlog.py:55}}
Aug 03 02:06:37.377132 n-d-772272-9 devstack@placement-api.service[111935]: INFO placement.requestlog [None req-3225ba7c-a5f9-465e-8390-4da3cbb4ca93 service placement] 10.222.0.17 "GET /placement/resource_providers/7b1e120e-4372-47d5-a50d-a2b9ddc751bb/aggregates" status: 404 len: 235 microversion: 1.1
Aug 03 02:06:37.378023 n-d-772272-9 devstack@placement-api.service[111935]: [pid: 111935|app: 0|req: 262/530] 10.222.0.17 () {58 vars in 1362 bytes} [Wed Aug 3 02:06:37 2022] GET /placement/resource_providers/7b1e120e-4372-47d5-a50d-a2b9ddc751bb/aggregates => generated 235 bytes in 24 msecs (HTTP/1.1 404) 5 headers in 202 bytes (1 switches on core 0)
Aug 03 02:06:37.443270 n-d-772272-9 devstack@placement-api.service[111934]: DEBUG placement.requestlog [None req-136e89ed-8dc8-4ace-bf74-9e87897ec5a9 None None] Starting request: 10.222.0.17 "DELETE /placement/resource_providers/7b1e120e-4372-47d5-a50d-a2b9ddc751bb" {{(pid=111934) __call__ /opt/stack/placement/placement/requestlog.py:55}}
Aug 03 02:06:37.453266 n-d-772272-9 devstack@placement-api.service[111934]: DEBUG dbcounter [-] [111934] Writing DB stats placement:SELECT=39,placement:DELETE=4 {{(pid=111934) stat_writer /usr/local/lib/python3.8/dist-packages/dbcounter.py:114}}
Aug 03 02:06:37.462698 n-d-772272-9 devstack@placement-api.service[111934]: DEBUG placement.wsgi_wrapper [None req-136e89ed-8dc8-4ace-bf74-9e87897ec5a9 service placement] Placement API returning an error response: No resource provider with uuid 7b1e120e-4372-47d5-a50d-a2b9ddc751bb found for delete {{(pid=111934) call_func /opt/stack/placement/placement/wsgi_wrapper.py:31}}
Aug 03 02:06:37.463470 n-d-772272-9 devstack@placement-api.service[111934]: INFO placement.requestlog [None req-136e89ed-8dc8-4ace-bf74-9e87897ec5a9 service placement] 10.222.0.17 "DELETE /placement/resource_providers/7b1e120e-4372-47d5-a50d-a2b9ddc751bb" status: 404 len: 246 microversion: 1.1
Aug 03 02:06:37.469767 n-d-772272-9 devstack@placement-api.service[111934]: [pid: 111934|app: 0|req: 269/531] 10.222.0.17 () {60 vars in 1351 bytes} [Wed Aug 3 02:06:37 2022] DELETE /placement/resource_providers/7b1e120e-4372-47d5-a50d-a2b9ddc751bb => generated 246 bytes in 27 msecs (HTTP/1.1 404) 6 headers in 231 bytes (1 switches on core 0)
Aug 03 02:06:39.576455 n-d-772272-9 devstack@placement-api.service[111935]: DEBUG placement.requestlog [req-c18bd0fd-c918-4ee0-b680-2b903ce7f129 req-841b37f1-0691-4946-8512-48a71de23d6a None None] Starting request: 10.222.0.17 "GET /placement/allocation_candidates?limit=1000&resources=DISK_GB%3A1%2CMEMORY_MB%3A1024%2CVCPU%3A1&root_required=%21COMPUTE_STATUS_DISABLED" {{(pid=111935) __call__ /opt/stack/placement/placement/requestlog.py:55}}
Aug 03 02:06:39.698674 n-d-772272-9 devstack@placement-api.service[111935]: DEBUG placement.objects.research_context [req-c18bd0fd-c918-4ee0-b680-2b903ce7f129 req-841b37f1-0691-4946-8512-48a71de23d6a service placement] getting providers with 1 DISK_GB {{(pid=111935) __init__ /opt/stack/placement/placement/objects/research_context.py:136}}
Aug 03 02:06:39.706691 n-d-772272-9 devstack@placement-api.service[111935]: DEBUG placement.objects.research_context [req-c18bd0fd-c918-4ee0-b680-2b903ce7f129 req-841b37f1-0691-4946-8512-48a71de23d6a service placement] getting providers with 1024 MEMORY_MB {{(pid=111935) __init__ /opt/stack/placement/placement/objects/research_context.py:136}}
Aug 03 02:06:39.716384 n-d-772272-9 devstack@placement-api.service[111935]: DEBUG placement.objects.research_context [req-c18bd0fd-c918-4ee0-b680-2b903ce7f129 req-841b37f1-0691-4946-8512-48a71de23d6a service placement] getting providers with 1 VCPU {{(pid=111935) __init__ /opt/stack/placement/placement/objects/research_context.py:136}}
Aug 03 02:06:39.725805 n-d-772272-9 devstack@placement-api.service[111935]: DEBUG placement.objects.research_context [req-c18bd0fd-c918-4ee0-b680-2b903ce7f129 req-841b37f1-0691-4946-8512-48a71de23d6a service placement] found 2 providers with available 1 DISK_GB {{(pid=111935) get_provider_ids_matching /opt/stack/placement/placement/objects/research_context.py:563}}
Aug 03 02:06:39.726503 n-d-772272-9 devstack@placement-api.service[111935]: DEBUG placement.objects.research_context [req-c18bd0fd-c918-4ee0-b680-2b903ce7f129 req-841b37f1-0691-4946-8512-48a71de23d6a service placement] found 2 providers with available 1024 MEMORY_MB {{(pid=111935) get_provider_ids_matching /opt/stack/placement/placement/objects/research_context.py:563}}
Aug 03 02:06:39.726925 n-d-772272-9 devstack@placement-api.service[111935]: DEBUG placement.objects.research_context [req-c18bd0fd-c918-4ee0-b680-2b903ce7f129 req-841b37f1-0691-4946-8512-48a71de23d6a service placement] found 2 providers after filtering by previous result {{(pid=111935) get_provider_ids_matching /opt/stack/placement/placement/objects/research_context.py:594}}
Aug 03 02:06:39.740546 n-d-772272-9 devstack@placement-api.service[111935]: DEBUG placement.objects.research_context [req-c18bd0fd-c918-4ee0-b680-2b903ce7f129 req-841b37f1-0691-4946-8512-48a71de23d6a service placement] found 2 providers with available 1 VCPU {{(pid=111935) get_provider_ids_matching /opt/stack/placement/placement/objects/research_context.py:563}}
Aug 03 02:06:39.741470 n-d-772272-9 devstack@placement-api.service[111935]: DEBUG placement.objects.research_context [req-c18bd0fd-c918-4ee0-b680-2b903ce7f129 req-841b37f1-0691-4946-8512-48a71de23d6a service placement] found 2 providers after filtering by previous result {{(pid=111935) get_provider_ids_matching /opt/stack/placement/placement/objects/research_context.py:594}}
Aug 03 02:06:39.770347 n-d-772272-9 devstack@placement-api.service[111935]: DEBUG placement.objects.allocation_candidate [req-c18bd0fd-c918-4ee0-b680-2b903ce7f129 req-841b37f1-0691-4946-8512-48a71de23d6a service placement] RequestGroup(use_same_provider=False, resources={DISK_GB:1, MEMORY_MB:1024, VCPU:1}, traits=(), aggregates=[]) (suffix '') returned 2 matches {{(pid=111935) _get_by_requests /opt/stack/placement/placement/objects/allocation_candidate.py:156}}
Aug 03 02:06:39.771050 n-d-772272-9 devstack@placement-api.service[111935]: DEBUG placement.objects.allocation_candidate [req-c18bd0fd-c918-4ee0-b680-2b903ce7f129 req-841b37f1-0691-4946-8512-48a71de23d6a service placement] Merging candidates yields 2 allocation requests and 2 provider summaries {{(pid=111935) _merge_candidates /opt/stack/placement/placement/objects/allocation_candidate.py:809}}
Aug 03 02:06:39.773664 n-d-772272-9 devstack@placement-api.service[111935]: INFO placement.requestlog [req-c18bd0fd-c918-4ee0-b680-2b903ce7f129 req-841b37f1-0691-4946-8512-48a71de23d6a service placement] 10.222.0.17 "GET /placement/allocation_candidates?limit=1000&resources=DISK_GB%3A1%2CMEMORY_MB%3A1024%2CVCPU%3A1&root_required=%21COMPUTE_STATUS_DISABLED" status: 200 len: 1309 microversion: 1.36
Aug 03 02:06:39.774802 n-d-772272-9 devstack@placement-api.service[111935]: [pid: 111935|app: 0|req: 263/532] 10.222.0.17 () {60 vars in 1506 bytes} [Wed Aug 3 02:06:39 2022] GET /placement/allocation_candidates?limit=1000&resources=DISK_GB%3A1%2CMEMORY_MB%3A1024%2CVCPU%3A1&root_required=%21COMPUTE_STATUS_DISABLED => generated 1309 bytes in 198 msecs (HTTP/1.1 200) 8 headers in 297 bytes (1 switches on core 0)
Aug 03 02:06:39.956747 n-d-772272-9 devstack@placement-api.service[111934]: DEBUG placement.requestlog [req-c18bd0fd-c918-4ee0-b680-2b903ce7f129 req-41b85222-d738-4f18-bf17-6db0efb75f66 None None] Starting request: 10.222.0.17 "GET /placement/allocations/77a0b720-e502-4a34-a448-713992062dec" {{(pid=111934) __call__ /opt/stack/placement/placement/requestlog.py:55}}
Aug 03 02:06:40.007522 n-d-772272-9 devstack@placement-api.service[111934]: INFO placement.requestlog [req-c18bd0fd-c918-4ee0-b680-2b903ce7f129 req-41b85222-d738-4f18-bf17-6db0efb75f66 service placement] 10.222.0.17 "GET /placement/allocations/77a0b720-e502-4a34-a448-713992062dec" status: 200 len: 19 microversion: 1.28
Aug 03 02:06:40.008687 n-d-772272-9 devstack@placement-api.service[111934]: [pid: 111934|app: 0|req: 270/533] 10.222.0.17 () {60 vars in 1380 bytes} [Wed Aug 3 02:06:39 2022] GET /placement/allocations/77a0b720-e502-4a34-a448-713992062dec => generated 19 bytes in 52 msecs (HTTP/1.1 200) 8 headers in 295 bytes (1 switches on core 0)
Aug 03 02:06:40.014333 n-d-772272-9 devstack@placement-api.service[111935]: DEBUG placement.requestlog [req-c18bd0fd-c918-4ee0-b680-2b903ce7f129 req-98f4a274-23e8-44d4-a736-ec12b95fdc6e None None] Starting request: 10.222.0.17 "PUT /placement/allocations/77a0b720-e502-4a34-a448-713992062dec" {{(pid=111935) __call__ /opt/stack/placement/placement/requestlog.py:55}}
Aug 03 02:06:40.209659 n-d-772272-9 devstack@placement-api.service[111935]: DEBUG placement.handlers.allocation [req-c18bd0fd-c918-4ee0-b680-2b903ce7f129 req-98f4a274-23e8-44d4-a736-ec12b95fdc6e service placement] Successfully wrote allocations [, , ] {{(pid=111935) _update_consumers_and_create_allocations /opt/stack/placement/placement/handlers/allocation.py:462}}
Aug 03 02:06:40.213992 n-d-772272-9 devstack@placement-api.service[111935]: INFO placement.requestlog [req-c18bd0fd-c918-4ee0-b680-2b903ce7f129 req-98f4a274-23e8-44d4-a736-ec12b95fdc6e service placement] 10.222.0.17 "PUT /placement/allocations/77a0b720-e502-4a34-a448-713992062dec" status: 204 len: 0 microversion: 1.36
Aug 03 02:06:40.218779 n-d-772272-9 devstack@placement-api.service[111935]: [pid: 111935|app: 0|req: 264/534] 10.222.0.17 () {64 vars in 1433 bytes} [Wed Aug 3 02:06:40 2022] PUT /placement/allocations/77a0b720-e502-4a34-a448-713992062dec => generated 0 bytes in 201 msecs (HTTP/1.1 204) 5 headers in 199 bytes (1 switches on core 0)
Aug 03 02:06:40.796949 n-d-772272-9 devstack@placement-api.service[111934]: DEBUG placement.requestlog [req-c18bd0fd-c918-4ee0-b680-2b903ce7f129 req-ab2127fc-9b77-4200-8253-a19555bf85a1 None None] Starting request: 10.222.0.40 "GET /placement/allocations/77a0b720-e502-4a34-a448-713992062dec" {{(pid=111934) __call__ /opt/stack/placement/placement/requestlog.py:55}}
Aug 03 02:06:40.829696 n-d-772272-9 devstack@placement-api.service[111934]: INFO placement.requestlog [req-c18bd0fd-c918-4ee0-b680-2b903ce7f129 req-ab2127fc-9b77-4200-8253-a19555bf85a1 service placement] 10.222.0.40 "GET /placement/allocations/77a0b720-e502-4a34-a448-713992062dec" status: 200 len: 259 microversion: 1.28
Aug 03 02:06:40.833761 n-d-772272-9 devstack@placement-api.service[111934]: [pid: 111934|app: 0|req: 271/535] 10.222.0.40 () {60 vars in 1377 bytes} [Wed Aug 3 02:06:40 2022] GET /placement/allocations/77a0b720-e502-4a34-a448-713992062dec => generated 259 bytes in 37 msecs (HTTP/1.1 200) 8 headers in 296 bytes (1 switches on core 0)
Aug 03 02:06:44.085553 n-d-772272-9 devstack@placement-api.service[111935]: DEBUG placement.requestlog [req-a8b818c6-6763-4a2e-9b12-04d4879b6a60 req-edd29e8b-3035-4dd1-9e0b-6d13eb611148 None None] Starting request: 10.222.0.71 "GET /placement/resource_providers/f9f710f6-7d4d-4a98-8853-4093761389f5/allocations" {{(pid=111935) __call__ /opt/stack/placement/placement/requestlog.py:55}}
Aug 03 02:06:44.153213 n-d-772272-9 devstack@placement-api.service[111935]: INFO placement.requestlog [req-a8b818c6-6763-4a2e-9b12-04d4879b6a60 req-edd29e8b-3035-4dd1-9e0b-6d13eb611148 service placement] 10.222.0.71 "GET /placement/resource_providers/f9f710f6-7d4d-4a98-8853-4093761389f5/allocations" status: 200 len: 544 microversion: 1.0
Aug 03 02:06:44.159572 n-d-772272-9 devstack@placement-api.service[111935]: [pid: 111935|app: 0|req: 265/536] 10.222.0.71 () {58 vars in 1390 bytes} [Wed Aug 3 02:06:44 2022] GET /placement/resource_providers/f9f710f6-7d4d-4a98-8853-4093761389f5/allocations => generated 544 bytes in 74 msecs (HTTP/1.1 200) 6 headers in 224 bytes (2 switches on core 0)
Aug 03 02:06:45.374888 n-d-772272-9 devstack@placement-api.service[111934]: DEBUG placement.requestlog [req-cddbc0bb-4f71-4f2d-b0c5-2399d2d85b74 req-9dc7d809-7dcd-4ec0-ab0e-913409220fea None None] Starting request: 10.222.0.71 "DELETE /placement/allocations/b95f65a4-b718-4b27-85aa-989b7a3a066a" {{(pid=111934) __call__ /opt/stack/placement/placement/requestlog.py:55}}
Aug 03 02:06:45.480830 n-d-772272-9 devstack@placement-api.service[111934]: DEBUG placement.handlers.allocation [req-cddbc0bb-4f71-4f2d-b0c5-2399d2d85b74 req-9dc7d809-7dcd-4ec0-ab0e-913409220fea service placement] Successfully deleted allocations [, ] {{(pid=111934) delete_allocations /opt/stack/placement/placement/handlers/allocation.py:627}}
Aug 03 02:06:45.481687 n-d-772272-9 devstack@placement-api.service[111934]: INFO placement.requestlog [req-cddbc0bb-4f71-4f2d-b0c5-2399d2d85b74 req-9dc7d809-7dcd-4ec0-ab0e-913409220fea service placement] 10.222.0.71 "DELETE /placement/allocations/b95f65a4-b718-4b27-85aa-989b7a3a066a" status: 204 len: 0 microversion: 1.0
Aug 03 02:06:45.482300 n-d-772272-9 devstack@placement-api.service[111934]: [pid: 111934|app: 0|req: 272/537] 10.222.0.71 () {60 vars in 1355 bytes} [Wed Aug 3 02:06:45 2022] DELETE /placement/allocations/b95f65a4-b718-4b27-85aa-989b7a3a066a => generated 0 bytes in 108 msecs (HTTP/1.1 204) 5 headers in 198 bytes (1 switches on core 0)
Aug 03 02:06:47.551929 n-d-772272-9 devstack@placement-api.service[111935]: DEBUG placement.requestlog [req-5d749705-d65c-4b96-a43d-14d74cd16a51 req-be2724a6-c556-487e-b5ed-17e6bd8206b0 None None] Starting request: 10.222.0.17 "GET /placement/allocation_candidates?limit=1000&resources=DISK_GB%3A1%2CMEMORY_MB%3A1024%2CVCPU%3A1&root_required=%21COMPUTE_STATUS_DISABLED" {{(pid=111935) __call__ /opt/stack/placement/placement/requestlog.py:55}}
