Jun 30 22:19:15.574811 n-d-772272-7 devstack@c-api.service[111525]: DEBUG cinder.api.extensions [-] Loaded extension: os-snapshot-unmanage {{(pid=111525) register /opt/stack/cinder/cinder/api/extensions.py:140}}
Jun 30 22:19:15.574997 n-d-772272-7 devstack@c-api.service[111525]: DEBUG cinder.api.extensions [-] Loading extension cinder.api.contrib.volume_type_access.Volume_type_access {{(pid=111525) load_extension /opt/stack/cinder/cinder/api/extensions.py:199}}
Jun 30 22:19:15.575216 n-d-772272-7 devstack@c-api.service[111525]: DEBUG cinder.api.extensions [-] Calling extension factory cinder.api.contrib.volume_type_access.Volume_type_access {{(pid=111525) load_extension /opt/stack/cinder/cinder/api/extensions.py:205}}
Jun 30 22:19:15.575393 n-d-772272-7 devstack@c-api.service[111525]: DEBUG cinder.api.extensions [-] Ext name: VolumeTypeAccess {{(pid=111525) _check_extension /opt/stack/cinder/cinder/api/extensions.py:179}}
Jun 30 22:19:15.575565 n-d-772272-7 devstack@c-api.service[111525]: DEBUG cinder.api.extensions [-] Ext alias: os-volume-type-access {{(pid=111525) _check_extension /opt/stack/cinder/cinder/api/extensions.py:180}}
Jun 30 22:19:15.575741 n-d-772272-7 devstack@c-api.service[111525]: DEBUG cinder.api.extensions [-] Ext description: Volume type access support. {{(pid=111525) _check_extension /opt/stack/cinder/cinder/api/extensions.py:181}}
Jun 30 22:19:15.575913 n-d-772272-7 devstack@c-api.service[111525]: DEBUG cinder.api.extensions [-] Ext updated: 2014-06-26T00:00:00Z {{(pid=111525) _check_extension /opt/stack/cinder/cinder/api/extensions.py:183}}
Jun 30 22:19:15.576084 n-d-772272-7 devstack@c-api.service[111525]: DEBUG cinder.api.extensions [-] Loaded extension: os-volume-type-access {{(pid=111525) register /opt/stack/cinder/cinder/api/extensions.py:140}}
Jun 30 22:19:15.576268 n-d-772272-7 devstack@c-api.service[111525]: DEBUG cinder.api.extensions [-] Loading extension cinder.api.contrib.snapshot_manage.Snapshot_manage {{(pid=111525) load_extension /opt/stack/cinder/cinder/api/extensions.py:199}}
Jun 30 22:19:15.576448 n-d-772272-7 devstack@c-api.service[111525]: DEBUG cinder.api.extensions [-] Calling extension factory cinder.api.contrib.snapshot_manage.Snapshot_manage {{(pid=111525) load_extension /opt/stack/cinder/cinder/api/extensions.py:205}}
Jun 30 22:19:15.576621 n-d-772272-7 devstack@c-api.service[111525]: DEBUG cinder.api.extensions [-] Ext name: SnapshotManage {{(pid=111525) _check_extension /opt/stack/cinder/cinder/api/extensions.py:179}}
Jun 30 22:19:15.576795 n-d-772272-7 devstack@c-api.service[111525]: DEBUG cinder.api.extensions [-] Ext alias: os-snapshot-manage {{(pid=111525) _check_extension /opt/stack/cinder/cinder/api/extensions.py:180}}
Jun 30 22:19:15.576972 n-d-772272-7 devstack@c-api.service[111525]: DEBUG cinder.api.extensions [-] Ext description: Allows existing backend storage to be 'managed' by Cinder. {{(pid=111525) _check_extension /opt/stack/cinder/cinder/api/extensions.py:181}}
Jun 30 22:19:15.577225 n-d-772272-7 devstack@c-api.service[111525]: DEBUG cinder.api.extensions [-] Ext updated: 2014-12-31T00:00:00+00:00 {{(pid=111525) _check_extension /opt/stack/cinder/cinder/api/extensions.py:183}}
Jun 30 22:19:15.577368 n-d-772272-7 devstack@c-api.service[111525]: DEBUG cinder.api.extensions [-] Loaded extension: os-snapshot-manage {{(pid=111525) register /opt/stack/cinder/cinder/api/extensions.py:140}}
Jun 30 22:19:15.577600 n-d-772272-7 devstack@c-api.service[111525]: DEBUG cinder.api.extensions [-] Loading extension cinder.api.contrib.used_limits.Used_limits {{(pid=111525) load_extension /opt/stack/cinder/cinder/api/extensions.py:199}}
Jun 30 22:19:15.578271 n-d-772272-7 devstack@c-api.service[111525]: DEBUG cinder.api.extensions [-] Calling extension factory cinder.api.contrib.used_limits.Used_limits {{(pid=111525) load_extension /opt/stack/cinder/cinder/api/extensions.py:205}}
Jun 30 22:19:15.578460 n-d-772272-7 devstack@c-api.service[111525]: DEBUG cinder.api.extensions [-] Ext name: UsedLimits {{(pid=111525) _check_extension /opt/stack/cinder/cinder/api/extensions.py:179}}
Jun 30 22:19:15.578637 n-d-772272-7 devstack@c-api.service[111525]: DEBUG cinder.api.extensions [-] Ext alias: os-used-limits {{(pid=111525) _check_extension /opt/stack/cinder/cinder/api/extensions.py:180}}
Jun 30 22:19:15.578817 n-d-772272-7 devstack@c-api.service[111525]: DEBUG cinder.api.extensions [-] Ext description: Provide data on limited resources that are being used. {{(pid=111525) _check_extension /opt/stack/cinder/cinder/api/extensions.py:181}}
Jun 30 22:19:15.578992 n-d-772272-7 devstack@c-api.service[111525]: DEBUG cinder.api.extensions [-] Ext updated: 2013-10-03T00:00:00+00:00 {{(pid=111525) _check_extension /opt/stack/cinder/cinder/api/extensions.py:183}}
Jun 30 22:19:15.579232 n-d-772272-7 devstack@c-api.service[111525]: DEBUG cinder.api.extensions [-] Loaded extension: os-used-limits {{(pid=111525) register /opt/stack/cinder/cinder/api/extensions.py:140}}
Jun 30 22:19:15.579365 n-d-772272-7 devstack@c-api.service[111525]: DEBUG cinder.api.extensions [-] Loading extension cinder.api.contrib.availability_zones.Availability_zones {{(pid=111525) load_extension /opt/stack/cinder/cinder/api/extensions.py:199}}
Jun 30 22:19:15.579534 n-d-772272-7 devstack@c-api.service[111525]: DEBUG cinder.api.extensions [-] Calling extension factory cinder.api.contrib.availability_zones.Availability_zones {{(pid=111525) load_extension /opt/stack/cinder/cinder/api/extensions.py:205}}
Jun 30 22:19:15.579710 n-d-772272-7 devstack@c-api.service[111525]: DEBUG cinder.api.extensions [-] Ext name: AvailabilityZones {{(pid=111525) _check_extension /opt/stack/cinder/cinder/api/extensions.py:179}}
Jun 30 22:19:15.579884 n-d-772272-7 devstack@c-api.service[111525]: DEBUG cinder.api.extensions [-] Ext alias: os-availability-zone {{(pid=111525) _check_extension /opt/stack/cinder/cinder/api/extensions.py:180}}
Jun 30 22:19:15.580061 n-d-772272-7 devstack@c-api.service[111525]: DEBUG cinder.api.extensions [-] Ext description: Describe Availability Zones. {{(pid=111525) _check_extension /opt/stack/cinder/cinder/api/extensions.py:181}}
Jun 30 22:19:15.580235 n-d-772272-7 devstack@c-api.service[111525]: DEBUG cinder.api.extensions [-] Ext updated: 2013-06-27T00:00:00+00:00 {{(pid=111525) _check_extension /opt/stack/cinder/cinder/api/extensions.py:183}}
Jun 30 22:19:15.580407 n-d-772272-7 devstack@c-api.service[111525]: DEBUG cinder.api.extensions [-] Loaded extension: os-availability-zone {{(pid=111525) register /opt/stack/cinder/cinder/api/extensions.py:140}}
Jun 30 22:19:15.580596 n-d-772272-7 devstack@c-api.service[111525]: DEBUG cinder.api.extensions [-] Loading extension cinder.api.contrib.cgsnapshots.Cgsnapshots {{(pid=111525) load_extension /opt/stack/cinder/cinder/api/extensions.py:199}}
Jun 30 22:19:15.580777 n-d-772272-7 devstack@c-api.service[111525]: DEBUG cinder.api.extensions [-] Calling extension factory cinder.api.contrib.cgsnapshots.Cgsnapshots {{(pid=111525) load_extension /opt/stack/cinder/cinder/api/extensions.py:205}}
Jun 30 22:19:15.580951 n-d-772272-7 devstack@c-api.service[111525]: DEBUG cinder.api.extensions [-] Ext name: Cgsnapshots {{(pid=111525) _check_extension /opt/stack/cinder/cinder/api/extensions.py:179}}
Jun 30 22:19:15.581316 n-d-772272-7 devstack@c-api.service[111525]: DEBUG cinder.api.extensions [-] Ext alias: cgsnapshots {{(pid=111525) _check_extension /opt/stack/cinder/cinder/api/extensions.py:180}}
Jun 30 22:19:15.581316 n-d-772272-7 devstack@c-api.service[111525]: DEBUG cinder.api.extensions [-] Ext description: cgsnapshots support. {{(pid=111525) _check_extension /opt/stack/cinder/cinder/api/extensions.py:181}}
Jun 30 22:19:15.581655 n-d-772272-7 devstack@c-api.service[111525]: DEBUG cinder.api.extensions [-] Ext updated: 2014-08-18T00:00:00+00:00 {{(pid=111525) _check_extension /opt/stack/cinder/cinder/api/extensions.py:183}}
Jun 30 22:19:15.581655 n-d-772272-7 devstack@c-api.service[111525]: DEBUG cinder.api.extensions [-] Loaded extension: cgsnapshots {{(pid=111525) register /opt/stack/cinder/cinder/api/extensions.py:140}}
Jun 30 22:19:15.582712 n-d-772272-7 devstack@c-api.service[111525]: DEBUG cinder.api.extensions [-] Loading extension cinder.api.contrib.backups.Backups {{(pid=111525) load_extension /opt/stack/cinder/cinder/api/extensions.py:199}}
Jun 30 22:19:15.582712 n-d-772272-7 devstack@c-api.service[111525]: DEBUG cinder.api.extensions [-] Calling extension factory cinder.api.contrib.backups.Backups {{(pid=111525) load_extension /opt/stack/cinder/cinder/api/extensions.py:205}}
Jun 30 22:19:15.582712 n-d-772272-7 devstack@c-api.service[111525]: DEBUG cinder.api.extensions [-] Ext name: Backups {{(pid=111525) _check_extension /opt/stack/cinder/cinder/api/extensions.py:179}}
Jun 30 22:19:15.582712 n-d-772272-7 devstack@c-api.service[111525]: DEBUG cinder.api.extensions [-] Ext alias: backups {{(pid=111525) _check_extension /opt/stack/cinder/cinder/api/extensions.py:180}}
Jun 30 22:19:15.582712 n-d-772272-7 devstack@c-api.service[111525]: DEBUG cinder.api.extensions [-] Ext description: Backups support. {{(pid=111525) _check_extension /opt/stack/cinder/cinder/api/extensions.py:181}}
Jun 30 22:19:15.582712 n-d-772272-7 devstack@c-api.service[111525]: DEBUG cinder.api.extensions [-] Ext updated: 2012-12-12T00:00:00+00:00 {{(pid=111525) _check_extension /opt/stack/cinder/cinder/api/extensions.py:183}}
Jun 30 22:19:15.583514 n-d-772272-7 devstack@c-api.service[111525]: DEBUG cinder.api.extensions [-] Loaded extension: backups {{(pid=111525) register /opt/stack/cinder/cinder/api/extensions.py:140}}
Jun 30 22:19:15.583514 n-d-772272-7 devstack@c-api.service[111525]: DEBUG cinder.api.extensions [-] Loading extension cinder.api.contrib.consistencygroups.Consistencygroups {{(pid=111525) load_extension /opt/stack/cinder/cinder/api/extensions.py:199}}
Jun 30 22:19:15.583514 n-d-772272-7 devstack@c-api.service[111525]: DEBUG cinder.api.extensions [-] Calling extension factory cinder.api.contrib.consistencygroups.Consistencygroups {{(pid=111525) load_extension /opt/stack/cinder/cinder/api/extensions.py:205}}
Jun 30 22:19:15.583514 n-d-772272-7 devstack@c-api.service[111525]: DEBUG cinder.api.extensions [-] Ext name: Consistencygroups {{(pid=111525) _check_extension /opt/stack/cinder/cinder/api/extensions.py:179}}
Jun 30 22:19:15.583514 n-d-772272-7 devstack@c-api.service[111525]: DEBUG cinder.api.extensions [-] Ext alias: consistencygroups {{(pid=111525) _check_extension /opt/stack/cinder/cinder/api/extensions.py:180}}
Jun 30 22:19:15.584117 n-d-772272-7 devstack@c-api.service[111525]: DEBUG cinder.api.extensions [-] Ext description: consistency groups support. {{(pid=111525) _check_extension /opt/stack/cinder/cinder/api/extensions.py:181}}
Jun 30 22:19:15.584117 n-d-772272-7 devstack@c-api.service[111525]: DEBUG cinder.api.extensions [-] Ext updated: 2014-08-18T00:00:00+00:00 {{(pid=111525) _check_extension /opt/stack/cinder/cinder/api/extensions.py:183}}
Jun 30 22:19:15.584117 n-d-772272-7 devstack@c-api.service[111525]: DEBUG cinder.api.extensions [-] Loaded extension: consistencygroups {{(pid=111525) register /opt/stack/cinder/cinder/api/extensions.py:140}}
Jun 30 22:19:15.584117 n-d-772272-7 devstack@c-api.service[111525]: DEBUG cinder.api.extensions [-] Loading extension cinder.api.contrib.volume_host_attribute.Volume_host_attribute {{(pid=111525) load_extension /opt/stack/cinder/cinder/api/extensions.py:199}}
Jun 30 22:19:15.584706 n-d-772272-7 devstack@c-api.service[111525]: DEBUG cinder.api.extensions [-] Calling extension factory cinder.api.contrib.volume_host_attribute.Volume_host_attribute {{(pid=111525) load_extension /opt/stack/cinder/cinder/api/extensions.py:205}}
Jun 30 22:19:15.584706 n-d-772272-7 devstack@c-api.service[111525]: DEBUG cinder.api.extensions [-] Ext name: VolumeHostAttribute {{(pid=111525) _check_extension /opt/stack/cinder/cinder/api/extensions.py:179}}
Jun 30 22:19:15.584706 n-d-772272-7 devstack@c-api.service[111525]: DEBUG cinder.api.extensions [-] Ext alias: os-vol-host-attr {{(pid=111525) _check_extension /opt/stack/cinder/cinder/api/extensions.py:180}}
Jun 30 22:19:15.585227 n-d-772272-7 devstack@c-api.service[111525]: DEBUG cinder.api.extensions [-] Ext description: Expose host as an attribute of a volume. {{(pid=111525) _check_extension /opt/stack/cinder/cinder/api/extensions.py:181}}
Jun 30 22:19:15.585227 n-d-772272-7 devstack@c-api.service[111525]: DEBUG cinder.api.extensions [-] Ext updated: 2011-11-03T00:00:00+00:00 {{(pid=111525) _check_extension /opt/stack/cinder/cinder/api/extensions.py:183}}
Jun 30 22:19:15.585227 n-d-772272-7 devstack@c-api.service[111525]: DEBUG cinder.api.extensions [-] Loaded extension: os-vol-host-attr {{(pid=111525) register /opt/stack/cinder/cinder/api/extensions.py:140}}
Jun 30 22:19:15.585227 n-d-772272-7 devstack@c-api.service[111525]: DEBUG cinder.api.extensions [-] Loading extension cinder.api.contrib.scheduler_stats.Scheduler_stats {{(pid=111525) load_extension /opt/stack/cinder/cinder/api/extensions.py:199}}
Jun 30 22:19:15.585739 n-d-772272-7 devstack@c-api.service[111525]: DEBUG cinder.api.extensions [-] Calling extension factory cinder.api.contrib.scheduler_stats.Scheduler_stats {{(pid=111525) load_extension /opt/stack/cinder/cinder/api/extensions.py:205}}
Jun 30 22:19:15.585739 n-d-772272-7 devstack@c-api.service[111525]: DEBUG cinder.api.extensions [-] Ext name: Scheduler_stats {{(pid=111525) _check_extension /opt/stack/cinder/cinder/api/extensions.py:179}}
Jun 30 22:19:15.585739 n-d-772272-7 devstack@c-api.service[111525]: DEBUG cinder.api.extensions [-] Ext alias: scheduler-stats {{(pid=111525) _check_extension /opt/stack/cinder/cinder/api/extensions.py:180}}
Jun 30 22:19:15.586108 n-d-772272-7 devstack@c-api.service[111525]: DEBUG cinder.api.extensions [-] Ext description: Scheduler stats support. {{(pid=111525) _check_extension /opt/stack/cinder/cinder/api/extensions.py:181}}
Jun 30 22:19:15.586108 n-d-772272-7 devstack@c-api.service[111525]: DEBUG cinder.api.extensions [-] Ext updated: 2014-09-07T00:00:00+00:00 {{(pid=111525) _check_extension /opt/stack/cinder/cinder/api/extensions.py:183}}
Jun 30 22:19:15.586456 n-d-772272-7 devstack@c-api.service[111525]: DEBUG cinder.api.extensions [-] Loaded extension: scheduler-stats {{(pid=111525) register /opt/stack/cinder/cinder/api/extensions.py:140}}
Jun 30 22:19:15.633729 n-d-772272-7 devstack@c-api.service[111524]: INFO dbcounter [None req-79d360de-e562-4ce3-b4bf-145f55cbcc41 None None] Registered counter for database cinder
Jun 30 22:19:15.648614 n-d-772272-7 devstack@c-api.service[111525]: INFO dbcounter [None req-c4f8d088-8aa8-4c95-9180-7a7bbda50bd0 None None] Registered counter for database cinder
Jun 30 22:19:15.653731 n-d-772272-7 devstack@c-api.service[111524]: DEBUG oslo_db.sqlalchemy.engines [None req-79d360de-e562-4ce3-b4bf-145f55cbcc41 None None] MySQL server mode set to STRICT_TRANS_TABLES,STRICT_ALL_TABLES,NO_ZERO_IN_DATE,NO_ZERO_DATE,ERROR_FOR_DIVISION_BY_ZERO,TRADITIONAL,NO_ENGINE_SUBSTITUTION {{(pid=111524) _check_effective_sql_mode /usr/local/lib/python3.8/dist-packages/oslo_db/sqlalchemy/engines.py:314}}
Jun 30 22:19:15.661217 n-d-772272-7 devstack@c-api.service[111524]: DEBUG dbcounter [-] [111524] Writer thread running {{(pid=111524) stat_writer /usr/local/lib/python3.8/dist-packages/dbcounter.py:99}}
Jun 30 22:19:15.668133 n-d-772272-7 devstack@c-api.service[111525]: DEBUG oslo_db.sqlalchemy.engines [None req-c4f8d088-8aa8-4c95-9180-7a7bbda50bd0 None None] MySQL server mode set to STRICT_TRANS_TABLES,STRICT_ALL_TABLES,NO_ZERO_IN_DATE,NO_ZERO_DATE,ERROR_FOR_DIVISION_BY_ZERO,TRADITIONAL,NO_ENGINE_SUBSTITUTION {{(pid=111525) _check_effective_sql_mode /usr/local/lib/python3.8/dist-packages/oslo_db/sqlalchemy/engines.py:314}}
Jun 30 22:19:15.679539 n-d-772272-7 devstack@c-api.service[111525]: DEBUG dbcounter [-] [111525] Writer thread running {{(pid=111525) stat_writer /usr/local/lib/python3.8/dist-packages/dbcounter.py:99}}
Jun 30 22:19:15.888000 n-d-772272-7 devstack@c-api.service[111524]: INFO cinder.rpc [None req-79d360de-e562-4ce3-b4bf-145f55cbcc41 None None] Automatically selected cinder-scheduler objects version 1.39 as minimum service version.
Jun 30 22:19:15.893354 n-d-772272-7 devstack@c-api.service[111524]: INFO cinder.rpc [None req-79d360de-e562-4ce3-b4bf-145f55cbcc41 None None] Automatically selected cinder-scheduler RPC version 3.12 as minimum service version.
Jun 30 22:19:15.897238 n-d-772272-7 devstack@c-api.service[111525]: INFO cinder.rpc [None req-c4f8d088-8aa8-4c95-9180-7a7bbda50bd0 None None] Automatically selected cinder-scheduler objects version 1.39 as minimum service version.
Jun 30 22:19:15.898171 n-d-772272-7 devstack@c-api.service[111524]: INFO cinder.rpc [None req-79d360de-e562-4ce3-b4bf-145f55cbcc41 None None] Automatically selected cinder-volume objects version 1.39 as minimum service version.
Jun 30 22:19:15.901956 n-d-772272-7 devstack@c-api.service[111525]: INFO cinder.rpc [None req-c4f8d088-8aa8-4c95-9180-7a7bbda50bd0 None None] Automatically selected cinder-scheduler RPC version 3.12 as minimum service version.
Jun 30 22:19:15.902462 n-d-772272-7 devstack@c-api.service[111524]: INFO cinder.rpc [None req-79d360de-e562-4ce3-b4bf-145f55cbcc41 None None] Automatically selected cinder-volume RPC version 3.18 as minimum service version.
Jun 30 22:19:15.903466 n-d-772272-7 devstack@c-api.service[111524]: WARNING stevedore.named [None req-79d360de-e562-4ce3-b4bf-145f55cbcc41 None None] Could not load cinder.keymgr.conf_key_mgr.ConfKeyManager
Jun 30 22:19:15.903884 n-d-772272-7 devstack@c-api.service[111524]: WARNING castellan.key_manager [None req-79d360de-e562-4ce3-b4bf-145f55cbcc41 None None] Deprecation Warning : cinder.keymgr.conf_key_mgr.ConfKeyManager is not a stevedore based driver, trying to load it as a class: stevedore.exception.NoMatches: No 'castellan.drivers' driver found, looking for 'cinder.keymgr.conf_key_mgr.ConfKeyManager'
Jun 30 22:19:15.906760 n-d-772272-7 devstack@c-api.service[111525]: INFO cinder.rpc [None req-c4f8d088-8aa8-4c95-9180-7a7bbda50bd0 None None] Automatically selected cinder-volume objects version 1.39 as minimum service version.
Jun 30 22:19:15.911311 n-d-772272-7 devstack@c-api.service[111525]: INFO cinder.rpc [None req-c4f8d088-8aa8-4c95-9180-7a7bbda50bd0 None None] Automatically selected cinder-volume RPC version 3.18 as minimum service version.
Jun 30 22:19:15.912142 n-d-772272-7 devstack@c-api.service[111525]: WARNING stevedore.named [None req-c4f8d088-8aa8-4c95-9180-7a7bbda50bd0 None None] Could not load cinder.keymgr.conf_key_mgr.ConfKeyManager
Jun 30 22:19:15.912554 n-d-772272-7 devstack@c-api.service[111525]: WARNING castellan.key_manager [None req-c4f8d088-8aa8-4c95-9180-7a7bbda50bd0 None None] Deprecation Warning : cinder.keymgr.conf_key_mgr.ConfKeyManager is not a stevedore based driver, trying to load it as a class: stevedore.exception.NoMatches: No 'castellan.drivers' driver found, looking for 'cinder.keymgr.conf_key_mgr.ConfKeyManager'
Jun 30 22:19:15.925029 n-d-772272-7 devstack@c-api.service[111524]: WARNING cinder.keymgr.conf_key_mgr [None req-79d360de-e562-4ce3-b4bf-145f55cbcc41 None None] This key manager is insecure and is not recommended for production deployments: stevedore.exception.NoMatches: No 'castellan.drivers' driver found, looking for 'cinder.keymgr.conf_key_mgr.ConfKeyManager'
Jun 30 22:19:15.931927 n-d-772272-7 devstack@c-api.service[111525]: WARNING cinder.keymgr.conf_key_mgr [None req-c4f8d088-8aa8-4c95-9180-7a7bbda50bd0 None None] This key manager is insecure and is not recommended for production deployments: stevedore.exception.NoMatches: No 'castellan.drivers' driver found, looking for 'cinder.keymgr.conf_key_mgr.ConfKeyManager'
Jun 30 22:19:15.932768 n-d-772272-7 devstack@c-api.service[111524]: DEBUG oslo_db.sqlalchemy.engines [None req-79d360de-e562-4ce3-b4bf-145f55cbcc41 None None] MySQL server mode set to STRICT_TRANS_TABLES,STRICT_ALL_TABLES,NO_ZERO_IN_DATE,NO_ZERO_DATE,ERROR_FOR_DIVISION_BY_ZERO,TRADITIONAL,NO_ENGINE_SUBSTITUTION {{(pid=111524) _check_effective_sql_mode /usr/local/lib/python3.8/dist-packages/oslo_db/sqlalchemy/engines.py:314}}
Jun 30 22:19:15.938179 n-d-772272-7 devstack@c-api.service[111525]: DEBUG oslo_db.sqlalchemy.engines [None req-c4f8d088-8aa8-4c95-9180-7a7bbda50bd0 None None] MySQL server mode set to STRICT_TRANS_TABLES,STRICT_ALL_TABLES,NO_ZERO_IN_DATE,NO_ZERO_DATE,ERROR_FOR_DIVISION_BY_ZERO,TRADITIONAL,NO_ENGINE_SUBSTITUTION {{(pid=111525) _check_effective_sql_mode /usr/local/lib/python3.8/dist-packages/oslo_db/sqlalchemy/engines.py:314}}
Jun 30 22:19:15.940677 n-d-772272-7 devstack@c-api.service[111524]: INFO cinder.rpc [None req-79d360de-e562-4ce3-b4bf-145f55cbcc41 None None] Automatically selected cinder-backup objects version 1.39 as minimum service version.
Jun 30 22:19:15.943450 n-d-772272-7 devstack@c-api.service[111525]: INFO cinder.rpc [None req-c4f8d088-8aa8-4c95-9180-7a7bbda50bd0 None None] Automatically selected cinder-backup objects version 1.39 as minimum service version.
Jun 30 22:19:15.945815 n-d-772272-7 devstack@c-api.service[111524]: INFO cinder.rpc [None req-79d360de-e562-4ce3-b4bf-145f55cbcc41 None None] Automatically selected cinder-backup RPC version 2.3 as minimum service version.
Jun 30 22:19:15.946753 n-d-772272-7 devstack@c-api.service[111524]: WARNING stevedore.named [None req-79d360de-e562-4ce3-b4bf-145f55cbcc41 None None] Could not load cinder.keymgr.conf_key_mgr.ConfKeyManager
Jun 30 22:19:15.947141 n-d-772272-7 devstack@c-api.service[111524]: WARNING castellan.key_manager [None req-79d360de-e562-4ce3-b4bf-145f55cbcc41 None None] Deprecation Warning : cinder.keymgr.conf_key_mgr.ConfKeyManager is not a stevedore based driver, trying to load it as a class: stevedore.exception.NoMatches: No 'castellan.drivers' driver found, looking for 'cinder.keymgr.conf_key_mgr.ConfKeyManager'
Jun 30 22:19:15.948017 n-d-772272-7 devstack@c-api.service[111525]: INFO cinder.rpc [None req-c4f8d088-8aa8-4c95-9180-7a7bbda50bd0 None None] Automatically selected cinder-backup RPC version 2.3 as minimum service version.
Jun 30 22:19:15.949056 n-d-772272-7 devstack@c-api.service[111525]: WARNING stevedore.named [None req-c4f8d088-8aa8-4c95-9180-7a7bbda50bd0 None None] Could not load cinder.keymgr.conf_key_mgr.ConfKeyManager
Jun 30 22:19:15.949573 n-d-772272-7 devstack@c-api.service[111525]: WARNING castellan.key_manager [None req-c4f8d088-8aa8-4c95-9180-7a7bbda50bd0 None None] Deprecation Warning : cinder.keymgr.conf_key_mgr.ConfKeyManager is not a stevedore based driver, trying to load it as a class: stevedore.exception.NoMatches: No 'castellan.drivers' driver found, looking for 'cinder.keymgr.conf_key_mgr.ConfKeyManager'
Jun 30 22:19:15.950837 n-d-772272-7 devstack@c-api.service[111524]: WARNING stevedore.named [None req-79d360de-e562-4ce3-b4bf-145f55cbcc41 None None] Could not load cinder.keymgr.conf_key_mgr.ConfKeyManager
Jun 30 22:19:15.951216 n-d-772272-7 devstack@c-api.service[111524]: WARNING castellan.key_manager [None req-79d360de-e562-4ce3-b4bf-145f55cbcc41 None None] Deprecation Warning : cinder.keymgr.conf_key_mgr.ConfKeyManager is not a stevedore based driver, trying to load it as a class: stevedore.exception.NoMatches: No 'castellan.drivers' driver found, looking for 'cinder.keymgr.conf_key_mgr.ConfKeyManager'
Jun 30 22:19:15.951868 n-d-772272-7 devstack@c-api.service[111525]: WARNING stevedore.named [None req-c4f8d088-8aa8-4c95-9180-7a7bbda50bd0 None None] Could not load cinder.keymgr.conf_key_mgr.ConfKeyManager
Jun 30 22:19:15.952225 n-d-772272-7 devstack@c-api.service[111525]: WARNING castellan.key_manager [None req-c4f8d088-8aa8-4c95-9180-7a7bbda50bd0 None None] Deprecation Warning : cinder.keymgr.conf_key_mgr.ConfKeyManager is not a stevedore based driver, trying to load it as a class: stevedore.exception.NoMatches: No 'castellan.drivers' driver found, looking for 'cinder.keymgr.conf_key_mgr.ConfKeyManager'
Jun 30 22:19:15.952756 n-d-772272-7 devstack@c-api.service[111524]: WARNING stevedore.named [None req-79d360de-e562-4ce3-b4bf-145f55cbcc41 None None] Could not load cinder.keymgr.conf_key_mgr.ConfKeyManager
Jun 30 22:19:15.953101 n-d-772272-7 devstack@c-api.service[111524]: WARNING castellan.key_manager [None req-79d360de-e562-4ce3-b4bf-145f55cbcc41 None None] Deprecation Warning : cinder.keymgr.conf_key_mgr.ConfKeyManager is not a stevedore based driver, trying to load it as a class: stevedore.exception.NoMatches: No 'castellan.drivers' driver found, looking for 'cinder.keymgr.conf_key_mgr.ConfKeyManager'
Jun 30 22:19:15.953806 n-d-772272-7 devstack@c-api.service[111525]: WARNING stevedore.named [None req-c4f8d088-8aa8-4c95-9180-7a7bbda50bd0 None None] Could not load cinder.keymgr.conf_key_mgr.ConfKeyManager
Jun 30 22:19:15.954145 n-d-772272-7 devstack@c-api.service[111525]: WARNING castellan.key_manager [None req-c4f8d088-8aa8-4c95-9180-7a7bbda50bd0 None None] Deprecation Warning : cinder.keymgr.conf_key_mgr.ConfKeyManager is not a stevedore based driver, trying to load it as a class: stevedore.exception.NoMatches: No 'castellan.drivers' driver found, looking for 'cinder.keymgr.conf_key_mgr.ConfKeyManager'
Jun 30 22:19:15.979498 n-d-772272-7 devstack@c-api.service[111524]: WARNING stevedore.named [None req-79d360de-e562-4ce3-b4bf-145f55cbcc41 None None] Could not load cinder.keymgr.conf_key_mgr.ConfKeyManager
Jun 30 22:19:15.979910 n-d-772272-7 devstack@c-api.service[111524]: WARNING castellan.key_manager [None req-79d360de-e562-4ce3-b4bf-145f55cbcc41 None None] Deprecation Warning : cinder.keymgr.conf_key_mgr.ConfKeyManager is not a stevedore based driver, trying to load it as a class: stevedore.exception.NoMatches: No 'castellan.drivers' driver found, looking for 'cinder.keymgr.conf_key_mgr.ConfKeyManager'
Jun 30 22:19:15.981715 n-d-772272-7 devstack@c-api.service[111525]: WARNING stevedore.named [None req-c4f8d088-8aa8-4c95-9180-7a7bbda50bd0 None None] Could not load cinder.keymgr.conf_key_mgr.ConfKeyManager
Jun 30 22:19:15.982332 n-d-772272-7 devstack@c-api.service[111525]: WARNING castellan.key_manager [None req-c4f8d088-8aa8-4c95-9180-7a7bbda50bd0 None None] Deprecation Warning : cinder.keymgr.conf_key_mgr.ConfKeyManager is not a stevedore based driver, trying to load it as a class: stevedore.exception.NoMatches: No 'castellan.drivers' driver found, looking for 'cinder.keymgr.conf_key_mgr.ConfKeyManager'
Jun 30 22:19:15.986600 n-d-772272-7 devstack@c-api.service[111524]: WARNING stevedore.named [None req-79d360de-e562-4ce3-b4bf-145f55cbcc41 None None] Could not load cinder.keymgr.conf_key_mgr.ConfKeyManager
Jun 30 22:19:15.987055 n-d-772272-7 devstack@c-api.service[111524]: WARNING castellan.key_manager [None req-79d360de-e562-4ce3-b4bf-145f55cbcc41 None None] Deprecation Warning : cinder.keymgr.conf_key_mgr.ConfKeyManager is not a stevedore based driver, trying to load it as a class: stevedore.exception.NoMatches: No 'castellan.drivers' driver found, looking for 'cinder.keymgr.conf_key_mgr.ConfKeyManager'
Jun 30 22:19:15.990505 n-d-772272-7 devstack@c-api.service[111525]: WARNING stevedore.named [None req-c4f8d088-8aa8-4c95-9180-7a7bbda50bd0 None None] Could not load cinder.keymgr.conf_key_mgr.ConfKeyManager
Jun 30 22:19:15.991120 n-d-772272-7 devstack@c-api.service[111525]: WARNING castellan.key_manager [None req-c4f8d088-8aa8-4c95-9180-7a7bbda50bd0 None None] Deprecation Warning : cinder.keymgr.conf_key_mgr.ConfKeyManager is not a stevedore based driver, trying to load it as a class: stevedore.exception.NoMatches: No 'castellan.drivers' driver found, looking for 'cinder.keymgr.conf_key_mgr.ConfKeyManager'
Jun 30 22:19:15.993356 n-d-772272-7 devstack@c-api.service[111524]: WARNING stevedore.named [None req-79d360de-e562-4ce3-b4bf-145f55cbcc41 None None] Could not load cinder.keymgr.conf_key_mgr.ConfKeyManager
Jun 30 22:19:15.993728 n-d-772272-7 devstack@c-api.service[111524]: WARNING castellan.key_manager [None req-79d360de-e562-4ce3-b4bf-145f55cbcc41 None None] Deprecation Warning : cinder.keymgr.conf_key_mgr.ConfKeyManager is not a stevedore based driver, trying to load it as a class: stevedore.exception.NoMatches: No 'castellan.drivers' driver found, looking for 'cinder.keymgr.conf_key_mgr.ConfKeyManager'
Jun 30 22:19:15.998116 n-d-772272-7 devstack@c-api.service[111525]: WARNING stevedore.named [None req-c4f8d088-8aa8-4c95-9180-7a7bbda50bd0 None None] Could not load cinder.keymgr.conf_key_mgr.ConfKeyManager
Jun 30 22:19:15.998687 n-d-772272-7 devstack@c-api.service[111525]: WARNING castellan.key_manager [None req-c4f8d088-8aa8-4c95-9180-7a7bbda50bd0 None None] Deprecation Warning : cinder.keymgr.conf_key_mgr.ConfKeyManager is not a stevedore based driver, trying to load it as a class: stevedore.exception.NoMatches: No 'castellan.drivers' driver found, looking for 'cinder.keymgr.conf_key_mgr.ConfKeyManager'
Jun 30 22:19:16.001903 n-d-772272-7 devstack@c-api.service[111524]: WARNING stevedore.named [None req-79d360de-e562-4ce3-b4bf-145f55cbcc41 None None] Could not load cinder.keymgr.conf_key_mgr.ConfKeyManager
Jun 30 22:19:16.002431 n-d-772272-7 devstack@c-api.service[111524]: WARNING castellan.key_manager [None req-79d360de-e562-4ce3-b4bf-145f55cbcc41 None None] Deprecation Warning : cinder.keymgr.conf_key_mgr.ConfKeyManager is not a stevedore based driver, trying to load it as a class: stevedore.exception.NoMatches: No 'castellan.drivers' driver found, looking for 'cinder.keymgr.conf_key_mgr.ConfKeyManager'
Jun 30 22:19:16.007813 n-d-772272-7 devstack@c-api.service[111524]: WARNING stevedore.named [None req-79d360de-e562-4ce3-b4bf-145f55cbcc41 None None] Could not load cinder.keymgr.conf_key_mgr.ConfKeyManager
Jun 30 22:19:16.008195 n-d-772272-7 devstack@c-api.service[111524]: WARNING castellan.key_manager [None req-79d360de-e562-4ce3-b4bf-145f55cbcc41 None None] Deprecation Warning : cinder.keymgr.conf_key_mgr.ConfKeyManager is not a stevedore based driver, trying to load it as a class: stevedore.exception.NoMatches: No 'castellan.drivers' driver found, looking for 'cinder.keymgr.conf_key_mgr.ConfKeyManager'
Jun 30 22:19:16.009566 n-d-772272-7 devstack@c-api.service[111525]: WARNING stevedore.named [None req-c4f8d088-8aa8-4c95-9180-7a7bbda50bd0 None None] Could not load cinder.keymgr.conf_key_mgr.ConfKeyManager
Jun 30 22:19:16.010139 n-d-772272-7 devstack@c-api.service[111525]: WARNING castellan.key_manager [None req-c4f8d088-8aa8-4c95-9180-7a7bbda50bd0 None None] Deprecation Warning : cinder.keymgr.conf_key_mgr.ConfKeyManager is not a stevedore based driver, trying to load it as a class: stevedore.exception.NoMatches: No 'castellan.drivers' driver found, looking for 'cinder.keymgr.conf_key_mgr.ConfKeyManager'
Jun 30 22:19:16.014735 n-d-772272-7 devstack@c-api.service[111524]: WARNING stevedore.named [None req-79d360de-e562-4ce3-b4bf-145f55cbcc41 None None] Could not load cinder.keymgr.conf_key_mgr.ConfKeyManager
Jun 30 22:19:16.015555 n-d-772272-7 devstack@c-api.service[111524]: WARNING castellan.key_manager [None req-79d360de-e562-4ce3-b4bf-145f55cbcc41 None None] Deprecation Warning : cinder.keymgr.conf_key_mgr.ConfKeyManager is not a stevedore based driver, trying to load it as a class: stevedore.exception.NoMatches: No 'castellan.drivers' driver found, looking for 'cinder.keymgr.conf_key_mgr.ConfKeyManager'
Jun 30 22:19:16.016522 n-d-772272-7 devstack@c-api.service[111525]: WARNING stevedore.named [None req-c4f8d088-8aa8-4c95-9180-7a7bbda50bd0 None None] Could not load cinder.keymgr.conf_key_mgr.ConfKeyManager
Jun 30 22:19:16.017116 n-d-772272-7 devstack@c-api.service[111525]: WARNING castellan.key_manager [None req-c4f8d088-8aa8-4c95-9180-7a7bbda50bd0 None None] Deprecation Warning : cinder.keymgr.conf_key_mgr.ConfKeyManager is not a stevedore based driver, trying to load it as a class: stevedore.exception.NoMatches: No 'castellan.drivers' driver found, looking for 'cinder.keymgr.conf_key_mgr.ConfKeyManager'
Jun 30 22:19:16.021456 n-d-772272-7 devstack@c-api.service[111524]: WARNING stevedore.named [None req-79d360de-e562-4ce3-b4bf-145f55cbcc41 None None] Could not load cinder.keymgr.conf_key_mgr.ConfKeyManager
Jun 30 22:19:16.021827 n-d-772272-7 devstack@c-api.service[111524]: WARNING castellan.key_manager [None req-79d360de-e562-4ce3-b4bf-145f55cbcc41 None None] Deprecation Warning : cinder.keymgr.conf_key_mgr.ConfKeyManager is not a stevedore based driver, trying to load it as a class: stevedore.exception.NoMatches: No 'castellan.drivers' driver found, looking for 'cinder.keymgr.conf_key_mgr.ConfKeyManager'
Jun 30 22:19:16.024254 n-d-772272-7 devstack@c-api.service[111525]: WARNING stevedore.named [None req-c4f8d088-8aa8-4c95-9180-7a7bbda50bd0 None None] Could not load cinder.keymgr.conf_key_mgr.ConfKeyManager
Jun 30 22:19:16.024828 n-d-772272-7 devstack@c-api.service[111525]: WARNING castellan.key_manager [None req-c4f8d088-8aa8-4c95-9180-7a7bbda50bd0 None None] Deprecation Warning : cinder.keymgr.conf_key_mgr.ConfKeyManager is not a stevedore based driver, trying to load it as a class: stevedore.exception.NoMatches: No 'castellan.drivers' driver found, looking for 'cinder.keymgr.conf_key_mgr.ConfKeyManager'
Jun 30 22:19:16.027582 n-d-772272-7 devstack@c-api.service[111524]: WARNING stevedore.named [None req-79d360de-e562-4ce3-b4bf-145f55cbcc41 None None] Could not load cinder.keymgr.conf_key_mgr.ConfKeyManager
Jun 30 22:19:16.027955 n-d-772272-7 devstack@c-api.service[111524]: WARNING castellan.key_manager [None req-79d360de-e562-4ce3-b4bf-145f55cbcc41 None None] Deprecation Warning : cinder.keymgr.conf_key_mgr.ConfKeyManager is not a stevedore based driver, trying to load it as a class: stevedore.exception.NoMatches: No 'castellan.drivers' driver found, looking for 'cinder.keymgr.conf_key_mgr.ConfKeyManager'
Jun 30 22:19:16.032013 n-d-772272-7 devstack@c-api.service[111525]: WARNING stevedore.named [None req-c4f8d088-8aa8-4c95-9180-7a7bbda50bd0 None None] Could not load cinder.keymgr.conf_key_mgr.ConfKeyManager
Jun 30 22:19:16.032688 n-d-772272-7 devstack@c-api.service[111525]: WARNING castellan.key_manager [None req-c4f8d088-8aa8-4c95-9180-7a7bbda50bd0 None None] Deprecation Warning : cinder.keymgr.conf_key_mgr.ConfKeyManager is not a stevedore based driver, trying to load it as a class: stevedore.exception.NoMatches: No 'castellan.drivers' driver found, looking for 'cinder.keymgr.conf_key_mgr.ConfKeyManager'
Jun 30 22:19:16.033560 n-d-772272-7 devstack@c-api.service[111524]: WARNING stevedore.named [None req-79d360de-e562-4ce3-b4bf-145f55cbcc41 None None] Could not load cinder.keymgr.conf_key_mgr.ConfKeyManager
Jun 30 22:19:16.033920 n-d-772272-7 devstack@c-api.service[111524]: WARNING castellan.key_manager [None req-79d360de-e562-4ce3-b4bf-145f55cbcc41 None None] Deprecation Warning : cinder.keymgr.conf_key_mgr.ConfKeyManager is not a stevedore based driver, trying to load it as a class: stevedore.exception.NoMatches: No 'castellan.drivers' driver found, looking for 'cinder.keymgr.conf_key_mgr.ConfKeyManager'
Jun 30 22:19:16.036186 n-d-772272-7 devstack@c-api.service[111524]: WARNING stevedore.named [None req-79d360de-e562-4ce3-b4bf-145f55cbcc41 None None] Could not load cinder.keymgr.conf_key_mgr.ConfKeyManager
Jun 30 22:19:16.036727 n-d-772272-7 devstack@c-api.service[111524]: WARNING castellan.key_manager [None req-79d360de-e562-4ce3-b4bf-145f55cbcc41 None None] Deprecation Warning : cinder.keymgr.conf_key_mgr.ConfKeyManager is not a stevedore based driver, trying to load it as a class: stevedore.exception.NoMatches: No 'castellan.drivers' driver found, looking for 'cinder.keymgr.conf_key_mgr.ConfKeyManager'
Jun 30 22:19:16.039120 n-d-772272-7 devstack@c-api.service[111525]: WARNING stevedore.named [None req-c4f8d088-8aa8-4c95-9180-7a7bbda50bd0 None None] Could not load cinder.keymgr.conf_key_mgr.ConfKeyManager
Jun 30 22:19:16.039699 n-d-772272-7 devstack@c-api.service[111525]: WARNING castellan.key_manager [None req-c4f8d088-8aa8-4c95-9180-7a7bbda50bd0 None None] Deprecation Warning : cinder.keymgr.conf_key_mgr.ConfKeyManager is not a stevedore based driver, trying to load it as a class: stevedore.exception.NoMatches: No 'castellan.drivers' driver found, looking for 'cinder.keymgr.conf_key_mgr.ConfKeyManager'
Jun 30 22:19:16.042033 n-d-772272-7 devstack@c-api.service[111524]: WARNING stevedore.named [None req-79d360de-e562-4ce3-b4bf-145f55cbcc41 None None] Could not load cinder.keymgr.conf_key_mgr.ConfKeyManager
Jun 30 22:19:16.042871 n-d-772272-7 devstack@c-api.service[111524]: WARNING castellan.key_manager [None req-79d360de-e562-4ce3-b4bf-145f55cbcc41 None None] Deprecation Warning : cinder.keymgr.conf_key_mgr.ConfKeyManager is not a stevedore based driver, trying to load it as a class: stevedore.exception.NoMatches: No 'castellan.drivers' driver found, looking for 'cinder.keymgr.conf_key_mgr.ConfKeyManager'
Jun 30 22:19:16.045852 n-d-772272-7 devstack@c-api.service[111525]: WARNING stevedore.named [None req-c4f8d088-8aa8-4c95-9180-7a7bbda50bd0 None None] Could not load cinder.keymgr.conf_key_mgr.ConfKeyManager
Jun 30 22:19:16.046598 n-d-772272-7 devstack@c-api.service[111525]: WARNING castellan.key_manager [None req-c4f8d088-8aa8-4c95-9180-7a7bbda50bd0 None None] Deprecation Warning : cinder.keymgr.conf_key_mgr.ConfKeyManager is not a stevedore based driver, trying to load it as a class: stevedore.exception.NoMatches: No 'castellan.drivers' driver found, looking for 'cinder.keymgr.conf_key_mgr.ConfKeyManager'
Jun 30 22:19:16.048785 n-d-772272-7 devstack@c-api.service[111525]: WARNING stevedore.named [None req-c4f8d088-8aa8-4c95-9180-7a7bbda50bd0 None None] Could not load cinder.keymgr.conf_key_mgr.ConfKeyManager
Jun 30 22:19:16.049339 n-d-772272-7 devstack@c-api.service[111525]: WARNING castellan.key_manager [None req-c4f8d088-8aa8-4c95-9180-7a7bbda50bd0 None None] Deprecation Warning : cinder.keymgr.conf_key_mgr.ConfKeyManager is not a stevedore based driver, trying to load it as a class: stevedore.exception.NoMatches: No 'castellan.drivers' driver found, looking for 'cinder.keymgr.conf_key_mgr.ConfKeyManager'
Jun 30 22:19:16.054784 n-d-772272-7 devstack@c-api.service[111525]: WARNING stevedore.named [None req-c4f8d088-8aa8-4c95-9180-7a7bbda50bd0 None None] Could not load cinder.keymgr.conf_key_mgr.ConfKeyManager
Jun 30 22:19:16.055830 n-d-772272-7 devstack@c-api.service[111525]: WARNING castellan.key_manager [None req-c4f8d088-8aa8-4c95-9180-7a7bbda50bd0 None None] Deprecation Warning : cinder.keymgr.conf_key_mgr.ConfKeyManager is not a stevedore based driver, trying to load it as a class: stevedore.exception.NoMatches: No 'castellan.drivers' driver found, looking for 'cinder.keymgr.conf_key_mgr.ConfKeyManager'
Jun 30 22:19:16.056480 n-d-772272-7 devstack@c-api.service[111524]: WARNING stevedore.named [None req-79d360de-e562-4ce3-b4bf-145f55cbcc41 None None] Could not load cinder.keymgr.conf_key_mgr.ConfKeyManager
Jun 30 22:19:16.056862 n-d-772272-7 devstack@c-api.service[111524]: WARNING castellan.key_manager [None req-79d360de-e562-4ce3-b4bf-145f55cbcc41 None None] Deprecation Warning : cinder.keymgr.conf_key_mgr.ConfKeyManager is not a stevedore based driver, trying to load it as a class: stevedore.exception.NoMatches: No 'castellan.drivers' driver found, looking for 'cinder.keymgr.conf_key_mgr.ConfKeyManager'
Jun 30 22:19:16.063496 n-d-772272-7 devstack@c-api.service[111524]: WARNING stevedore.named [None req-79d360de-e562-4ce3-b4bf-145f55cbcc41 None None] Could not load cinder.keymgr.conf_key_mgr.ConfKeyManager
Jun 30 22:19:16.063901 n-d-772272-7 devstack@c-api.service[111524]: WARNING castellan.key_manager [None req-79d360de-e562-4ce3-b4bf-145f55cbcc41 None None] Deprecation Warning : cinder.keymgr.conf_key_mgr.ConfKeyManager is not a stevedore based driver, trying to load it as a class: stevedore.exception.NoMatches: No 'castellan.drivers' driver found, looking for 'cinder.keymgr.conf_key_mgr.ConfKeyManager'
Jun 30 22:19:16.066783 n-d-772272-7 devstack@c-api.service[111524]: WARNING cinder.api.contrib.hosts [None req-79d360de-e562-4ce3-b4bf-145f55cbcc41 None None] Deprecated: The Host API is deprecated and will be be removed in a future version.
Jun 30 22:19:16.067600 n-d-772272-7 devstack@c-api.service[111524]: WARNING stevedore.named [None req-79d360de-e562-4ce3-b4bf-145f55cbcc41 None None] Could not load cinder.keymgr.conf_key_mgr.ConfKeyManager
Jun 30 22:19:16.067984 n-d-772272-7 devstack@c-api.service[111524]: WARNING castellan.key_manager [None req-79d360de-e562-4ce3-b4bf-145f55cbcc41 None None] Deprecation Warning : cinder.keymgr.conf_key_mgr.ConfKeyManager is not a stevedore based driver, trying to load it as a class: stevedore.exception.NoMatches: No 'castellan.drivers' driver found, looking for 'cinder.keymgr.conf_key_mgr.ConfKeyManager'
Jun 30 22:19:16.069926 n-d-772272-7 devstack@c-api.service[111524]: WARNING stevedore.named [None req-79d360de-e562-4ce3-b4bf-145f55cbcc41 None None] Could not load cinder.keymgr.conf_key_mgr.ConfKeyManager
Jun 30 22:19:16.070462 n-d-772272-7 devstack@c-api.service[111524]: WARNING castellan.key_manager [None req-79d360de-e562-4ce3-b4bf-145f55cbcc41 None None] Deprecation Warning : cinder.keymgr.conf_key_mgr.ConfKeyManager is not a stevedore based driver, trying to load it as a class: stevedore.exception.NoMatches: No 'castellan.drivers' driver found, looking for 'cinder.keymgr.conf_key_mgr.ConfKeyManager'
Jun 30 22:19:16.071820 n-d-772272-7 devstack@c-api.service[111525]: WARNING stevedore.named [None req-c4f8d088-8aa8-4c95-9180-7a7bbda50bd0 None None] Could not load cinder.keymgr.conf_key_mgr.ConfKeyManager
Jun 30 22:19:16.072298 n-d-772272-7 devstack@c-api.service[111525]: WARNING castellan.key_manager [None req-c4f8d088-8aa8-4c95-9180-7a7bbda50bd0 None None] Deprecation Warning : cinder.keymgr.conf_key_mgr.ConfKeyManager is not a stevedore based driver, trying to load it as a class: stevedore.exception.NoMatches: No 'castellan.drivers' driver found, looking for 'cinder.keymgr.conf_key_mgr.ConfKeyManager'
Jun 30 22:19:16.072620 n-d-772272-7 devstack@c-api.service[111524]: WARNING stevedore.named [None req-79d360de-e562-4ce3-b4bf-145f55cbcc41 None None] Could not load cinder.keymgr.conf_key_mgr.ConfKeyManager
Jun 30 22:19:16.072970 n-d-772272-7 devstack@c-api.service[111524]: WARNING castellan.key_manager [None req-79d360de-e562-4ce3-b4bf-145f55cbcc41 None None] Deprecation Warning : cinder.keymgr.conf_key_mgr.ConfKeyManager is not a stevedore based driver, trying to load it as a class: stevedore.exception.NoMatches: No 'castellan.drivers' driver found, looking for 'cinder.keymgr.conf_key_mgr.ConfKeyManager'
Jun 30 22:19:16.074676 n-d-772272-7 devstack@c-api.service[111524]: WARNING stevedore.named [None req-79d360de-e562-4ce3-b4bf-145f55cbcc41 None None] Could not load cinder.keymgr.conf_key_mgr.ConfKeyManager
Jun 30 22:19:16.075204 n-d-772272-7 devstack@c-api.service[111524]: WARNING castellan.key_manager [None req-79d360de-e562-4ce3-b4bf-145f55cbcc41 None None] Deprecation Warning : cinder.keymgr.conf_key_mgr.ConfKeyManager is not a stevedore based driver, trying to load it as a class: stevedore.exception.NoMatches: No 'castellan.drivers' driver found, looking for 'cinder.keymgr.conf_key_mgr.ConfKeyManager'
Jun 30 22:19:16.077351 n-d-772272-7 devstack@c-api.service[111524]: WARNING stevedore.named [None req-79d360de-e562-4ce3-b4bf-145f55cbcc41 None None] Could not load cinder.keymgr.conf_key_mgr.ConfKeyManager
Jun 30 22:19:16.077907 n-d-772272-7 devstack@c-api.service[111524]: WARNING castellan.key_manager [None req-79d360de-e562-4ce3-b4bf-145f55cbcc41 None None] Deprecation Warning : cinder.keymgr.conf_key_mgr.ConfKeyManager is not a stevedore based driver, trying to load it as a class: stevedore.exception.NoMatches: No 'castellan.drivers' driver found, looking for 'cinder.keymgr.conf_key_mgr.ConfKeyManager'
Jun 30 22:19:16.080127 n-d-772272-7 devstack@c-api.service[111524]: WARNING stevedore.named [None req-79d360de-e562-4ce3-b4bf-145f55cbcc41 None None] Could not load cinder.keymgr.conf_key_mgr.ConfKeyManager
Jun 30 22:19:16.080631 n-d-772272-7 devstack@c-api.service[111524]: WARNING castellan.key_manager [None req-79d360de-e562-4ce3-b4bf-145f55cbcc41 None None] Deprecation Warning : cinder.keymgr.conf_key_mgr.ConfKeyManager is not a stevedore based driver, trying to load it as a class: stevedore.exception.NoMatches: No 'castellan.drivers' driver found, looking for 'cinder.keymgr.conf_key_mgr.ConfKeyManager'
Jun 30 22:19:16.080750 n-d-772272-7 devstack@c-api.service[111525]: WARNING stevedore.named [None req-c4f8d088-8aa8-4c95-9180-7a7bbda50bd0 None None] Could not load cinder.keymgr.conf_key_mgr.ConfKeyManager
Jun 30 22:19:16.081363 n-d-772272-7 devstack@c-api.service[111525]: WARNING castellan.key_manager [None req-c4f8d088-8aa8-4c95-9180-7a7bbda50bd0 None None] Deprecation Warning : cinder.keymgr.conf_key_mgr.ConfKeyManager is not a stevedore based driver, trying to load it as a class: stevedore.exception.NoMatches: No 'castellan.drivers' driver found, looking for 'cinder.keymgr.conf_key_mgr.ConfKeyManager'
Jun 30 22:19:16.083820 n-d-772272-7 devstack@c-api.service[111525]: WARNING cinder.api.contrib.hosts [None req-c4f8d088-8aa8-4c95-9180-7a7bbda50bd0 None None] Deprecated: The Host API is deprecated and will be be removed in a future version.
Jun 30 22:19:16.084464 n-d-772272-7 devstack@c-api.service[111524]: WARNING stevedore.named [None req-79d360de-e562-4ce3-b4bf-145f55cbcc41 None None] Could not load cinder.keymgr.conf_key_mgr.ConfKeyManager
Jun 30 22:19:16.084774 n-d-772272-7 devstack@c-api.service[111525]: WARNING stevedore.named [None req-c4f8d088-8aa8-4c95-9180-7a7bbda50bd0 None None] Could not load cinder.keymgr.conf_key_mgr.ConfKeyManager
Jun 30 22:19:16.085136 n-d-772272-7 devstack@c-api.service[111524]: WARNING castellan.key_manager [None req-79d360de-e562-4ce3-b4bf-145f55cbcc41 None None] Deprecation Warning : cinder.keymgr.conf_key_mgr.ConfKeyManager is not a stevedore based driver, trying to load it as a class: stevedore.exception.NoMatches: No 'castellan.drivers' driver found, looking for 'cinder.keymgr.conf_key_mgr.ConfKeyManager'
Jun 30 22:19:16.085315 n-d-772272-7 devstack@c-api.service[111525]: WARNING castellan.key_manager [None req-c4f8d088-8aa8-4c95-9180-7a7bbda50bd0 None None] Deprecation Warning : cinder.keymgr.conf_key_mgr.ConfKeyManager is not a stevedore based driver, trying to load it as a class: stevedore.exception.NoMatches: No 'castellan.drivers' driver found, looking for 'cinder.keymgr.conf_key_mgr.ConfKeyManager'
Jun 30 22:19:16.087477 n-d-772272-7 devstack@c-api.service[111524]: WARNING stevedore.named [None req-79d360de-e562-4ce3-b4bf-145f55cbcc41 None None] Could not load cinder.keymgr.conf_key_mgr.ConfKeyManager
Jun 30 22:19:16.087981 n-d-772272-7 devstack@c-api.service[111524]: WARNING castellan.key_manager [None req-79d360de-e562-4ce3-b4bf-145f55cbcc41 None None] Deprecation Warning : cinder.keymgr.conf_key_mgr.ConfKeyManager is not a stevedore based driver, trying to load it as a class: stevedore.exception.NoMatches: No 'castellan.drivers' driver found, looking for 'cinder.keymgr.conf_key_mgr.ConfKeyManager'
Jun 30 22:19:16.088321 n-d-772272-7 devstack@c-api.service[111525]: WARNING stevedore.named [None req-c4f8d088-8aa8-4c95-9180-7a7bbda50bd0 None None] Could not load cinder.keymgr.conf_key_mgr.ConfKeyManager
Jun 30 22:19:16.088783 n-d-772272-7 devstack@c-api.service[111525]: WARNING castellan.key_manager [None req-c4f8d088-8aa8-4c95-9180-7a7bbda50bd0 None None] Deprecation Warning : cinder.keymgr.conf_key_mgr.ConfKeyManager is not a stevedore based driver, trying to load it as a class: stevedore.exception.NoMatches: No 'castellan.drivers' driver found, looking for 'cinder.keymgr.conf_key_mgr.ConfKeyManager'
Jun 30 22:19:16.090210 n-d-772272-7 devstack@c-api.service[111524]: DEBUG cinder.api.openstack [None req-79d360de-e562-4ce3-b4bf-145f55cbcc41 None None] Extended resource: extensions {{(pid=111524) _setup_ext_routes /opt/stack/cinder/cinder/api/openstack/__init__.py:129}}
Jun 30 22:19:16.091195 n-d-772272-7 devstack@c-api.service[111525]: WARNING stevedore.named [None req-c4f8d088-8aa8-4c95-9180-7a7bbda50bd0 None None] Could not load cinder.keymgr.conf_key_mgr.ConfKeyManager
Jun 30 22:19:16.091743 n-d-772272-7 devstack@c-api.service[111525]: WARNING castellan.key_manager [None req-c4f8d088-8aa8-4c95-9180-7a7bbda50bd0 None None] Deprecation Warning : cinder.keymgr.conf_key_mgr.ConfKeyManager is not a stevedore based driver, trying to load it as a class: stevedore.exception.NoMatches: No 'castellan.drivers' driver found, looking for 'cinder.keymgr.conf_key_mgr.ConfKeyManager'
Jun 30 22:19:16.093408 n-d-772272-7 devstack@c-api.service[111525]: WARNING stevedore.named [None req-c4f8d088-8aa8-4c95-9180-7a7bbda50bd0 None None] Could not load cinder.keymgr.conf_key_mgr.ConfKeyManager
Jun 30 22:19:16.094130 n-d-772272-7 devstack@c-api.service[111525]: WARNING castellan.key_manager [None req-c4f8d088-8aa8-4c95-9180-7a7bbda50bd0 None None] Deprecation Warning : cinder.keymgr.conf_key_mgr.ConfKeyManager is not a stevedore based driver, trying to load it as a class: stevedore.exception.NoMatches: No 'castellan.drivers' driver found, looking for 'cinder.keymgr.conf_key_mgr.ConfKeyManager'
Jun 30 22:19:16.094488 n-d-772272-7 devstack@c-api.service[111524]: DEBUG cinder.api.openstack [None req-79d360de-e562-4ce3-b4bf-145f55cbcc41 None None] Extended resource: os-services {{(pid=111524) _setup_ext_routes /opt/stack/cinder/cinder/api/openstack/__init__.py:129}}
Jun 30 22:19:16.095961 n-d-772272-7 devstack@c-api.service[111525]: WARNING stevedore.named [None req-c4f8d088-8aa8-4c95-9180-7a7bbda50bd0 None None] Could not load cinder.keymgr.conf_key_mgr.ConfKeyManager
