Feb 19 01:06:42.034959 n-d-772272-4 devstack@placement-api.service[111045]: DEBUG placement.requestlog [req-5599fe1b-ed4e-4013-b8ba-46d2f7dcc579 req-60e4583d-b1fc-4a79-a178-0b5cdb0ed31f None None] Starting request: 10.222.0.91 "GET /placement/allocation_candidates?resources=DISK_GB%3A1%2CMEMORY_MB%3A1024%2CVCPU%3A1&root_required=%21COMPUTE_STATUS_DISABLED" {{(pid=111045) __call__ /opt/stack/placement/placement/requestlog.py:55}}
Feb 19 01:06:42.118827 n-d-772272-4 devstack@placement-api.service[111045]: DEBUG placement.objects.research_context [req-5599fe1b-ed4e-4013-b8ba-46d2f7dcc579 req-60e4583d-b1fc-4a79-a178-0b5cdb0ed31f service placement] getting providers with 1 DISK_GB {{(pid=111045) __init__ /opt/stack/placement/placement/objects/research_context.py:126}}
Feb 19 01:06:42.140964 n-d-772272-4 devstack@placement-api.service[111045]: DEBUG placement.objects.research_context [req-5599fe1b-ed4e-4013-b8ba-46d2f7dcc579 req-60e4583d-b1fc-4a79-a178-0b5cdb0ed31f service placement] getting providers with 1024 MEMORY_MB {{(pid=111045) __init__ /opt/stack/placement/placement/objects/research_context.py:126}}
Feb 19 01:06:42.155978 n-d-772272-4 devstack@placement-api.service[111045]: DEBUG placement.objects.research_context [req-5599fe1b-ed4e-4013-b8ba-46d2f7dcc579 req-60e4583d-b1fc-4a79-a178-0b5cdb0ed31f service placement] getting providers with 1 VCPU {{(pid=111045) __init__ /opt/stack/placement/placement/objects/research_context.py:126}}
Feb 19 01:06:42.171946 n-d-772272-4 devstack@placement-api.service[111045]: DEBUG placement.objects.research_context [req-5599fe1b-ed4e-4013-b8ba-46d2f7dcc579 req-60e4583d-b1fc-4a79-a178-0b5cdb0ed31f service placement] found 2 providers with available 1 DISK_GB {{(pid=111045) get_provider_ids_matching /opt/stack/placement/placement/objects/research_context.py:549}}
Feb 19 01:06:42.172220 n-d-772272-4 devstack@placement-api.service[111045]: DEBUG placement.objects.research_context [req-5599fe1b-ed4e-4013-b8ba-46d2f7dcc579 req-60e4583d-b1fc-4a79-a178-0b5cdb0ed31f service placement] found 2 providers with available 1024 MEMORY_MB {{(pid=111045) get_provider_ids_matching /opt/stack/placement/placement/objects/research_context.py:549}}
Feb 19 01:06:42.172716 n-d-772272-4 devstack@placement-api.service[111045]: DEBUG placement.objects.research_context [req-5599fe1b-ed4e-4013-b8ba-46d2f7dcc579 req-60e4583d-b1fc-4a79-a178-0b5cdb0ed31f service placement] found 2 providers after filtering by previous result {{(pid=111045) get_provider_ids_matching /opt/stack/placement/placement/objects/research_context.py:580}}
Feb 19 01:06:42.173141 n-d-772272-4 devstack@placement-api.service[111045]: DEBUG placement.objects.research_context [req-5599fe1b-ed4e-4013-b8ba-46d2f7dcc579 req-60e4583d-b1fc-4a79-a178-0b5cdb0ed31f service placement] found 2 providers with available 1 VCPU {{(pid=111045) get_provider_ids_matching /opt/stack/placement/placement/objects/research_context.py:549}}
Feb 19 01:06:42.173592 n-d-772272-4 devstack@placement-api.service[111045]: DEBUG placement.objects.research_context [req-5599fe1b-ed4e-4013-b8ba-46d2f7dcc579 req-60e4583d-b1fc-4a79-a178-0b5cdb0ed31f service placement] found 2 providers after filtering by previous result {{(pid=111045) get_provider_ids_matching /opt/stack/placement/placement/objects/research_context.py:580}}
Feb 19 01:06:42.187408 n-d-772272-4 devstack@placement-api.service[111045]: DEBUG placement.objects.allocation_candidate [req-5599fe1b-ed4e-4013-b8ba-46d2f7dcc579 req-60e4583d-b1fc-4a79-a178-0b5cdb0ed31f service placement] RequestGroup(use_same_provider=False, resources={DISK_GB:1, MEMORY_MB:1024, VCPU:1}, traits=[], aggregates=[]) (suffix '') returned 2 matches {{(pid=111045) _get_by_requests /opt/stack/placement/placement/objects/allocation_candidate.py:145}}
Feb 19 01:06:42.188089 n-d-772272-4 devstack@placement-api.service[111045]: DEBUG placement.objects.allocation_candidate [req-5599fe1b-ed4e-4013-b8ba-46d2f7dcc579 req-60e4583d-b1fc-4a79-a178-0b5cdb0ed31f service placement] Merging candidates yields 2 allocation requests and 2 provider summaries {{(pid=111045) _merge_candidates /opt/stack/placement/placement/objects/allocation_candidate.py:783}}
Feb 19 01:06:42.190111 n-d-772272-4 devstack@placement-api.service[111045]: INFO placement.requestlog [req-5599fe1b-ed4e-4013-b8ba-46d2f7dcc579 req-60e4583d-b1fc-4a79-a178-0b5cdb0ed31f service placement] 10.222.0.91 "GET /placement/allocation_candidates?resources=DISK_GB%3A1%2CMEMORY_MB%3A1024%2CVCPU%3A1&root_required=%21COMPUTE_STATUS_DISABLED" status: 200 len: 1306 microversion: 1.36
Feb 19 01:06:42.190705 n-d-772272-4 devstack@placement-api.service[111045]: [pid: 111045|app: 0|req: 356/703] 10.222.0.91 () {60 vars in 1484 bytes} [Sat Feb 19 01:06:42 2022] GET /placement/allocation_candidates?resources=DISK_GB%3A1%2CMEMORY_MB%3A1024%2CVCPU%3A1&root_required=%21COMPUTE_STATUS_DISABLED => generated 1306 bytes in 156 msecs (HTTP/1.1 200) 8 headers in 297 bytes (1 switches on core 0)
Feb 19 01:06:42.260399 n-d-772272-4 devstack@placement-api.service[111044]: DEBUG placement.requestlog [req-5599fe1b-ed4e-4013-b8ba-46d2f7dcc579 req-d4bbe5f7-038c-491e-8b32-d95e1f5cb4e6 None None] Starting request: 10.222.0.91 "GET /placement/allocations/c1e8032d-8734-465f-bba5-1ef74f00ef38" {{(pid=111044) __call__ /opt/stack/placement/placement/requestlog.py:55}}
Feb 19 01:06:42.271398 n-d-772272-4 devstack@placement-api.service[111044]: INFO placement.requestlog [req-5599fe1b-ed4e-4013-b8ba-46d2f7dcc579 req-d4bbe5f7-038c-491e-8b32-d95e1f5cb4e6 service placement] 10.222.0.91 "GET /placement/allocations/c1e8032d-8734-465f-bba5-1ef74f00ef38" status: 200 len: 19 microversion: 1.28
Feb 19 01:06:42.276035 n-d-772272-4 devstack@placement-api.service[111044]: [pid: 111044|app: 0|req: 348/704] 10.222.0.91 () {60 vars in 1380 bytes} [Sat Feb 19 01:06:42 2022] GET /placement/allocations/c1e8032d-8734-465f-bba5-1ef74f00ef38 => generated 19 bytes in 12 msecs (HTTP/1.1 200) 8 headers in 295 bytes (1 switches on core 0)
Feb 19 01:06:42.281138 n-d-772272-4 devstack@placement-api.service[111045]: DEBUG placement.requestlog [req-5599fe1b-ed4e-4013-b8ba-46d2f7dcc579 req-a6c1e2a3-e12d-4c3f-9250-e8561008e562 None None] Starting request: 10.222.0.91 "PUT /placement/allocations/c1e8032d-8734-465f-bba5-1ef74f00ef38" {{(pid=111045) __call__ /opt/stack/placement/placement/requestlog.py:55}}
Feb 19 01:06:42.750809 n-d-772272-4 devstack@placement-api.service[111045]: DEBUG placement.handlers.allocation [req-5599fe1b-ed4e-4013-b8ba-46d2f7dcc579 req-a6c1e2a3-e12d-4c3f-9250-e8561008e562 service placement] Successfully wrote allocations [, , ] {{(pid=111045) _update_consumers_and_create_allocations /opt/stack/placement/placement/handlers/allocation.py:462}}
Feb 19 01:06:42.853545 n-d-772272-4 devstack@placement-api.service[111045]: INFO placement.requestlog [req-5599fe1b-ed4e-4013-b8ba-46d2f7dcc579 req-a6c1e2a3-e12d-4c3f-9250-e8561008e562 service placement] 10.222.0.91 "PUT /placement/allocations/c1e8032d-8734-465f-bba5-1ef74f00ef38" status: 204 len: 0 microversion: 1.36
Feb 19 01:06:42.854170 n-d-772272-4 devstack@placement-api.service[111045]: [pid: 111045|app: 0|req: 357/705] 10.222.0.91 () {64 vars in 1433 bytes} [Sat Feb 19 01:06:42 2022] PUT /placement/allocations/c1e8032d-8734-465f-bba5-1ef74f00ef38 => generated 0 bytes in 574 msecs (HTTP/1.1 204) 5 headers in 199 bytes (1 switches on core 0)
Feb 19 01:06:44.245947 n-d-772272-4 devstack@placement-api.service[111044]: DEBUG placement.requestlog [req-5599fe1b-ed4e-4013-b8ba-46d2f7dcc579 req-94024f36-48ee-4bc8-9975-ea27cbbfc8b5 None None] Starting request: 10.222.0.120 "GET /placement/allocations/c1e8032d-8734-465f-bba5-1ef74f00ef38" {{(pid=111044) __call__ /opt/stack/placement/placement/requestlog.py:55}}
Feb 19 01:06:44.269048 n-d-772272-4 devstack@placement-api.service[111044]: INFO placement.requestlog [req-5599fe1b-ed4e-4013-b8ba-46d2f7dcc579 req-94024f36-48ee-4bc8-9975-ea27cbbfc8b5 service placement] 10.222.0.120 "GET /placement/allocations/c1e8032d-8734-465f-bba5-1ef74f00ef38" status: 200 len: 259 microversion: 1.28
Feb 19 01:06:44.270085 n-d-772272-4 devstack@placement-api.service[111044]: [pid: 111044|app: 0|req: 349/706] 10.222.0.120 () {60 vars in 1378 bytes} [Sat Feb 19 01:06:44 2022] GET /placement/allocations/c1e8032d-8734-465f-bba5-1ef74f00ef38 => generated 259 bytes in 25 msecs (HTTP/1.1 200) 8 headers in 296 bytes (1 switches on core 0)
Feb 19 01:06:48.941572 n-d-772272-4 devstack@placement-api.service[111045]: DEBUG placement.requestlog [req-dd81c262-659d-45f1-92c1-63fb51b4850f req-c177b4f6-dff2-4295-ada0-bfaf1a73f036 None None] Starting request: 10.222.0.91 "GET /placement/allocation_candidates?limit=1000&resources=DISK_GB%3A1%2CMEMORY_MB%3A1024%2CVCPU%3A1&root_required=%21COMPUTE_STATUS_DISABLED" {{(pid=111045) __call__ /opt/stack/placement/placement/requestlog.py:55}}
Feb 19 01:06:49.023833 n-d-772272-4 devstack@placement-api.service[111045]: DEBUG placement.objects.research_context [req-dd81c262-659d-45f1-92c1-63fb51b4850f req-c177b4f6-dff2-4295-ada0-bfaf1a73f036 service placement] getting providers with 1 DISK_GB {{(pid=111045) __init__ /opt/stack/placement/placement/objects/research_context.py:126}}
Feb 19 01:06:49.041178 n-d-772272-4 devstack@placement-api.service[111045]: DEBUG placement.objects.research_context [req-dd81c262-659d-45f1-92c1-63fb51b4850f req-c177b4f6-dff2-4295-ada0-bfaf1a73f036 service placement] getting providers with 1024 MEMORY_MB {{(pid=111045) __init__ /opt/stack/placement/placement/objects/research_context.py:126}}
Feb 19 01:06:49.058972 n-d-772272-4 devstack@placement-api.service[111045]: DEBUG placement.objects.research_context [req-dd81c262-659d-45f1-92c1-63fb51b4850f req-c177b4f6-dff2-4295-ada0-bfaf1a73f036 service placement] getting providers with 1 VCPU {{(pid=111045) __init__ /opt/stack/placement/placement/objects/research_context.py:126}}
Feb 19 01:06:49.076644 n-d-772272-4 devstack@placement-api.service[111045]: DEBUG placement.objects.research_context [req-dd81c262-659d-45f1-92c1-63fb51b4850f req-c177b4f6-dff2-4295-ada0-bfaf1a73f036 service placement] found 2 providers with available 1 DISK_GB {{(pid=111045) get_provider_ids_matching /opt/stack/placement/placement/objects/research_context.py:549}}
Feb 19 01:06:49.077881 n-d-772272-4 devstack@placement-api.service[111045]: DEBUG placement.objects.research_context [req-dd81c262-659d-45f1-92c1-63fb51b4850f req-c177b4f6-dff2-4295-ada0-bfaf1a73f036 service placement] found 2 providers with available 1024 MEMORY_MB {{(pid=111045) get_provider_ids_matching /opt/stack/placement/placement/objects/research_context.py:549}}
Feb 19 01:06:49.079831 n-d-772272-4 devstack@placement-api.service[111045]: DEBUG placement.objects.research_context [req-dd81c262-659d-45f1-92c1-63fb51b4850f req-c177b4f6-dff2-4295-ada0-bfaf1a73f036 service placement] found 2 providers after filtering by previous result {{(pid=111045) get_provider_ids_matching /opt/stack/placement/placement/objects/research_context.py:580}}
Feb 19 01:06:49.083753 n-d-772272-4 devstack@placement-api.service[111045]: DEBUG placement.objects.research_context [req-dd81c262-659d-45f1-92c1-63fb51b4850f req-c177b4f6-dff2-4295-ada0-bfaf1a73f036 service placement] found 2 providers with available 1 VCPU {{(pid=111045) get_provider_ids_matching /opt/stack/placement/placement/objects/research_context.py:549}}
Feb 19 01:06:49.084377 n-d-772272-4 devstack@placement-api.service[111045]: DEBUG placement.objects.research_context [req-dd81c262-659d-45f1-92c1-63fb51b4850f req-c177b4f6-dff2-4295-ada0-bfaf1a73f036 service placement] found 2 providers after filtering by previous result {{(pid=111045) get_provider_ids_matching /opt/stack/placement/placement/objects/research_context.py:580}}
Feb 19 01:06:49.113096 n-d-772272-4 devstack@placement-api.service[111045]: DEBUG placement.objects.allocation_candidate [req-dd81c262-659d-45f1-92c1-63fb51b4850f req-c177b4f6-dff2-4295-ada0-bfaf1a73f036 service placement] RequestGroup(use_same_provider=False, resources={DISK_GB:1, MEMORY_MB:1024, VCPU:1}, traits=[], aggregates=[]) (suffix '') returned 2 matches {{(pid=111045) _get_by_requests /opt/stack/placement/placement/objects/allocation_candidate.py:145}}
Feb 19 01:06:49.113754 n-d-772272-4 devstack@placement-api.service[111045]: DEBUG placement.objects.allocation_candidate [req-dd81c262-659d-45f1-92c1-63fb51b4850f req-c177b4f6-dff2-4295-ada0-bfaf1a73f036 service placement] Merging candidates yields 2 allocation requests and 2 provider summaries {{(pid=111045) _merge_candidates /opt/stack/placement/placement/objects/allocation_candidate.py:783}}
Feb 19 01:06:49.115736 n-d-772272-4 devstack@placement-api.service[111045]: INFO placement.requestlog [req-dd81c262-659d-45f1-92c1-63fb51b4850f req-c177b4f6-dff2-4295-ada0-bfaf1a73f036 service placement] 10.222.0.91 "GET /placement/allocation_candidates?limit=1000&resources=DISK_GB%3A1%2CMEMORY_MB%3A1024%2CVCPU%3A1&root_required=%21COMPUTE_STATUS_DISABLED" status: 200 len: 1309 microversion: 1.36
Feb 19 01:06:49.117419 n-d-772272-4 devstack@placement-api.service[111045]: [pid: 111045|app: 0|req: 358/707] 10.222.0.91 () {60 vars in 1506 bytes} [Sat Feb 19 01:06:48 2022] GET /placement/allocation_candidates?limit=1000&resources=DISK_GB%3A1%2CMEMORY_MB%3A1024%2CVCPU%3A1&root_required=%21COMPUTE_STATUS_DISABLED => generated 1309 bytes in 176 msecs (HTTP/1.1 200) 8 headers in 297 bytes (1 switches on core 0)
Feb 19 01:06:49.203669 n-d-772272-4 devstack@placement-api.service[111044]: DEBUG placement.requestlog [req-dd81c262-659d-45f1-92c1-63fb51b4850f req-ae3e183e-d421-4304-860c-4049ccead5ff None None] Starting request: 10.222.0.91 "GET /placement/allocations/8c32f95a-e887-4f66-9aaa-0fa8e5f71ef9" {{(pid=111044) __call__ /opt/stack/placement/placement/requestlog.py:55}}
Feb 19 01:06:49.225302 n-d-772272-4 devstack@placement-api.service[111044]: INFO placement.requestlog [req-dd81c262-659d-45f1-92c1-63fb51b4850f req-ae3e183e-d421-4304-860c-4049ccead5ff service placement] 10.222.0.91 "GET /placement/allocations/8c32f95a-e887-4f66-9aaa-0fa8e5f71ef9" status: 200 len: 19 microversion: 1.28
Feb 19 01:06:49.226718 n-d-772272-4 devstack@placement-api.service[111044]: [pid: 111044|app: 0|req: 350/708] 10.222.0.91 () {60 vars in 1380 bytes} [Sat Feb 19 01:06:49 2022] GET /placement/allocations/8c32f95a-e887-4f66-9aaa-0fa8e5f71ef9 => generated 19 bytes in 24 msecs (HTTP/1.1 200) 8 headers in 295 bytes (1 switches on core 0)
Feb 19 01:06:49.234106 n-d-772272-4 devstack@placement-api.service[111045]: DEBUG placement.requestlog [req-dd81c262-659d-45f1-92c1-63fb51b4850f req-fd56e618-cc6a-4760-a63f-5f415caa4348 None None] Starting request: 10.222.0.91 "PUT /placement/allocations/8c32f95a-e887-4f66-9aaa-0fa8e5f71ef9" {{(pid=111045) __call__ /opt/stack/placement/placement/requestlog.py:55}}
Feb 19 01:06:49.734434 n-d-772272-4 devstack@placement-api.service[111045]: DEBUG placement.handlers.allocation [req-dd81c262-659d-45f1-92c1-63fb51b4850f req-fd56e618-cc6a-4760-a63f-5f415caa4348 service placement] Successfully wrote allocations [, , ] {{(pid=111045) _update_consumers_and_create_allocations /opt/stack/placement/placement/handlers/allocation.py:462}}
Feb 19 01:06:49.848086 n-d-772272-4 devstack@placement-api.service[111045]: INFO placement.requestlog [req-dd81c262-659d-45f1-92c1-63fb51b4850f req-fd56e618-cc6a-4760-a63f-5f415caa4348 service placement] 10.222.0.91 "PUT /placement/allocations/8c32f95a-e887-4f66-9aaa-0fa8e5f71ef9" status: 204 len: 0 microversion: 1.36
Feb 19 01:06:49.849179 n-d-772272-4 devstack@placement-api.service[111045]: [pid: 111045|app: 0|req: 359/709] 10.222.0.91 () {64 vars in 1433 bytes} [Sat Feb 19 01:06:49 2022] PUT /placement/allocations/8c32f95a-e887-4f66-9aaa-0fa8e5f71ef9 => generated 0 bytes in 616 msecs (HTTP/1.1 204) 5 headers in 199 bytes (1 switches on core 0)
Feb 19 01:06:51.248418 n-d-772272-4 devstack@placement-api.service[111044]: DEBUG placement.requestlog [req-dd81c262-659d-45f1-92c1-63fb51b4850f req-eb155db7-ab01-4a90-ac83-f19604d45490 None None] Starting request: 10.222.0.128 "GET /placement/allocations/8c32f95a-e887-4f66-9aaa-0fa8e5f71ef9" {{(pid=111044) __call__ /opt/stack/placement/placement/requestlog.py:55}}
Feb 19 01:06:51.285159 n-d-772272-4 devstack@placement-api.service[111044]: INFO placement.requestlog [req-dd81c262-659d-45f1-92c1-63fb51b4850f req-eb155db7-ab01-4a90-ac83-f19604d45490 service placement] 10.222.0.128 "GET /placement/allocations/8c32f95a-e887-4f66-9aaa-0fa8e5f71ef9" status: 200 len: 259 microversion: 1.28
Feb 19 01:06:51.290737 n-d-772272-4 devstack@placement-api.service[111044]: [pid: 111044|app: 0|req: 351/710] 10.222.0.128 () {60 vars in 1378 bytes} [Sat Feb 19 01:06:51 2022] GET /placement/allocations/8c32f95a-e887-4f66-9aaa-0fa8e5f71ef9 => generated 259 bytes in 42 msecs (HTTP/1.1 200) 8 headers in 296 bytes (2 switches on core 0)
Feb 19 01:06:56.181886 n-d-772272-4 devstack@placement-api.service[111045]: DEBUG placement.requestlog [req-edb7213a-3644-4d03-9d03-34253035a8de req-56a40c6f-6a10-4172-9217-7bb4b6165b9f None None] Starting request: 10.222.0.128 "GET /placement/allocations/88bb78d5-e0c2-4899-9ecd-fc6273f08eb8" {{(pid=111045) __call__ /opt/stack/placement/placement/requestlog.py:55}}
Feb 19 01:06:56.224688 n-d-772272-4 devstack@placement-api.service[111045]: INFO placement.requestlog [req-edb7213a-3644-4d03-9d03-34253035a8de req-56a40c6f-6a10-4172-9217-7bb4b6165b9f service placement] 10.222.0.128 "GET /placement/allocations/88bb78d5-e0c2-4899-9ecd-fc6273f08eb8" status: 200 len: 259 microversion: 1.28
Feb 19 01:06:56.225474 n-d-772272-4 devstack@placement-api.service[111045]: [pid: 111045|app: 0|req: 360/711] 10.222.0.128 () {60 vars in 1378 bytes} [Sat Feb 19 01:06:56 2022] GET /placement/allocations/88bb78d5-e0c2-4899-9ecd-fc6273f08eb8 => generated 259 bytes in 44 msecs (HTTP/1.1 200) 8 headers in 296 bytes (1 switches on core 0)
Feb 19 01:07:00.490099 n-d-772272-4 devstack@placement-api.service[111044]: DEBUG placement.requestlog [req-d04bcbcf-5e0a-491a-96c8-0f026a07c8a3 req-ea35fb83-913a-4da5-8866-38464b43d532 None None] Starting request: 10.222.0.128 "GET /placement/resource_providers/a100058e-deaf-4d26-a1e1-beaab0aca64e/allocations" {{(pid=111044) __call__ /opt/stack/placement/placement/requestlog.py:55}}
Feb 19 01:07:00.576399 n-d-772272-4 devstack@placement-api.service[111044]: INFO placement.requestlog [req-d04bcbcf-5e0a-491a-96c8-0f026a07c8a3 req-ea35fb83-913a-4da5-8866-38464b43d532 service placement] 10.222.0.128 "GET /placement/resource_providers/a100058e-deaf-4d26-a1e1-beaab0aca64e/allocations" status: 200 len: 255 microversion: 1.0
Feb 19 01:07:00.577995 n-d-772272-4 devstack@placement-api.service[111044]: [pid: 111044|app: 0|req: 352/712] 10.222.0.128 () {58 vars in 1391 bytes} [Sat Feb 19 01:07:00 2022] GET /placement/resource_providers/a100058e-deaf-4d26-a1e1-beaab0aca64e/allocations => generated 255 bytes in 89 msecs (HTTP/1.1 200) 6 headers in 224 bytes (1 switches on core 0)
Feb 19 01:07:10.093216 n-d-772272-4 devstack@placement-api.service[111045]: DEBUG placement.requestlog [req-8dd153d6-813d-48f5-9aeb-ee7273d9d065 req-0e958f41-f3fb-44a0-a4e1-8c642f3acbf3 None None] Starting request: 10.222.0.120 "DELETE /placement/allocations/c1e8032d-8734-465f-bba5-1ef74f00ef38" {{(pid=111045) __call__ /opt/stack/placement/placement/requestlog.py:55}}
Feb 19 01:07:10.203057 n-d-772272-4 devstack@placement-api.service[111044]: DEBUG placement.requestlog [req-a14c4ba9-e723-4c02-8712-e506fad4ec47 req-e320c565-28e5-4595-8a22-14ce6e814c2e None None] Starting request: 10.222.0.120 "GET /placement/resource_providers/1180b964-e38a-4e38-b1e3-810edddaf80e/allocations" {{(pid=111044) __call__ /opt/stack/placement/placement/requestlog.py:55}}
Feb 19 01:07:10.239070 n-d-772272-4 devstack@placement-api.service[111044]: INFO placement.requestlog [req-a14c4ba9-e723-4c02-8712-e506fad4ec47 req-e320c565-28e5-4595-8a22-14ce6e814c2e service placement] 10.222.0.120 "GET /placement/resource_providers/1180b964-e38a-4e38-b1e3-810edddaf80e/allocations" status: 200 len: 154 microversion: 1.0
Feb 19 01:07:10.241669 n-d-772272-4 devstack@placement-api.service[111044]: [pid: 111044|app: 0|req: 353/713] 10.222.0.120 () {58 vars in 1391 bytes} [Sat Feb 19 01:07:10 2022] GET /placement/resource_providers/1180b964-e38a-4e38-b1e3-810edddaf80e/allocations => generated 154 bytes in 40 msecs (HTTP/1.1 200) 6 headers in 224 bytes (1 switches on core 0)
Feb 19 01:07:10.424209 n-d-772272-4 devstack@placement-api.service[111045]: DEBUG placement.handlers.allocation [req-8dd153d6-813d-48f5-9aeb-ee7273d9d065 req-0e958f41-f3fb-44a0-a4e1-8c642f3acbf3 service placement] Successfully deleted allocations [, , ] {{(pid=111045) delete_allocations /opt/stack/placement/placement/handlers/allocation.py:627}}
Feb 19 01:07:10.425065 n-d-772272-4 devstack@placement-api.service[111045]: INFO placement.requestlog [req-8dd153d6-813d-48f5-9aeb-ee7273d9d065 req-0e958f41-f3fb-44a0-a4e1-8c642f3acbf3 service placement] 10.222.0.120 "DELETE /placement/allocations/c1e8032d-8734-465f-bba5-1ef74f00ef38" status: 204 len: 0 microversion: 1.0
Feb 19 01:07:10.425541 n-d-772272-4 devstack@placement-api.service[111045]: [pid: 111045|app: 0|req: 361/714] 10.222.0.120 () {60 vars in 1356 bytes} [Sat Feb 19 01:07:10 2022] DELETE /placement/allocations/c1e8032d-8734-465f-bba5-1ef74f00ef38 => generated 0 bytes in 336 msecs (HTTP/1.1 204) 5 headers in 198 bytes (1 switches on core 0)
Feb 19 01:07:15.536054 n-d-772272-4 devstack@placement-api.service[111044]: DEBUG placement.requestlog [req-aa79b3c1-3bd7-4335-85f6-5a5f23657593 req-5d480219-60ae-42a0-b13e-12731ee854c4 None None] Starting request: 10.222.0.91 "GET /placement/allocation_candidates?limit=1000&resources=DISK_GB%3A1%2CMEMORY_MB%3A1024%2CVCPU%3A1&root_required=%21COMPUTE_STATUS_DISABLED" {{(pid=111044) __call__ /opt/stack/placement/placement/requestlog.py:55}}
Feb 19 01:07:15.643089 n-d-772272-4 devstack@placement-api.service[111044]: DEBUG placement.objects.research_context [req-aa79b3c1-3bd7-4335-85f6-5a5f23657593 req-5d480219-60ae-42a0-b13e-12731ee854c4 service placement] getting providers with 1 DISK_GB {{(pid=111044) __init__ /opt/stack/placement/placement/objects/research_context.py:126}}
Feb 19 01:07:15.654938 n-d-772272-4 devstack@placement-api.service[111044]: DEBUG placement.objects.research_context [req-aa79b3c1-3bd7-4335-85f6-5a5f23657593 req-5d480219-60ae-42a0-b13e-12731ee854c4 service placement] getting providers with 1024 MEMORY_MB {{(pid=111044) __init__ /opt/stack/placement/placement/objects/research_context.py:126}}
Feb 19 01:07:15.665886 n-d-772272-4 devstack@placement-api.service[111044]: DEBUG placement.objects.research_context [req-aa79b3c1-3bd7-4335-85f6-5a5f23657593 req-5d480219-60ae-42a0-b13e-12731ee854c4 service placement] getting providers with 1 VCPU {{(pid=111044) __init__ /opt/stack/placement/placement/objects/research_context.py:126}}
Feb 19 01:07:15.676792 n-d-772272-4 devstack@placement-api.service[111044]: DEBUG placement.objects.research_context [req-aa79b3c1-3bd7-4335-85f6-5a5f23657593 req-5d480219-60ae-42a0-b13e-12731ee854c4 service placement] found 2 providers with available 1 DISK_GB {{(pid=111044) get_provider_ids_matching /opt/stack/placement/placement/objects/research_context.py:549}}
Feb 19 01:07:15.677392 n-d-772272-4 devstack@placement-api.service[111044]: DEBUG placement.objects.research_context [req-aa79b3c1-3bd7-4335-85f6-5a5f23657593 req-5d480219-60ae-42a0-b13e-12731ee854c4 service placement] found 2 providers with available 1024 MEMORY_MB {{(pid=111044) get_provider_ids_matching /opt/stack/placement/placement/objects/research_context.py:549}}
Feb 19 01:07:15.679071 n-d-772272-4 devstack@placement-api.service[111044]: DEBUG placement.objects.research_context [req-aa79b3c1-3bd7-4335-85f6-5a5f23657593 req-5d480219-60ae-42a0-b13e-12731ee854c4 service placement] found 2 providers after filtering by previous result {{(pid=111044) get_provider_ids_matching /opt/stack/placement/placement/objects/research_context.py:580}}
Feb 19 01:07:15.679071 n-d-772272-4 devstack@placement-api.service[111044]: DEBUG placement.objects.research_context [req-aa79b3c1-3bd7-4335-85f6-5a5f23657593 req-5d480219-60ae-42a0-b13e-12731ee854c4 service placement] found 2 providers with available 1 VCPU {{(pid=111044) get_provider_ids_matching /opt/stack/placement/placement/objects/research_context.py:549}}
Feb 19 01:07:15.679071 n-d-772272-4 devstack@placement-api.service[111044]: DEBUG placement.objects.research_context [req-aa79b3c1-3bd7-4335-85f6-5a5f23657593 req-5d480219-60ae-42a0-b13e-12731ee854c4 service placement] found 2 providers after filtering by previous result {{(pid=111044) get_provider_ids_matching /opt/stack/placement/placement/objects/research_context.py:580}}
Feb 19 01:07:15.699101 n-d-772272-4 devstack@placement-api.service[111044]: DEBUG placement.objects.allocation_candidate [req-aa79b3c1-3bd7-4335-85f6-5a5f23657593 req-5d480219-60ae-42a0-b13e-12731ee854c4 service placement] RequestGroup(use_same_provider=False, resources={DISK_GB:1, MEMORY_MB:1024, VCPU:1}, traits=[], aggregates=[]) (suffix '') returned 2 matches {{(pid=111044) _get_by_requests /opt/stack/placement/placement/objects/allocation_candidate.py:145}}
Feb 19 01:07:15.699484 n-d-772272-4 devstack@placement-api.service[111044]: DEBUG placement.objects.allocation_candidate [req-aa79b3c1-3bd7-4335-85f6-5a5f23657593 req-5d480219-60ae-42a0-b13e-12731ee854c4 service placement] Merging candidates yields 2 allocation requests and 2 provider summaries {{(pid=111044) _merge_candidates /opt/stack/placement/placement/objects/allocation_candidate.py:783}}
Feb 19 01:07:15.701330 n-d-772272-4 devstack@placement-api.service[111044]: INFO placement.requestlog [req-aa79b3c1-3bd7-4335-85f6-5a5f23657593 req-5d480219-60ae-42a0-b13e-12731ee854c4 service placement] 10.222.0.91 "GET /placement/allocation_candidates?limit=1000&resources=DISK_GB%3A1%2CMEMORY_MB%3A1024%2CVCPU%3A1&root_required=%21COMPUTE_STATUS_DISABLED" status: 200 len: 1306 microversion: 1.36
Feb 19 01:07:15.702506 n-d-772272-4 devstack@placement-api.service[111044]: [pid: 111044|app: 0|req: 354/715] 10.222.0.91 () {60 vars in 1506 bytes} [Sat Feb 19 01:07:15 2022] GET /placement/allocation_candidates?limit=1000&resources=DISK_GB%3A1%2CMEMORY_MB%3A1024%2CVCPU%3A1&root_required=%21COMPUTE_STATUS_DISABLED => generated 1306 bytes in 167 msecs (HTTP/1.1 200) 8 headers in 297 bytes (1 switches on core 0)
Feb 19 01:07:15.765745 n-d-772272-4 devstack@placement-api.service[111045]: DEBUG placement.requestlog [req-aa79b3c1-3bd7-4335-85f6-5a5f23657593 req-2bdbf67b-7e56-4c68-b443-c5a9d4e0f8df None None] Starting request: 10.222.0.91 "GET /placement/allocations/118c68c9-0954-4622-bf60-2213ae841d44" {{(pid=111045) __call__ /opt/stack/placement/placement/requestlog.py:55}}
Feb 19 01:07:15.780257 n-d-772272-4 devstack@placement-api.service[111045]: INFO placement.requestlog [req-aa79b3c1-3bd7-4335-85f6-5a5f23657593 req-2bdbf67b-7e56-4c68-b443-c5a9d4e0f8df service placement] 10.222.0.91 "GET /placement/allocations/118c68c9-0954-4622-bf60-2213ae841d44" status: 200 len: 19 microversion: 1.28
Feb 19 01:07:15.789013 n-d-772272-4 devstack@placement-api.service[111044]: DEBUG placement.requestlog [req-aa79b3c1-3bd7-4335-85f6-5a5f23657593 req-2df7f247-d68d-4536-8b5c-960947d50ddb None None] Starting request: 10.222.0.91 "PUT /placement/allocations/118c68c9-0954-4622-bf60-2213ae841d44" {{(pid=111044) __call__ /opt/stack/placement/placement/requestlog.py:55}}
Feb 19 01:07:15.798031 n-d-772272-4 devstack@placement-api.service[111045]: [pid: 111045|app: 0|req: 362/716] 10.222.0.91 () {60 vars in 1380 bytes} [Sat Feb 19 01:07:15 2022] GET /placement/allocations/118c68c9-0954-4622-bf60-2213ae841d44 => generated 19 bytes in 33 msecs (HTTP/1.1 200) 8 headers in 295 bytes (1 switches on core 0)
Feb 19 01:07:16.138935 n-d-772272-4 devstack@placement-api.service[111044]: DEBUG placement.handlers.allocation [req-aa79b3c1-3bd7-4335-85f6-5a5f23657593 req-2df7f247-d68d-4536-8b5c-960947d50ddb service placement] Successfully wrote allocations [, , ] {{(pid=111044) _update_consumers_and_create_allocations /opt/stack/placement/placement/handlers/allocation.py:462}}
Feb 19 01:07:16.254102 n-d-772272-4 devstack@placement-api.service[111044]: INFO placement.requestlog [req-aa79b3c1-3bd7-4335-85f6-5a5f23657593 req-2df7f247-d68d-4536-8b5c-960947d50ddb service placement] 10.222.0.91 "PUT /placement/allocations/118c68c9-0954-4622-bf60-2213ae841d44" status: 204 len: 0 microversion: 1.36
Feb 19 01:07:16.254847 n-d-772272-4 devstack@placement-api.service[111044]: [pid: 111044|app: 0|req: 355/717] 10.222.0.91 () {64 vars in 1433 bytes} [Sat Feb 19 01:07:15 2022] PUT /placement/allocations/118c68c9-0954-4622-bf60-2213ae841d44 => generated 0 bytes in 467 msecs (HTTP/1.1 204) 5 headers in 199 bytes (2 switches on core 0)
Feb 19 01:07:17.403019 n-d-772272-4 devstack@placement-api.service[111045]: DEBUG placement.requestlog [req-766f8db8-95af-44fa-bacf-bf802e96e499 req-1a10e308-145c-4251-b156-46244a6b0b16 None None] Starting request: 10.222.0.128 "DELETE /placement/allocations/8c32f95a-e887-4f66-9aaa-0fa8e5f71ef9" {{(pid=111045) __call__ /opt/stack/placement/placement/requestlog.py:55}}
Feb 19 01:07:17.807497 n-d-772272-4 devstack@placement-api.service[111045]: DEBUG placement.handlers.allocation [req-766f8db8-95af-44fa-bacf-bf802e96e499 req-1a10e308-145c-4251-b156-46244a6b0b16 service placement] Successfully deleted allocations [, , ] {{(pid=111045) delete_allocations /opt/stack/placement/placement/handlers/allocation.py:627}}
Feb 19 01:07:17.808706 n-d-772272-4 devstack@placement-api.service[111045]: INFO placement.requestlog [req-766f8db8-95af-44fa-bacf-bf802e96e499 req-1a10e308-145c-4251-b156-46244a6b0b16 service placement] 10.222.0.128 "DELETE /placement/allocations/8c32f95a-e887-4f66-9aaa-0fa8e5f71ef9" status: 204 len: 0 microversion: 1.0
Feb 19 01:07:17.809329 n-d-772272-4 devstack@placement-api.service[111045]: [pid: 111045|app: 0|req: 363/718] 10.222.0.128 () {60 vars in 1356 bytes} [Sat Feb 19 01:07:17 2022] DELETE /placement/allocations/8c32f95a-e887-4f66-9aaa-0fa8e5f71ef9 => generated 0 bytes in 407 msecs (HTTP/1.1 204) 5 headers in 198 bytes (1 switches on core 0)
Feb 19 01:07:17.938667 n-d-772272-4 devstack@placement-api.service[111044]: DEBUG placement.requestlog [req-aa79b3c1-3bd7-4335-85f6-5a5f23657593 req-b6454a68-634d-40f3-b814-c6e28cf286b7 None None] Starting request: 10.222.0.120 "GET /placement/allocations/118c68c9-0954-4622-bf60-2213ae841d44" {{(pid=111044) __call__ /opt/stack/placement/placement/requestlog.py:55}}
Feb 19 01:07:17.959094 n-d-772272-4 devstack@placement-api.service[111044]: INFO placement.requestlog [req-aa79b3c1-3bd7-4335-85f6-5a5f23657593 req-b6454a68-634d-40f3-b814-c6e28cf286b7 service placement] 10.222.0.120 "GET /placement/allocations/118c68c9-0954-4622-bf60-2213ae841d44" status: 200 len: 259 microversion: 1.28
Feb 19 01:07:17.960805 n-d-772272-4 devstack@placement-api.service[111044]: [pid: 111044|app: 0|req: 356/719] 10.222.0.120 () {60 vars in 1378 bytes} [Sat Feb 19 01:07:17 2022] GET /placement/allocations/118c68c9-0954-4622-bf60-2213ae841d44 => generated 259 bytes in 22 msecs (HTTP/1.1 200) 8 headers in 296 bytes (2 switches on core 0)
Feb 19 01:07:25.455927 n-d-772272-4 devstack@placement-api.service[111045]: DEBUG placement.requestlog [req-18a5fa19-3105-4130-81b7-52dbfc33486c req-28a6e4ad-4cb2-499e-933e-0e30c1db02a4 None None] Starting request: 10.222.0.91 "GET /placement/allocation_candidates?limit=1000&resources=DISK_GB%3A1%2CMEMORY_MB%3A1024%2CVCPU%3A1&root_required=%21COMPUTE_STATUS_DISABLED" {{(pid=111045) __call__ /opt/stack/placement/placement/requestlog.py:55}}
Feb 19 01:07:25.560661 n-d-772272-4 devstack@placement-api.service[111045]: DEBUG placement.objects.research_context [req-18a5fa19-3105-4130-81b7-52dbfc33486c req-28a6e4ad-4cb2-499e-933e-0e30c1db02a4 service placement] getting providers with 1 DISK_GB {{(pid=111045) __init__ /opt/stack/placement/placement/objects/research_context.py:126}}
Feb 19 01:07:25.575465 n-d-772272-4 devstack@placement-api.service[111045]: DEBUG placement.objects.research_context [req-18a5fa19-3105-4130-81b7-52dbfc33486c req-28a6e4ad-4cb2-499e-933e-0e30c1db02a4 service placement] getting providers with 1024 MEMORY_MB {{(pid=111045) __init__ /opt/stack/placement/placement/objects/research_context.py:126}}
Feb 19 01:07:25.593020 n-d-772272-4 devstack@placement-api.service[111045]: DEBUG placement.objects.research_context [req-18a5fa19-3105-4130-81b7-52dbfc33486c req-28a6e4ad-4cb2-499e-933e-0e30c1db02a4 service placement] getting providers with 1 VCPU {{(pid=111045) __init__ /opt/stack/placement/placement/objects/research_context.py:126}}
Feb 19 01:07:25.602960 n-d-772272-4 devstack@placement-api.service[111045]: DEBUG placement.objects.research_context [req-18a5fa19-3105-4130-81b7-52dbfc33486c req-28a6e4ad-4cb2-499e-933e-0e30c1db02a4 service placement] found 2 providers with available 1 DISK_GB {{(pid=111045) get_provider_ids_matching /opt/stack/placement/placement/objects/research_context.py:549}}
Feb 19 01:07:25.603244 n-d-772272-4 devstack@placement-api.service[111045]: DEBUG placement.objects.research_context [req-18a5fa19-3105-4130-81b7-52dbfc33486c req-28a6e4ad-4cb2-499e-933e-0e30c1db02a4 service placement] found 2 providers with available 1024 MEMORY_MB {{(pid=111045) get_provider_ids_matching /opt/stack/placement/placement/objects/research_context.py:549}}
Feb 19 01:07:25.605337 n-d-772272-4 devstack@placement-api.service[111045]: DEBUG placement.objects.research_context [req-18a5fa19-3105-4130-81b7-52dbfc33486c req-28a6e4ad-4cb2-499e-933e-0e30c1db02a4 service placement] found 2 providers after filtering by previous result {{(pid=111045) get_provider_ids_matching /opt/stack/placement/placement/objects/research_context.py:580}}
Feb 19 01:07:25.605822 n-d-772272-4 devstack@placement-api.service[111045]: DEBUG placement.objects.research_context [req-18a5fa19-3105-4130-81b7-52dbfc33486c req-28a6e4ad-4cb2-499e-933e-0e30c1db02a4 service placement] found 2 providers with available 1 VCPU {{(pid=111045) get_provider_ids_matching /opt/stack/placement/placement/objects/research_context.py:549}}
Feb 19 01:07:25.606104 n-d-772272-4 devstack@placement-api.service[111045]: DEBUG placement.objects.research_context [req-18a5fa19-3105-4130-81b7-52dbfc33486c req-28a6e4ad-4cb2-499e-933e-0e30c1db02a4 service placement] found 2 providers after filtering by previous result {{(pid=111045) get_provider_ids_matching /opt/stack/placement/placement/objects/research_context.py:580}}
Feb 19 01:07:25.636805 n-d-772272-4 devstack@placement-api.service[111045]: DEBUG placement.objects.allocation_candidate [req-18a5fa19-3105-4130-81b7-52dbfc33486c req-28a6e4ad-4cb2-499e-933e-0e30c1db02a4 service placement] RequestGroup(use_same_provider=False, resources={DISK_GB:1, MEMORY_MB:1024, VCPU:1}, traits=[], aggregates=[]) (suffix '') returned 2 matches {{(pid=111045) _get_by_requests /opt/stack/placement/placement/objects/allocation_candidate.py:145}}
Feb 19 01:07:25.637175 n-d-772272-4 devstack@placement-api.service[111045]: DEBUG placement.objects.allocation_candidate [req-18a5fa19-3105-4130-81b7-52dbfc33486c req-28a6e4ad-4cb2-499e-933e-0e30c1db02a4 service placement] Merging candidates yields 2 allocation requests and 2 provider summaries {{(pid=111045) _merge_candidates /opt/stack/placement/placement/objects/allocation_candidate.py:783}}
Feb 19 01:07:25.642053 n-d-772272-4 devstack@placement-api.service[111045]: INFO placement.requestlog [req-18a5fa19-3105-4130-81b7-52dbfc33486c req-28a6e4ad-4cb2-499e-933e-0e30c1db02a4 service placement] 10.222.0.91 "GET /placement/allocation_candidates?limit=1000&resources=DISK_GB%3A1%2CMEMORY_MB%3A1024%2CVCPU%3A1&root_required=%21COMPUTE_STATUS_DISABLED" status: 200 len: 1309 microversion: 1.36
Feb 19 01:07:25.649040 n-d-772272-4 devstack@placement-api.service[111045]: [pid: 111045|app: 0|req: 364/720] 10.222.0.91 () {60 vars in 1506 bytes} [Sat Feb 19 01:07:25 2022] GET /placement/allocation_candidates?limit=1000&resources=DISK_GB%3A1%2CMEMORY_MB%3A1024%2CVCPU%3A1&root_required=%21COMPUTE_STATUS_DISABLED => generated 1309 bytes in 194 msecs (HTTP/1.1 200) 8 headers in 297 bytes (1 switches on core 0)
Feb 19 01:07:25.815764 n-d-772272-4 devstack@placement-api.service[111044]: DEBUG placement.requestlog [req-18a5fa19-3105-4130-81b7-52dbfc33486c req-6dcf7fda-8161-4053-9df2-c2b9be8f04ee None None] Starting request: 10.222.0.91 "GET /placement/allocations/d9fed4b9-9c67-4ebb-864b-95bda23f9162" {{(pid=111044) __call__ /opt/stack/placement/placement/requestlog.py:55}}
Feb 19 01:07:25.839025 n-d-772272-4 devstack@placement-api.service[111044]: INFO placement.requestlog [req-18a5fa19-3105-4130-81b7-52dbfc33486c req-6dcf7fda-8161-4053-9df2-c2b9be8f04ee service placement] 10.222.0.91 "GET /placement/allocations/d9fed4b9-9c67-4ebb-864b-95bda23f9162" status: 200 len: 19 microversion: 1.28
Feb 19 01:07:25.840049 n-d-772272-4 devstack@placement-api.service[111044]: [pid: 111044|app: 0|req: 357/721] 10.222.0.91 () {60 vars in 1380 bytes} [Sat Feb 19 01:07:25 2022] GET /placement/allocations/d9fed4b9-9c67-4ebb-864b-95bda23f9162 => generated 19 bytes in 25 msecs (HTTP/1.1 200) 8 headers in 295 bytes (1 switches on core 0)
Feb 19 01:07:25.851041 n-d-772272-4 devstack@placement-api.service[111045]: DEBUG placement.requestlog [req-509d7d26-b836-4a2b-a1a8-dd34e7635edd req-37f762de-da78-475a-ad3f-107912af6ed5 None None] Starting request: 10.222.0.128 "DELETE /placement/allocations/88bb78d5-e0c2-4899-9ecd-fc6273f08eb8" {{(pid=111045) __call__ /opt/stack/placement/placement/requestlog.py:55}}
Feb 19 01:07:25.867194 n-d-772272-4 devstack@placement-api.service[111044]: DEBUG placement.requestlog [req-18a5fa19-3105-4130-81b7-52dbfc33486c req-44a7c905-21e7-4795-bb1b-a434fba50340 None None] Starting request: 10.222.0.91 "PUT /placement/allocations/d9fed4b9-9c67-4ebb-864b-95bda23f9162" {{(pid=111044) __call__ /opt/stack/placement/placement/requestlog.py:55}}
Feb 19 01:07:26.154037 n-d-772272-4 devstack@placement-api.service[111044]: DEBUG placement.handlers.allocation [req-18a5fa19-3105-4130-81b7-52dbfc33486c req-44a7c905-21e7-4795-bb1b-a434fba50340 service placement] Successfully wrote allocations [, , ] {{(pid=111044) _update_consumers_and_create_allocations /opt/stack/placement/placement/handlers/allocation.py:462}}
Feb 19 01:07:26.156525 n-d-772272-4 devstack@placement-api.service[111045]: DEBUG placement.handlers.allocation [req-509d7d26-b836-4a2b-a1a8-dd34e7635edd req-37f762de-da78-475a-ad3f-107912af6ed5 service placement] Successfully deleted allocations [, , ] {{(pid=111045) delete_allocations /opt/stack/placement/placement/handlers/allocation.py:627}}
Feb 19 01:07:26.156939 n-d-772272-4 devstack@placement-api.service[111045]: INFO placement.requestlog [req-509d7d26-b836-4a2b-a1a8-dd34e7635edd req-37f762de-da78-475a-ad3f-107912af6ed5 service placement] 10.222.0.128 "DELETE /placement/allocations/88bb78d5-e0c2-4899-9ecd-fc6273f08eb8" status: 204 len: 0 microversion: 1.0
Feb 19 01:07:26.158511 n-d-772272-4 devstack@placement-api.service[111045]: [pid: 111045|app: 0|req: 365/722] 10.222.0.128 () {60 vars in 1356 bytes} [Sat Feb 19 01:07:25 2022] DELETE /placement/allocations/88bb78d5-e0c2-4899-9ecd-fc6273f08eb8 => generated 0 bytes in 307 msecs (HTTP/1.1 204) 5 headers in 198 bytes (1 switches on core 0)
Feb 19 01:07:26.241567 n-d-772272-4 devstack@placement-api.service[111044]: INFO placement.requestlog [req-18a5fa19-3105-4130-81b7-52dbfc33486c req-44a7c905-21e7-4795-bb1b-a434fba50340 service placement] 10.222.0.91 "PUT /placement/allocations/d9fed4b9-9c67-4ebb-864b-95bda23f9162" status: 204 len: 0 microversion: 1.36
Feb 19 01:07:26.242578 n-d-772272-4 devstack@placement-api.service[111044]: [pid: 111044|app: 0|req: 358/723] 10.222.0.91 () {64 vars in 1433 bytes} [Sat Feb 19 01:07:25 2022] PUT /placement/allocations/d9fed4b9-9c67-4ebb-864b-95bda23f9162 => generated 0 bytes in 376 msecs (HTTP/1.1 204) 5 headers in 199 bytes (2 switches on core 0)
Feb 19 01:07:27.524560 n-d-772272-4 devstack@placement-api.service[111045]: DEBUG placement.requestlog [req-f0eb0afd-ef51-4eb6-a071-e8685c83ee08 req-06a9a892-80fe-4da7-bcbc-1317f895f95b None None] Starting request: 10.222.0.91 "GET /placement/allocation_candidates?limit=1000&resources=DISK_GB%3A1%2CMEMORY_MB%3A1024%2CVCPU%3A1&root_required=%21COMPUTE_STATUS_DISABLED" {{(pid=111045) __call__ /opt/stack/placement/placement/requestlog.py:55}}
Feb 19 01:07:27.617290 n-d-772272-4 devstack@placement-api.service[111045]: DEBUG placement.objects.research_context [req-f0eb0afd-ef51-4eb6-a071-e8685c83ee08 req-06a9a892-80fe-4da7-bcbc-1317f895f95b service placement] getting providers with 1 DISK_GB {{(pid=111045) __init__ /opt/stack/placement/placement/objects/research_context.py:126}}
Feb 19 01:07:27.629445 n-d-772272-4 devstack@placement-api.service[111045]: DEBUG placement.objects.research_context [req-f0eb0afd-ef51-4eb6-a071-e8685c83ee08 req-06a9a892-80fe-4da7-bcbc-1317f895f95b service placement] getting providers with 1024 MEMORY_MB {{(pid=111045) __init__ /opt/stack/placement/placement/objects/research_context.py:126}}
Feb 19 01:07:27.645188 n-d-772272-4 devstack@placement-api.service[111045]: DEBUG placement.objects.research_context [req-f0eb0afd-ef51-4eb6-a071-e8685c83ee08 req-06a9a892-80fe-4da7-bcbc-1317f895f95b service placement] getting providers with 1 VCPU {{(pid=111045) __init__ /opt/stack/placement/placement/objects/research_context.py:126}}
Feb 19 01:07:27.662984 n-d-772272-4 devstack@placement-api.service[111045]: DEBUG placement.objects.research_context [req-f0eb0afd-ef51-4eb6-a071-e8685c83ee08 req-06a9a892-80fe-4da7-bcbc-1317f895f95b service placement] found 2 providers with available 1 DISK_GB {{(pid=111045) get_provider_ids_matching /opt/stack/placement/placement/objects/research_context.py:549}}
Feb 19 01:07:27.665975 n-d-772272-4 devstack@placement-api.service[111045]: DEBUG placement.objects.research_context [req-f0eb0afd-ef51-4eb6-a071-e8685c83ee08 req-06a9a892-80fe-4da7-bcbc-1317f895f95b service placement] found 2 providers with available 1024 MEMORY_MB {{(pid=111045) get_provider_ids_matching /opt/stack/placement/placement/objects/research_context.py:549}}
Feb 19 01:07:27.666281 n-d-772272-4 devstack@placement-api.service[111045]: DEBUG placement.objects.research_context [req-f0eb0afd-ef51-4eb6-a071-e8685c83ee08 req-06a9a892-80fe-4da7-bcbc-1317f895f95b service placement] found 2 providers after filtering by previous result {{(pid=111045) get_provider_ids_matching /opt/stack/placement/placement/objects/research_context.py:580}}
Feb 19 01:07:27.669423 n-d-772272-4 devstack@placement-api.service[111045]: DEBUG placement.objects.research_context [req-f0eb0afd-ef51-4eb6-a071-e8685c83ee08 req-06a9a892-80fe-4da7-bcbc-1317f895f95b service placement] found 2 providers with available 1 VCPU {{(pid=111045) get_provider_ids_matching /opt/stack/placement/placement/objects/research_context.py:549}}
Feb 19 01:07:27.670080 n-d-772272-4 devstack@placement-api.service[111045]: DEBUG placement.objects.research_context [req-f0eb0afd-ef51-4eb6-a071-e8685c83ee08 req-06a9a892-80fe-4da7-bcbc-1317f895f95b service placement] found 2 providers after filtering by previous result {{(pid=111045) get_provider_ids_matching /opt/stack/placement/placement/objects/research_context.py:580}}
Feb 19 01:07:27.687851 n-d-772272-4 devstack@placement-api.service[111045]: DEBUG placement.objects.allocation_candidate [req-f0eb0afd-ef51-4eb6-a071-e8685c83ee08 req-06a9a892-80fe-4da7-bcbc-1317f895f95b service placement] RequestGroup(use_same_provider=False, resources={DISK_GB:1, MEMORY_MB:1024, VCPU:1}, traits=[], aggregates=[]) (suffix '') returned 2 matches {{(pid=111045) _get_by_requests /opt/stack/placement/placement/objects/allocation_candidate.py:145}}
Feb 19 01:07:27.689218 n-d-772272-4 devstack@placement-api.service[111045]: DEBUG placement.objects.allocation_candidate [req-f0eb0afd-ef51-4eb6-a071-e8685c83ee08 req-06a9a892-80fe-4da7-bcbc-1317f895f95b service placement] Merging candidates yields 2 allocation requests and 2 provider summaries {{(pid=111045) _merge_candidates /opt/stack/placement/placement/objects/allocation_candidate.py:783}}
Feb 19 01:07:27.692577 n-d-772272-4 devstack@placement-api.service[111045]: INFO placement.requestlog [req-f0eb0afd-ef51-4eb6-a071-e8685c83ee08 req-06a9a892-80fe-4da7-bcbc-1317f895f95b service placement] 10.222.0.91 "GET /placement/allocation_candidates?limit=1000&resources=DISK_GB%3A1%2CMEMORY_MB%3A1024%2CVCPU%3A1&root_required=%21COMPUTE_STATUS_DISABLED" status: 200 len: 1309 microversion: 1.36
Feb 19 01:07:27.694789 n-d-772272-4 devstack@placement-api.service[111045]: [pid: 111045|app: 0|req: 366/724] 10.222.0.91 () {60 vars in 1506 bytes} [Sat Feb 19 01:07:27 2022] GET /placement/allocation_candidates?limit=1000&resources=DISK_GB%3A1%2CMEMORY_MB%3A1024%2CVCPU%3A1&root_required=%21COMPUTE_STATUS_DISABLED => generated 1309 bytes in 171 msecs (HTTP/1.1 200) 8 headers in 297 bytes (1 switches on core 0)
Feb 19 01:07:27.698701 n-d-772272-4 devstack@placement-api.service[111044]: DEBUG placement.requestlog [req-18a5fa19-3105-4130-81b7-52dbfc33486c req-1f25828b-bbee-482f-9dba-925477239f6f None None] Starting request: 10.222.0.128 "GET /placement/allocations/d9fed4b9-9c67-4ebb-864b-95bda23f9162" {{(pid=111044) __call__ /opt/stack/placement/placement/requestlog.py:55}}
Feb 19 01:07:27.728887 n-d-772272-4 devstack@placement-api.service[111044]: INFO placement.requestlog [req-18a5fa19-3105-4130-81b7-52dbfc33486c req-1f25828b-bbee-482f-9dba-925477239f6f service placement] 10.222.0.128 "GET /placement/allocations/d9fed4b9-9c67-4ebb-864b-95bda23f9162" status: 200 len: 259 microversion: 1.28
Feb 19 01:07:27.729531 n-d-772272-4 devstack@placement-api.service[111044]: [pid: 111044|app: 0|req: 359/725] 10.222.0.128 () {60 vars in 1378 bytes} [Sat Feb 19 01:07:27 2022] GET /placement/allocations/d9fed4b9-9c67-4ebb-864b-95bda23f9162 => generated 259 bytes in 31 msecs (HTTP/1.1 200) 8 headers in 296 bytes (1 switches on core 0)
Feb 19 01:07:27.840673 n-d-772272-4 devstack@placement-api.service[111045]: DEBUG placement.requestlog [req-f0eb0afd-ef51-4eb6-a071-e8685c83ee08 req-d892306d-4973-45c9-bf69-841b436e59d9 None None] Starting request: 10.222.0.91 "GET /placement/allocations/00c68776-59b9-48f0-9a39-454e0990a860" {{(pid=111045) __call__ /opt/stack/placement/placement/requestlog.py:55}}
Feb 19 01:07:27.854963 n-d-772272-4 devstack@placement-api.service[111045]: INFO placement.requestlog [req-f0eb0afd-ef51-4eb6-a071-e8685c83ee08 req-d892306d-4973-45c9-bf69-841b436e59d9 service placement] 10.222.0.91 "GET /placement/allocations/00c68776-59b9-48f0-9a39-454e0990a860" status: 200 len: 19 microversion: 1.28
Feb 19 01:07:27.861269 n-d-772272-4 devstack@placement-api.service[111045]: [pid: 111045|app: 0|req: 367/726] 10.222.0.91 () {60 vars in 1380 bytes} [Sat Feb 19 01:07:27 2022] GET /placement/allocations/00c68776-59b9-48f0-9a39-454e0990a860 => generated 19 bytes in 15 msecs (HTTP/1.1 200) 8 headers in 295 bytes (1 switches on core 0)
Feb 19 01:07:27.861956 n-d-772272-4 devstack@placement-api.service[111044]: DEBUG placement.requestlog [req-f0eb0afd-ef51-4eb6-a071-e8685c83ee08 req-fb75a78a-62ae-4c6d-8923-3ef3c8da6b9d None None] Starting request: 10.222.0.91 "PUT /placement/allocations/00c68776-59b9-48f0-9a39-454e0990a860" {{(pid=111044) __call__ /opt/stack/placement/placement/requestlog.py:55}}
Feb 19 01:07:28.369657 n-d-772272-4 devstack@placement-api.service[111044]: DEBUG placement.handlers.allocation [req-f0eb0afd-ef51-4eb6-a071-e8685c83ee08 req-fb75a78a-62ae-4c6d-8923-3ef3c8da6b9d service placement] Successfully wrote allocations [, , ] {{(pid=111044) _update_consumers_and_create_allocations /opt/stack/placement/placement/handlers/allocation.py:462}}
Feb 19 01:07:28.624029 n-d-772272-4 devstack@placement-api.service[111044]: INFO placement.requestlog [req-f0eb0afd-ef51-4eb6-a071-e8685c83ee08 req-fb75a78a-62ae-4c6d-8923-3ef3c8da6b9d service placement] 10.222.0.91 "PUT /placement/allocations/00c68776-59b9-48f0-9a39-454e0990a860" status: 204 len: 0 microversion: 1.36
Feb 19 01:07:28.627387 n-d-772272-4 devstack@placement-api.service[111044]: [pid: 111044|app: 0|req: 360/727] 10.222.0.91 () {64 vars in 1433 bytes} [Sat Feb 19 01:07:27 2022] PUT /placement/allocations/00c68776-59b9-48f0-9a39-454e0990a860 => generated 0 bytes in 763 msecs (HTTP/1.1 204) 5 headers in 199 bytes (2 switches on core 0)
Feb 19 01:07:30.480168 n-d-772272-4 devstack@placement-api.service[111045]: DEBUG placement.requestlog [req-f0eb0afd-ef51-4eb6-a071-e8685c83ee08 req-1e9659d0-8261-4dac-88b1-9eb839d10402 None None] Starting request: 10.222.0.128 "GET /placement/allocations/00c68776-59b9-48f0-9a39-454e0990a860" {{(pid=111045) __call__ /opt/stack/placement/placement/requestlog.py:55}}
Feb 19 01:07:30.508416 n-d-772272-4 devstack@placement-api.service[111045]: INFO placement.requestlog [req-f0eb0afd-ef51-4eb6-a071-e8685c83ee08 req-1e9659d0-8261-4dac-88b1-9eb839d10402 service placement] 10.222.0.128 "GET /placement/allocations/00c68776-59b9-48f0-9a39-454e0990a860" status: 200 len: 259 microversion: 1.28
Feb 19 01:07:30.512518 n-d-772272-4 devstack@placement-api.service[111045]: [pid: 111045|app: 0|req: 368/728] 10.222.0.128 () {60 vars in 1378 bytes} [Sat Feb 19 01:07:30 2022] GET /placement/allocations/00c68776-59b9-48f0-9a39-454e0990a860 => generated 259 bytes in 29 msecs (HTTP/1.1 200) 8 headers in 296 bytes (1 switches on core 0)
