Sep 03 08:35:14.344472 n-d-771749-3 devstack@placement-api.service[95122]: DEBUG placement.requestlog [req-3b619d9e-eb87-482b-b780-ee28ce950514 req-a02207ac-9f01-4039-8083-66d36135a231 None None] Starting request: 10.222.0.49 "DELETE /placement/allocations/dc0921f9-a4ea-4487-8182-a7e22edb7ef9" {{(pid=95122) __call__ /opt/stack/placement/placement/requestlog.py:55}}
Sep 03 08:35:14.346482 n-d-771749-3 devstack@placement-api.service[95123]: [pid: 95123|app: 0|req: 175/349] 10.222.0.49 () {60 vars in 1381 bytes} [Fri Sep 3 08:35:14 2021] GET /placement/allocations/dc0921f9-a4ea-4487-8182-a7e22edb7ef9 => generated 19 bytes in 20 msecs (HTTP/1.1 200) 8 headers in 295 bytes (1 switches on core 0)
Sep 03 08:35:14.347408 n-d-771749-3 devstack@placement-api.service[95123]: DEBUG placement.requestlog [req-742891c9-f3a4-4f85-a484-ee97a6a2d731 req-ecf71798-d9ef-4978-9be1-98ad10452fa4 None None] Starting request: 10.222.0.49 "PUT /placement/allocations/dc0921f9-a4ea-4487-8182-a7e22edb7ef9" {{(pid=95123) __call__ /opt/stack/placement/placement/requestlog.py:55}}
Sep 03 08:35:14.407952 n-d-771749-3 devstack@placement-api.service[95123]: DEBUG placement.handlers.allocation [req-742891c9-f3a4-4f85-a484-ee97a6a2d731 req-ecf71798-d9ef-4978-9be1-98ad10452fa4 service placement] Successfully wrote allocations [, , ] {{(pid=95123) _create_allocations /opt/stack/placement/placement/handlers/allocation.py:461}}
Sep 03 08:35:14.415683 n-d-771749-3 devstack@placement-api.service[95123]: INFO placement.requestlog [req-742891c9-f3a4-4f85-a484-ee97a6a2d731 req-ecf71798-d9ef-4978-9be1-98ad10452fa4 service placement] 10.222.0.49 "PUT /placement/allocations/dc0921f9-a4ea-4487-8182-a7e22edb7ef9" status: 204 len: 0 microversion: 1.36
Sep 03 08:35:14.417301 n-d-771749-3 devstack@placement-api.service[95123]: [pid: 95123|app: 0|req: 176/350] 10.222.0.49 () {64 vars in 1434 bytes} [Fri Sep 3 08:35:14 2021] PUT /placement/allocations/dc0921f9-a4ea-4487-8182-a7e22edb7ef9 => generated 0 bytes in 70 msecs (HTTP/1.1 204) 5 headers in 199 bytes (1 switches on core 0)
Sep 03 08:35:14.498324 n-d-771749-3 devstack@placement-api.service[95123]: DEBUG placement.requestlog [req-742891c9-f3a4-4f85-a484-ee97a6a2d731 req-e0ad8fc8-feda-4f82-9f9b-95c00ad55052 None None] Starting request: 10.222.0.49 "DELETE /placement/allocations/dc0921f9-a4ea-4487-8182-a7e22edb7ef9" {{(pid=95123) __call__ /opt/stack/placement/placement/requestlog.py:55}}
Sep 03 08:35:14.510937 n-d-771749-3 devstack@placement-api.service[95122]: DEBUG placement.handlers.allocation [req-3b619d9e-eb87-482b-b780-ee28ce950514 req-a02207ac-9f01-4039-8083-66d36135a231 service placement] Successfully deleted allocations [, , ] {{(pid=95122) delete_allocations /opt/stack/placement/placement/handlers/allocation.py:603}}
Sep 03 08:35:14.511535 n-d-771749-3 devstack@placement-api.service[95122]: INFO placement.requestlog [req-3b619d9e-eb87-482b-b780-ee28ce950514 req-a02207ac-9f01-4039-8083-66d36135a231 service placement] 10.222.0.49 "DELETE /placement/allocations/dc0921f9-a4ea-4487-8182-a7e22edb7ef9" status: 204 len: 0 microversion: 1.0
Sep 03 08:35:14.512050 n-d-771749-3 devstack@placement-api.service[95122]: [pid: 95122|app: 0|req: 175/351] 10.222.0.49 () {60 vars in 1350 bytes} [Fri Sep 3 08:35:14 2021] DELETE /placement/allocations/dc0921f9-a4ea-4487-8182-a7e22edb7ef9 => generated 0 bytes in 168 msecs (HTTP/1.1 204) 5 headers in 198 bytes (2 switches on core 0)
Sep 03 08:35:14.540085 n-d-771749-3 devstack@placement-api.service[95123]: DEBUG placement.wsgi_wrapper [req-742891c9-f3a4-4f85-a484-ee97a6a2d731 req-e0ad8fc8-feda-4f82-9f9b-95c00ad55052 service placement] Placement API returning an error response: No allocations for consumer 'dc0921f9-a4ea-4487-8182-a7e22edb7ef9' {{(pid=95123) call_func /opt/stack/placement/placement/wsgi_wrapper.py:31}}
Sep 03 08:35:14.541799 n-d-771749-3 devstack@placement-api.service[95123]: INFO placement.requestlog [req-742891c9-f3a4-4f85-a484-ee97a6a2d731 req-e0ad8fc8-feda-4f82-9f9b-95c00ad55052 service placement] 10.222.0.49 "DELETE /placement/allocations/dc0921f9-a4ea-4487-8182-a7e22edb7ef9" status: 404 len: 228 microversion: 1.0
Sep 03 08:35:14.542570 n-d-771749-3 devstack@placement-api.service[95123]: [pid: 95123|app: 0|req: 177/352] 10.222.0.49 () {60 vars in 1359 bytes} [Fri Sep 3 08:35:14 2021] DELETE /placement/allocations/dc0921f9-a4ea-4487-8182-a7e22edb7ef9 => generated 228 bytes in 44 msecs (HTTP/1.1 404) 6 headers in 231 bytes (1 switches on core 0)
Sep 03 08:35:15.930334 n-d-771749-3 devstack@placement-api.service[95122]: DEBUG placement.requestlog [req-958e4e77-5075-414d-b6ce-717883035789 req-2421ab51-f01c-4829-84f7-97c995ece398 None None] Starting request: 10.222.0.49 "GET /placement/allocation_candidates?limit=1000&resources=DISK_GB%3A1%2CMEMORY_MB%3A1024%2CVCPU%3A1&root_required=%21COMPUTE_STATUS_DISABLED" {{(pid=95122) __call__ /opt/stack/placement/placement/requestlog.py:55}}
Sep 03 08:35:15.989174 n-d-771749-3 devstack@placement-api.service[95122]: DEBUG placement.objects.research_context [req-958e4e77-5075-414d-b6ce-717883035789 req-2421ab51-f01c-4829-84f7-97c995ece398 service placement] getting providers with 1 DISK_GB {{(pid=95122) __init__ /opt/stack/placement/placement/objects/research_context.py:126}}
Sep 03 08:35:16.003484 n-d-771749-3 devstack@placement-api.service[95122]: DEBUG placement.objects.research_context [req-958e4e77-5075-414d-b6ce-717883035789 req-2421ab51-f01c-4829-84f7-97c995ece398 service placement] getting providers with 1024 MEMORY_MB {{(pid=95122) __init__ /opt/stack/placement/placement/objects/research_context.py:126}}
Sep 03 08:35:16.026363 n-d-771749-3 devstack@placement-api.service[95122]: DEBUG placement.objects.research_context [req-958e4e77-5075-414d-b6ce-717883035789 req-2421ab51-f01c-4829-84f7-97c995ece398 service placement] getting providers with 1 VCPU {{(pid=95122) __init__ /opt/stack/placement/placement/objects/research_context.py:126}}
Sep 03 08:35:16.059460 n-d-771749-3 devstack@placement-api.service[95122]: DEBUG placement.objects.research_context [req-958e4e77-5075-414d-b6ce-717883035789 req-2421ab51-f01c-4829-84f7-97c995ece398 service placement] found 2 providers with available 1 DISK_GB {{(pid=95122) get_provider_ids_matching /opt/stack/placement/placement/objects/research_context.py:549}}
Sep 03 08:35:16.061254 n-d-771749-3 devstack@placement-api.service[95122]: DEBUG placement.objects.research_context [req-958e4e77-5075-414d-b6ce-717883035789 req-2421ab51-f01c-4829-84f7-97c995ece398 service placement] found 2 providers with available 1024 MEMORY_MB {{(pid=95122) get_provider_ids_matching /opt/stack/placement/placement/objects/research_context.py:549}}
Sep 03 08:35:16.061664 n-d-771749-3 devstack@placement-api.service[95122]: DEBUG placement.objects.research_context [req-958e4e77-5075-414d-b6ce-717883035789 req-2421ab51-f01c-4829-84f7-97c995ece398 service placement] found 2 providers after filtering by previous result {{(pid=95122) get_provider_ids_matching /opt/stack/placement/placement/objects/research_context.py:580}}
Sep 03 08:35:16.062002 n-d-771749-3 devstack@placement-api.service[95122]: DEBUG placement.objects.research_context [req-958e4e77-5075-414d-b6ce-717883035789 req-2421ab51-f01c-4829-84f7-97c995ece398 service placement] found 2 providers with available 1 VCPU {{(pid=95122) get_provider_ids_matching /opt/stack/placement/placement/objects/research_context.py:549}}
Sep 03 08:35:16.063334 n-d-771749-3 devstack@placement-api.service[95122]: DEBUG placement.objects.research_context [req-958e4e77-5075-414d-b6ce-717883035789 req-2421ab51-f01c-4829-84f7-97c995ece398 service placement] found 2 providers after filtering by previous result {{(pid=95122) get_provider_ids_matching /opt/stack/placement/placement/objects/research_context.py:580}}
Sep 03 08:35:16.088506 n-d-771749-3 devstack@placement-api.service[95122]: DEBUG placement.objects.allocation_candidate [req-958e4e77-5075-414d-b6ce-717883035789 req-2421ab51-f01c-4829-84f7-97c995ece398 service placement] RequestGroup(use_same_provider=False, resources={DISK_GB:1, MEMORY_MB:1024, VCPU:1}, traits=[], aggregates=[]) (suffix '') returned 2 matches {{(pid=95122) _get_by_requests /opt/stack/placement/placement/objects/allocation_candidate.py:145}}
Sep 03 08:35:16.090288 n-d-771749-3 devstack@placement-api.service[95122]: DEBUG placement.objects.allocation_candidate [req-958e4e77-5075-414d-b6ce-717883035789 req-2421ab51-f01c-4829-84f7-97c995ece398 service placement] Merging candidates yields 2 allocation requests and 2 provider summaries {{(pid=95122) _merge_candidates /opt/stack/placement/placement/objects/allocation_candidate.py:783}}
Sep 03 08:35:16.094621 n-d-771749-3 devstack@placement-api.service[95122]: INFO placement.requestlog [req-958e4e77-5075-414d-b6ce-717883035789 req-2421ab51-f01c-4829-84f7-97c995ece398 service placement] 10.222.0.49 "GET /placement/allocation_candidates?limit=1000&resources=DISK_GB%3A1%2CMEMORY_MB%3A1024%2CVCPU%3A1&root_required=%21COMPUTE_STATUS_DISABLED" status: 200 len: 1312 microversion: 1.36
Sep 03 08:35:16.102320 n-d-771749-3 devstack@placement-api.service[95122]: [pid: 95122|app: 0|req: 176/353] 10.222.0.49 () {60 vars in 1507 bytes} [Fri Sep 3 08:35:15 2021] GET /placement/allocation_candidates?limit=1000&resources=DISK_GB%3A1%2CMEMORY_MB%3A1024%2CVCPU%3A1&root_required=%21COMPUTE_STATUS_DISABLED => generated 1312 bytes in 172 msecs (HTTP/1.1 200) 8 headers in 297 bytes (1 switches on core 0)
Sep 03 08:35:16.221683 n-d-771749-3 devstack@placement-api.service[95123]: DEBUG placement.requestlog [req-958e4e77-5075-414d-b6ce-717883035789 req-b7cc0710-b1aa-4c78-b4aa-02e6459ce877 None None] Starting request: 10.222.0.49 "GET /placement/allocations/9dca8a4c-cb82-48e4-8f4b-fa21a740a7c4" {{(pid=95123) __call__ /opt/stack/placement/placement/requestlog.py:55}}
Sep 03 08:35:16.236582 n-d-771749-3 devstack@placement-api.service[95123]: INFO placement.requestlog [req-958e4e77-5075-414d-b6ce-717883035789 req-b7cc0710-b1aa-4c78-b4aa-02e6459ce877 service placement] 10.222.0.49 "GET /placement/allocations/9dca8a4c-cb82-48e4-8f4b-fa21a740a7c4" status: 200 len: 19 microversion: 1.28
Sep 03 08:35:16.237135 n-d-771749-3 devstack@placement-api.service[95123]: [pid: 95123|app: 0|req: 178/354] 10.222.0.49 () {60 vars in 1381 bytes} [Fri Sep 3 08:35:16 2021] GET /placement/allocations/9dca8a4c-cb82-48e4-8f4b-fa21a740a7c4 => generated 19 bytes in 16 msecs (HTTP/1.1 200) 8 headers in 295 bytes (1 switches on core 0)
Sep 03 08:35:16.243959 n-d-771749-3 devstack@placement-api.service[95122]: DEBUG placement.requestlog [req-958e4e77-5075-414d-b6ce-717883035789 req-044d069b-1a1c-461c-8da8-8ea5efc3e2b7 None None] Starting request: 10.222.0.49 "PUT /placement/allocations/9dca8a4c-cb82-48e4-8f4b-fa21a740a7c4" {{(pid=95122) __call__ /opt/stack/placement/placement/requestlog.py:55}}
Sep 03 08:35:16.344060 n-d-771749-3 devstack@placement-api.service[95122]: DEBUG placement.handlers.allocation [req-958e4e77-5075-414d-b6ce-717883035789 req-044d069b-1a1c-461c-8da8-8ea5efc3e2b7 service placement] Successfully wrote allocations [, , ] {{(pid=95122) _create_allocations /opt/stack/placement/placement/handlers/allocation.py:461}}
Sep 03 08:35:16.352264 n-d-771749-3 devstack@placement-api.service[95122]: INFO placement.requestlog [req-958e4e77-5075-414d-b6ce-717883035789 req-044d069b-1a1c-461c-8da8-8ea5efc3e2b7 service placement] 10.222.0.49 "PUT /placement/allocations/9dca8a4c-cb82-48e4-8f4b-fa21a740a7c4" status: 204 len: 0 microversion: 1.36
Sep 03 08:35:16.353518 n-d-771749-3 devstack@placement-api.service[95122]: [pid: 95122|app: 0|req: 177/355] 10.222.0.49 () {64 vars in 1434 bytes} [Fri Sep 3 08:35:16 2021] PUT /placement/allocations/9dca8a4c-cb82-48e4-8f4b-fa21a740a7c4 => generated 0 bytes in 109 msecs (HTTP/1.1 204) 5 headers in 199 bytes (1 switches on core 0)
Sep 03 08:35:16.872965 n-d-771749-3 devstack@placement-api.service[95123]: DEBUG placement.requestlog [req-958e4e77-5075-414d-b6ce-717883035789 req-9874af0a-f19f-4f81-9d39-f7656d33e0ae None None] Starting request: 10.222.0.43 "GET /placement/allocations/9dca8a4c-cb82-48e4-8f4b-fa21a740a7c4" {{(pid=95123) __call__ /opt/stack/placement/placement/requestlog.py:55}}
Sep 03 08:35:16.920198 n-d-771749-3 devstack@placement-api.service[95123]: INFO placement.requestlog [req-958e4e77-5075-414d-b6ce-717883035789 req-9874af0a-f19f-4f81-9d39-f7656d33e0ae service placement] 10.222.0.43 "GET /placement/allocations/9dca8a4c-cb82-48e4-8f4b-fa21a740a7c4" status: 200 len: 259 microversion: 1.28
Sep 03 08:35:16.925860 n-d-771749-3 devstack@placement-api.service[95123]: [pid: 95123|app: 0|req: 179/356] 10.222.0.43 () {60 vars in 1378 bytes} [Fri Sep 3 08:35:16 2021] GET /placement/allocations/9dca8a4c-cb82-48e4-8f4b-fa21a740a7c4 => generated 259 bytes in 53 msecs (HTTP/1.1 200) 8 headers in 296 bytes (1 switches on core 0)
Sep 03 08:35:22.316060 n-d-771749-3 devstack@placement-api.service[95122]: DEBUG placement.requestlog [req-6d290459-e2d5-4f89-8b11-e4e8fd65d420 req-c0f1702b-1874-409b-ac82-d8056b2c3a16 None None] Starting request: 10.222.0.49 "GET /placement/allocation_candidates?limit=1000&resources=MEMORY_MB%3A1024%2CVCPU%3A1&root_required=%21COMPUTE_STATUS_DISABLED" {{(pid=95122) __call__ /opt/stack/placement/placement/requestlog.py:55}}
Sep 03 08:35:22.376225 n-d-771749-3 devstack@placement-api.service[95122]: DEBUG placement.objects.research_context [req-6d290459-e2d5-4f89-8b11-e4e8fd65d420 req-c0f1702b-1874-409b-ac82-d8056b2c3a16 service placement] getting providers with 1024 MEMORY_MB {{(pid=95122) __init__ /opt/stack/placement/placement/objects/research_context.py:126}}
Sep 03 08:35:22.387247 n-d-771749-3 devstack@placement-api.service[95122]: DEBUG placement.objects.research_context [req-6d290459-e2d5-4f89-8b11-e4e8fd65d420 req-c0f1702b-1874-409b-ac82-d8056b2c3a16 service placement] getting providers with 1 VCPU {{(pid=95122) __init__ /opt/stack/placement/placement/objects/research_context.py:126}}
Sep 03 08:35:22.402395 n-d-771749-3 devstack@placement-api.service[95122]: DEBUG placement.objects.research_context [req-6d290459-e2d5-4f89-8b11-e4e8fd65d420 req-c0f1702b-1874-409b-ac82-d8056b2c3a16 service placement] found 2 providers with available 1024 MEMORY_MB {{(pid=95122) get_provider_ids_matching /opt/stack/placement/placement/objects/research_context.py:549}}
Sep 03 08:35:22.403162 n-d-771749-3 devstack@placement-api.service[95122]: DEBUG placement.objects.research_context [req-6d290459-e2d5-4f89-8b11-e4e8fd65d420 req-c0f1702b-1874-409b-ac82-d8056b2c3a16 service placement] found 2 providers with available 1 VCPU {{(pid=95122) get_provider_ids_matching /opt/stack/placement/placement/objects/research_context.py:549}}
Sep 03 08:35:22.404342 n-d-771749-3 devstack@placement-api.service[95122]: DEBUG placement.objects.research_context [req-6d290459-e2d5-4f89-8b11-e4e8fd65d420 req-c0f1702b-1874-409b-ac82-d8056b2c3a16 service placement] found 2 providers after filtering by previous result {{(pid=95122) get_provider_ids_matching /opt/stack/placement/placement/objects/research_context.py:580}}
Sep 03 08:35:22.425445 n-d-771749-3 devstack@placement-api.service[95122]: DEBUG placement.objects.allocation_candidate [req-6d290459-e2d5-4f89-8b11-e4e8fd65d420 req-c0f1702b-1874-409b-ac82-d8056b2c3a16 service placement] RequestGroup(use_same_provider=False, resources={MEMORY_MB:1024, VCPU:1}, traits=[], aggregates=[]) (suffix '') returned 2 matches {{(pid=95122) _get_by_requests /opt/stack/placement/placement/objects/allocation_candidate.py:145}}
Sep 03 08:35:22.426281 n-d-771749-3 devstack@placement-api.service[95122]: DEBUG placement.objects.allocation_candidate [req-6d290459-e2d5-4f89-8b11-e4e8fd65d420 req-c0f1702b-1874-409b-ac82-d8056b2c3a16 service placement] Merging candidates yields 2 allocation requests and 2 provider summaries {{(pid=95122) _merge_candidates /opt/stack/placement/placement/objects/allocation_candidate.py:783}}
Sep 03 08:35:22.431193 n-d-771749-3 devstack@placement-api.service[95122]: INFO placement.requestlog [req-6d290459-e2d5-4f89-8b11-e4e8fd65d420 req-c0f1702b-1874-409b-ac82-d8056b2c3a16 service placement] 10.222.0.49 "GET /placement/allocation_candidates?limit=1000&resources=MEMORY_MB%3A1024%2CVCPU%3A1&root_required=%21COMPUTE_STATUS_DISABLED" status: 200 len: 1284 microversion: 1.36
Sep 03 08:35:22.432151 n-d-771749-3 devstack@placement-api.service[95122]: [pid: 95122|app: 0|req: 178/357] 10.222.0.49 () {60 vars in 1479 bytes} [Fri Sep 3 08:35:22 2021] GET /placement/allocation_candidates?limit=1000&resources=MEMORY_MB%3A1024%2CVCPU%3A1&root_required=%21COMPUTE_STATUS_DISABLED => generated 1284 bytes in 116 msecs (HTTP/1.1 200) 8 headers in 297 bytes (1 switches on core 0)
Sep 03 08:35:22.512723 n-d-771749-3 devstack@placement-api.service[95123]: DEBUG placement.requestlog [req-6d290459-e2d5-4f89-8b11-e4e8fd65d420 req-29f78cc3-608d-4579-8ccb-453c6c8cb1b2 None None] Starting request: 10.222.0.49 "GET /placement/allocations/11a3e49b-fce3-49a1-b38f-5609e5e932d5" {{(pid=95123) __call__ /opt/stack/placement/placement/requestlog.py:55}}
Sep 03 08:35:22.525451 n-d-771749-3 devstack@placement-api.service[95123]: INFO placement.requestlog [req-6d290459-e2d5-4f89-8b11-e4e8fd65d420 req-29f78cc3-608d-4579-8ccb-453c6c8cb1b2 service placement] 10.222.0.49 "GET /placement/allocations/11a3e49b-fce3-49a1-b38f-5609e5e932d5" status: 200 len: 19 microversion: 1.28
Sep 03 08:35:22.525927 n-d-771749-3 devstack@placement-api.service[95123]: [pid: 95123|app: 0|req: 180/358] 10.222.0.49 () {60 vars in 1381 bytes} [Fri Sep 3 08:35:22 2021] GET /placement/allocations/11a3e49b-fce3-49a1-b38f-5609e5e932d5 => generated 19 bytes in 13 msecs (HTTP/1.1 200) 8 headers in 295 bytes (1 switches on core 0)
Sep 03 08:35:22.532965 n-d-771749-3 devstack@placement-api.service[95122]: DEBUG placement.requestlog [req-6d290459-e2d5-4f89-8b11-e4e8fd65d420 req-c8e5e3ca-87b9-4d92-bd37-e38953e417ee None None] Starting request: 10.222.0.49 "PUT /placement/allocations/11a3e49b-fce3-49a1-b38f-5609e5e932d5" {{(pid=95122) __call__ /opt/stack/placement/placement/requestlog.py:55}}
Sep 03 08:35:22.589778 n-d-771749-3 devstack@placement-api.service[95122]: DEBUG placement.handlers.allocation [req-6d290459-e2d5-4f89-8b11-e4e8fd65d420 req-c8e5e3ca-87b9-4d92-bd37-e38953e417ee service placement] Successfully wrote allocations [, ] {{(pid=95122) _create_allocations /opt/stack/placement/placement/handlers/allocation.py:461}}
Sep 03 08:35:22.602388 n-d-771749-3 devstack@placement-api.service[95122]: INFO placement.requestlog [req-6d290459-e2d5-4f89-8b11-e4e8fd65d420 req-c8e5e3ca-87b9-4d92-bd37-e38953e417ee service placement] 10.222.0.49 "PUT /placement/allocations/11a3e49b-fce3-49a1-b38f-5609e5e932d5" status: 204 len: 0 microversion: 1.36
Sep 03 08:35:22.602935 n-d-771749-3 devstack@placement-api.service[95122]: [pid: 95122|app: 0|req: 179/359] 10.222.0.49 () {64 vars in 1434 bytes} [Fri Sep 3 08:35:22 2021] PUT /placement/allocations/11a3e49b-fce3-49a1-b38f-5609e5e932d5 => generated 0 bytes in 70 msecs (HTTP/1.1 204) 5 headers in 199 bytes (2 switches on core 0)
Sep 03 08:35:22.954747 n-d-771749-3 devstack@placement-api.service[95123]: DEBUG placement.requestlog [req-6d290459-e2d5-4f89-8b11-e4e8fd65d420 req-28f8d95c-7b94-4231-a72e-497361ed9686 None None] Starting request: 10.222.0.43 "GET /placement/allocations/11a3e49b-fce3-49a1-b38f-5609e5e932d5" {{(pid=95123) __call__ /opt/stack/placement/placement/requestlog.py:55}}
Sep 03 08:35:22.969928 n-d-771749-3 devstack@placement-api.service[95123]: INFO placement.requestlog [req-6d290459-e2d5-4f89-8b11-e4e8fd65d420 req-28f8d95c-7b94-4231-a72e-497361ed9686 service placement] 10.222.0.43 "GET /placement/allocations/11a3e49b-fce3-49a1-b38f-5609e5e932d5" status: 200 len: 245 microversion: 1.28
Sep 03 08:35:22.970153 n-d-771749-3 devstack@placement-api.service[95123]: [pid: 95123|app: 0|req: 181/360] 10.222.0.43 () {60 vars in 1378 bytes} [Fri Sep 3 08:35:22 2021] GET /placement/allocations/11a3e49b-fce3-49a1-b38f-5609e5e932d5 => generated 245 bytes in 16 msecs (HTTP/1.1 200) 8 headers in 296 bytes (1 switches on core 0)
Sep 03 08:35:23.574050 n-d-771749-3 devstack@placement-api.service[95122]: DEBUG placement.requestlog [req-791270bd-44c0-455a-9cd0-1d3da381e996 req-387b6848-d910-4ef3-b528-c38fb1c0c307 None None] Starting request: 10.222.0.52 "DELETE /placement/allocations/7df8be9b-a2f6-45e2-ae6e-bdf4e7020cdd" {{(pid=95122) __call__ /opt/stack/placement/placement/requestlog.py:55}}
Sep 03 08:35:23.618508 n-d-771749-3 devstack@placement-api.service[95122]: DEBUG placement.handlers.allocation [req-791270bd-44c0-455a-9cd0-1d3da381e996 req-387b6848-d910-4ef3-b528-c38fb1c0c307 service placement] Successfully deleted allocations [, , ] {{(pid=95122) delete_allocations /opt/stack/placement/placement/handlers/allocation.py:603}}
Sep 03 08:35:23.619425 n-d-771749-3 devstack@placement-api.service[95122]: INFO placement.requestlog [req-791270bd-44c0-455a-9cd0-1d3da381e996 req-387b6848-d910-4ef3-b528-c38fb1c0c307 service placement] 10.222.0.52 "DELETE /placement/allocations/7df8be9b-a2f6-45e2-ae6e-bdf4e7020cdd" status: 204 len: 0 microversion: 1.0
Sep 03 08:35:23.619873 n-d-771749-3 devstack@placement-api.service[95122]: [pid: 95122|app: 0|req: 180/361] 10.222.0.52 () {60 vars in 1356 bytes} [Fri Sep 3 08:35:23 2021] DELETE /placement/allocations/7df8be9b-a2f6-45e2-ae6e-bdf4e7020cdd => generated 0 bytes in 46 msecs (HTTP/1.1 204) 5 headers in 198 bytes (1 switches on core 0)
Sep 03 08:35:24.793608 n-d-771749-3 devstack@placement-api.service[95123]: DEBUG placement.requestlog [req-559a5ac1-3b7d-48a7-9536-57651259c231 req-b13ac4c6-824e-475d-aae8-31e3a3726371 None None] Starting request: 10.222.0.49 "GET /placement/allocation_candidates?limit=1000&resources=MEMORY_MB%3A1024%2CVCPU%3A1&root_required=%21COMPUTE_STATUS_DISABLED" {{(pid=95123) __call__ /opt/stack/placement/placement/requestlog.py:55}}
Sep 03 08:35:24.828067 n-d-771749-3 devstack@placement-api.service[95123]: DEBUG placement.objects.research_context [req-559a5ac1-3b7d-48a7-9536-57651259c231 req-b13ac4c6-824e-475d-aae8-31e3a3726371 service placement] getting providers with 1024 MEMORY_MB {{(pid=95123) __init__ /opt/stack/placement/placement/objects/research_context.py:126}}
Sep 03 08:35:24.838418 n-d-771749-3 devstack@placement-api.service[95123]: DEBUG placement.objects.research_context [req-559a5ac1-3b7d-48a7-9536-57651259c231 req-b13ac4c6-824e-475d-aae8-31e3a3726371 service placement] getting providers with 1 VCPU {{(pid=95123) __init__ /opt/stack/placement/placement/objects/research_context.py:126}}
Sep 03 08:35:24.853991 n-d-771749-3 devstack@placement-api.service[95123]: DEBUG placement.objects.research_context [req-559a5ac1-3b7d-48a7-9536-57651259c231 req-b13ac4c6-824e-475d-aae8-31e3a3726371 service placement] found 2 providers with available 1024 MEMORY_MB {{(pid=95123) get_provider_ids_matching /opt/stack/placement/placement/objects/research_context.py:549}}
Sep 03 08:35:24.854518 n-d-771749-3 devstack@placement-api.service[95123]: DEBUG placement.objects.research_context [req-559a5ac1-3b7d-48a7-9536-57651259c231 req-b13ac4c6-824e-475d-aae8-31e3a3726371 service placement] found 2 providers with available 1 VCPU {{(pid=95123) get_provider_ids_matching /opt/stack/placement/placement/objects/research_context.py:549}}
Sep 03 08:35:24.855016 n-d-771749-3 devstack@placement-api.service[95123]: DEBUG placement.objects.research_context [req-559a5ac1-3b7d-48a7-9536-57651259c231 req-b13ac4c6-824e-475d-aae8-31e3a3726371 service placement] found 2 providers after filtering by previous result {{(pid=95123) get_provider_ids_matching /opt/stack/placement/placement/objects/research_context.py:580}}
Sep 03 08:35:24.866503 n-d-771749-3 devstack@placement-api.service[95123]: DEBUG placement.objects.allocation_candidate [req-559a5ac1-3b7d-48a7-9536-57651259c231 req-b13ac4c6-824e-475d-aae8-31e3a3726371 service placement] RequestGroup(use_same_provider=False, resources={MEMORY_MB:1024, VCPU:1}, traits=[], aggregates=[]) (suffix '') returned 2 matches {{(pid=95123) _get_by_requests /opt/stack/placement/placement/objects/allocation_candidate.py:145}}
Sep 03 08:35:24.867147 n-d-771749-3 devstack@placement-api.service[95123]: DEBUG placement.objects.allocation_candidate [req-559a5ac1-3b7d-48a7-9536-57651259c231 req-b13ac4c6-824e-475d-aae8-31e3a3726371 service placement] Merging candidates yields 2 allocation requests and 2 provider summaries {{(pid=95123) _merge_candidates /opt/stack/placement/placement/objects/allocation_candidate.py:783}}
Sep 03 08:35:24.868850 n-d-771749-3 devstack@placement-api.service[95123]: INFO placement.requestlog [req-559a5ac1-3b7d-48a7-9536-57651259c231 req-b13ac4c6-824e-475d-aae8-31e3a3726371 service placement] 10.222.0.49 "GET /placement/allocation_candidates?limit=1000&resources=MEMORY_MB%3A1024%2CVCPU%3A1&root_required=%21COMPUTE_STATUS_DISABLED" status: 200 len: 1285 microversion: 1.36
Sep 03 08:35:24.869242 n-d-771749-3 devstack@placement-api.service[95123]: [pid: 95123|app: 0|req: 182/362] 10.222.0.49 () {60 vars in 1479 bytes} [Fri Sep 3 08:35:24 2021] GET /placement/allocation_candidates?limit=1000&resources=MEMORY_MB%3A1024%2CVCPU%3A1&root_required=%21COMPUTE_STATUS_DISABLED => generated 1285 bytes in 76 msecs (HTTP/1.1 200) 8 headers in 297 bytes (1 switches on core 0)
Sep 03 08:35:24.947719 n-d-771749-3 devstack@placement-api.service[95122]: DEBUG placement.requestlog [req-559a5ac1-3b7d-48a7-9536-57651259c231 req-0acf81ed-c93f-4e97-b427-7563ce0e68bd None None] Starting request: 10.222.0.49 "GET /placement/allocations/289406f8-f8c1-41f2-ae96-531d656aebcf" {{(pid=95122) __call__ /opt/stack/placement/placement/requestlog.py:55}}
Sep 03 08:35:24.968873 n-d-771749-3 devstack@placement-api.service[95122]: INFO placement.requestlog [req-559a5ac1-3b7d-48a7-9536-57651259c231 req-0acf81ed-c93f-4e97-b427-7563ce0e68bd service placement] 10.222.0.49 "GET /placement/allocations/289406f8-f8c1-41f2-ae96-531d656aebcf" status: 200 len: 19 microversion: 1.28
Sep 03 08:35:24.969105 n-d-771749-3 devstack@placement-api.service[95122]: [pid: 95122|app: 0|req: 181/363] 10.222.0.49 () {60 vars in 1381 bytes} [Fri Sep 3 08:35:24 2021] GET /placement/allocations/289406f8-f8c1-41f2-ae96-531d656aebcf => generated 19 bytes in 22 msecs (HTTP/1.1 200) 8 headers in 295 bytes (1 switches on core 0)
Sep 03 08:35:24.975592 n-d-771749-3 devstack@placement-api.service[95123]: DEBUG placement.requestlog [req-559a5ac1-3b7d-48a7-9536-57651259c231 req-c6b845f7-aed0-49d7-a328-1b578486f589 None None] Starting request: 10.222.0.49 "PUT /placement/allocations/289406f8-f8c1-41f2-ae96-531d656aebcf" {{(pid=95123) __call__ /opt/stack/placement/placement/requestlog.py:55}}
Sep 03 08:35:25.041605 n-d-771749-3 devstack@placement-api.service[95123]: DEBUG placement.handlers.allocation [req-559a5ac1-3b7d-48a7-9536-57651259c231 req-c6b845f7-aed0-49d7-a328-1b578486f589 service placement] Successfully wrote allocations [, ] {{(pid=95123) _create_allocations /opt/stack/placement/placement/handlers/allocation.py:461}}
Sep 03 08:35:25.058615 n-d-771749-3 devstack@placement-api.service[95123]: INFO placement.requestlog [req-559a5ac1-3b7d-48a7-9536-57651259c231 req-c6b845f7-aed0-49d7-a328-1b578486f589 service placement] 10.222.0.49 "PUT /placement/allocations/289406f8-f8c1-41f2-ae96-531d656aebcf" status: 204 len: 0 microversion: 1.36
Sep 03 08:35:25.058877 n-d-771749-3 devstack@placement-api.service[95123]: [pid: 95123|app: 0|req: 183/364] 10.222.0.49 () {64 vars in 1434 bytes} [Fri Sep 3 08:35:24 2021] PUT /placement/allocations/289406f8-f8c1-41f2-ae96-531d656aebcf => generated 0 bytes in 84 msecs (HTTP/1.1 204) 5 headers in 199 bytes (1 switches on core 0)
Sep 03 08:35:25.442126 n-d-771749-3 devstack@placement-api.service[95122]: DEBUG placement.requestlog [req-559a5ac1-3b7d-48a7-9536-57651259c231 req-6f52674c-3f8f-4afd-b001-7fee570ebe45 None None] Starting request: 10.222.0.52 "GET /placement/allocations/289406f8-f8c1-41f2-ae96-531d656aebcf" {{(pid=95122) __call__ /opt/stack/placement/placement/requestlog.py:55}}
Sep 03 08:35:25.461408 n-d-771749-3 devstack@placement-api.service[95122]: INFO placement.requestlog [req-559a5ac1-3b7d-48a7-9536-57651259c231 req-6f52674c-3f8f-4afd-b001-7fee570ebe45 service placement] 10.222.0.52 "GET /placement/allocations/289406f8-f8c1-41f2-ae96-531d656aebcf" status: 200 len: 245 microversion: 1.28
Sep 03 08:35:25.461907 n-d-771749-3 devstack@placement-api.service[95122]: [pid: 95122|app: 0|req: 182/365] 10.222.0.52 () {60 vars in 1378 bytes} [Fri Sep 3 08:35:25 2021] GET /placement/allocations/289406f8-f8c1-41f2-ae96-531d656aebcf => generated 245 bytes in 20 msecs (HTTP/1.1 200) 8 headers in 296 bytes (1 switches on core 0)
Sep 03 08:35:26.462426 n-d-771749-3 devstack@placement-api.service[95123]: DEBUG placement.requestlog [req-7aff9ff0-87f1-487c-ac55-8ad0ae604052 req-f5d053f7-28dc-4718-886c-c771d3e28092 None None] Starting request: 10.222.0.52 "GET /placement/resource_providers/24cfb2fe-1af0-426f-8f73-5fcc94d62c5e/allocations" {{(pid=95123) __call__ /opt/stack/placement/placement/requestlog.py:55}}
Sep 03 08:35:26.499894 n-d-771749-3 devstack@placement-api.service[95123]: INFO placement.requestlog [req-7aff9ff0-87f1-487c-ac55-8ad0ae604052 req-f5d053f7-28dc-4718-886c-c771d3e28092 service placement] 10.222.0.52 "GET /placement/resource_providers/24cfb2fe-1af0-426f-8f73-5fcc94d62c5e/allocations" status: 200 len: 1149 microversion: 1.0
Sep 03 08:35:26.502531 n-d-771749-3 devstack@placement-api.service[95123]: [pid: 95123|app: 0|req: 184/366] 10.222.0.52 () {58 vars in 1391 bytes} [Fri Sep 3 08:35:26 2021] GET /placement/resource_providers/24cfb2fe-1af0-426f-8f73-5fcc94d62c5e/allocations => generated 1149 bytes in 40 msecs (HTTP/1.1 200) 6 headers in 225 bytes (1 switches on core 0)
Sep 03 08:35:29.273084 n-d-771749-3 devstack@placement-api.service[95122]: DEBUG placement.requestlog [req-0ed46757-3b21-40ea-b61e-486046ac6124 req-d671fbb0-2537-446e-96c3-8b077c48978c None None] Starting request: 10.222.0.43 "DELETE /placement/allocations/14fb4879-2c99-492e-be87-97e43584a50c" {{(pid=95122) __call__ /opt/stack/placement/placement/requestlog.py:55}}
Sep 03 08:35:29.310283 n-d-771749-3 devstack@placement-api.service[95122]: DEBUG placement.handlers.allocation [req-0ed46757-3b21-40ea-b61e-486046ac6124 req-d671fbb0-2537-446e-96c3-8b077c48978c service placement] Successfully deleted allocations [, , ] {{(pid=95122) delete_allocations /opt/stack/placement/placement/handlers/allocation.py:603}}
Sep 03 08:35:29.311227 n-d-771749-3 devstack@placement-api.service[95122]: INFO placement.requestlog [req-0ed46757-3b21-40ea-b61e-486046ac6124 req-d671fbb0-2537-446e-96c3-8b077c48978c service placement] 10.222.0.43 "DELETE /placement/allocations/14fb4879-2c99-492e-be87-97e43584a50c" status: 204 len: 0 microversion: 1.0
Sep 03 08:35:29.312006 n-d-771749-3 devstack@placement-api.service[95122]: [pid: 95122|app: 0|req: 183/367] 10.222.0.43 () {60 vars in 1356 bytes} [Fri Sep 3 08:35:29 2021] DELETE /placement/allocations/14fb4879-2c99-492e-be87-97e43584a50c => generated 0 bytes in 40 msecs (HTTP/1.1 204) 5 headers in 198 bytes (2 switches on core 0)
Sep 03 08:35:30.508668 n-d-771749-3 devstack@placement-api.service[95123]: DEBUG placement.requestlog [req-edcb24f6-058b-4c80-a78e-2b9c40ed43e0 req-64ef63aa-13cd-43be-b6b9-81e2befe88a1 None None] Starting request: 10.222.0.43 "GET /placement/resource_providers/6512a78d-a8fc-4f31-a290-f25ed6b77a14/allocations" {{(pid=95123) __call__ /opt/stack/placement/placement/requestlog.py:55}}
Sep 03 08:35:30.538244 n-d-771749-3 devstack@placement-api.service[95123]: INFO placement.requestlog [req-edcb24f6-058b-4c80-a78e-2b9c40ed43e0 req-64ef63aa-13cd-43be-b6b9-81e2befe88a1 service placement] 10.222.0.43 "GET /placement/resource_providers/6512a78d-a8fc-4f31-a290-f25ed6b77a14/allocations" status: 200 len: 948 microversion: 1.0
Sep 03 08:35:30.538655 n-d-771749-3 devstack@placement-api.service[95123]: [pid: 95123|app: 0|req: 185/368] 10.222.0.43 () {58 vars in 1391 bytes} [Fri Sep 3 08:35:30 2021] GET /placement/resource_providers/6512a78d-a8fc-4f31-a290-f25ed6b77a14/allocations => generated 948 bytes in 31 msecs (HTTP/1.1 200) 6 headers in 224 bytes (2 switches on core 0)
Sep 03 08:35:33.914483 n-d-771749-3 devstack@placement-api.service[95122]: DEBUG placement.requestlog [req-4f4421fc-df69-4b1a-b7ba-48ec8e90fda2 req-123b6f4d-80ec-4763-a2ed-e66a8de054db None None] Starting request: 10.222.0.43 "DELETE /placement/allocations/9dca8a4c-cb82-48e4-8f4b-fa21a740a7c4" {{(pid=95122) __call__ /opt/stack/placement/placement/requestlog.py:55}}
Sep 03 08:35:33.957103 n-d-771749-3 devstack@placement-api.service[95122]: DEBUG placement.handlers.allocation [req-4f4421fc-df69-4b1a-b7ba-48ec8e90fda2 req-123b6f4d-80ec-4763-a2ed-e66a8de054db service placement] Successfully deleted allocations [, , ] {{(pid=95122) delete_allocations /opt/stack/placement/placement/handlers/allocation.py:603}}
Sep 03 08:35:33.958454 n-d-771749-3 devstack@placement-api.service[95122]: INFO placement.requestlog [req-4f4421fc-df69-4b1a-b7ba-48ec8e90fda2 req-123b6f4d-80ec-4763-a2ed-e66a8de054db service placement] 10.222.0.43 "DELETE /placement/allocations/9dca8a4c-cb82-48e4-8f4b-fa21a740a7c4" status: 204 len: 0 microversion: 1.0
Sep 03 08:35:33.959316 n-d-771749-3 devstack@placement-api.service[95122]: [pid: 95122|app: 0|req: 184/369] 10.222.0.43 () {60 vars in 1356 bytes} [Fri Sep 3 08:35:33 2021] DELETE /placement/allocations/9dca8a4c-cb82-48e4-8f4b-fa21a740a7c4 => generated 0 bytes in 45 msecs (HTTP/1.1 204) 5 headers in 198 bytes (2 switches on core 0)
Sep 03 08:35:36.598292 n-d-771749-3 devstack@placement-api.service[95123]: DEBUG placement.requestlog [req-e6d51de7-625c-48ee-8b50-f473259fda4e req-6296c45e-b998-4bdc-8a42-81b58642a84f None None] Starting request: 10.222.0.49 "GET /placement/allocation_candidates?limit=1000&resources=DISK_GB%3A1%2CMEMORY_MB%3A1024%2CVCPU%3A1&root_required=%21COMPUTE_STATUS_DISABLED" {{(pid=95123) __call__ /opt/stack/placement/placement/requestlog.py:55}}
Sep 03 08:35:36.631920 n-d-771749-3 devstack@placement-api.service[95123]: DEBUG placement.objects.research_context [req-e6d51de7-625c-48ee-8b50-f473259fda4e req-6296c45e-b998-4bdc-8a42-81b58642a84f service placement] getting providers with 1 DISK_GB {{(pid=95123) __init__ /opt/stack/placement/placement/objects/research_context.py:126}}
Sep 03 08:35:36.639400 n-d-771749-3 devstack@placement-api.service[95123]: DEBUG placement.objects.research_context [req-e6d51de7-625c-48ee-8b50-f473259fda4e req-6296c45e-b998-4bdc-8a42-81b58642a84f service placement] getting providers with 1024 MEMORY_MB {{(pid=95123) __init__ /opt/stack/placement/placement/objects/research_context.py:126}}
Sep 03 08:35:36.645882 n-d-771749-3 devstack@placement-api.service[95123]: DEBUG placement.objects.research_context [req-e6d51de7-625c-48ee-8b50-f473259fda4e req-6296c45e-b998-4bdc-8a42-81b58642a84f service placement] getting providers with 1 VCPU {{(pid=95123) __init__ /opt/stack/placement/placement/objects/research_context.py:126}}
Sep 03 08:35:36.651862 n-d-771749-3 devstack@placement-api.service[95123]: DEBUG placement.objects.research_context [req-e6d51de7-625c-48ee-8b50-f473259fda4e req-6296c45e-b998-4bdc-8a42-81b58642a84f service placement] found 2 providers with available 1 DISK_GB {{(pid=95123) get_provider_ids_matching /opt/stack/placement/placement/objects/research_context.py:549}}
Sep 03 08:35:36.652113 n-d-771749-3 devstack@placement-api.service[95123]: DEBUG placement.objects.research_context [req-e6d51de7-625c-48ee-8b50-f473259fda4e req-6296c45e-b998-4bdc-8a42-81b58642a84f service placement] found 2 providers with available 1024 MEMORY_MB {{(pid=95123) get_provider_ids_matching /opt/stack/placement/placement/objects/research_context.py:549}}
Sep 03 08:35:36.652570 n-d-771749-3 devstack@placement-api.service[95123]: DEBUG placement.objects.research_context [req-e6d51de7-625c-48ee-8b50-f473259fda4e req-6296c45e-b998-4bdc-8a42-81b58642a84f service placement] found 2 providers after filtering by previous result {{(pid=95123) get_provider_ids_matching /opt/stack/placement/placement/objects/research_context.py:580}}
Sep 03 08:35:36.652987 n-d-771749-3 devstack@placement-api.service[95123]: DEBUG placement.objects.research_context [req-e6d51de7-625c-48ee-8b50-f473259fda4e req-6296c45e-b998-4bdc-8a42-81b58642a84f service placement] found 2 providers with available 1 VCPU {{(pid=95123) get_provider_ids_matching /opt/stack/placement/placement/objects/research_context.py:549}}
Sep 03 08:35:36.653709 n-d-771749-3 devstack@placement-api.service[95123]: DEBUG placement.objects.research_context [req-e6d51de7-625c-48ee-8b50-f473259fda4e req-6296c45e-b998-4bdc-8a42-81b58642a84f service placement] found 2 providers after filtering by previous result {{(pid=95123) get_provider_ids_matching /opt/stack/placement/placement/objects/research_context.py:580}}
Sep 03 08:35:36.665851 n-d-771749-3 devstack@placement-api.service[95123]: DEBUG placement.objects.allocation_candidate [req-e6d51de7-625c-48ee-8b50-f473259fda4e req-6296c45e-b998-4bdc-8a42-81b58642a84f service placement] RequestGroup(use_same_provider=False, resources={DISK_GB:1, MEMORY_MB:1024, VCPU:1}, traits=[], aggregates=[]) (suffix '') returned 2 matches {{(pid=95123) _get_by_requests /opt/stack/placement/placement/objects/allocation_candidate.py:145}}
Sep 03 08:35:36.666226 n-d-771749-3 devstack@placement-api.service[95123]: DEBUG placement.objects.allocation_candidate [req-e6d51de7-625c-48ee-8b50-f473259fda4e req-6296c45e-b998-4bdc-8a42-81b58642a84f service placement] Merging candidates yields 2 allocation requests and 2 provider summaries {{(pid=95123) _merge_candidates /opt/stack/placement/placement/objects/allocation_candidate.py:783}}
Sep 03 08:35:36.672386 n-d-771749-3 devstack@placement-api.service[95123]: INFO placement.requestlog [req-e6d51de7-625c-48ee-8b50-f473259fda4e req-6296c45e-b998-4bdc-8a42-81b58642a84f service placement] 10.222.0.49 "GET /placement/allocation_candidates?limit=1000&resources=DISK_GB%3A1%2CMEMORY_MB%3A1024%2CVCPU%3A1&root_required=%21COMPUTE_STATUS_DISABLED" status: 200 len: 1312 microversion: 1.36
Sep 03 08:35:36.673120 n-d-771749-3 devstack@placement-api.service[95123]: [pid: 95123|app: 0|req: 186/370] 10.222.0.49 () {60 vars in 1507 bytes} [Fri Sep 3 08:35:36 2021] GET /placement/allocation_candidates?limit=1000&resources=DISK_GB%3A1%2CMEMORY_MB%3A1024%2CVCPU%3A1&root_required=%21COMPUTE_STATUS_DISABLED => generated 1312 bytes in 75 msecs (HTTP/1.1 200) 8 headers in 297 bytes (2 switches on core 0)
Sep 03 08:35:36.722836 n-d-771749-3 devstack@placement-api.service[95122]: DEBUG placement.requestlog [req-e6d51de7-625c-48ee-8b50-f473259fda4e req-f15dc89a-d949-4636-917e-23c98c360960 None None] Starting request: 10.222.0.49 "GET /placement/allocations/3ef02e6f-e489-4189-96d9-1c845d558a59" {{(pid=95122) __call__ /opt/stack/placement/placement/requestlog.py:55}}
Sep 03 08:35:36.735311 n-d-771749-3 devstack@placement-api.service[95122]: INFO placement.requestlog [req-e6d51de7-625c-48ee-8b50-f473259fda4e req-f15dc89a-d949-4636-917e-23c98c360960 service placement] 10.222.0.49 "GET /placement/allocations/3ef02e6f-e489-4189-96d9-1c845d558a59" status: 200 len: 19 microversion: 1.28
Sep 03 08:35:36.735982 n-d-771749-3 devstack@placement-api.service[95122]: [pid: 95122|app: 0|req: 185/371] 10.222.0.49 () {60 vars in 1381 bytes} [Fri Sep 3 08:35:36 2021] GET /placement/allocations/3ef02e6f-e489-4189-96d9-1c845d558a59 => generated 19 bytes in 13 msecs (HTTP/1.1 200) 8 headers in 295 bytes (1 switches on core 0)
Sep 03 08:35:36.742722 n-d-771749-3 devstack@placement-api.service[95123]: DEBUG placement.requestlog [req-e6d51de7-625c-48ee-8b50-f473259fda4e req-39786a64-0d66-497b-832d-8f2b7da3a173 None None] Starting request: 10.222.0.49 "PUT /placement/allocations/3ef02e6f-e489-4189-96d9-1c845d558a59" {{(pid=95123) __call__ /opt/stack/placement/placement/requestlog.py:55}}
Sep 03 08:35:36.784930 n-d-771749-3 devstack@placement-api.service[95123]: DEBUG placement.handlers.allocation [req-e6d51de7-625c-48ee-8b50-f473259fda4e req-39786a64-0d66-497b-832d-8f2b7da3a173 service placement] Successfully wrote allocations [, , ] {{(pid=95123) _create_allocations /opt/stack/placement/placement/handlers/allocation.py:461}}
Sep 03 08:35:36.788743 n-d-771749-3 devstack@placement-api.service[95123]: INFO placement.requestlog [req-e6d51de7-625c-48ee-8b50-f473259fda4e req-39786a64-0d66-497b-832d-8f2b7da3a173 service placement] 10.222.0.49 "PUT /placement/allocations/3ef02e6f-e489-4189-96d9-1c845d558a59" status: 204 len: 0 microversion: 1.36
Sep 03 08:35:36.788951 n-d-771749-3 devstack@placement-api.service[95123]: [pid: 95123|app: 0|req: 187/372] 10.222.0.49 () {64 vars in 1434 bytes} [Fri Sep 3 08:35:36 2021] PUT /placement/allocations/3ef02e6f-e489-4189-96d9-1c845d558a59 => generated 0 bytes in 46 msecs (HTTP/1.1 204) 5 headers in 199 bytes (1 switches on core 0)
Sep 03 08:35:37.119520 n-d-771749-3 devstack@placement-api.service[95122]: DEBUG placement.requestlog [req-e6d51de7-625c-48ee-8b50-f473259fda4e req-f028e861-34d0-4655-8a29-104dc466868e None None] Starting request: 10.222.0.52 "GET /placement/allocations/3ef02e6f-e489-4189-96d9-1c845d558a59" {{(pid=95122) __call__ /opt/stack/placement/placement/requestlog.py:55}}
Sep 03 08:35:37.134328 n-d-771749-3 devstack@placement-api.service[95122]: INFO placement.requestlog [req-e6d51de7-625c-48ee-8b50-f473259fda4e req-f028e861-34d0-4655-8a29-104dc466868e service placement] 10.222.0.52 "GET /placement/allocations/3ef02e6f-e489-4189-96d9-1c845d558a59" status: 200 len: 259 microversion: 1.28
Sep 03 08:35:37.134673 n-d-771749-3 devstack@placement-api.service[95122]: [pid: 95122|app: 0|req: 186/373] 10.222.0.52 () {60 vars in 1378 bytes} [Fri Sep 3 08:35:37 2021] GET /placement/allocations/3ef02e6f-e489-4189-96d9-1c845d558a59 => generated 259 bytes in 15 msecs (HTTP/1.1 200) 8 headers in 296 bytes (1 switches on core 0)
Sep 03 08:35:45.910859 n-d-771749-3 devstack@placement-api.service[95123]: DEBUG placement.requestlog [req-96fddca0-7676-4de1-a0fe-1fc5fff75391 req-14ba6088-3d5a-4ded-85e1-d42b24bfaf1b None None] Starting request: 10.222.0.52 "GET /placement/allocations/6a025496-1d88-47b0-9c2f-335836fc5588" {{(pid=95123) __call__ /opt/stack/placement/placement/requestlog.py:55}}
Sep 03 08:35:45.946785 n-d-771749-3 devstack@placement-api.service[95123]: INFO placement.requestlog [req-96fddca0-7676-4de1-a0fe-1fc5fff75391 req-14ba6088-3d5a-4ded-85e1-d42b24bfaf1b service placement] 10.222.0.52 "GET /placement/allocations/6a025496-1d88-47b0-9c2f-335836fc5588" status: 200 len: 259 microversion: 1.28
Sep 03 08:35:45.947045 n-d-771749-3 devstack@placement-api.service[95123]: [pid: 95123|app: 0|req: 188/374] 10.222.0.52 () {60 vars in 1378 bytes} [Fri Sep 3 08:35:45 2021] GET /placement/allocations/6a025496-1d88-47b0-9c2f-335836fc5588 => generated 259 bytes in 36 msecs (HTTP/1.1 200) 8 headers in 296 bytes (1 switches on core 0)
Sep 03 08:35:46.552517 n-d-771749-3 devstack@placement-api.service[95122]: DEBUG placement.requestlog [None req-3ac8ae7f-6352-4c46-8389-bc3444446eee None None] Starting request: 10.222.0.49 "GET /placement/" {{(pid=95122) __call__ /opt/stack/placement/placement/requestlog.py:55}}
Sep 03 08:35:46.554433 n-d-771749-3 devstack@placement-api.service[95122]: INFO placement.requestlog [None req-3ac8ae7f-6352-4c46-8389-bc3444446eee None None] 10.222.0.49 "GET /placement/" status: 200 len: 136 microversion: 1.0
Sep 03 08:35:46.555088 n-d-771749-3 devstack@placement-api.service[95122]: [pid: 95122|app: 0|req: 187/375] 10.222.0.49 () {54 vars in 916 bytes} [Fri Sep 3 08:35:46 2021] GET /placement => generated 136 bytes in 3 msecs (HTTP/1.1 200) 6 headers in 224 bytes (1 switches on core 0)
Sep 03 08:35:46.564803 n-d-771749-3 devstack@placement-api.service[95123]: DEBUG placement.requestlog [req-055071b7-1ca1-475e-b884-7ca376be9d1f req-c36be4a8-b0cd-4605-bf35-53601bee6620 None None] Starting request: 10.222.0.49 "GET /placement/allocations/11a3e49b-fce3-49a1-b38f-5609e5e932d5" {{(pid=95123) __call__ /opt/stack/placement/placement/requestlog.py:55}}
Sep 03 08:35:46.644323 n-d-771749-3 devstack@placement-api.service[95123]: INFO placement.requestlog [req-055071b7-1ca1-475e-b884-7ca376be9d1f req-c36be4a8-b0cd-4605-bf35-53601bee6620 service placement] 10.222.0.49 "GET /placement/allocations/11a3e49b-fce3-49a1-b38f-5609e5e932d5" status: 200 len: 245 microversion: 1.28
Sep 03 08:35:46.645247 n-d-771749-3 devstack@placement-api.service[95123]: [pid: 95123|app: 0|req: 189/376] 10.222.0.49 () {60 vars in 1381 bytes} [Fri Sep 3 08:35:46 2021] GET /placement/allocations/11a3e49b-fce3-49a1-b38f-5609e5e932d5 => generated 245 bytes in 80 msecs (HTTP/1.1 200) 8 headers in 296 bytes (1 switches on core 0)
Sep 03 08:35:46.651628 n-d-771749-3 devstack@placement-api.service[95122]: DEBUG placement.requestlog [req-055071b7-1ca1-475e-b884-7ca376be9d1f req-930adc24-004a-4d19-9526-e8f4f444e9b3 None None] Starting request: 10.222.0.49 "GET /placement/allocations/11a3e49b-fce3-49a1-b38f-5609e5e932d5" {{(pid=95122) __call__ /opt/stack/placement/placement/requestlog.py:55}}
Sep 03 08:35:46.668525 n-d-771749-3 devstack@placement-api.service[95122]: INFO placement.requestlog [req-055071b7-1ca1-475e-b884-7ca376be9d1f req-930adc24-004a-4d19-9526-e8f4f444e9b3 service placement] 10.222.0.49 "GET /placement/allocations/11a3e49b-fce3-49a1-b38f-5609e5e932d5" status: 200 len: 245 microversion: 1.28
Sep 03 08:35:46.676856 n-d-771749-3 devstack@placement-api.service[95123]: DEBUG placement.requestlog [req-055071b7-1ca1-475e-b884-7ca376be9d1f req-11aae8a2-1054-4f48-a558-b3878bb5c1f0 None None] Starting request: 10.222.0.49 "GET /placement/allocations/dea7a11d-6554-4693-80bf-508c16b2d9b2" {{(pid=95123) __call__ /opt/stack/placement/placement/requestlog.py:55}}
Sep 03 08:35:46.686929 n-d-771749-3 devstack@placement-api.service[95122]: [pid: 95122|app: 0|req: 188/377] 10.222.0.49 () {60 vars in 1381 bytes} [Fri Sep 3 08:35:46 2021] GET /placement/allocations/11a3e49b-fce3-49a1-b38f-5609e5e932d5 => generated 245 bytes in 34 msecs (HTTP/1.1 200) 8 headers in 296 bytes (1 switches on core 0)
Sep 03 08:35:46.689591 n-d-771749-3 devstack@placement-api.service[95123]: INFO placement.requestlog [req-055071b7-1ca1-475e-b884-7ca376be9d1f req-11aae8a2-1054-4f48-a558-b3878bb5c1f0 service placement] 10.222.0.49 "GET /placement/allocations/dea7a11d-6554-4693-80bf-508c16b2d9b2" status: 200 len: 19 microversion: 1.28
Sep 03 08:35:46.689831 n-d-771749-3 devstack@placement-api.service[95123]: [pid: 95123|app: 0|req: 190/378] 10.222.0.49 () {60 vars in 1381 bytes} [Fri Sep 3 08:35:46 2021] GET /placement/allocations/dea7a11d-6554-4693-80bf-508c16b2d9b2 => generated 19 bytes in 14 msecs (HTTP/1.1 200) 8 headers in 295 bytes (2 switches on core 0)
Sep 03 08:35:46.696612 n-d-771749-3 devstack@placement-api.service[95122]: DEBUG placement.requestlog [req-055071b7-1ca1-475e-b884-7ca376be9d1f req-a5e9c989-f5df-4161-add6-eb16f010534a None None] Starting request: 10.222.0.49 "POST /placement/allocations" {{(pid=95122) __call__ /opt/stack/placement/placement/requestlog.py:55}}
Sep 03 08:35:46.898582 n-d-771749-3 devstack@placement-api.service[95122]: DEBUG placement.handlers.allocation [req-055071b7-1ca1-475e-b884-7ca376be9d1f req-a5e9c989-f5df-4161-add6-eb16f010534a service placement] Successfully wrote allocations [, , , ] {{(pid=95122) _create_allocations /opt/stack/placement/placement/handlers/allocation.py:555}}
Sep 03 08:35:46.899076 n-d-771749-3 devstack@placement-api.service[95122]: INFO placement.requestlog [req-055071b7-1ca1-475e-b884-7ca376be9d1f req-a5e9c989-f5df-4161-add6-eb16f010534a service placement] 10.222.0.49 "POST /placement/allocations" status: 204 len: 0 microversion: 1.28
Sep 03 08:35:46.899877 n-d-771749-3 devstack@placement-api.service[95122]: [pid: 95122|app: 0|req: 189/379] 10.222.0.49 () {64 vars in 1324 bytes} [Fri Sep 3 08:35:46 2021] POST /placement/allocations => generated 0 bytes in 203 msecs (HTTP/1.1 204) 5 headers in 199 bytes (2 switches on core 0)
Sep 03 08:35:46.976049 n-d-771749-3 devstack@placement-api.service[95123]: DEBUG placement.requestlog [req-055071b7-1ca1-475e-b884-7ca376be9d1f req-4b81b478-0032-4d86-95b1-5f1bf9e759b2 None None] Starting request: 10.222.0.49 "GET /placement/allocations/11a3e49b-fce3-49a1-b38f-5609e5e932d5" {{(pid=95123) __call__ /opt/stack/placement/placement/requestlog.py:55}}
Sep 03 08:35:46.997370 n-d-771749-3 devstack@placement-api.service[95123]: INFO placement.requestlog [req-055071b7-1ca1-475e-b884-7ca376be9d1f req-4b81b478-0032-4d86-95b1-5f1bf9e759b2 service placement] 10.222.0.49 "GET /placement/allocations/11a3e49b-fce3-49a1-b38f-5609e5e932d5" status: 200 len: 19 microversion: 1.28
Sep 03 08:35:47.010689 n-d-771749-3 devstack@placement-api.service[95123]: [pid: 95123|app: 0|req: 191/380] 10.222.0.49 () {60 vars in 1381 bytes} [Fri Sep 3 08:35:46 2021] GET /placement/allocations/11a3e49b-fce3-49a1-b38f-5609e5e932d5 => generated 19 bytes in 35 msecs (HTTP/1.1 200) 8 headers in 295 bytes (1 switches on core 0)
Sep 03 08:35:47.011520 n-d-771749-3 devstack@placement-api.service[95122]: DEBUG placement.requestlog [req-055071b7-1ca1-475e-b884-7ca376be9d1f req-58f75766-e034-422a-ae84-674211944deb None None] Starting request: 10.222.0.49 "PUT /placement/allocations/11a3e49b-fce3-49a1-b38f-5609e5e932d5" {{(pid=95122) __call__ /opt/stack/placement/placement/requestlog.py:55}}
Sep 03 08:35:47.101461 n-d-771749-3 devstack@placement-api.service[95122]: DEBUG placement.handlers.allocation [req-055071b7-1ca1-475e-b884-7ca376be9d1f req-58f75766-e034-422a-ae84-674211944deb service placement] Successfully wrote allocations [, ] {{(pid=95122) _create_allocations /opt/stack/placement/placement/handlers/allocation.py:461}}
