Aug 18 23:53:46.684577 n-d-771363-38 devstack@placement-api.service[95108]: [pid: 95108|app: 0|req: 17/31] 10.222.0.20 () {60 vars in 1426 bytes} [Wed Aug 18 23:53:46 2021] GET /placement/resource_providers/ffb005fa-bc6e-4fd6-98d1-570eb0d513da/aggregates => generated 91 bytes in 26 msecs (HTTP/1.1 200) 8 headers in 295 bytes (1 switches on core 0)
Aug 18 23:53:46.690971 n-d-771363-38 devstack@placement-api.service[95107]: DEBUG placement.requestlog [req-dc595262-f9fa-4e61-bc62-a11152c55e3a req-022aba94-02f0-4fa4-a46e-bd648d293b46 None None] Starting request: 10.222.0.20 "PUT /placement/resource_providers/ffb005fa-bc6e-4fd6-98d1-570eb0d513da/aggregates" {{(pid=95107) __call__ /opt/stack/placement/placement/requestlog.py:55}}
Aug 18 23:53:46.716751 n-d-771363-38 devstack@placement-api.service[95107]: DEBUG placement.objects.resource_provider [req-dc595262-f9fa-4e61-bc62-a11152c55e3a req-022aba94-02f0-4fa4-a46e-bd648d293b46 service placement] Setting aggregates for provider ffb005fa-bc6e-4fd6-98d1-570eb0d513da. Successfully disassociated aggregate f09f0a2b-ed0c-4d9d-9a1b-d06776440456. {{(pid=95107) _set_aggregates /opt/stack/placement/placement/objects/resource_provider.py:403}}
Aug 18 23:53:46.731195 n-d-771363-38 devstack@placement-api.service[95107]: INFO placement.requestlog [req-dc595262-f9fa-4e61-bc62-a11152c55e3a req-022aba94-02f0-4fa4-a46e-bd648d293b46 service placement] 10.222.0.20 "PUT /placement/resource_providers/ffb005fa-bc6e-4fd6-98d1-570eb0d513da/aggregates" status: 200 len: 53 microversion: 1.19
Aug 18 23:53:46.737305 n-d-771363-38 devstack@placement-api.service[95107]: [pid: 95107|app: 0|req: 15/32] 10.222.0.20 () {64 vars in 1478 bytes} [Wed Aug 18 23:53:46 2021] PUT /placement/resource_providers/ffb005fa-bc6e-4fd6-98d1-570eb0d513da/aggregates => generated 53 bytes in 46 msecs (HTTP/1.1 200) 8 headers in 295 bytes (1 switches on core 0)
Aug 18 23:53:47.143003 n-d-771363-38 devstack@placement-api.service[95108]: DEBUG placement.requestlog [req-e0114e0f-ef32-4c52-8bbc-486e218abb73 req-cb0b94b1-a4bc-420d-9921-b5bddc44e234 None None] Starting request: 10.222.0.20 "GET /placement/allocation_candidates?limit=1000&resources=DISK_GB%3A1%2CMEMORY_MB%3A1024%2CVCPU%3A1&root_required=%21COMPUTE_STATUS_DISABLED" {{(pid=95108) __call__ /opt/stack/placement/placement/requestlog.py:55}}
Aug 18 23:53:47.208811 n-d-771363-38 devstack@placement-api.service[95108]: DEBUG placement.objects.research_context [req-e0114e0f-ef32-4c52-8bbc-486e218abb73 req-cb0b94b1-a4bc-420d-9921-b5bddc44e234 service placement] getting providers with 1 DISK_GB {{(pid=95108) __init__ /opt/stack/placement/placement/objects/research_context.py:126}}
Aug 18 23:53:47.226470 n-d-771363-38 devstack@placement-api.service[95108]: DEBUG placement.objects.research_context [req-e0114e0f-ef32-4c52-8bbc-486e218abb73 req-cb0b94b1-a4bc-420d-9921-b5bddc44e234 service placement] getting providers with 1024 MEMORY_MB {{(pid=95108) __init__ /opt/stack/placement/placement/objects/research_context.py:126}}
Aug 18 23:53:47.251830 n-d-771363-38 devstack@placement-api.service[95108]: DEBUG placement.objects.research_context [req-e0114e0f-ef32-4c52-8bbc-486e218abb73 req-cb0b94b1-a4bc-420d-9921-b5bddc44e234 service placement] getting providers with 1 VCPU {{(pid=95108) __init__ /opt/stack/placement/placement/objects/research_context.py:126}}
Aug 18 23:53:47.274905 n-d-771363-38 devstack@placement-api.service[95108]: DEBUG placement.objects.research_context [req-e0114e0f-ef32-4c52-8bbc-486e218abb73 req-cb0b94b1-a4bc-420d-9921-b5bddc44e234 service placement] found 2 providers with available 1 DISK_GB {{(pid=95108) get_provider_ids_matching /opt/stack/placement/placement/objects/research_context.py:549}}
Aug 18 23:53:47.275457 n-d-771363-38 devstack@placement-api.service[95108]: DEBUG placement.objects.research_context [req-e0114e0f-ef32-4c52-8bbc-486e218abb73 req-cb0b94b1-a4bc-420d-9921-b5bddc44e234 service placement] found 2 providers with available 1024 MEMORY_MB {{(pid=95108) get_provider_ids_matching /opt/stack/placement/placement/objects/research_context.py:549}}
Aug 18 23:53:47.276193 n-d-771363-38 devstack@placement-api.service[95108]: DEBUG placement.objects.research_context [req-e0114e0f-ef32-4c52-8bbc-486e218abb73 req-cb0b94b1-a4bc-420d-9921-b5bddc44e234 service placement] found 2 providers after filtering by previous result {{(pid=95108) get_provider_ids_matching /opt/stack/placement/placement/objects/research_context.py:580}}
Aug 18 23:53:47.276490 n-d-771363-38 devstack@placement-api.service[95108]: DEBUG placement.objects.research_context [req-e0114e0f-ef32-4c52-8bbc-486e218abb73 req-cb0b94b1-a4bc-420d-9921-b5bddc44e234 service placement] found 2 providers with available 1 VCPU {{(pid=95108) get_provider_ids_matching /opt/stack/placement/placement/objects/research_context.py:549}}
Aug 18 23:53:47.276752 n-d-771363-38 devstack@placement-api.service[95108]: DEBUG placement.objects.research_context [req-e0114e0f-ef32-4c52-8bbc-486e218abb73 req-cb0b94b1-a4bc-420d-9921-b5bddc44e234 service placement] found 2 providers after filtering by previous result {{(pid=95108) get_provider_ids_matching /opt/stack/placement/placement/objects/research_context.py:580}}
Aug 18 23:53:47.345517 n-d-771363-38 devstack@placement-api.service[95108]: DEBUG placement.objects.allocation_candidate [req-e0114e0f-ef32-4c52-8bbc-486e218abb73 req-cb0b94b1-a4bc-420d-9921-b5bddc44e234 service placement] RequestGroup(use_same_provider=False, resources={DISK_GB:1, MEMORY_MB:1024, VCPU:1}, traits=[], aggregates=[]) (suffix '') returned 2 matches {{(pid=95108) _get_by_requests /opt/stack/placement/placement/objects/allocation_candidate.py:145}}
Aug 18 23:53:47.346134 n-d-771363-38 devstack@placement-api.service[95108]: DEBUG placement.objects.allocation_candidate [req-e0114e0f-ef32-4c52-8bbc-486e218abb73 req-cb0b94b1-a4bc-420d-9921-b5bddc44e234 service placement] Merging candidates yields 2 allocation requests and 2 provider summaries {{(pid=95108) _merge_candidates /opt/stack/placement/placement/objects/allocation_candidate.py:783}}
Aug 18 23:53:47.348290 n-d-771363-38 devstack@placement-api.service[95108]: INFO placement.requestlog [req-e0114e0f-ef32-4c52-8bbc-486e218abb73 req-cb0b94b1-a4bc-420d-9921-b5bddc44e234 service placement] 10.222.0.20 "GET /placement/allocation_candidates?limit=1000&resources=DISK_GB%3A1%2CMEMORY_MB%3A1024%2CVCPU%3A1&root_required=%21COMPUTE_STATUS_DISABLED" status: 200 len: 1306 microversion: 1.35
Aug 18 23:53:47.348692 n-d-771363-38 devstack@placement-api.service[95108]: [pid: 95108|app: 0|req: 18/33] 10.222.0.20 () {60 vars in 1507 bytes} [Wed Aug 18 23:53:47 2021] GET /placement/allocation_candidates?limit=1000&resources=DISK_GB%3A1%2CMEMORY_MB%3A1024%2CVCPU%3A1&root_required=%21COMPUTE_STATUS_DISABLED => generated 1306 bytes in 206 msecs (HTTP/1.1 200) 8 headers in 297 bytes (1 switches on core 0)
Aug 18 23:53:47.441055 n-d-771363-38 devstack@placement-api.service[95107]: DEBUG placement.requestlog [req-8b82b804-ffda-404e-b8ac-3613a00a25a4 req-334889e6-67bc-4ac3-9ccf-3181675d3447 None None] Starting request: 10.222.0.11 "GET /placement/allocations/02b5a009-bfd1-415b-975e-b55817aa537c" {{(pid=95107) __call__ /opt/stack/placement/placement/requestlog.py:55}}
Aug 18 23:53:47.472882 n-d-771363-38 devstack@placement-api.service[95107]: INFO placement.requestlog [req-8b82b804-ffda-404e-b8ac-3613a00a25a4 req-334889e6-67bc-4ac3-9ccf-3181675d3447 service placement] 10.222.0.11 "GET /placement/allocations/02b5a009-bfd1-415b-975e-b55817aa537c" status: 200 len: 258 microversion: 1.28
Aug 18 23:53:47.473191 n-d-771363-38 devstack@placement-api.service[95107]: [pid: 95107|app: 0|req: 16/34] 10.222.0.11 () {60 vars in 1378 bytes} [Wed Aug 18 23:53:47 2021] GET /placement/allocations/02b5a009-bfd1-415b-975e-b55817aa537c => generated 258 bytes in 33 msecs (HTTP/1.1 200) 8 headers in 296 bytes (2 switches on core 0)
Aug 18 23:53:47.692759 n-d-771363-38 devstack@placement-api.service[95108]: DEBUG placement.requestlog [req-e0114e0f-ef32-4c52-8bbc-486e218abb73 req-09930e30-f3b2-4c6f-9749-51c45a52d62a None None] Starting request: 10.222.0.20 "GET /placement/allocations/0d794b6c-3ef7-4cdd-8f6d-53800c6dd790" {{(pid=95108) __call__ /opt/stack/placement/placement/requestlog.py:55}}
Aug 18 23:53:47.709723 n-d-771363-38 devstack@placement-api.service[95108]: INFO placement.requestlog [req-e0114e0f-ef32-4c52-8bbc-486e218abb73 req-09930e30-f3b2-4c6f-9749-51c45a52d62a service placement] 10.222.0.20 "GET /placement/allocations/0d794b6c-3ef7-4cdd-8f6d-53800c6dd790" status: 200 len: 19 microversion: 1.28
Aug 18 23:53:47.714760 n-d-771363-38 devstack@placement-api.service[95108]: [pid: 95108|app: 0|req: 19/35] 10.222.0.20 () {60 vars in 1381 bytes} [Wed Aug 18 23:53:47 2021] GET /placement/allocations/0d794b6c-3ef7-4cdd-8f6d-53800c6dd790 => generated 19 bytes in 22 msecs (HTTP/1.1 200) 8 headers in 295 bytes (1 switches on core 0)
Aug 18 23:53:47.740144 n-d-771363-38 devstack@placement-api.service[95107]: DEBUG placement.requestlog [req-e0114e0f-ef32-4c52-8bbc-486e218abb73 req-b0120437-31c8-4f9d-a5b7-b3ce414e7277 None None] Starting request: 10.222.0.20 "PUT /placement/allocations/0d794b6c-3ef7-4cdd-8f6d-53800c6dd790" {{(pid=95107) __call__ /opt/stack/placement/placement/requestlog.py:55}}
Aug 18 23:53:47.913653 n-d-771363-38 devstack@placement-api.service[95107]: DEBUG placement.handlers.allocation [req-e0114e0f-ef32-4c52-8bbc-486e218abb73 req-b0120437-31c8-4f9d-a5b7-b3ce414e7277 service placement] Successfully wrote allocations [, , ] {{(pid=95107) _create_allocations /opt/stack/placement/placement/handlers/allocation.py:435}}
Aug 18 23:53:47.914329 n-d-771363-38 devstack@placement-api.service[95107]: INFO placement.requestlog [req-e0114e0f-ef32-4c52-8bbc-486e218abb73 req-b0120437-31c8-4f9d-a5b7-b3ce414e7277 service placement] 10.222.0.20 "PUT /placement/allocations/0d794b6c-3ef7-4cdd-8f6d-53800c6dd790" status: 204 len: 0 microversion: 1.35
Aug 18 23:53:47.914930 n-d-771363-38 devstack@placement-api.service[95107]: [pid: 95107|app: 0|req: 17/36] 10.222.0.20 () {64 vars in 1434 bytes} [Wed Aug 18 23:53:47 2021] PUT /placement/allocations/0d794b6c-3ef7-4cdd-8f6d-53800c6dd790 => generated 0 bytes in 175 msecs (HTTP/1.1 204) 5 headers in 199 bytes (1 switches on core 0)
Aug 18 23:53:48.182011 n-d-771363-38 devstack@placement-api.service[95108]: DEBUG placement.requestlog [req-c5d16c71-635d-4f8e-a903-7ac498027e09 req-a93bfab8-2232-40c2-8a00-ad7d3d3ba513 None None] Starting request: 10.222.0.21 "GET /placement/resource_providers/3fa79353-4aa1-4d18-9402-a2d4359550d6/allocations" {{(pid=95108) __call__ /opt/stack/placement/placement/requestlog.py:55}}
Aug 18 23:53:48.210225 n-d-771363-38 devstack@placement-api.service[95108]: INFO placement.requestlog [req-c5d16c71-635d-4f8e-a903-7ac498027e09 req-a93bfab8-2232-40c2-8a00-ad7d3d3ba513 service placement] 10.222.0.21 "GET /placement/resource_providers/3fa79353-4aa1-4d18-9402-a2d4359550d6/allocations" status: 200 len: 54 microversion: 1.0
Aug 18 23:53:48.215355 n-d-771363-38 devstack@placement-api.service[95108]: [pid: 95108|app: 0|req: 20/37] 10.222.0.21 () {58 vars in 1391 bytes} [Wed Aug 18 23:53:48 2021] GET /placement/resource_providers/3fa79353-4aa1-4d18-9402-a2d4359550d6/allocations => generated 54 bytes in 34 msecs (HTTP/1.1 200) 6 headers in 223 bytes (1 switches on core 0)
Aug 18 23:53:48.348505 n-d-771363-38 devstack@placement-api.service[95107]: DEBUG placement.requestlog [None req-e06c5940-ecde-4fcc-b15a-206909bb65e8 None None] Starting request: 10.222.0.20 "GET /placement/" {{(pid=95107) __call__ /opt/stack/placement/placement/requestlog.py:55}}
Aug 18 23:53:48.349491 n-d-771363-38 devstack@placement-api.service[95107]: INFO placement.requestlog [None req-e06c5940-ecde-4fcc-b15a-206909bb65e8 None None] 10.222.0.20 "GET /placement/" status: 200 len: 136 microversion: 1.0
Aug 18 23:53:48.349941 n-d-771363-38 devstack@placement-api.service[95107]: [pid: 95107|app: 0|req: 18/38] 10.222.0.20 () {54 vars in 907 bytes} [Wed Aug 18 23:53:48 2021] GET /placement => generated 136 bytes in 2 msecs (HTTP/1.1 200) 6 headers in 224 bytes (1 switches on core 0)
Aug 18 23:53:48.361817 n-d-771363-38 devstack@placement-api.service[95108]: DEBUG placement.requestlog [req-c804b716-8ccc-4cdc-a00b-5f6db1f6a117 req-1c33a002-d1ab-49c7-a2ed-19e6967d2e21 None None] Starting request: 10.222.0.20 "GET /placement/resource_providers?name=n-h2-771363-38" {{(pid=95108) __call__ /opt/stack/placement/placement/requestlog.py:55}}
Aug 18 23:53:48.530168 n-d-771363-38 devstack@placement-api.service[95108]: INFO placement.requestlog [req-c804b716-8ccc-4cdc-a00b-5f6db1f6a117 req-1c33a002-d1ab-49c7-a2ed-19e6967d2e21 service placement] 10.222.0.20 "GET /placement/resource_providers?name=n-h2-771363-38" status: 200 len: 441 microversion: 1.0
Aug 18 23:53:48.531239 n-d-771363-38 devstack@placement-api.service[95108]: [pid: 95108|app: 0|req: 21/39] 10.222.0.20 () {58 vars in 1277 bytes} [Wed Aug 18 23:53:48 2021] GET /placement/resource_providers?name=n-h2-771363-38 => generated 441 bytes in 169 msecs (HTTP/1.1 200) 6 headers in 224 bytes (1 switches on core 0)
Aug 18 23:53:48.559628 n-d-771363-38 devstack@placement-api.service[95107]: DEBUG placement.requestlog [req-c804b716-8ccc-4cdc-a00b-5f6db1f6a117 req-9786fed9-fa13-4994-93b7-a8ca1916ffbc None None] Starting request: 10.222.0.20 "GET /placement/resource_providers/ffb005fa-bc6e-4fd6-98d1-570eb0d513da/aggregates" {{(pid=95107) __call__ /opt/stack/placement/placement/requestlog.py:55}}
Aug 18 23:53:48.590843 n-d-771363-38 devstack@placement-api.service[95107]: INFO placement.requestlog [req-c804b716-8ccc-4cdc-a00b-5f6db1f6a117 req-9786fed9-fa13-4994-93b7-a8ca1916ffbc service placement] 10.222.0.20 "GET /placement/resource_providers/ffb005fa-bc6e-4fd6-98d1-570eb0d513da/aggregates" status: 200 len: 53 microversion: 1.19
Aug 18 23:53:48.591208 n-d-771363-38 devstack@placement-api.service[95107]: [pid: 95107|app: 0|req: 19/40] 10.222.0.20 () {60 vars in 1426 bytes} [Wed Aug 18 23:53:48 2021] GET /placement/resource_providers/ffb005fa-bc6e-4fd6-98d1-570eb0d513da/aggregates => generated 53 bytes in 32 msecs (HTTP/1.1 200) 8 headers in 295 bytes (1 switches on core 0)
Aug 18 23:53:48.599651 n-d-771363-38 devstack@placement-api.service[95108]: DEBUG placement.requestlog [req-c804b716-8ccc-4cdc-a00b-5f6db1f6a117 req-7c0eb1c9-15a0-4212-b870-31004ff0d051 None None] Starting request: 10.222.0.20 "PUT /placement/resource_providers/ffb005fa-bc6e-4fd6-98d1-570eb0d513da/aggregates" {{(pid=95108) __call__ /opt/stack/placement/placement/requestlog.py:55}}
Aug 18 23:53:48.625118 n-d-771363-38 devstack@placement-api.service[95108]: DEBUG placement.objects.resource_provider [req-c804b716-8ccc-4cdc-a00b-5f6db1f6a117 req-7c0eb1c9-15a0-4212-b870-31004ff0d051 service placement] _ensure_aggregate() did not find aggregate 16a01eda-a744-41b0-b90e-b84b394db148. Attempting to create it. {{(pid=95108) _ensure_aggregate /opt/stack/placement/placement/objects/resource_provider.py:320}}
Aug 18 23:53:48.642461 n-d-771363-38 devstack@placement-api.service[95108]: DEBUG placement.objects.resource_provider [req-c804b716-8ccc-4cdc-a00b-5f6db1f6a117 req-7c0eb1c9-15a0-4212-b870-31004ff0d051 service placement] _ensure_aggregate() created new aggregate 16a01eda-a744-41b0-b90e-b84b394db148 (id=2). {{(pid=95108) _ensure_aggregate /opt/stack/placement/placement/objects/resource_provider.py:326}}
Aug 18 23:53:48.647784 n-d-771363-38 devstack@placement-api.service[95108]: DEBUG placement.objects.resource_provider [req-c804b716-8ccc-4cdc-a00b-5f6db1f6a117 req-7c0eb1c9-15a0-4212-b870-31004ff0d051 service placement] Setting aggregates for provider ffb005fa-bc6e-4fd6-98d1-570eb0d513da. Successfully associated aggregate 16a01eda-a744-41b0-b90e-b84b394db148. {{(pid=95108) _set_aggregates /opt/stack/placement/placement/objects/resource_provider.py:388}}
Aug 18 23:53:48.661358 n-d-771363-38 devstack@placement-api.service[95108]: INFO placement.requestlog [req-c804b716-8ccc-4cdc-a00b-5f6db1f6a117 req-7c0eb1c9-15a0-4212-b870-31004ff0d051 service placement] 10.222.0.20 "PUT /placement/resource_providers/ffb005fa-bc6e-4fd6-98d1-570eb0d513da/aggregates" status: 200 len: 91 microversion: 1.19
Aug 18 23:53:48.662068 n-d-771363-38 devstack@placement-api.service[95108]: [pid: 95108|app: 0|req: 22/41] 10.222.0.20 () {64 vars in 1478 bytes} [Wed Aug 18 23:53:48 2021] PUT /placement/resource_providers/ffb005fa-bc6e-4fd6-98d1-570eb0d513da/aggregates => generated 91 bytes in 62 msecs (HTTP/1.1 200) 8 headers in 295 bytes (1 switches on core 0)
Aug 18 23:53:48.810696 n-d-771363-38 devstack@placement-api.service[95107]: DEBUG placement.requestlog [req-6efffd41-612b-4bd0-88dc-8f8f8a16c315 req-33a4dc4a-3473-4356-bac0-9da9fdff48aa None None] Starting request: 10.222.0.20 "GET /placement/resource_providers?name=n-h2-771363-38" {{(pid=95107) __call__ /opt/stack/placement/placement/requestlog.py:55}}
Aug 18 23:53:48.831427 n-d-771363-38 devstack@placement-api.service[95107]: INFO placement.requestlog [req-6efffd41-612b-4bd0-88dc-8f8f8a16c315 req-33a4dc4a-3473-4356-bac0-9da9fdff48aa service placement] 10.222.0.20 "GET /placement/resource_providers?name=n-h2-771363-38" status: 200 len: 441 microversion: 1.0
Aug 18 23:53:48.837377 n-d-771363-38 devstack@placement-api.service[95107]: [pid: 95107|app: 0|req: 20/42] 10.222.0.20 () {58 vars in 1277 bytes} [Wed Aug 18 23:53:48 2021] GET /placement/resource_providers?name=n-h2-771363-38 => generated 441 bytes in 27 msecs (HTTP/1.1 200) 6 headers in 224 bytes (2 switches on core 0)
Aug 18 23:53:48.852374 n-d-771363-38 devstack@placement-api.service[95108]: DEBUG placement.requestlog [req-6efffd41-612b-4bd0-88dc-8f8f8a16c315 req-7acbc2c7-ff7e-4fe5-9798-1879bdaf7ea3 None None] Starting request: 10.222.0.20 "GET /placement/resource_providers/ffb005fa-bc6e-4fd6-98d1-570eb0d513da/aggregates" {{(pid=95108) __call__ /opt/stack/placement/placement/requestlog.py:55}}
Aug 18 23:53:48.906197 n-d-771363-38 devstack@placement-api.service[95108]: INFO placement.requestlog [req-6efffd41-612b-4bd0-88dc-8f8f8a16c315 req-7acbc2c7-ff7e-4fe5-9798-1879bdaf7ea3 service placement] 10.222.0.20 "GET /placement/resource_providers/ffb005fa-bc6e-4fd6-98d1-570eb0d513da/aggregates" status: 200 len: 91 microversion: 1.19
Aug 18 23:53:48.914830 n-d-771363-38 devstack@placement-api.service[95107]: DEBUG placement.requestlog [req-6efffd41-612b-4bd0-88dc-8f8f8a16c315 req-cddc9006-c9eb-49e7-b054-be286b05dafb None None] Starting request: 10.222.0.20 "PUT /placement/resource_providers/ffb005fa-bc6e-4fd6-98d1-570eb0d513da/aggregates" {{(pid=95107) __call__ /opt/stack/placement/placement/requestlog.py:55}}
Aug 18 23:53:48.923269 n-d-771363-38 devstack@placement-api.service[95108]: [pid: 95108|app: 0|req: 23/43] 10.222.0.20 () {60 vars in 1426 bytes} [Wed Aug 18 23:53:48 2021] GET /placement/resource_providers/ffb005fa-bc6e-4fd6-98d1-570eb0d513da/aggregates => generated 91 bytes in 75 msecs (HTTP/1.1 200) 8 headers in 295 bytes (1 switches on core 0)
Aug 18 23:53:48.952829 n-d-771363-38 devstack@placement-api.service[95107]: DEBUG placement.objects.resource_provider [req-6efffd41-612b-4bd0-88dc-8f8f8a16c315 req-cddc9006-c9eb-49e7-b054-be286b05dafb service placement] Setting aggregates for provider ffb005fa-bc6e-4fd6-98d1-570eb0d513da. Successfully disassociated aggregate 16a01eda-a744-41b0-b90e-b84b394db148. {{(pid=95107) _set_aggregates /opt/stack/placement/placement/objects/resource_provider.py:403}}
Aug 18 23:53:48.962032 n-d-771363-38 devstack@placement-api.service[95107]: INFO placement.requestlog [req-6efffd41-612b-4bd0-88dc-8f8f8a16c315 req-cddc9006-c9eb-49e7-b054-be286b05dafb service placement] 10.222.0.20 "PUT /placement/resource_providers/ffb005fa-bc6e-4fd6-98d1-570eb0d513da/aggregates" status: 200 len: 53 microversion: 1.19
Aug 18 23:53:48.964639 n-d-771363-38 devstack@placement-api.service[95107]: [pid: 95107|app: 0|req: 21/44] 10.222.0.20 () {64 vars in 1478 bytes} [Wed Aug 18 23:53:48 2021] PUT /placement/resource_providers/ffb005fa-bc6e-4fd6-98d1-570eb0d513da/aggregates => generated 53 bytes in 50 msecs (HTTP/1.1 200) 8 headers in 295 bytes (2 switches on core 0)
Aug 18 23:53:49.032073 n-d-771363-38 devstack@placement-api.service[95108]: DEBUG placement.requestlog [req-e0114e0f-ef32-4c52-8bbc-486e218abb73 req-93979479-90bf-484f-90f7-43f230656a08 None None] Starting request: 10.222.0.11 "GET /placement/allocations/0d794b6c-3ef7-4cdd-8f6d-53800c6dd790" {{(pid=95108) __call__ /opt/stack/placement/placement/requestlog.py:55}}
Aug 18 23:53:49.062912 n-d-771363-38 devstack@placement-api.service[95108]: INFO placement.requestlog [req-e0114e0f-ef32-4c52-8bbc-486e218abb73 req-93979479-90bf-484f-90f7-43f230656a08 service placement] 10.222.0.11 "GET /placement/allocations/0d794b6c-3ef7-4cdd-8f6d-53800c6dd790" status: 200 len: 258 microversion: 1.28
Aug 18 23:53:49.063364 n-d-771363-38 devstack@placement-api.service[95108]: [pid: 95108|app: 0|req: 24/45] 10.222.0.11 () {60 vars in 1378 bytes} [Wed Aug 18 23:53:49 2021] GET /placement/allocations/0d794b6c-3ef7-4cdd-8f6d-53800c6dd790 => generated 258 bytes in 31 msecs (HTTP/1.1 200) 8 headers in 296 bytes (1 switches on core 0)
Aug 18 23:53:49.225294 n-d-771363-38 devstack@placement-api.service[95107]: DEBUG placement.requestlog [req-b8b4d06f-c333-40df-9dc4-ebae731bce60 req-980f4bb1-8f4d-4ccc-b2b7-cfb359a108ef None None] Starting request: 10.222.0.20 "GET /placement/resource_providers?name=n-h2-771363-38" {{(pid=95107) __call__ /opt/stack/placement/placement/requestlog.py:55}}
Aug 18 23:53:49.249626 n-d-771363-38 devstack@placement-api.service[95107]: INFO placement.requestlog [req-b8b4d06f-c333-40df-9dc4-ebae731bce60 req-980f4bb1-8f4d-4ccc-b2b7-cfb359a108ef service placement] 10.222.0.20 "GET /placement/resource_providers?name=n-h2-771363-38" status: 200 len: 441 microversion: 1.0
Aug 18 23:53:49.251210 n-d-771363-38 devstack@placement-api.service[95107]: [pid: 95107|app: 0|req: 22/46] 10.222.0.20 () {58 vars in 1277 bytes} [Wed Aug 18 23:53:49 2021] GET /placement/resource_providers?name=n-h2-771363-38 => generated 441 bytes in 26 msecs (HTTP/1.1 200) 6 headers in 224 bytes (1 switches on core 0)
Aug 18 23:53:49.256850 n-d-771363-38 devstack@placement-api.service[95108]: DEBUG placement.requestlog [req-b8b4d06f-c333-40df-9dc4-ebae731bce60 req-b5f7cb5e-8cb0-4eb1-803d-9c934f5412d5 None None] Starting request: 10.222.0.20 "GET /placement/resource_providers/ffb005fa-bc6e-4fd6-98d1-570eb0d513da/aggregates" {{(pid=95108) __call__ /opt/stack/placement/placement/requestlog.py:55}}
Aug 18 23:53:49.281884 n-d-771363-38 devstack@placement-api.service[95108]: INFO placement.requestlog [req-b8b4d06f-c333-40df-9dc4-ebae731bce60 req-b5f7cb5e-8cb0-4eb1-803d-9c934f5412d5 service placement] 10.222.0.20 "GET /placement/resource_providers/ffb005fa-bc6e-4fd6-98d1-570eb0d513da/aggregates" status: 200 len: 53 microversion: 1.19
Aug 18 23:53:49.284656 n-d-771363-38 devstack@placement-api.service[95108]: [pid: 95108|app: 0|req: 25/47] 10.222.0.20 () {60 vars in 1426 bytes} [Wed Aug 18 23:53:49 2021] GET /placement/resource_providers/ffb005fa-bc6e-4fd6-98d1-570eb0d513da/aggregates => generated 53 bytes in 28 msecs (HTTP/1.1 200) 8 headers in 295 bytes (2 switches on core 0)
Aug 18 23:53:49.293830 n-d-771363-38 devstack@placement-api.service[95107]: DEBUG placement.requestlog [req-b8b4d06f-c333-40df-9dc4-ebae731bce60 req-fbc29c20-8db9-4b12-9379-e43fa4a4cd18 None None] Starting request: 10.222.0.20 "PUT /placement/resource_providers/ffb005fa-bc6e-4fd6-98d1-570eb0d513da/aggregates" {{(pid=95107) __call__ /opt/stack/placement/placement/requestlog.py:55}}
Aug 18 23:53:49.317706 n-d-771363-38 devstack@placement-api.service[95107]: DEBUG placement.objects.resource_provider [req-b8b4d06f-c333-40df-9dc4-ebae731bce60 req-fbc29c20-8db9-4b12-9379-e43fa4a4cd18 service placement] _ensure_aggregate() did not find aggregate 38703f02-f484-4db0-b111-5ba1b557160a. Attempting to create it. {{(pid=95107) _ensure_aggregate /opt/stack/placement/placement/objects/resource_provider.py:320}}
Aug 18 23:53:49.319779 n-d-771363-38 devstack@placement-api.service[95107]: DEBUG placement.objects.resource_provider [req-b8b4d06f-c333-40df-9dc4-ebae731bce60 req-fbc29c20-8db9-4b12-9379-e43fa4a4cd18 service placement] _ensure_aggregate() created new aggregate 38703f02-f484-4db0-b111-5ba1b557160a (id=3). {{(pid=95107) _ensure_aggregate /opt/stack/placement/placement/objects/resource_provider.py:326}}
Aug 18 23:53:49.322823 n-d-771363-38 devstack@placement-api.service[95107]: DEBUG placement.objects.resource_provider [req-b8b4d06f-c333-40df-9dc4-ebae731bce60 req-fbc29c20-8db9-4b12-9379-e43fa4a4cd18 service placement] Setting aggregates for provider ffb005fa-bc6e-4fd6-98d1-570eb0d513da. Successfully associated aggregate 38703f02-f484-4db0-b111-5ba1b557160a. {{(pid=95107) _set_aggregates /opt/stack/placement/placement/objects/resource_provider.py:388}}
Aug 18 23:53:49.335396 n-d-771363-38 devstack@placement-api.service[95107]: INFO placement.requestlog [req-b8b4d06f-c333-40df-9dc4-ebae731bce60 req-fbc29c20-8db9-4b12-9379-e43fa4a4cd18 service placement] 10.222.0.20 "PUT /placement/resource_providers/ffb005fa-bc6e-4fd6-98d1-570eb0d513da/aggregates" status: 200 len: 91 microversion: 1.19
Aug 18 23:53:49.336163 n-d-771363-38 devstack@placement-api.service[95107]: [pid: 95107|app: 0|req: 23/48] 10.222.0.20 () {64 vars in 1478 bytes} [Wed Aug 18 23:53:49 2021] PUT /placement/resource_providers/ffb005fa-bc6e-4fd6-98d1-570eb0d513da/aggregates => generated 91 bytes in 43 msecs (HTTP/1.1 200) 8 headers in 295 bytes (1 switches on core 0)
Aug 18 23:53:49.461549 n-d-771363-38 devstack@placement-api.service[95108]: DEBUG placement.requestlog [req-59b924aa-0b05-4298-94a9-b9a2c70f4b95 req-627df9f8-366f-4286-9430-9386f9c73ba9 None None] Starting request: 10.222.0.20 "GET /placement/resource_providers?name=n-h2-771363-38" {{(pid=95108) __call__ /opt/stack/placement/placement/requestlog.py:55}}
Aug 18 23:53:49.490286 n-d-771363-38 devstack@placement-api.service[95108]: INFO placement.requestlog [req-59b924aa-0b05-4298-94a9-b9a2c70f4b95 req-627df9f8-366f-4286-9430-9386f9c73ba9 service placement] 10.222.0.20 "GET /placement/resource_providers?name=n-h2-771363-38" status: 200 len: 441 microversion: 1.0
Aug 18 23:53:49.490602 n-d-771363-38 devstack@placement-api.service[95108]: [pid: 95108|app: 0|req: 26/49] 10.222.0.20 () {58 vars in 1277 bytes} [Wed Aug 18 23:53:49 2021] GET /placement/resource_providers?name=n-h2-771363-38 => generated 441 bytes in 29 msecs (HTTP/1.1 200) 6 headers in 224 bytes (1 switches on core 0)
Aug 18 23:53:49.502275 n-d-771363-38 devstack@placement-api.service[95107]: DEBUG placement.requestlog [req-59b924aa-0b05-4298-94a9-b9a2c70f4b95 req-14c09e07-1838-4879-ba71-f6acf4c1f949 None None] Starting request: 10.222.0.20 "GET /placement/resource_providers/ffb005fa-bc6e-4fd6-98d1-570eb0d513da/aggregates" {{(pid=95107) __call__ /opt/stack/placement/placement/requestlog.py:55}}
Aug 18 23:53:49.546182 n-d-771363-38 devstack@placement-api.service[95107]: INFO placement.requestlog [req-59b924aa-0b05-4298-94a9-b9a2c70f4b95 req-14c09e07-1838-4879-ba71-f6acf4c1f949 service placement] 10.222.0.20 "GET /placement/resource_providers/ffb005fa-bc6e-4fd6-98d1-570eb0d513da/aggregates" status: 200 len: 91 microversion: 1.19
Aug 18 23:53:49.549220 n-d-771363-38 devstack@placement-api.service[95107]: [pid: 95107|app: 0|req: 24/50] 10.222.0.20 () {60 vars in 1426 bytes} [Wed Aug 18 23:53:49 2021] GET /placement/resource_providers/ffb005fa-bc6e-4fd6-98d1-570eb0d513da/aggregates => generated 91 bytes in 47 msecs (HTTP/1.1 200) 8 headers in 295 bytes (1 switches on core 0)
Aug 18 23:53:49.557111 n-d-771363-38 devstack@placement-api.service[95108]: DEBUG placement.requestlog [req-59b924aa-0b05-4298-94a9-b9a2c70f4b95 req-cdaa26c4-52e8-417b-97e6-f1a521d077a1 None None] Starting request: 10.222.0.20 "PUT /placement/resource_providers/ffb005fa-bc6e-4fd6-98d1-570eb0d513da/aggregates" {{(pid=95108) __call__ /opt/stack/placement/placement/requestlog.py:55}}
Aug 18 23:53:49.582311 n-d-771363-38 devstack@placement-api.service[95108]: DEBUG placement.objects.resource_provider [req-59b924aa-0b05-4298-94a9-b9a2c70f4b95 req-cdaa26c4-52e8-417b-97e6-f1a521d077a1 service placement] Setting aggregates for provider ffb005fa-bc6e-4fd6-98d1-570eb0d513da. Successfully disassociated aggregate 38703f02-f484-4db0-b111-5ba1b557160a. {{(pid=95108) _set_aggregates /opt/stack/placement/placement/objects/resource_provider.py:403}}
Aug 18 23:53:49.596232 n-d-771363-38 devstack@placement-api.service[95108]: INFO placement.requestlog [req-59b924aa-0b05-4298-94a9-b9a2c70f4b95 req-cdaa26c4-52e8-417b-97e6-f1a521d077a1 service placement] 10.222.0.20 "PUT /placement/resource_providers/ffb005fa-bc6e-4fd6-98d1-570eb0d513da/aggregates" status: 200 len: 54 microversion: 1.19
Aug 18 23:53:49.596957 n-d-771363-38 devstack@placement-api.service[95108]: [pid: 95108|app: 0|req: 27/51] 10.222.0.20 () {64 vars in 1478 bytes} [Wed Aug 18 23:53:49 2021] PUT /placement/resource_providers/ffb005fa-bc6e-4fd6-98d1-570eb0d513da/aggregates => generated 54 bytes in 40 msecs (HTTP/1.1 200) 8 headers in 295 bytes (1 switches on core 0)
Aug 18 23:53:50.318754 n-d-771363-38 devstack@placement-api.service[95107]: DEBUG placement.requestlog [req-3ec4764d-3e07-4f30-a6ef-4ccd2584a901 req-058bf3c8-3fbe-49ba-badd-6b6bdf957304 None None] Starting request: 10.222.0.20 "GET /placement/resource_providers?name=n-h2-771363-38" {{(pid=95107) __call__ /opt/stack/placement/placement/requestlog.py:55}}
Aug 18 23:53:50.340665 n-d-771363-38 devstack@placement-api.service[95107]: INFO placement.requestlog [req-3ec4764d-3e07-4f30-a6ef-4ccd2584a901 req-058bf3c8-3fbe-49ba-badd-6b6bdf957304 service placement] 10.222.0.20 "GET /placement/resource_providers?name=n-h2-771363-38" status: 200 len: 442 microversion: 1.0
Aug 18 23:53:50.346821 n-d-771363-38 devstack@placement-api.service[95107]: [pid: 95107|app: 0|req: 25/52] 10.222.0.20 () {58 vars in 1277 bytes} [Wed Aug 18 23:53:50 2021] GET /placement/resource_providers?name=n-h2-771363-38 => generated 442 bytes in 28 msecs (HTTP/1.1 200) 6 headers in 224 bytes (1 switches on core 0)
Aug 18 23:53:50.355428 n-d-771363-38 devstack@placement-api.service[95108]: DEBUG placement.requestlog [req-3ec4764d-3e07-4f30-a6ef-4ccd2584a901 req-987a7a01-20b1-4383-9f73-2a06da26aa86 None None] Starting request: 10.222.0.20 "GET /placement/resource_providers/ffb005fa-bc6e-4fd6-98d1-570eb0d513da/aggregates" {{(pid=95108) __call__ /opt/stack/placement/placement/requestlog.py:55}}
Aug 18 23:53:50.384719 n-d-771363-38 devstack@placement-api.service[95108]: INFO placement.requestlog [req-3ec4764d-3e07-4f30-a6ef-4ccd2584a901 req-987a7a01-20b1-4383-9f73-2a06da26aa86 service placement] 10.222.0.20 "GET /placement/resource_providers/ffb005fa-bc6e-4fd6-98d1-570eb0d513da/aggregates" status: 200 len: 54 microversion: 1.19
Aug 18 23:53:50.386595 n-d-771363-38 devstack@placement-api.service[95108]: [pid: 95108|app: 0|req: 28/53] 10.222.0.20 () {60 vars in 1426 bytes} [Wed Aug 18 23:53:50 2021] GET /placement/resource_providers/ffb005fa-bc6e-4fd6-98d1-570eb0d513da/aggregates => generated 54 bytes in 31 msecs (HTTP/1.1 200) 8 headers in 295 bytes (1 switches on core 0)
Aug 18 23:53:50.403317 n-d-771363-38 devstack@placement-api.service[95107]: DEBUG placement.requestlog [req-3ec4764d-3e07-4f30-a6ef-4ccd2584a901 req-dcecb5b6-804a-4ca9-a89a-72ecba739d09 None None] Starting request: 10.222.0.20 "PUT /placement/resource_providers/ffb005fa-bc6e-4fd6-98d1-570eb0d513da/aggregates" {{(pid=95107) __call__ /opt/stack/placement/placement/requestlog.py:55}}
Aug 18 23:53:50.440148 n-d-771363-38 devstack@placement-api.service[95107]: DEBUG placement.objects.resource_provider [req-3ec4764d-3e07-4f30-a6ef-4ccd2584a901 req-dcecb5b6-804a-4ca9-a89a-72ecba739d09 service placement] _ensure_aggregate() did not find aggregate 6f102965-c9ef-4bc7-9e23-b9854e5aa5cc. Attempting to create it. {{(pid=95107) _ensure_aggregate /opt/stack/placement/placement/objects/resource_provider.py:320}}
Aug 18 23:53:50.450162 n-d-771363-38 devstack@placement-api.service[95107]: DEBUG placement.objects.resource_provider [req-3ec4764d-3e07-4f30-a6ef-4ccd2584a901 req-dcecb5b6-804a-4ca9-a89a-72ecba739d09 service placement] _ensure_aggregate() created new aggregate 6f102965-c9ef-4bc7-9e23-b9854e5aa5cc (id=4). {{(pid=95107) _ensure_aggregate /opt/stack/placement/placement/objects/resource_provider.py:326}}
Aug 18 23:53:50.451823 n-d-771363-38 devstack@placement-api.service[95107]: DEBUG placement.objects.resource_provider [req-3ec4764d-3e07-4f30-a6ef-4ccd2584a901 req-dcecb5b6-804a-4ca9-a89a-72ecba739d09 service placement] Setting aggregates for provider ffb005fa-bc6e-4fd6-98d1-570eb0d513da. Successfully associated aggregate 6f102965-c9ef-4bc7-9e23-b9854e5aa5cc. {{(pid=95107) _set_aggregates /opt/stack/placement/placement/objects/resource_provider.py:388}}
Aug 18 23:53:50.468229 n-d-771363-38 devstack@placement-api.service[95107]: INFO placement.requestlog [req-3ec4764d-3e07-4f30-a6ef-4ccd2584a901 req-dcecb5b6-804a-4ca9-a89a-72ecba739d09 service placement] 10.222.0.20 "PUT /placement/resource_providers/ffb005fa-bc6e-4fd6-98d1-570eb0d513da/aggregates" status: 200 len: 92 microversion: 1.19
Aug 18 23:53:50.472368 n-d-771363-38 devstack@placement-api.service[95107]: [pid: 95107|app: 0|req: 26/54] 10.222.0.20 () {64 vars in 1478 bytes} [Wed Aug 18 23:53:50 2021] PUT /placement/resource_providers/ffb005fa-bc6e-4fd6-98d1-570eb0d513da/aggregates => generated 92 bytes in 69 msecs (HTTP/1.1 200) 8 headers in 295 bytes (1 switches on core 0)
Aug 18 23:53:52.678914 n-d-771363-38 devstack@placement-api.service[95108]: DEBUG placement.requestlog [req-f8b3e31e-2c3f-4ef0-b417-e5b49c3639b9 req-ff6133d1-8200-4716-a041-efd6f367ee7e None None] Starting request: 10.222.0.20 "GET /placement/allocation_candidates?limit=1000&resources=DISK_GB%3A1%2CMEMORY_MB%3A1024%2CVCPU%3A1&root_required=%21COMPUTE_STATUS_DISABLED" {{(pid=95108) __call__ /opt/stack/placement/placement/requestlog.py:55}}
Aug 18 23:53:52.761677 n-d-771363-38 devstack@placement-api.service[95108]: DEBUG placement.objects.research_context [req-f8b3e31e-2c3f-4ef0-b417-e5b49c3639b9 req-ff6133d1-8200-4716-a041-efd6f367ee7e service placement] getting providers with 1 DISK_GB {{(pid=95108) __init__ /opt/stack/placement/placement/objects/research_context.py:126}}
Aug 18 23:53:52.782360 n-d-771363-38 devstack@placement-api.service[95108]: DEBUG placement.objects.research_context [req-f8b3e31e-2c3f-4ef0-b417-e5b49c3639b9 req-ff6133d1-8200-4716-a041-efd6f367ee7e service placement] getting providers with 1024 MEMORY_MB {{(pid=95108) __init__ /opt/stack/placement/placement/objects/research_context.py:126}}
Aug 18 23:53:52.789765 n-d-771363-38 devstack@placement-api.service[95108]: DEBUG placement.objects.research_context [req-f8b3e31e-2c3f-4ef0-b417-e5b49c3639b9 req-ff6133d1-8200-4716-a041-efd6f367ee7e service placement] getting providers with 1 VCPU {{(pid=95108) __init__ /opt/stack/placement/placement/objects/research_context.py:126}}
Aug 18 23:53:52.805368 n-d-771363-38 devstack@placement-api.service[95108]: DEBUG placement.objects.research_context [req-f8b3e31e-2c3f-4ef0-b417-e5b49c3639b9 req-ff6133d1-8200-4716-a041-efd6f367ee7e service placement] found 2 providers with available 1 DISK_GB {{(pid=95108) get_provider_ids_matching /opt/stack/placement/placement/objects/research_context.py:549}}
Aug 18 23:53:52.805866 n-d-771363-38 devstack@placement-api.service[95108]: DEBUG placement.objects.research_context [req-f8b3e31e-2c3f-4ef0-b417-e5b49c3639b9 req-ff6133d1-8200-4716-a041-efd6f367ee7e service placement] found 2 providers with available 1024 MEMORY_MB {{(pid=95108) get_provider_ids_matching /opt/stack/placement/placement/objects/research_context.py:549}}
Aug 18 23:53:52.806303 n-d-771363-38 devstack@placement-api.service[95108]: DEBUG placement.objects.research_context [req-f8b3e31e-2c3f-4ef0-b417-e5b49c3639b9 req-ff6133d1-8200-4716-a041-efd6f367ee7e service placement] found 2 providers after filtering by previous result {{(pid=95108) get_provider_ids_matching /opt/stack/placement/placement/objects/research_context.py:580}}
Aug 18 23:53:52.806738 n-d-771363-38 devstack@placement-api.service[95108]: DEBUG placement.objects.research_context [req-f8b3e31e-2c3f-4ef0-b417-e5b49c3639b9 req-ff6133d1-8200-4716-a041-efd6f367ee7e service placement] found 2 providers with available 1 VCPU {{(pid=95108) get_provider_ids_matching /opt/stack/placement/placement/objects/research_context.py:549}}
Aug 18 23:53:52.807142 n-d-771363-38 devstack@placement-api.service[95108]: DEBUG placement.objects.research_context [req-f8b3e31e-2c3f-4ef0-b417-e5b49c3639b9 req-ff6133d1-8200-4716-a041-efd6f367ee7e service placement] found 2 providers after filtering by previous result {{(pid=95108) get_provider_ids_matching /opt/stack/placement/placement/objects/research_context.py:580}}
Aug 18 23:53:52.832496 n-d-771363-38 devstack@placement-api.service[95108]: DEBUG placement.objects.allocation_candidate [req-f8b3e31e-2c3f-4ef0-b417-e5b49c3639b9 req-ff6133d1-8200-4716-a041-efd6f367ee7e service placement] RequestGroup(use_same_provider=False, resources={DISK_GB:1, MEMORY_MB:1024, VCPU:1}, traits=[], aggregates=[]) (suffix '') returned 2 matches {{(pid=95108) _get_by_requests /opt/stack/placement/placement/objects/allocation_candidate.py:145}}
Aug 18 23:53:52.833182 n-d-771363-38 devstack@placement-api.service[95108]: DEBUG placement.objects.allocation_candidate [req-f8b3e31e-2c3f-4ef0-b417-e5b49c3639b9 req-ff6133d1-8200-4716-a041-efd6f367ee7e service placement] Merging candidates yields 2 allocation requests and 2 provider summaries {{(pid=95108) _merge_candidates /opt/stack/placement/placement/objects/allocation_candidate.py:783}}
Aug 18 23:53:52.836589 n-d-771363-38 devstack@placement-api.service[95108]: INFO placement.requestlog [req-f8b3e31e-2c3f-4ef0-b417-e5b49c3639b9 req-ff6133d1-8200-4716-a041-efd6f367ee7e service placement] 10.222.0.20 "GET /placement/allocation_candidates?limit=1000&resources=DISK_GB%3A1%2CMEMORY_MB%3A1024%2CVCPU%3A1&root_required=%21COMPUTE_STATUS_DISABLED" status: 200 len: 1306 microversion: 1.35
Aug 18 23:53:52.837742 n-d-771363-38 devstack@placement-api.service[95108]: [pid: 95108|app: 0|req: 29/55] 10.222.0.20 () {60 vars in 1507 bytes} [Wed Aug 18 23:53:52 2021] GET /placement/allocation_candidates?limit=1000&resources=DISK_GB%3A1%2CMEMORY_MB%3A1024%2CVCPU%3A1&root_required=%21COMPUTE_STATUS_DISABLED => generated 1306 bytes in 159 msecs (HTTP/1.1 200) 8 headers in 297 bytes (1 switches on core 0)
Aug 18 23:53:53.038525 n-d-771363-38 devstack@placement-api.service[95107]: DEBUG placement.requestlog [req-f8b3e31e-2c3f-4ef0-b417-e5b49c3639b9 req-4477229f-214f-4dbf-ae4b-c2abec3cba4b None None] Starting request: 10.222.0.20 "GET /placement/allocations/8708834e-8162-4ed9-b2d7-4de0a3d9cbdf" {{(pid=95107) __call__ /opt/stack/placement/placement/requestlog.py:55}}
Aug 18 23:53:53.057579 n-d-771363-38 devstack@placement-api.service[95107]: INFO placement.requestlog [req-f8b3e31e-2c3f-4ef0-b417-e5b49c3639b9 req-4477229f-214f-4dbf-ae4b-c2abec3cba4b service placement] 10.222.0.20 "GET /placement/allocations/8708834e-8162-4ed9-b2d7-4de0a3d9cbdf" status: 200 len: 19 microversion: 1.28
Aug 18 23:53:53.063369 n-d-771363-38 devstack@placement-api.service[95107]: [pid: 95107|app: 0|req: 27/56] 10.222.0.20 () {60 vars in 1381 bytes} [Wed Aug 18 23:53:53 2021] GET /placement/allocations/8708834e-8162-4ed9-b2d7-4de0a3d9cbdf => generated 19 bytes in 24 msecs (HTTP/1.1 200) 8 headers in 295 bytes (1 switches on core 0)
Aug 18 23:53:53.082386 n-d-771363-38 devstack@placement-api.service[95108]: DEBUG placement.requestlog [req-f8b3e31e-2c3f-4ef0-b417-e5b49c3639b9 req-f04d4ee8-e9fb-464a-8934-e0a45b363dc1 None None] Starting request: 10.222.0.20 "PUT /placement/allocations/8708834e-8162-4ed9-b2d7-4de0a3d9cbdf" {{(pid=95108) __call__ /opt/stack/placement/placement/requestlog.py:55}}
Aug 18 23:53:53.214350 n-d-771363-38 devstack@placement-api.service[95108]: DEBUG placement.handlers.allocation [req-f8b3e31e-2c3f-4ef0-b417-e5b49c3639b9 req-f04d4ee8-e9fb-464a-8934-e0a45b363dc1 service placement] Successfully wrote allocations [, , ] {{(pid=95108) _create_allocations /opt/stack/placement/placement/handlers/allocation.py:435}}
Aug 18 23:53:53.215353 n-d-771363-38 devstack@placement-api.service[95108]: INFO placement.requestlog [req-f8b3e31e-2c3f-4ef0-b417-e5b49c3639b9 req-f04d4ee8-e9fb-464a-8934-e0a45b363dc1 service placement] 10.222.0.20 "PUT /placement/allocations/8708834e-8162-4ed9-b2d7-4de0a3d9cbdf" status: 204 len: 0 microversion: 1.35
Aug 18 23:53:53.224746 n-d-771363-38 devstack@placement-api.service[95108]: [pid: 95108|app: 0|req: 30/57] 10.222.0.20 () {64 vars in 1434 bytes} [Wed Aug 18 23:53:53 2021] PUT /placement/allocations/8708834e-8162-4ed9-b2d7-4de0a3d9cbdf => generated 0 bytes in 134 msecs (HTTP/1.1 204) 5 headers in 199 bytes (1 switches on core 0)
Aug 18 23:54:02.333411 n-d-771363-38 devstack@placement-api.service[95107]: DEBUG placement.requestlog [req-f8b3e31e-2c3f-4ef0-b417-e5b49c3639b9 req-0a20c089-284f-4b77-8baa-4e018fe6f850 None None] Starting request: 10.222.0.11 "GET /placement/allocations/8708834e-8162-4ed9-b2d7-4de0a3d9cbdf" {{(pid=95107) __call__ /opt/stack/placement/placement/requestlog.py:55}}
Aug 18 23:54:02.358807 n-d-771363-38 devstack@placement-api.service[95107]: INFO placement.requestlog [req-f8b3e31e-2c3f-4ef0-b417-e5b49c3639b9 req-0a20c089-284f-4b77-8baa-4e018fe6f850 service placement] 10.222.0.11 "GET /placement/allocations/8708834e-8162-4ed9-b2d7-4de0a3d9cbdf" status: 200 len: 259 microversion: 1.28
Aug 18 23:54:02.359401 n-d-771363-38 devstack@placement-api.service[95107]: [pid: 95107|app: 0|req: 28/58] 10.222.0.11 () {60 vars in 1378 bytes} [Wed Aug 18 23:54:02 2021] GET /placement/allocations/8708834e-8162-4ed9-b2d7-4de0a3d9cbdf => generated 259 bytes in 27 msecs (HTTP/1.1 200) 8 headers in 296 bytes (2 switches on core 0)
Aug 18 23:54:06.205683 n-d-771363-38 devstack@placement-api.service[95108]: DEBUG placement.requestlog [req-4ed8da7c-c139-47fc-bca5-5398f449017f req-d5e5173e-bdc6-4807-bde1-e32ab30f9c9a None None] Starting request: 10.222.0.20 "GET /placement/allocation_candidates?limit=1000&resources=DISK_GB%3A1%2CMEMORY_MB%3A1024%2CVCPU%3A1&root_required=%21COMPUTE_STATUS_DISABLED" {{(pid=95108) __call__ /opt/stack/placement/placement/requestlog.py:55}}
Aug 18 23:54:06.260059 n-d-771363-38 devstack@placement-api.service[95108]: DEBUG placement.objects.research_context [req-4ed8da7c-c139-47fc-bca5-5398f449017f req-d5e5173e-bdc6-4807-bde1-e32ab30f9c9a service placement] getting providers with 1 DISK_GB {{(pid=95108) __init__ /opt/stack/placement/placement/objects/research_context.py:126}}
Aug 18 23:54:06.273943 n-d-771363-38 devstack@placement-api.service[95108]: DEBUG placement.objects.research_context [req-4ed8da7c-c139-47fc-bca5-5398f449017f req-d5e5173e-bdc6-4807-bde1-e32ab30f9c9a service placement] getting providers with 1024 MEMORY_MB {{(pid=95108) __init__ /opt/stack/placement/placement/objects/research_context.py:126}}
Aug 18 23:54:06.291121 n-d-771363-38 devstack@placement-api.service[95108]: DEBUG placement.objects.research_context [req-4ed8da7c-c139-47fc-bca5-5398f449017f req-d5e5173e-bdc6-4807-bde1-e32ab30f9c9a service placement] getting providers with 1 VCPU {{(pid=95108) __init__ /opt/stack/placement/placement/objects/research_context.py:126}}
Aug 18 23:54:06.307285 n-d-771363-38 devstack@placement-api.service[95108]: DEBUG placement.objects.research_context [req-4ed8da7c-c139-47fc-bca5-5398f449017f req-d5e5173e-bdc6-4807-bde1-e32ab30f9c9a service placement] found 2 providers with available 1 DISK_GB {{(pid=95108) get_provider_ids_matching /opt/stack/placement/placement/objects/research_context.py:549}}
Aug 18 23:54:06.307893 n-d-771363-38 devstack@placement-api.service[95108]: DEBUG placement.objects.research_context [req-4ed8da7c-c139-47fc-bca5-5398f449017f req-d5e5173e-bdc6-4807-bde1-e32ab30f9c9a service placement] found 2 providers with available 1024 MEMORY_MB {{(pid=95108) get_provider_ids_matching /opt/stack/placement/placement/objects/research_context.py:549}}
Aug 18 23:54:06.308394 n-d-771363-38 devstack@placement-api.service[95108]: DEBUG placement.objects.research_context [req-4ed8da7c-c139-47fc-bca5-5398f449017f req-d5e5173e-bdc6-4807-bde1-e32ab30f9c9a service placement] found 2 providers after filtering by previous result {{(pid=95108) get_provider_ids_matching /opt/stack/placement/placement/objects/research_context.py:580}}
Aug 18 23:54:06.308845 n-d-771363-38 devstack@placement-api.service[95108]: DEBUG placement.objects.research_context [req-4ed8da7c-c139-47fc-bca5-5398f449017f req-d5e5173e-bdc6-4807-bde1-e32ab30f9c9a service placement] found 2 providers with available 1 VCPU {{(pid=95108) get_provider_ids_matching /opt/stack/placement/placement/objects/research_context.py:549}}
Aug 18 23:54:06.309339 n-d-771363-38 devstack@placement-api.service[95108]: DEBUG placement.objects.research_context [req-4ed8da7c-c139-47fc-bca5-5398f449017f req-d5e5173e-bdc6-4807-bde1-e32ab30f9c9a service placement] found 2 providers after filtering by previous result {{(pid=95108) get_provider_ids_matching /opt/stack/placement/placement/objects/research_context.py:580}}
Aug 18 23:54:06.327331 n-d-771363-38 devstack@placement-api.service[95108]: DEBUG placement.objects.allocation_candidate [req-4ed8da7c-c139-47fc-bca5-5398f449017f req-d5e5173e-bdc6-4807-bde1-e32ab30f9c9a service placement] RequestGroup(use_same_provider=False, resources={DISK_GB:1, MEMORY_MB:1024, VCPU:1}, traits=[], aggregates=[]) (suffix '') returned 2 matches {{(pid=95108) _get_by_requests /opt/stack/placement/placement/objects/allocation_candidate.py:145}}
Aug 18 23:54:06.327911 n-d-771363-38 devstack@placement-api.service[95108]: DEBUG placement.objects.allocation_candidate [req-4ed8da7c-c139-47fc-bca5-5398f449017f req-d5e5173e-bdc6-4807-bde1-e32ab30f9c9a service placement] Merging candidates yields 2 allocation requests and 2 provider summaries {{(pid=95108) _merge_candidates /opt/stack/placement/placement/objects/allocation_candidate.py:783}}
Aug 18 23:54:06.329805 n-d-771363-38 devstack@placement-api.service[95108]: INFO placement.requestlog [req-4ed8da7c-c139-47fc-bca5-5398f449017f req-d5e5173e-bdc6-4807-bde1-e32ab30f9c9a service placement] 10.222.0.20 "GET /placement/allocation_candidates?limit=1000&resources=DISK_GB%3A1%2CMEMORY_MB%3A1024%2CVCPU%3A1&root_required=%21COMPUTE_STATUS_DISABLED" status: 200 len: 1306 microversion: 1.35
Aug 18 23:54:06.344167 n-d-771363-38 devstack@placement-api.service[95108]: [pid: 95108|app: 0|req: 31/59] 10.222.0.20 () {60 vars in 1507 bytes} [Wed Aug 18 23:54:06 2021] GET /placement/allocation_candidates?limit=1000&resources=DISK_GB%3A1%2CMEMORY_MB%3A1024%2CVCPU%3A1&root_required=%21COMPUTE_STATUS_DISABLED => generated 1306 bytes in 139 msecs (HTTP/1.1 200) 8 headers in 297 bytes (1 switches on core 0)
Aug 18 23:54:06.453325 n-d-771363-38 devstack@placement-api.service[95107]: DEBUG placement.requestlog [req-4ed8da7c-c139-47fc-bca5-5398f449017f req-04878a99-4927-46bf-b5bb-193efed4977b None None] Starting request: 10.222.0.20 "GET /placement/allocations/d0574922-85fe-4875-afc3-b16eff992d88" {{(pid=95107) __call__ /opt/stack/placement/placement/requestlog.py:55}}
Aug 18 23:54:06.473846 n-d-771363-38 devstack@placement-api.service[95107]: INFO placement.requestlog [req-4ed8da7c-c139-47fc-bca5-5398f449017f req-04878a99-4927-46bf-b5bb-193efed4977b service placement] 10.222.0.20 "GET /placement/allocations/d0574922-85fe-4875-afc3-b16eff992d88" status: 200 len: 19 microversion: 1.28
Aug 18 23:54:06.474558 n-d-771363-38 devstack@placement-api.service[95107]: [pid: 95107|app: 0|req: 29/60] 10.222.0.20 () {60 vars in 1381 bytes} [Wed Aug 18 23:54:06 2021] GET /placement/allocations/d0574922-85fe-4875-afc3-b16eff992d88 => generated 19 bytes in 21 msecs (HTTP/1.1 200) 8 headers in 295 bytes (1 switches on core 0)
Aug 18 23:54:06.481590 n-d-771363-38 devstack@placement-api.service[95108]: DEBUG placement.requestlog [req-4ed8da7c-c139-47fc-bca5-5398f449017f req-b2a2db36-a063-407b-bb20-818bbdeeb219 None None] Starting request: 10.222.0.20 "PUT /placement/allocations/d0574922-85fe-4875-afc3-b16eff992d88" {{(pid=95108) __call__ /opt/stack/placement/placement/requestlog.py:55}}
Aug 18 23:54:06.641410 n-d-771363-38 devstack@placement-api.service[95108]: DEBUG placement.handlers.allocation [req-4ed8da7c-c139-47fc-bca5-5398f449017f req-b2a2db36-a063-407b-bb20-818bbdeeb219 service placement] Successfully wrote allocations [, , ] {{(pid=95108) _create_allocations /opt/stack/placement/placement/handlers/allocation.py:435}}
Aug 18 23:54:06.642714 n-d-771363-38 devstack@placement-api.service[95108]: INFO placement.requestlog [req-4ed8da7c-c139-47fc-bca5-5398f449017f req-b2a2db36-a063-407b-bb20-818bbdeeb219 service placement] 10.222.0.20 "PUT /placement/allocations/d0574922-85fe-4875-afc3-b16eff992d88" status: 204 len: 0 microversion: 1.35
Aug 18 23:54:06.650816 n-d-771363-38 devstack@placement-api.service[95108]: [pid: 95108|app: 0|req: 32/61] 10.222.0.20 () {64 vars in 1434 bytes} [Wed Aug 18 23:54:06 2021] PUT /placement/allocations/d0574922-85fe-4875-afc3-b16eff992d88 => generated 0 bytes in 162 msecs (HTTP/1.1 204) 5 headers in 199 bytes (1 switches on core 0)
Aug 18 23:54:07.250977 n-d-771363-38 devstack@placement-api.service[95107]: DEBUG placement.requestlog [req-4ed8da7c-c139-47fc-bca5-5398f449017f req-1f152631-0a23-4aa3-9132-553571bd5a95 None None] Starting request: 10.222.0.21 "GET /placement/allocations/d0574922-85fe-4875-afc3-b16eff992d88" {{(pid=95107) __call__ /opt/stack/placement/placement/requestlog.py:55}}
