Aug 18 23:59:06.729737 n-d-771363-38 devstack@placement-api.service[95107]: DEBUG placement.requestlog [req-dc6746f9-5c41-46c9-8304-d647d856396b req-7b191826-2dea-4913-8cd7-1d0e968ea987 None None] Starting request: 10.222.0.21 "GET /placement/allocations/d4cd6698-b3c6-49a8-be24-05749467698b" {{(pid=95107) __call__ /opt/stack/placement/placement/requestlog.py:55}}
Aug 18 23:59:06.754796 n-d-771363-38 devstack@placement-api.service[95107]: INFO placement.requestlog [req-dc6746f9-5c41-46c9-8304-d647d856396b req-7b191826-2dea-4913-8cd7-1d0e968ea987 service placement] 10.222.0.21 "GET /placement/allocations/d4cd6698-b3c6-49a8-be24-05749467698b" status: 200 len: 259 microversion: 1.28
Aug 18 23:59:06.755408 n-d-771363-38 devstack@placement-api.service[95107]: [pid: 95107|app: 0|req: 206/410] 10.222.0.21 () {60 vars in 1378 bytes} [Wed Aug 18 23:59:06 2021] GET /placement/allocations/d4cd6698-b3c6-49a8-be24-05749467698b => generated 259 bytes in 26 msecs (HTTP/1.1 200) 8 headers in 296 bytes (1 switches on core 0)
Aug 18 23:59:06.907150 n-d-771363-38 devstack@placement-api.service[95108]: DEBUG placement.requestlog [req-9e6dc0db-c0ad-4324-80c7-716f32f867f1 req-bfdf7822-8286-40fc-8a42-25eec6333745 None None] Starting request: 10.222.0.21 "GET /placement/allocations/2e3a0e0a-5d64-4df3-a184-eb8e03e144cf" {{(pid=95108) __call__ /opt/stack/placement/placement/requestlog.py:55}}
Aug 18 23:59:06.930948 n-d-771363-38 devstack@placement-api.service[95108]: INFO placement.requestlog [req-9e6dc0db-c0ad-4324-80c7-716f32f867f1 req-bfdf7822-8286-40fc-8a42-25eec6333745 service placement] 10.222.0.21 "GET /placement/allocations/2e3a0e0a-5d64-4df3-a184-eb8e03e144cf" status: 200 len: 259 microversion: 1.28
Aug 18 23:59:06.935494 n-d-771363-38 devstack@placement-api.service[95108]: [pid: 95108|app: 0|req: 205/411] 10.222.0.21 () {60 vars in 1378 bytes} [Wed Aug 18 23:59:06 2021] GET /placement/allocations/2e3a0e0a-5d64-4df3-a184-eb8e03e144cf => generated 259 bytes in 28 msecs (HTTP/1.1 200) 8 headers in 296 bytes (1 switches on core 0)
Aug 18 23:59:09.252457 n-d-771363-38 devstack@placement-api.service[95107]: DEBUG placement.requestlog [req-84a06c35-7300-4e08-ae3f-62bf67e1dc5f req-a2dacfe0-ef58-4372-a3d2-82e31d68eb9d None None] Starting request: 10.222.0.20 "GET /placement/allocation_candidates?limit=1000&resources=DISK_GB%3A1%2CMEMORY_MB%3A512%2CVCPU%3A1&root_required=%21COMPUTE_STATUS_DISABLED" {{(pid=95107) __call__ /opt/stack/placement/placement/requestlog.py:55}}
Aug 18 23:59:09.387007 n-d-771363-38 devstack@placement-api.service[95107]: DEBUG placement.objects.research_context [req-84a06c35-7300-4e08-ae3f-62bf67e1dc5f req-a2dacfe0-ef58-4372-a3d2-82e31d68eb9d service placement] getting providers with 1 DISK_GB {{(pid=95107) __init__ /opt/stack/placement/placement/objects/research_context.py:126}}
Aug 18 23:59:09.395611 n-d-771363-38 devstack@placement-api.service[95107]: DEBUG placement.objects.research_context [req-84a06c35-7300-4e08-ae3f-62bf67e1dc5f req-a2dacfe0-ef58-4372-a3d2-82e31d68eb9d service placement] getting providers with 512 MEMORY_MB {{(pid=95107) __init__ /opt/stack/placement/placement/objects/research_context.py:126}}
Aug 18 23:59:09.403254 n-d-771363-38 devstack@placement-api.service[95107]: DEBUG placement.objects.research_context [req-84a06c35-7300-4e08-ae3f-62bf67e1dc5f req-a2dacfe0-ef58-4372-a3d2-82e31d68eb9d service placement] getting providers with 1 VCPU {{(pid=95107) __init__ /opt/stack/placement/placement/objects/research_context.py:126}}
Aug 18 23:59:09.412196 n-d-771363-38 devstack@placement-api.service[95107]: DEBUG placement.objects.research_context [req-84a06c35-7300-4e08-ae3f-62bf67e1dc5f req-a2dacfe0-ef58-4372-a3d2-82e31d68eb9d service placement] found 2 providers with available 1 DISK_GB {{(pid=95107) get_provider_ids_matching /opt/stack/placement/placement/objects/research_context.py:549}}
Aug 18 23:59:09.412723 n-d-771363-38 devstack@placement-api.service[95107]: DEBUG placement.objects.research_context [req-84a06c35-7300-4e08-ae3f-62bf67e1dc5f req-a2dacfe0-ef58-4372-a3d2-82e31d68eb9d service placement] found 2 providers with available 512 MEMORY_MB {{(pid=95107) get_provider_ids_matching /opt/stack/placement/placement/objects/research_context.py:549}}
Aug 18 23:59:09.413190 n-d-771363-38 devstack@placement-api.service[95107]: DEBUG placement.objects.research_context [req-84a06c35-7300-4e08-ae3f-62bf67e1dc5f req-a2dacfe0-ef58-4372-a3d2-82e31d68eb9d service placement] found 2 providers after filtering by previous result {{(pid=95107) get_provider_ids_matching /opt/stack/placement/placement/objects/research_context.py:580}}
Aug 18 23:59:09.414405 n-d-771363-38 devstack@placement-api.service[95107]: DEBUG placement.objects.research_context [req-84a06c35-7300-4e08-ae3f-62bf67e1dc5f req-a2dacfe0-ef58-4372-a3d2-82e31d68eb9d service placement] found 2 providers with available 1 VCPU {{(pid=95107) get_provider_ids_matching /opt/stack/placement/placement/objects/research_context.py:549}}
Aug 18 23:59:09.414853 n-d-771363-38 devstack@placement-api.service[95107]: DEBUG placement.objects.research_context [req-84a06c35-7300-4e08-ae3f-62bf67e1dc5f req-a2dacfe0-ef58-4372-a3d2-82e31d68eb9d service placement] found 2 providers after filtering by previous result {{(pid=95107) get_provider_ids_matching /opt/stack/placement/placement/objects/research_context.py:580}}
Aug 18 23:59:09.444933 n-d-771363-38 devstack@placement-api.service[95107]: DEBUG placement.objects.allocation_candidate [req-84a06c35-7300-4e08-ae3f-62bf67e1dc5f req-a2dacfe0-ef58-4372-a3d2-82e31d68eb9d service placement] RequestGroup(use_same_provider=False, resources={DISK_GB:1, MEMORY_MB:512, VCPU:1}, traits=[], aggregates=[]) (suffix '') returned 2 matches {{(pid=95107) _get_by_requests /opt/stack/placement/placement/objects/allocation_candidate.py:145}}
Aug 18 23:59:09.446125 n-d-771363-38 devstack@placement-api.service[95107]: DEBUG placement.objects.allocation_candidate [req-84a06c35-7300-4e08-ae3f-62bf67e1dc5f req-a2dacfe0-ef58-4372-a3d2-82e31d68eb9d service placement] Merging candidates yields 2 allocation requests and 2 provider summaries {{(pid=95107) _merge_candidates /opt/stack/placement/placement/objects/allocation_candidate.py:783}}
Aug 18 23:59:09.450986 n-d-771363-38 devstack@placement-api.service[95107]: INFO placement.requestlog [req-84a06c35-7300-4e08-ae3f-62bf67e1dc5f req-a2dacfe0-ef58-4372-a3d2-82e31d68eb9d service placement] 10.222.0.20 "GET /placement/allocation_candidates?limit=1000&resources=DISK_GB%3A1%2CMEMORY_MB%3A512%2CVCPU%3A1&root_required=%21COMPUTE_STATUS_DISABLED" status: 200 len: 1307 microversion: 1.35
Aug 18 23:59:09.457189 n-d-771363-38 devstack@placement-api.service[95107]: [pid: 95107|app: 0|req: 207/412] 10.222.0.20 () {60 vars in 1505 bytes} [Wed Aug 18 23:59:09 2021] GET /placement/allocation_candidates?limit=1000&resources=DISK_GB%3A1%2CMEMORY_MB%3A512%2CVCPU%3A1&root_required=%21COMPUTE_STATUS_DISABLED => generated 1307 bytes in 205 msecs (HTTP/1.1 200) 8 headers in 297 bytes (1 switches on core 0)
Aug 18 23:59:09.576605 n-d-771363-38 devstack@placement-api.service[95108]: DEBUG placement.requestlog [req-84a06c35-7300-4e08-ae3f-62bf67e1dc5f req-cf7c954f-7293-49dd-a244-2fe06d8f0870 None None] Starting request: 10.222.0.20 "GET /placement/allocations/2943fc42-e492-4d8f-898c-97b84802703e" {{(pid=95108) __call__ /opt/stack/placement/placement/requestlog.py:55}}
Aug 18 23:59:09.591873 n-d-771363-38 devstack@placement-api.service[95108]: INFO placement.requestlog [req-84a06c35-7300-4e08-ae3f-62bf67e1dc5f req-cf7c954f-7293-49dd-a244-2fe06d8f0870 service placement] 10.222.0.20 "GET /placement/allocations/2943fc42-e492-4d8f-898c-97b84802703e" status: 200 len: 19 microversion: 1.28
Aug 18 23:59:09.597477 n-d-771363-38 devstack@placement-api.service[95108]: [pid: 95108|app: 0|req: 206/413] 10.222.0.20 () {60 vars in 1381 bytes} [Wed Aug 18 23:59:09 2021] GET /placement/allocations/2943fc42-e492-4d8f-898c-97b84802703e => generated 19 bytes in 21 msecs (HTTP/1.1 200) 8 headers in 295 bytes (1 switches on core 0)
Aug 18 23:59:09.609454 n-d-771363-38 devstack@placement-api.service[95107]: DEBUG placement.requestlog [req-84a06c35-7300-4e08-ae3f-62bf67e1dc5f req-6dfb610a-6bf4-4b7e-9dff-a220f8310999 None None] Starting request: 10.222.0.20 "PUT /placement/allocations/2943fc42-e492-4d8f-898c-97b84802703e" {{(pid=95107) __call__ /opt/stack/placement/placement/requestlog.py:55}}
Aug 18 23:59:09.702691 n-d-771363-38 devstack@placement-api.service[95107]: DEBUG placement.handlers.allocation [req-84a06c35-7300-4e08-ae3f-62bf67e1dc5f req-6dfb610a-6bf4-4b7e-9dff-a220f8310999 service placement] Successfully wrote allocations [, , ] {{(pid=95107) _create_allocations /opt/stack/placement/placement/handlers/allocation.py:435}}
Aug 18 23:59:09.703401 n-d-771363-38 devstack@placement-api.service[95107]: INFO placement.requestlog [req-84a06c35-7300-4e08-ae3f-62bf67e1dc5f req-6dfb610a-6bf4-4b7e-9dff-a220f8310999 service placement] 10.222.0.20 "PUT /placement/allocations/2943fc42-e492-4d8f-898c-97b84802703e" status: 204 len: 0 microversion: 1.35
Aug 18 23:59:09.709818 n-d-771363-38 devstack@placement-api.service[95107]: [pid: 95107|app: 0|req: 208/414] 10.222.0.20 () {64 vars in 1434 bytes} [Wed Aug 18 23:59:09 2021] PUT /placement/allocations/2943fc42-e492-4d8f-898c-97b84802703e => generated 0 bytes in 94 msecs (HTTP/1.1 204) 5 headers in 199 bytes (3 switches on core 0)
Aug 18 23:59:10.293344 n-d-771363-38 devstack@placement-api.service[95108]: DEBUG placement.requestlog [req-84a06c35-7300-4e08-ae3f-62bf67e1dc5f req-46b0b8e0-b0fb-42e6-9a40-00b1b272aa6e None None] Starting request: 10.222.0.21 "GET /placement/allocations/2943fc42-e492-4d8f-898c-97b84802703e" {{(pid=95108) __call__ /opt/stack/placement/placement/requestlog.py:55}}
Aug 18 23:59:10.365601 n-d-771363-38 devstack@placement-api.service[95108]: INFO placement.requestlog [req-84a06c35-7300-4e08-ae3f-62bf67e1dc5f req-46b0b8e0-b0fb-42e6-9a40-00b1b272aa6e service placement] 10.222.0.21 "GET /placement/allocations/2943fc42-e492-4d8f-898c-97b84802703e" status: 200 len: 258 microversion: 1.28
Aug 18 23:59:10.366898 n-d-771363-38 devstack@placement-api.service[95108]: [pid: 95108|app: 0|req: 207/415] 10.222.0.21 () {60 vars in 1378 bytes} [Wed Aug 18 23:59:10 2021] GET /placement/allocations/2943fc42-e492-4d8f-898c-97b84802703e => generated 258 bytes in 124 msecs (HTTP/1.1 200) 8 headers in 296 bytes (1 switches on core 0)
Aug 18 23:59:13.761067 n-d-771363-38 devstack@placement-api.service[95107]: DEBUG placement.requestlog [req-ca1a3e73-e846-472d-9d6d-ef0a3f06d344 req-6f8823fa-65c4-492e-a66f-bfccd0e83566 None None] Starting request: 10.222.0.21 "GET /placement/allocations/2bb0a77a-8512-40e5-9802-429275f9d82e" {{(pid=95107) __call__ /opt/stack/placement/placement/requestlog.py:55}}
Aug 18 23:59:13.776136 n-d-771363-38 devstack@placement-api.service[95107]: INFO placement.requestlog [req-ca1a3e73-e846-472d-9d6d-ef0a3f06d344 req-6f8823fa-65c4-492e-a66f-bfccd0e83566 service placement] 10.222.0.21 "GET /placement/allocations/2bb0a77a-8512-40e5-9802-429275f9d82e" status: 200 len: 259 microversion: 1.28
Aug 18 23:59:13.776469 n-d-771363-38 devstack@placement-api.service[95107]: [pid: 95107|app: 0|req: 209/416] 10.222.0.21 () {60 vars in 1378 bytes} [Wed Aug 18 23:59:13 2021] GET /placement/allocations/2bb0a77a-8512-40e5-9802-429275f9d82e => generated 259 bytes in 16 msecs (HTTP/1.1 200) 8 headers in 296 bytes (1 switches on core 0)
Aug 18 23:59:13.784537 n-d-771363-38 devstack@placement-api.service[95108]: DEBUG placement.requestlog [req-ca1a3e73-e846-472d-9d6d-ef0a3f06d344 req-8d2fb8ad-155d-4735-b012-5cadaddfb202 None None] Starting request: 10.222.0.21 "PUT /placement/allocations/2bb0a77a-8512-40e5-9802-429275f9d82e" {{(pid=95108) __call__ /opt/stack/placement/placement/requestlog.py:55}}
Aug 18 23:59:13.864990 n-d-771363-38 devstack@placement-api.service[95108]: DEBUG placement.handlers.allocation [req-ca1a3e73-e846-472d-9d6d-ef0a3f06d344 req-8d2fb8ad-155d-4735-b012-5cadaddfb202 service placement] Successfully wrote allocations [, , ] {{(pid=95108) _create_allocations /opt/stack/placement/placement/handlers/allocation.py:435}}
Aug 18 23:59:13.866002 n-d-771363-38 devstack@placement-api.service[95108]: INFO placement.requestlog [req-ca1a3e73-e846-472d-9d6d-ef0a3f06d344 req-8d2fb8ad-155d-4735-b012-5cadaddfb202 service placement] 10.222.0.21 "PUT /placement/allocations/2bb0a77a-8512-40e5-9802-429275f9d82e" status: 204 len: 0 microversion: 1.28
Aug 18 23:59:13.866823 n-d-771363-38 devstack@placement-api.service[95108]: [pid: 95108|app: 0|req: 208/417] 10.222.0.21 () {64 vars in 1431 bytes} [Wed Aug 18 23:59:13 2021] PUT /placement/allocations/2bb0a77a-8512-40e5-9802-429275f9d82e => generated 0 bytes in 82 msecs (HTTP/1.1 204) 5 headers in 199 bytes (1 switches on core 0)
Aug 18 23:59:19.231913 n-d-771363-38 devstack@placement-api.service[95107]: DEBUG placement.requestlog [req-c5a295c2-e6be-4f51-baa1-e8c949a2053f req-1723c0fa-a2d9-4266-8ef0-803a39b23b9c None None] Starting request: 10.222.0.11 "GET /placement/allocations/2969c343-cbf0-46e5-a0ba-fdb39344f359" {{(pid=95107) __call__ /opt/stack/placement/placement/requestlog.py:55}}
Aug 18 23:59:19.237347 n-d-771363-38 devstack@placement-api.service[95108]: DEBUG placement.requestlog [req-9fae167c-f585-4473-a07f-7fb76976799a req-5b741f75-16e6-440d-b988-5004723b39ef None None] Starting request: 10.222.0.20 "GET /placement/allocation_candidates?limit=1000&resources=DISK_GB%3A1%2CMEMORY_MB%3A1024%2CVCPU%3A1&root_required=%21COMPUTE_STATUS_DISABLED" {{(pid=95108) __call__ /opt/stack/placement/placement/requestlog.py:55}}
Aug 18 23:59:19.272157 n-d-771363-38 devstack@placement-api.service[95107]: INFO placement.requestlog [req-c5a295c2-e6be-4f51-baa1-e8c949a2053f req-1723c0fa-a2d9-4266-8ef0-803a39b23b9c service placement] 10.222.0.11 "GET /placement/allocations/2969c343-cbf0-46e5-a0ba-fdb39344f359" status: 200 len: 259 microversion: 1.28
Aug 18 23:59:19.272959 n-d-771363-38 devstack@placement-api.service[95107]: [pid: 95107|app: 0|req: 210/418] 10.222.0.11 () {60 vars in 1378 bytes} [Wed Aug 18 23:59:19 2021] GET /placement/allocations/2969c343-cbf0-46e5-a0ba-fdb39344f359 => generated 259 bytes in 41 msecs (HTTP/1.1 200) 8 headers in 296 bytes (1 switches on core 0)
Aug 18 23:59:19.281541 n-d-771363-38 devstack@placement-api.service[95107]: DEBUG placement.requestlog [req-c5a295c2-e6be-4f51-baa1-e8c949a2053f req-2f9b0fee-fae5-48a5-9bd8-edfd9d8b8b7b None None] Starting request: 10.222.0.11 "PUT /placement/allocations/2969c343-cbf0-46e5-a0ba-fdb39344f359" {{(pid=95107) __call__ /opt/stack/placement/placement/requestlog.py:55}}
Aug 18 23:59:19.302813 n-d-771363-38 devstack@placement-api.service[95108]: DEBUG placement.objects.research_context [req-9fae167c-f585-4473-a07f-7fb76976799a req-5b741f75-16e6-440d-b988-5004723b39ef service placement] getting providers with 1 DISK_GB {{(pid=95108) __init__ /opt/stack/placement/placement/objects/research_context.py:126}}
Aug 18 23:59:19.310381 n-d-771363-38 devstack@placement-api.service[95108]: DEBUG placement.objects.research_context [req-9fae167c-f585-4473-a07f-7fb76976799a req-5b741f75-16e6-440d-b988-5004723b39ef service placement] getting providers with 1024 MEMORY_MB {{(pid=95108) __init__ /opt/stack/placement/placement/objects/research_context.py:126}}
Aug 18 23:59:19.330481 n-d-771363-38 devstack@placement-api.service[95108]: DEBUG placement.objects.research_context [req-9fae167c-f585-4473-a07f-7fb76976799a req-5b741f75-16e6-440d-b988-5004723b39ef service placement] getting providers with 1 VCPU {{(pid=95108) __init__ /opt/stack/placement/placement/objects/research_context.py:126}}
Aug 18 23:59:19.357088 n-d-771363-38 devstack@placement-api.service[95108]: DEBUG placement.objects.research_context [req-9fae167c-f585-4473-a07f-7fb76976799a req-5b741f75-16e6-440d-b988-5004723b39ef service placement] found 2 providers with available 1 DISK_GB {{(pid=95108) get_provider_ids_matching /opt/stack/placement/placement/objects/research_context.py:549}}
Aug 18 23:59:19.358191 n-d-771363-38 devstack@placement-api.service[95108]: DEBUG placement.objects.research_context [req-9fae167c-f585-4473-a07f-7fb76976799a req-5b741f75-16e6-440d-b988-5004723b39ef service placement] found 2 providers with available 1024 MEMORY_MB {{(pid=95108) get_provider_ids_matching /opt/stack/placement/placement/objects/research_context.py:549}}
Aug 18 23:59:19.358645 n-d-771363-38 devstack@placement-api.service[95108]: DEBUG placement.objects.research_context [req-9fae167c-f585-4473-a07f-7fb76976799a req-5b741f75-16e6-440d-b988-5004723b39ef service placement] found 2 providers after filtering by previous result {{(pid=95108) get_provider_ids_matching /opt/stack/placement/placement/objects/research_context.py:580}}
Aug 18 23:59:19.359245 n-d-771363-38 devstack@placement-api.service[95108]: DEBUG placement.objects.research_context [req-9fae167c-f585-4473-a07f-7fb76976799a req-5b741f75-16e6-440d-b988-5004723b39ef service placement] found 2 providers with available 1 VCPU {{(pid=95108) get_provider_ids_matching /opt/stack/placement/placement/objects/research_context.py:549}}
Aug 18 23:59:19.359728 n-d-771363-38 devstack@placement-api.service[95108]: DEBUG placement.objects.research_context [req-9fae167c-f585-4473-a07f-7fb76976799a req-5b741f75-16e6-440d-b988-5004723b39ef service placement] found 2 providers after filtering by previous result {{(pid=95108) get_provider_ids_matching /opt/stack/placement/placement/objects/research_context.py:580}}
Aug 18 23:59:19.390965 n-d-771363-38 devstack@placement-api.service[95108]: DEBUG placement.objects.allocation_candidate [req-9fae167c-f585-4473-a07f-7fb76976799a req-5b741f75-16e6-440d-b988-5004723b39ef service placement] RequestGroup(use_same_provider=False, resources={DISK_GB:1, MEMORY_MB:1024, VCPU:1}, traits=[], aggregates=[]) (suffix '') returned 2 matches {{(pid=95108) _get_by_requests /opt/stack/placement/placement/objects/allocation_candidate.py:145}}
Aug 18 23:59:19.391623 n-d-771363-38 devstack@placement-api.service[95108]: DEBUG placement.objects.allocation_candidate [req-9fae167c-f585-4473-a07f-7fb76976799a req-5b741f75-16e6-440d-b988-5004723b39ef service placement] Merging candidates yields 2 allocation requests and 2 provider summaries {{(pid=95108) _merge_candidates /opt/stack/placement/placement/objects/allocation_candidate.py:783}}
Aug 18 23:59:19.395024 n-d-771363-38 devstack@placement-api.service[95108]: INFO placement.requestlog [req-9fae167c-f585-4473-a07f-7fb76976799a req-5b741f75-16e6-440d-b988-5004723b39ef service placement] 10.222.0.20 "GET /placement/allocation_candidates?limit=1000&resources=DISK_GB%3A1%2CMEMORY_MB%3A1024%2CVCPU%3A1&root_required=%21COMPUTE_STATUS_DISABLED" status: 200 len: 1309 microversion: 1.35
Aug 18 23:59:19.395972 n-d-771363-38 devstack@placement-api.service[95108]: [pid: 95108|app: 0|req: 209/419] 10.222.0.20 () {60 vars in 1507 bytes} [Wed Aug 18 23:59:19 2021] GET /placement/allocation_candidates?limit=1000&resources=DISK_GB%3A1%2CMEMORY_MB%3A1024%2CVCPU%3A1&root_required=%21COMPUTE_STATUS_DISABLED => generated 1309 bytes in 159 msecs (HTTP/1.1 200) 8 headers in 297 bytes (1 switches on core 0)
Aug 18 23:59:19.414115 n-d-771363-38 devstack@placement-api.service[95107]: DEBUG placement.handlers.allocation [req-c5a295c2-e6be-4f51-baa1-e8c949a2053f req-2f9b0fee-fae5-48a5-9bd8-edfd9d8b8b7b service placement] Successfully wrote allocations [, , ] {{(pid=95107) _create_allocations /opt/stack/placement/placement/handlers/allocation.py:435}}
Aug 18 23:59:19.414527 n-d-771363-38 devstack@placement-api.service[95107]: INFO placement.requestlog [req-c5a295c2-e6be-4f51-baa1-e8c949a2053f req-2f9b0fee-fae5-48a5-9bd8-edfd9d8b8b7b service placement] 10.222.0.11 "PUT /placement/allocations/2969c343-cbf0-46e5-a0ba-fdb39344f359" status: 204 len: 0 microversion: 1.28
Aug 18 23:59:19.415165 n-d-771363-38 devstack@placement-api.service[95107]: [pid: 95107|app: 0|req: 211/420] 10.222.0.11 () {64 vars in 1431 bytes} [Wed Aug 18 23:59:19 2021] PUT /placement/allocations/2969c343-cbf0-46e5-a0ba-fdb39344f359 => generated 0 bytes in 133 msecs (HTTP/1.1 204) 5 headers in 199 bytes (1 switches on core 0)
Aug 18 23:59:19.585695 n-d-771363-38 devstack@placement-api.service[95108]: DEBUG placement.requestlog [req-9fae167c-f585-4473-a07f-7fb76976799a req-8316f0df-5107-4b96-b82c-74b7c67cd47b None None] Starting request: 10.222.0.20 "GET /placement/allocations/8c5b7786-af7d-4245-b1a7-cfc3ba3383c3" {{(pid=95108) __call__ /opt/stack/placement/placement/requestlog.py:55}}
Aug 18 23:59:19.621001 n-d-771363-38 devstack@placement-api.service[95108]: INFO placement.requestlog [req-9fae167c-f585-4473-a07f-7fb76976799a req-8316f0df-5107-4b96-b82c-74b7c67cd47b service placement] 10.222.0.20 "GET /placement/allocations/8c5b7786-af7d-4245-b1a7-cfc3ba3383c3" status: 200 len: 19 microversion: 1.28
Aug 18 23:59:19.623760 n-d-771363-38 devstack@placement-api.service[95108]: [pid: 95108|app: 0|req: 210/421] 10.222.0.20 () {60 vars in 1381 bytes} [Wed Aug 18 23:59:19 2021] GET /placement/allocations/8c5b7786-af7d-4245-b1a7-cfc3ba3383c3 => generated 19 bytes in 38 msecs (HTTP/1.1 200) 8 headers in 295 bytes (1 switches on core 0)
Aug 18 23:59:19.631255 n-d-771363-38 devstack@placement-api.service[95107]: DEBUG placement.requestlog [req-9fae167c-f585-4473-a07f-7fb76976799a req-4e17e0f5-89ba-4dee-9a12-74a8db57cd06 None None] Starting request: 10.222.0.20 "PUT /placement/allocations/8c5b7786-af7d-4245-b1a7-cfc3ba3383c3" {{(pid=95107) __call__ /opt/stack/placement/placement/requestlog.py:55}}
Aug 18 23:59:19.781145 n-d-771363-38 devstack@placement-api.service[95107]: DEBUG placement.handlers.allocation [req-9fae167c-f585-4473-a07f-7fb76976799a req-4e17e0f5-89ba-4dee-9a12-74a8db57cd06 service placement] Successfully wrote allocations [, , ] {{(pid=95107) _create_allocations /opt/stack/placement/placement/handlers/allocation.py:435}}
Aug 18 23:59:19.781773 n-d-771363-38 devstack@placement-api.service[95107]: INFO placement.requestlog [req-9fae167c-f585-4473-a07f-7fb76976799a req-4e17e0f5-89ba-4dee-9a12-74a8db57cd06 service placement] 10.222.0.20 "PUT /placement/allocations/8c5b7786-af7d-4245-b1a7-cfc3ba3383c3" status: 204 len: 0 microversion: 1.35
Aug 18 23:59:19.782122 n-d-771363-38 devstack@placement-api.service[95107]: [pid: 95107|app: 0|req: 212/422] 10.222.0.20 () {64 vars in 1434 bytes} [Wed Aug 18 23:59:19 2021] PUT /placement/allocations/8c5b7786-af7d-4245-b1a7-cfc3ba3383c3 => generated 0 bytes in 151 msecs (HTTP/1.1 204) 5 headers in 199 bytes (1 switches on core 0)
Aug 18 23:59:20.299817 n-d-771363-38 devstack@placement-api.service[95108]: DEBUG placement.requestlog [req-9fae167c-f585-4473-a07f-7fb76976799a req-8db985e1-1e7b-41c8-982b-a903f08d0c9b None None] Starting request: 10.222.0.11 "GET /placement/allocations/8c5b7786-af7d-4245-b1a7-cfc3ba3383c3" {{(pid=95108) __call__ /opt/stack/placement/placement/requestlog.py:55}}
Aug 18 23:59:20.326593 n-d-771363-38 devstack@placement-api.service[95108]: INFO placement.requestlog [req-9fae167c-f585-4473-a07f-7fb76976799a req-8db985e1-1e7b-41c8-982b-a903f08d0c9b service placement] 10.222.0.11 "GET /placement/allocations/8c5b7786-af7d-4245-b1a7-cfc3ba3383c3" status: 200 len: 259 microversion: 1.28
Aug 18 23:59:20.329559 n-d-771363-38 devstack@placement-api.service[95108]: [pid: 95108|app: 0|req: 211/423] 10.222.0.11 () {60 vars in 1378 bytes} [Wed Aug 18 23:59:20 2021] GET /placement/allocations/8c5b7786-af7d-4245-b1a7-cfc3ba3383c3 => generated 259 bytes in 28 msecs (HTTP/1.1 200) 8 headers in 296 bytes (1 switches on core 0)
Aug 18 23:59:25.270757 n-d-771363-38 devstack@placement-api.service[95107]: DEBUG placement.requestlog [req-3faaaffc-6f50-4a1f-b61a-fac4a6d31dbb req-b76f344d-5fdd-4da5-a16a-7bde0aac056c None None] Starting request: 10.222.0.21 "GET /placement/allocations/0ae7392b-1b07-40a7-af32-8a7485b92f30" {{(pid=95107) __call__ /opt/stack/placement/placement/requestlog.py:55}}
Aug 18 23:59:25.318138 n-d-771363-38 devstack@placement-api.service[95107]: INFO placement.requestlog [req-3faaaffc-6f50-4a1f-b61a-fac4a6d31dbb req-b76f344d-5fdd-4da5-a16a-7bde0aac056c service placement] 10.222.0.21 "GET /placement/allocations/0ae7392b-1b07-40a7-af32-8a7485b92f30" status: 200 len: 258 microversion: 1.28
Aug 18 23:59:25.328115 n-d-771363-38 devstack@placement-api.service[95107]: [pid: 95107|app: 0|req: 213/424] 10.222.0.21 () {60 vars in 1378 bytes} [Wed Aug 18 23:59:25 2021] GET /placement/allocations/0ae7392b-1b07-40a7-af32-8a7485b92f30 => generated 258 bytes in 58 msecs (HTTP/1.1 200) 8 headers in 296 bytes (1 switches on core 0)
Aug 18 23:59:25.586283 n-d-771363-38 devstack@placement-api.service[95108]: DEBUG placement.requestlog [req-9e6dc0db-c0ad-4324-80c7-716f32f867f1 req-258e1621-eaa1-4d4c-a938-8278b15ad418 None None] Starting request: 10.222.0.11 "GET /placement/resource_providers/ffb005fa-bc6e-4fd6-98d1-570eb0d513da/allocations" {{(pid=95108) __call__ /opt/stack/placement/placement/requestlog.py:55}}
Aug 18 23:59:25.635614 n-d-771363-38 devstack@placement-api.service[95108]: INFO placement.requestlog [req-9e6dc0db-c0ad-4324-80c7-716f32f867f1 req-258e1621-eaa1-4d4c-a938-8278b15ad418 service placement] 10.222.0.11 "GET /placement/resource_providers/ffb005fa-bc6e-4fd6-98d1-570eb0d513da/allocations" status: 200 len: 659 microversion: 1.0
Aug 18 23:59:25.637365 n-d-771363-38 devstack@placement-api.service[95108]: [pid: 95108|app: 0|req: 212/425] 10.222.0.11 () {58 vars in 1391 bytes} [Wed Aug 18 23:59:25 2021] GET /placement/resource_providers/ffb005fa-bc6e-4fd6-98d1-570eb0d513da/allocations => generated 659 bytes in 51 msecs (HTTP/1.1 200) 6 headers in 224 bytes (1 switches on core 0)
Aug 18 23:59:25.640666 n-d-771363-38 devstack@placement-api.service[95107]: DEBUG placement.requestlog [req-3faaaffc-6f50-4a1f-b61a-fac4a6d31dbb req-9cd5c65e-f591-4e0e-abdd-5e81b62ebdf9 None None] Starting request: 10.222.0.21 "PUT /placement/allocations/0ae7392b-1b07-40a7-af32-8a7485b92f30" {{(pid=95107) __call__ /opt/stack/placement/placement/requestlog.py:55}}
Aug 18 23:59:25.749461 n-d-771363-38 devstack@placement-api.service[95107]: DEBUG placement.handlers.allocation [req-3faaaffc-6f50-4a1f-b61a-fac4a6d31dbb req-9cd5c65e-f591-4e0e-abdd-5e81b62ebdf9 service placement] Successfully wrote allocations [, , ] {{(pid=95107) _create_allocations /opt/stack/placement/placement/handlers/allocation.py:435}}
Aug 18 23:59:25.749962 n-d-771363-38 devstack@placement-api.service[95107]: INFO placement.requestlog [req-3faaaffc-6f50-4a1f-b61a-fac4a6d31dbb req-9cd5c65e-f591-4e0e-abdd-5e81b62ebdf9 service placement] 10.222.0.21 "PUT /placement/allocations/0ae7392b-1b07-40a7-af32-8a7485b92f30" status: 204 len: 0 microversion: 1.28
Aug 18 23:59:25.750470 n-d-771363-38 devstack@placement-api.service[95107]: [pid: 95107|app: 0|req: 214/426] 10.222.0.21 () {64 vars in 1431 bytes} [Wed Aug 18 23:59:25 2021] PUT /placement/allocations/0ae7392b-1b07-40a7-af32-8a7485b92f30 => generated 0 bytes in 110 msecs (HTTP/1.1 204) 5 headers in 199 bytes (1 switches on core 0)
Aug 18 23:59:26.035717 n-d-771363-38 devstack@placement-api.service[95108]: DEBUG placement.requestlog [req-9e6dc0db-c0ad-4324-80c7-716f32f867f1 req-5ae75383-a61d-4dd3-91e6-a3bc304148d5 None None] Starting request: 10.222.0.11 "GET /placement/allocations/0d952bd8-0000-4533-9d80-f23fb0ee4bff" {{(pid=95108) __call__ /opt/stack/placement/placement/requestlog.py:55}}
Aug 18 23:59:26.061970 n-d-771363-38 devstack@placement-api.service[95108]: INFO placement.requestlog [req-9e6dc0db-c0ad-4324-80c7-716f32f867f1 req-5ae75383-a61d-4dd3-91e6-a3bc304148d5 service placement] 10.222.0.11 "GET /placement/allocations/0d952bd8-0000-4533-9d80-f23fb0ee4bff" status: 200 len: 259 microversion: 1.28
Aug 18 23:59:26.064058 n-d-771363-38 devstack@placement-api.service[95108]: [pid: 95108|app: 0|req: 213/427] 10.222.0.11 () {60 vars in 1378 bytes} [Wed Aug 18 23:59:26 2021] GET /placement/allocations/0d952bd8-0000-4533-9d80-f23fb0ee4bff => generated 259 bytes in 29 msecs (HTTP/1.1 200) 8 headers in 296 bytes (1 switches on core 0)
Aug 18 23:59:26.072770 n-d-771363-38 devstack@placement-api.service[95107]: DEBUG placement.requestlog [req-9e6dc0db-c0ad-4324-80c7-716f32f867f1 req-57dabcd8-4330-4659-9bc8-c6b24c095d41 None None] Starting request: 10.222.0.11 "PUT /placement/allocations/0d952bd8-0000-4533-9d80-f23fb0ee4bff" {{(pid=95107) __call__ /opt/stack/placement/placement/requestlog.py:55}}
Aug 18 23:59:26.148051 n-d-771363-38 devstack@placement-api.service[95107]: DEBUG placement.handlers.allocation [req-9e6dc0db-c0ad-4324-80c7-716f32f867f1 req-57dabcd8-4330-4659-9bc8-c6b24c095d41 service placement] Successfully wrote allocations [, , ] {{(pid=95107) _create_allocations /opt/stack/placement/placement/handlers/allocation.py:435}}
Aug 18 23:59:26.148639 n-d-771363-38 devstack@placement-api.service[95107]: INFO placement.requestlog [req-9e6dc0db-c0ad-4324-80c7-716f32f867f1 req-57dabcd8-4330-4659-9bc8-c6b24c095d41 service placement] 10.222.0.11 "PUT /placement/allocations/0d952bd8-0000-4533-9d80-f23fb0ee4bff" status: 204 len: 0 microversion: 1.28
Aug 18 23:59:26.151178 n-d-771363-38 devstack@placement-api.service[95107]: [pid: 95107|app: 0|req: 215/428] 10.222.0.11 () {64 vars in 1431 bytes} [Wed Aug 18 23:59:26 2021] PUT /placement/allocations/0d952bd8-0000-4533-9d80-f23fb0ee4bff => generated 0 bytes in 76 msecs (HTTP/1.1 204) 5 headers in 199 bytes (2 switches on core 0)
Aug 18 23:59:27.055031 n-d-771363-38 devstack@placement-api.service[95108]: DEBUG placement.requestlog [req-059ca195-e7dd-4c83-b9f2-4995db50c985 req-6abcf231-1e52-4d08-a6ab-a4cc0822dd53 None None] Starting request: 10.222.0.20 "GET /placement/allocation_candidates?limit=1000&resources=DISK_GB%3A1%2CMEMORY_MB%3A1024%2CVCPU%3A1&root_required=%21COMPUTE_STATUS_DISABLED" {{(pid=95108) __call__ /opt/stack/placement/placement/requestlog.py:55}}
Aug 18 23:59:27.124518 n-d-771363-38 devstack@placement-api.service[95108]: DEBUG placement.objects.research_context [req-059ca195-e7dd-4c83-b9f2-4995db50c985 req-6abcf231-1e52-4d08-a6ab-a4cc0822dd53 service placement] getting providers with 1 DISK_GB {{(pid=95108) __init__ /opt/stack/placement/placement/objects/research_context.py:126}}
Aug 18 23:59:27.135385 n-d-771363-38 devstack@placement-api.service[95108]: DEBUG placement.objects.research_context [req-059ca195-e7dd-4c83-b9f2-4995db50c985 req-6abcf231-1e52-4d08-a6ab-a4cc0822dd53 service placement] getting providers with 1024 MEMORY_MB {{(pid=95108) __init__ /opt/stack/placement/placement/objects/research_context.py:126}}
Aug 18 23:59:27.147073 n-d-771363-38 devstack@placement-api.service[95108]: DEBUG placement.objects.research_context [req-059ca195-e7dd-4c83-b9f2-4995db50c985 req-6abcf231-1e52-4d08-a6ab-a4cc0822dd53 service placement] getting providers with 1 VCPU {{(pid=95108) __init__ /opt/stack/placement/placement/objects/research_context.py:126}}
Aug 18 23:59:27.177435 n-d-771363-38 devstack@placement-api.service[95108]: DEBUG placement.objects.research_context [req-059ca195-e7dd-4c83-b9f2-4995db50c985 req-6abcf231-1e52-4d08-a6ab-a4cc0822dd53 service placement] found 2 providers with available 1 DISK_GB {{(pid=95108) get_provider_ids_matching /opt/stack/placement/placement/objects/research_context.py:549}}
Aug 18 23:59:27.179618 n-d-771363-38 devstack@placement-api.service[95108]: DEBUG placement.objects.research_context [req-059ca195-e7dd-4c83-b9f2-4995db50c985 req-6abcf231-1e52-4d08-a6ab-a4cc0822dd53 service placement] found 2 providers with available 1024 MEMORY_MB {{(pid=95108) get_provider_ids_matching /opt/stack/placement/placement/objects/research_context.py:549}}
Aug 18 23:59:27.180255 n-d-771363-38 devstack@placement-api.service[95108]: DEBUG placement.objects.research_context [req-059ca195-e7dd-4c83-b9f2-4995db50c985 req-6abcf231-1e52-4d08-a6ab-a4cc0822dd53 service placement] found 2 providers after filtering by previous result {{(pid=95108) get_provider_ids_matching /opt/stack/placement/placement/objects/research_context.py:580}}
Aug 18 23:59:27.180913 n-d-771363-38 devstack@placement-api.service[95108]: DEBUG placement.objects.research_context [req-059ca195-e7dd-4c83-b9f2-4995db50c985 req-6abcf231-1e52-4d08-a6ab-a4cc0822dd53 service placement] found 2 providers with available 1 VCPU {{(pid=95108) get_provider_ids_matching /opt/stack/placement/placement/objects/research_context.py:549}}
Aug 18 23:59:27.184213 n-d-771363-38 devstack@placement-api.service[95108]: DEBUG placement.objects.research_context [req-059ca195-e7dd-4c83-b9f2-4995db50c985 req-6abcf231-1e52-4d08-a6ab-a4cc0822dd53 service placement] found 2 providers after filtering by previous result {{(pid=95108) get_provider_ids_matching /opt/stack/placement/placement/objects/research_context.py:580}}
Aug 18 23:59:27.210967 n-d-771363-38 devstack@placement-api.service[95108]: DEBUG placement.objects.allocation_candidate [req-059ca195-e7dd-4c83-b9f2-4995db50c985 req-6abcf231-1e52-4d08-a6ab-a4cc0822dd53 service placement] RequestGroup(use_same_provider=False, resources={DISK_GB:1, MEMORY_MB:1024, VCPU:1}, traits=[], aggregates=[]) (suffix '') returned 2 matches {{(pid=95108) _get_by_requests /opt/stack/placement/placement/objects/allocation_candidate.py:145}}
Aug 18 23:59:27.211618 n-d-771363-38 devstack@placement-api.service[95108]: DEBUG placement.objects.allocation_candidate [req-059ca195-e7dd-4c83-b9f2-4995db50c985 req-6abcf231-1e52-4d08-a6ab-a4cc0822dd53 service placement] Merging candidates yields 2 allocation requests and 2 provider summaries {{(pid=95108) _merge_candidates /opt/stack/placement/placement/objects/allocation_candidate.py:783}}
Aug 18 23:59:27.213631 n-d-771363-38 devstack@placement-api.service[95108]: INFO placement.requestlog [req-059ca195-e7dd-4c83-b9f2-4995db50c985 req-6abcf231-1e52-4d08-a6ab-a4cc0822dd53 service placement] 10.222.0.20 "GET /placement/allocation_candidates?limit=1000&resources=DISK_GB%3A1%2CMEMORY_MB%3A1024%2CVCPU%3A1&root_required=%21COMPUTE_STATUS_DISABLED" status: 200 len: 1309 microversion: 1.35
Aug 18 23:59:27.218508 n-d-771363-38 devstack@placement-api.service[95108]: [pid: 95108|app: 0|req: 214/429] 10.222.0.20 () {60 vars in 1507 bytes} [Wed Aug 18 23:59:27 2021] GET /placement/allocation_candidates?limit=1000&resources=DISK_GB%3A1%2CMEMORY_MB%3A1024%2CVCPU%3A1&root_required=%21COMPUTE_STATUS_DISABLED => generated 1309 bytes in 163 msecs (HTTP/1.1 200) 8 headers in 297 bytes (1 switches on core 0)
Aug 18 23:59:27.311994 n-d-771363-38 devstack@placement-api.service[95107]: DEBUG placement.requestlog [req-059ca195-e7dd-4c83-b9f2-4995db50c985 req-46a63975-0290-45aa-acf1-78f6235b0d68 None None] Starting request: 10.222.0.20 "GET /placement/allocations/7701086b-276b-4c39-9975-866f0e20cf79" {{(pid=95107) __call__ /opt/stack/placement/placement/requestlog.py:55}}
Aug 18 23:59:27.324895 n-d-771363-38 devstack@placement-api.service[95107]: INFO placement.requestlog [req-059ca195-e7dd-4c83-b9f2-4995db50c985 req-46a63975-0290-45aa-acf1-78f6235b0d68 service placement] 10.222.0.20 "GET /placement/allocations/7701086b-276b-4c39-9975-866f0e20cf79" status: 200 len: 19 microversion: 1.28
Aug 18 23:59:27.327479 n-d-771363-38 devstack@placement-api.service[95107]: [pid: 95107|app: 0|req: 216/430] 10.222.0.20 () {60 vars in 1381 bytes} [Wed Aug 18 23:59:27 2021] GET /placement/allocations/7701086b-276b-4c39-9975-866f0e20cf79 => generated 19 bytes in 16 msecs (HTTP/1.1 200) 8 headers in 295 bytes (1 switches on core 0)
Aug 18 23:59:27.334789 n-d-771363-38 devstack@placement-api.service[95108]: DEBUG placement.requestlog [req-059ca195-e7dd-4c83-b9f2-4995db50c985 req-39a5fb96-22ba-47dc-9fc1-526bdfa14502 None None] Starting request: 10.222.0.20 "PUT /placement/allocations/7701086b-276b-4c39-9975-866f0e20cf79" {{(pid=95108) __call__ /opt/stack/placement/placement/requestlog.py:55}}
Aug 18 23:59:27.452948 n-d-771363-38 devstack@placement-api.service[95108]: DEBUG placement.handlers.allocation [req-059ca195-e7dd-4c83-b9f2-4995db50c985 req-39a5fb96-22ba-47dc-9fc1-526bdfa14502 service placement] Successfully wrote allocations [, , ] {{(pid=95108) _create_allocations /opt/stack/placement/placement/handlers/allocation.py:435}}
Aug 18 23:59:27.453610 n-d-771363-38 devstack@placement-api.service[95108]: INFO placement.requestlog [req-059ca195-e7dd-4c83-b9f2-4995db50c985 req-39a5fb96-22ba-47dc-9fc1-526bdfa14502 service placement] 10.222.0.20 "PUT /placement/allocations/7701086b-276b-4c39-9975-866f0e20cf79" status: 204 len: 0 microversion: 1.35
Aug 18 23:59:27.454331 n-d-771363-38 devstack@placement-api.service[95108]: [pid: 95108|app: 0|req: 215/431] 10.222.0.20 () {64 vars in 1434 bytes} [Wed Aug 18 23:59:27 2021] PUT /placement/allocations/7701086b-276b-4c39-9975-866f0e20cf79 => generated 0 bytes in 120 msecs (HTTP/1.1 204) 5 headers in 199 bytes (1 switches on core 0)
Aug 18 23:59:27.963113 n-d-771363-38 devstack@placement-api.service[95107]: DEBUG placement.requestlog [req-059ca195-e7dd-4c83-b9f2-4995db50c985 req-58504994-34ed-4eed-bb08-137d785d5d69 None None] Starting request: 10.222.0.11 "GET /placement/allocations/7701086b-276b-4c39-9975-866f0e20cf79" {{(pid=95107) __call__ /opt/stack/placement/placement/requestlog.py:55}}
Aug 18 23:59:27.978273 n-d-771363-38 devstack@placement-api.service[95107]: INFO placement.requestlog [req-059ca195-e7dd-4c83-b9f2-4995db50c985 req-58504994-34ed-4eed-bb08-137d785d5d69 service placement] 10.222.0.11 "GET /placement/allocations/7701086b-276b-4c39-9975-866f0e20cf79" status: 200 len: 259 microversion: 1.28
Aug 18 23:59:27.981353 n-d-771363-38 devstack@placement-api.service[95107]: [pid: 95107|app: 0|req: 217/432] 10.222.0.11 () {60 vars in 1378 bytes} [Wed Aug 18 23:59:27 2021] GET /placement/allocations/7701086b-276b-4c39-9975-866f0e20cf79 => generated 259 bytes in 18 msecs (HTTP/1.1 200) 8 headers in 296 bytes (1 switches on core 0)
Aug 18 23:59:31.412080 n-d-771363-38 devstack@placement-api.service[95108]: DEBUG placement.requestlog [req-700735b1-7233-4da6-88f3-850b86b8be0c req-9fb1bee7-c7e9-442e-bf47-694ed17a661f None None] Starting request: 10.222.0.11 "GET /placement/allocations/0cee50b4-674b-47d6-8133-5e10e9c03163" {{(pid=95108) __call__ /opt/stack/placement/placement/requestlog.py:55}}
Aug 18 23:59:31.439407 n-d-771363-38 devstack@placement-api.service[95108]: INFO placement.requestlog [req-700735b1-7233-4da6-88f3-850b86b8be0c req-9fb1bee7-c7e9-442e-bf47-694ed17a661f service placement] 10.222.0.11 "GET /placement/allocations/0cee50b4-674b-47d6-8133-5e10e9c03163" status: 200 len: 259 microversion: 1.28
Aug 18 23:59:31.440182 n-d-771363-38 devstack@placement-api.service[95108]: [pid: 95108|app: 0|req: 216/433] 10.222.0.11 () {60 vars in 1378 bytes} [Wed Aug 18 23:59:31 2021] GET /placement/allocations/0cee50b4-674b-47d6-8133-5e10e9c03163 => generated 259 bytes in 28 msecs (HTTP/1.1 200) 8 headers in 296 bytes (1 switches on core 0)
Aug 18 23:59:31.447961 n-d-771363-38 devstack@placement-api.service[95107]: DEBUG placement.requestlog [req-700735b1-7233-4da6-88f3-850b86b8be0c req-29fcff89-08da-44e8-8c01-8827e34013d3 None None] Starting request: 10.222.0.11 "PUT /placement/allocations/0cee50b4-674b-47d6-8133-5e10e9c03163" {{(pid=95107) __call__ /opt/stack/placement/placement/requestlog.py:55}}
Aug 18 23:59:31.518949 n-d-771363-38 devstack@placement-api.service[95107]: DEBUG placement.handlers.allocation [req-700735b1-7233-4da6-88f3-850b86b8be0c req-29fcff89-08da-44e8-8c01-8827e34013d3 service placement] Successfully wrote allocations [, , ] {{(pid=95107) _create_allocations /opt/stack/placement/placement/handlers/allocation.py:435}}
Aug 18 23:59:31.519857 n-d-771363-38 devstack@placement-api.service[95107]: INFO placement.requestlog [req-700735b1-7233-4da6-88f3-850b86b8be0c req-29fcff89-08da-44e8-8c01-8827e34013d3 service placement] 10.222.0.11 "PUT /placement/allocations/0cee50b4-674b-47d6-8133-5e10e9c03163" status: 204 len: 0 microversion: 1.28
Aug 18 23:59:31.520658 n-d-771363-38 devstack@placement-api.service[95107]: [pid: 95107|app: 0|req: 218/434] 10.222.0.11 () {64 vars in 1431 bytes} [Wed Aug 18 23:59:31 2021] PUT /placement/allocations/0cee50b4-674b-47d6-8133-5e10e9c03163 => generated 0 bytes in 73 msecs (HTTP/1.1 204) 5 headers in 199 bytes (1 switches on core 0)
Aug 18 23:59:37.682431 n-d-771363-38 devstack@placement-api.service[95108]: DEBUG placement.requestlog [req-64803d58-351b-4339-9d6c-0ff411e2c833 req-1930e051-3c9d-4925-8274-3b7ba8ebb93b None None] Starting request: 10.222.0.11 "GET /placement/resource_providers/ffb005fa-bc6e-4fd6-98d1-570eb0d513da/allocations" {{(pid=95108) __call__ /opt/stack/placement/placement/requestlog.py:55}}
Aug 18 23:59:37.716611 n-d-771363-38 devstack@placement-api.service[95108]: INFO placement.requestlog [req-64803d58-351b-4339-9d6c-0ff411e2c833 req-1930e051-3c9d-4925-8274-3b7ba8ebb93b service placement] 10.222.0.11 "GET /placement/resource_providers/ffb005fa-bc6e-4fd6-98d1-570eb0d513da/allocations" status: 200 len: 558 microversion: 1.0
Aug 18 23:59:37.717138 n-d-771363-38 devstack@placement-api.service[95108]: [pid: 95108|app: 0|req: 217/435] 10.222.0.11 () {58 vars in 1391 bytes} [Wed Aug 18 23:59:37 2021] GET /placement/resource_providers/ffb005fa-bc6e-4fd6-98d1-570eb0d513da/allocations => generated 558 bytes in 35 msecs (HTTP/1.1 200) 6 headers in 224 bytes (1 switches on core 0)
Aug 18 23:59:46.104673 n-d-771363-38 devstack@placement-api.service[95107]: DEBUG placement.requestlog [None req-fcea1314-75e3-4fe1-9191-af50e45a505d None None] Starting request: 10.222.0.20 "GET /placement/" {{(pid=95107) __call__ /opt/stack/placement/placement/requestlog.py:55}}
Aug 18 23:59:46.107476 n-d-771363-38 devstack@placement-api.service[95107]: INFO placement.requestlog [None req-fcea1314-75e3-4fe1-9191-af50e45a505d None None] 10.222.0.20 "GET /placement/" status: 200 len: 136 microversion: 1.0
Aug 18 23:59:46.108348 n-d-771363-38 devstack@placement-api.service[95107]: [pid: 95107|app: 0|req: 219/436] 10.222.0.20 () {54 vars in 916 bytes} [Wed Aug 18 23:59:46 2021] GET /placement => generated 136 bytes in 4 msecs (HTTP/1.1 200) 6 headers in 224 bytes (1 switches on core 0)
Aug 18 23:59:46.117268 n-d-771363-38 devstack@placement-api.service[95108]: DEBUG placement.requestlog [req-c117d211-09bb-478d-97d9-1dd9e97ff4f4 req-22d1f646-dd1a-4411-b627-e6cd6f372460 None None] Starting request: 10.222.0.20 "GET /placement/allocations/7701086b-276b-4c39-9975-866f0e20cf79" {{(pid=95108) __call__ /opt/stack/placement/placement/requestlog.py:55}}
Aug 18 23:59:46.189382 n-d-771363-38 devstack@placement-api.service[95107]: DEBUG placement.requestlog [req-1e84e774-f4da-403b-ad5c-da3d39550657 req-6dd7a09c-42d7-4476-812e-7b58c5d0893c None None] Starting request: 10.222.0.21 "GET /placement/allocations/4bb23806-e38e-46f0-81fe-e4e38b7922a6" {{(pid=95107) __call__ /opt/stack/placement/placement/requestlog.py:55}}
Aug 18 23:59:46.208266 n-d-771363-38 devstack@placement-api.service[95107]: INFO placement.requestlog [req-1e84e774-f4da-403b-ad5c-da3d39550657 req-6dd7a09c-42d7-4476-812e-7b58c5d0893c service placement] 10.222.0.21 "GET /placement/allocations/4bb23806-e38e-46f0-81fe-e4e38b7922a6" status: 200 len: 259 microversion: 1.28
Aug 18 23:59:46.208787 n-d-771363-38 devstack@placement-api.service[95107]: [pid: 95107|app: 0|req: 220/437] 10.222.0.21 () {60 vars in 1378 bytes} [Wed Aug 18 23:59:46 2021] GET /placement/allocations/4bb23806-e38e-46f0-81fe-e4e38b7922a6 => generated 259 bytes in 19 msecs (HTTP/1.1 200) 8 headers in 296 bytes (1 switches on core 0)
Aug 18 23:59:46.212809 n-d-771363-38 devstack@placement-api.service[95108]: INFO placement.requestlog [req-c117d211-09bb-478d-97d9-1dd9e97ff4f4 req-22d1f646-dd1a-4411-b627-e6cd6f372460 service placement] 10.222.0.20 "GET /placement/allocations/7701086b-276b-4c39-9975-866f0e20cf79" status: 200 len: 259 microversion: 1.28
Aug 18 23:59:46.213378 n-d-771363-38 devstack@placement-api.service[95108]: [pid: 95108|app: 0|req: 218/438] 10.222.0.20 () {60 vars in 1381 bytes} [Wed Aug 18 23:59:46 2021] GET /placement/allocations/7701086b-276b-4c39-9975-866f0e20cf79 => generated 259 bytes in 96 msecs (HTTP/1.1 200) 8 headers in 296 bytes (1 switches on core 0)
Aug 18 23:59:46.221261 n-d-771363-38 devstack@placement-api.service[95107]: DEBUG placement.requestlog [req-c117d211-09bb-478d-97d9-1dd9e97ff4f4 req-ea5b80d0-a777-4eb6-a49d-724088412d1e None None] Starting request: 10.222.0.20 "GET /placement/allocations/7701086b-276b-4c39-9975-866f0e20cf79" {{(pid=95107) __call__ /opt/stack/placement/placement/requestlog.py:55}}
Aug 18 23:59:46.236479 n-d-771363-38 devstack@placement-api.service[95107]: INFO placement.requestlog [req-c117d211-09bb-478d-97d9-1dd9e97ff4f4 req-ea5b80d0-a777-4eb6-a49d-724088412d1e service placement] 10.222.0.20 "GET /placement/allocations/7701086b-276b-4c39-9975-866f0e20cf79" status: 200 len: 259 microversion: 1.28
Aug 18 23:59:46.236856 n-d-771363-38 devstack@placement-api.service[95107]: [pid: 95107|app: 0|req: 221/439] 10.222.0.20 () {60 vars in 1381 bytes} [Wed Aug 18 23:59:46 2021] GET /placement/allocations/7701086b-276b-4c39-9975-866f0e20cf79 => generated 259 bytes in 16 msecs (HTTP/1.1 200) 8 headers in 296 bytes (1 switches on core 0)
Aug 18 23:59:46.241114 n-d-771363-38 devstack@placement-api.service[95108]: DEBUG placement.requestlog [req-1e84e774-f4da-403b-ad5c-da3d39550657 req-ce78274b-6cec-43bd-b17b-691c946042f5 None None] Starting request: 10.222.0.21 "PUT /placement/allocations/4bb23806-e38e-46f0-81fe-e4e38b7922a6" {{(pid=95108) __call__ /opt/stack/placement/placement/requestlog.py:55}}
Aug 18 23:59:46.249303 n-d-771363-38 devstack@placement-api.service[95107]: DEBUG placement.requestlog [req-c117d211-09bb-478d-97d9-1dd9e97ff4f4 req-342e704c-82d8-454a-87a6-cd4f1d006d67 None None] Starting request: 10.222.0.20 "GET /placement/allocations/4dd7ffee-ea6f-47e0-8b3c-c5817a959ad8" {{(pid=95107) __call__ /opt/stack/placement/placement/requestlog.py:55}}
Aug 18 23:59:46.268419 n-d-771363-38 devstack@placement-api.service[95107]: INFO placement.requestlog [req-c117d211-09bb-478d-97d9-1dd9e97ff4f4 req-342e704c-82d8-454a-87a6-cd4f1d006d67 service placement] 10.222.0.20 "GET /placement/allocations/4dd7ffee-ea6f-47e0-8b3c-c5817a959ad8" status: 200 len: 19 microversion: 1.28
Aug 18 23:59:46.272385 n-d-771363-38 devstack@placement-api.service[95107]: [pid: 95107|app: 0|req: 222/440] 10.222.0.20 () {60 vars in 1381 bytes} [Wed Aug 18 23:59:46 2021] GET /placement/allocations/4dd7ffee-ea6f-47e0-8b3c-c5817a959ad8 => generated 19 bytes in 23 msecs (HTTP/1.1 200) 8 headers in 295 bytes (1 switches on core 0)
Aug 18 23:59:46.280341 n-d-771363-38 devstack@placement-api.service[95107]: DEBUG placement.requestlog [req-c117d211-09bb-478d-97d9-1dd9e97ff4f4 req-475e0e80-33da-4eff-afc1-1311306d50f5 None None] Starting request: 10.222.0.20 "POST /placement/allocations" {{(pid=95107) __call__ /opt/stack/placement/placement/requestlog.py:55}}
Aug 18 23:59:46.310786 n-d-771363-38 devstack@placement-api.service[95108]: DEBUG placement.handlers.allocation [req-1e84e774-f4da-403b-ad5c-da3d39550657 req-ce78274b-6cec-43bd-b17b-691c946042f5 service placement] Successfully wrote allocations [, , ] {{(pid=95108) _create_allocations /opt/stack/placement/placement/handlers/allocation.py:435}}
Aug 18 23:59:46.311546 n-d-771363-38 devstack@placement-api.service[95108]: INFO placement.requestlog [req-1e84e774-f4da-403b-ad5c-da3d39550657 req-ce78274b-6cec-43bd-b17b-691c946042f5 service placement] 10.222.0.21 "PUT /placement/allocations/4bb23806-e38e-46f0-81fe-e4e38b7922a6" status: 204 len: 0 microversion: 1.28
Aug 18 23:59:46.311981 n-d-771363-38 devstack@placement-api.service[95108]: [pid: 95108|app: 0|req: 219/441] 10.222.0.21 () {64 vars in 1431 bytes} [Wed Aug 18 23:59:46 2021] PUT /placement/allocations/4bb23806-e38e-46f0-81fe-e4e38b7922a6 => generated 0 bytes in 71 msecs (HTTP/1.1 204) 5 headers in 199 bytes (1 switches on core 0)
Aug 18 23:59:46.414877 n-d-771363-38 devstack@placement-api.service[95107]: DEBUG placement.handlers.allocation [req-c117d211-09bb-478d-97d9-1dd9e97ff4f4 req-475e0e80-33da-4eff-afc1-1311306d50f5 service placement] Successfully wrote allocations [, , , , , ] {{(pid=95107) _create_allocations /opt/stack/placement/placement/handlers/allocation.py:524}}
Aug 18 23:59:46.417197 n-d-771363-38 devstack@placement-api.service[95107]: INFO placement.requestlog [req-c117d211-09bb-478d-97d9-1dd9e97ff4f4 req-475e0e80-33da-4eff-afc1-1311306d50f5 service placement] 10.222.0.20 "POST /placement/allocations" status: 204 len: 0 microversion: 1.28
Aug 18 23:59:46.418055 n-d-771363-38 devstack@placement-api.service[95107]: [pid: 95107|app: 0|req: 223/442] 10.222.0.20 () {64 vars in 1324 bytes} [Wed Aug 18 23:59:46 2021] POST /placement/allocations => generated 0 bytes in 138 msecs (HTTP/1.1 204) 5 headers in 199 bytes (2 switches on core 0)
Aug 18 23:59:46.487790 n-d-771363-38 devstack@placement-api.service[95108]: DEBUG placement.requestlog [req-c117d211-09bb-478d-97d9-1dd9e97ff4f4 req-075713fd-8d9f-4748-a757-fad99a7c6c4a None None] Starting request: 10.222.0.20 "GET /placement/allocations/7701086b-276b-4c39-9975-866f0e20cf79" {{(pid=95108) __call__ /opt/stack/placement/placement/requestlog.py:55}}
Aug 18 23:59:46.584684 n-d-771363-38 devstack@placement-api.service[95108]: INFO placement.requestlog [req-c117d211-09bb-478d-97d9-1dd9e97ff4f4 req-075713fd-8d9f-4748-a757-fad99a7c6c4a service placement] 10.222.0.20 "GET /placement/allocations/7701086b-276b-4c39-9975-866f0e20cf79" status: 200 len: 19 microversion: 1.28
Aug 18 23:59:46.585440 n-d-771363-38 devstack@placement-api.service[95108]: [pid: 95108|app: 0|req: 220/443] 10.222.0.20 () {60 vars in 1381 bytes} [Wed Aug 18 23:59:46 2021] GET /placement/allocations/7701086b-276b-4c39-9975-866f0e20cf79 => generated 19 bytes in 98 msecs (HTTP/1.1 200) 8 headers in 295 bytes (1 switches on core 0)
