Jul 15 12:57:35.184683 n-d-771363-36 devstack@placement-api.service[94330]: DEBUG placement.requestlog [req-821fce29-a7ff-4546-b5b4-371d3fd89aab req-b5b9b0b6-0358-4c63-9759-8b7a397041a1 None None] Starting request: 10.222.0.16 "GET /placement/allocation_candidates?limit=1000&resources=DISK_GB%3A1%2CMEMORY_MB%3A1024%2CVCPU%3A1&root_required=%21COMPUTE_STATUS_DISABLED" {{(pid=94330) __call__ /opt/stack/placement/placement/requestlog.py:55}}
Jul 15 12:57:35.232917 n-d-771363-36 devstack@placement-api.service[94330]: DEBUG placement.objects.research_context [req-821fce29-a7ff-4546-b5b4-371d3fd89aab req-b5b9b0b6-0358-4c63-9759-8b7a397041a1 service placement] getting providers with 1 DISK_GB {{(pid=94330) __init__ /opt/stack/placement/placement/objects/research_context.py:126}}
Jul 15 12:57:35.240247 n-d-771363-36 devstack@placement-api.service[94330]: DEBUG placement.objects.research_context [req-821fce29-a7ff-4546-b5b4-371d3fd89aab req-b5b9b0b6-0358-4c63-9759-8b7a397041a1 service placement] getting providers with 1024 MEMORY_MB {{(pid=94330) __init__ /opt/stack/placement/placement/objects/research_context.py:126}}
Jul 15 12:57:35.246307 n-d-771363-36 devstack@placement-api.service[94330]: DEBUG placement.objects.research_context [req-821fce29-a7ff-4546-b5b4-371d3fd89aab req-b5b9b0b6-0358-4c63-9759-8b7a397041a1 service placement] getting providers with 1 VCPU {{(pid=94330) __init__ /opt/stack/placement/placement/objects/research_context.py:126}}
Jul 15 12:57:35.254350 n-d-771363-36 devstack@placement-api.service[94330]: DEBUG placement.objects.research_context [req-821fce29-a7ff-4546-b5b4-371d3fd89aab req-b5b9b0b6-0358-4c63-9759-8b7a397041a1 service placement] found 2 providers with available 1 DISK_GB {{(pid=94330) get_provider_ids_matching /opt/stack/placement/placement/objects/research_context.py:549}}
Jul 15 12:57:35.255527 n-d-771363-36 devstack@placement-api.service[94330]: DEBUG placement.objects.research_context [req-821fce29-a7ff-4546-b5b4-371d3fd89aab req-b5b9b0b6-0358-4c63-9759-8b7a397041a1 service placement] found 2 providers with available 1024 MEMORY_MB {{(pid=94330) get_provider_ids_matching /opt/stack/placement/placement/objects/research_context.py:549}}
Jul 15 12:57:35.256123 n-d-771363-36 devstack@placement-api.service[94330]: DEBUG placement.objects.research_context [req-821fce29-a7ff-4546-b5b4-371d3fd89aab req-b5b9b0b6-0358-4c63-9759-8b7a397041a1 service placement] found 2 providers after filtering by previous result {{(pid=94330) get_provider_ids_matching /opt/stack/placement/placement/objects/research_context.py:580}}
Jul 15 12:57:35.256838 n-d-771363-36 devstack@placement-api.service[94330]: DEBUG placement.objects.research_context [req-821fce29-a7ff-4546-b5b4-371d3fd89aab req-b5b9b0b6-0358-4c63-9759-8b7a397041a1 service placement] found 2 providers with available 1 VCPU {{(pid=94330) get_provider_ids_matching /opt/stack/placement/placement/objects/research_context.py:549}}
Jul 15 12:57:35.256838 n-d-771363-36 devstack@placement-api.service[94330]: DEBUG placement.objects.research_context [req-821fce29-a7ff-4546-b5b4-371d3fd89aab req-b5b9b0b6-0358-4c63-9759-8b7a397041a1 service placement] found 2 providers after filtering by previous result {{(pid=94330) get_provider_ids_matching /opt/stack/placement/placement/objects/research_context.py:580}}
Jul 15 12:57:35.269767 n-d-771363-36 devstack@placement-api.service[94330]: DEBUG placement.objects.allocation_candidate [req-821fce29-a7ff-4546-b5b4-371d3fd89aab req-b5b9b0b6-0358-4c63-9759-8b7a397041a1 service placement] RequestGroup(use_same_provider=False, resources={DISK_GB:1, MEMORY_MB:1024, VCPU:1}, traits=[], aggregates=[]) (suffix '') returned 2 matches {{(pid=94330) _get_by_requests /opt/stack/placement/placement/objects/allocation_candidate.py:145}}
Jul 15 12:57:35.270236 n-d-771363-36 devstack@placement-api.service[94330]: DEBUG placement.objects.allocation_candidate [req-821fce29-a7ff-4546-b5b4-371d3fd89aab req-b5b9b0b6-0358-4c63-9759-8b7a397041a1 service placement] Merging candidates yields 2 allocation requests and 2 provider summaries {{(pid=94330) _merge_candidates /opt/stack/placement/placement/objects/allocation_candidate.py:783}}
Jul 15 12:57:35.271900 n-d-771363-36 devstack@placement-api.service[94330]: INFO placement.requestlog [req-821fce29-a7ff-4546-b5b4-371d3fd89aab req-b5b9b0b6-0358-4c63-9759-8b7a397041a1 service placement] 10.222.0.16 "GET /placement/allocation_candidates?limit=1000&resources=DISK_GB%3A1%2CMEMORY_MB%3A1024%2CVCPU%3A1&root_required=%21COMPUTE_STATUS_DISABLED" status: 200 len: 1306 microversion: 1.35
Jul 15 12:57:35.272484 n-d-771363-36 devstack@placement-api.service[94330]: [pid: 94330|app: 0|req: 16/32] 10.222.0.16 () {60 vars in 1507 bytes} [Thu Jul 15 12:57:35 2021] GET /placement/allocation_candidates?limit=1000&resources=DISK_GB%3A1%2CMEMORY_MB%3A1024%2CVCPU%3A1&root_required=%21COMPUTE_STATUS_DISABLED => generated 1306 bytes in 88 msecs (HTTP/1.1 200) 8 headers in 297 bytes (1 switches on core 0)
Jul 15 12:57:35.418356 n-d-771363-36 devstack@placement-api.service[94329]: DEBUG placement.requestlog [req-8fe7ee14-a8dc-45f7-a894-3e25b44fec51 req-26f988d2-1502-4b22-8372-11ff0a565a51 None None] Starting request: 10.222.0.16 "GET /placement/allocation_candidates?limit=1000&resources=DISK_GB%3A1%2CMEMORY_MB%3A1024%2CVCPU%3A1&root_required=%21COMPUTE_STATUS_DISABLED" {{(pid=94329) __call__ /opt/stack/placement/placement/requestlog.py:55}}
Jul 15 12:57:35.465430 n-d-771363-36 devstack@placement-api.service[94330]: DEBUG placement.requestlog [req-821fce29-a7ff-4546-b5b4-371d3fd89aab req-4b7f56eb-e13c-4231-9357-f5d153c379d0 None None] Starting request: 10.222.0.16 "GET /placement/allocations/42d38631-e256-4930-ba2f-0a20b23412ac" {{(pid=94330) __call__ /opt/stack/placement/placement/requestlog.py:55}}
Jul 15 12:57:35.492076 n-d-771363-36 devstack@placement-api.service[94330]: INFO placement.requestlog [req-821fce29-a7ff-4546-b5b4-371d3fd89aab req-4b7f56eb-e13c-4231-9357-f5d153c379d0 service placement] 10.222.0.16 "GET /placement/allocations/42d38631-e256-4930-ba2f-0a20b23412ac" status: 200 len: 19 microversion: 1.28
Jul 15 12:57:35.492324 n-d-771363-36 devstack@placement-api.service[94330]: [pid: 94330|app: 0|req: 17/33] 10.222.0.16 () {60 vars in 1381 bytes} [Thu Jul 15 12:57:35 2021] GET /placement/allocations/42d38631-e256-4930-ba2f-0a20b23412ac => generated 19 bytes in 27 msecs (HTTP/1.1 200) 8 headers in 295 bytes (1 switches on core 0)
Jul 15 12:57:35.493845 n-d-771363-36 devstack@placement-api.service[94329]: DEBUG placement.objects.research_context [req-8fe7ee14-a8dc-45f7-a894-3e25b44fec51 req-26f988d2-1502-4b22-8372-11ff0a565a51 service placement] getting providers with 1 DISK_GB {{(pid=94329) __init__ /opt/stack/placement/placement/objects/research_context.py:126}}
Jul 15 12:57:35.499323 n-d-771363-36 devstack@placement-api.service[94330]: DEBUG placement.requestlog [req-821fce29-a7ff-4546-b5b4-371d3fd89aab req-9bea7913-5bb9-43e3-90b2-689bb4dbddc0 None None] Starting request: 10.222.0.16 "PUT /placement/allocations/42d38631-e256-4930-ba2f-0a20b23412ac" {{(pid=94330) __call__ /opt/stack/placement/placement/requestlog.py:55}}
Jul 15 12:57:35.520967 n-d-771363-36 devstack@placement-api.service[94329]: DEBUG placement.objects.research_context [req-8fe7ee14-a8dc-45f7-a894-3e25b44fec51 req-26f988d2-1502-4b22-8372-11ff0a565a51 service placement] getting providers with 1024 MEMORY_MB {{(pid=94329) __init__ /opt/stack/placement/placement/objects/research_context.py:126}}
Jul 15 12:57:35.527710 n-d-771363-36 devstack@placement-api.service[94329]: DEBUG placement.objects.research_context [req-8fe7ee14-a8dc-45f7-a894-3e25b44fec51 req-26f988d2-1502-4b22-8372-11ff0a565a51 service placement] getting providers with 1 VCPU {{(pid=94329) __init__ /opt/stack/placement/placement/objects/research_context.py:126}}
Jul 15 12:57:35.534714 n-d-771363-36 devstack@placement-api.service[94329]: DEBUG placement.objects.research_context [req-8fe7ee14-a8dc-45f7-a894-3e25b44fec51 req-26f988d2-1502-4b22-8372-11ff0a565a51 service placement] found 2 providers with available 1 DISK_GB {{(pid=94329) get_provider_ids_matching /opt/stack/placement/placement/objects/research_context.py:549}}
Jul 15 12:57:35.535107 n-d-771363-36 devstack@placement-api.service[94329]: DEBUG placement.objects.research_context [req-8fe7ee14-a8dc-45f7-a894-3e25b44fec51 req-26f988d2-1502-4b22-8372-11ff0a565a51 service placement] found 2 providers with available 1024 MEMORY_MB {{(pid=94329) get_provider_ids_matching /opt/stack/placement/placement/objects/research_context.py:549}}
Jul 15 12:57:35.536400 n-d-771363-36 devstack@placement-api.service[94329]: DEBUG placement.objects.research_context [req-8fe7ee14-a8dc-45f7-a894-3e25b44fec51 req-26f988d2-1502-4b22-8372-11ff0a565a51 service placement] found 2 providers after filtering by previous result {{(pid=94329) get_provider_ids_matching /opt/stack/placement/placement/objects/research_context.py:580}}
Jul 15 12:57:35.536929 n-d-771363-36 devstack@placement-api.service[94329]: DEBUG placement.objects.research_context [req-8fe7ee14-a8dc-45f7-a894-3e25b44fec51 req-26f988d2-1502-4b22-8372-11ff0a565a51 service placement] found 2 providers with available 1 VCPU {{(pid=94329) get_provider_ids_matching /opt/stack/placement/placement/objects/research_context.py:549}}
Jul 15 12:57:35.537388 n-d-771363-36 devstack@placement-api.service[94329]: DEBUG placement.objects.research_context [req-8fe7ee14-a8dc-45f7-a894-3e25b44fec51 req-26f988d2-1502-4b22-8372-11ff0a565a51 service placement] found 2 providers after filtering by previous result {{(pid=94329) get_provider_ids_matching /opt/stack/placement/placement/objects/research_context.py:580}}
Jul 15 12:57:35.557388 n-d-771363-36 devstack@placement-api.service[94329]: DEBUG placement.objects.allocation_candidate [req-8fe7ee14-a8dc-45f7-a894-3e25b44fec51 req-26f988d2-1502-4b22-8372-11ff0a565a51 service placement] RequestGroup(use_same_provider=False, resources={DISK_GB:1, MEMORY_MB:1024, VCPU:1}, traits=[], aggregates=[]) (suffix '') returned 2 matches {{(pid=94329) _get_by_requests /opt/stack/placement/placement/objects/allocation_candidate.py:145}}
Jul 15 12:57:35.557777 n-d-771363-36 devstack@placement-api.service[94329]: DEBUG placement.objects.allocation_candidate [req-8fe7ee14-a8dc-45f7-a894-3e25b44fec51 req-26f988d2-1502-4b22-8372-11ff0a565a51 service placement] Merging candidates yields 2 allocation requests and 2 provider summaries {{(pid=94329) _merge_candidates /opt/stack/placement/placement/objects/allocation_candidate.py:783}}
Jul 15 12:57:35.560264 n-d-771363-36 devstack@placement-api.service[94329]: INFO placement.requestlog [req-8fe7ee14-a8dc-45f7-a894-3e25b44fec51 req-26f988d2-1502-4b22-8372-11ff0a565a51 service placement] 10.222.0.16 "GET /placement/allocation_candidates?limit=1000&resources=DISK_GB%3A1%2CMEMORY_MB%3A1024%2CVCPU%3A1&root_required=%21COMPUTE_STATUS_DISABLED" status: 200 len: 1306 microversion: 1.35
Jul 15 12:57:35.560881 n-d-771363-36 devstack@placement-api.service[94329]: [pid: 94329|app: 0|req: 17/34] 10.222.0.16 () {60 vars in 1507 bytes} [Thu Jul 15 12:57:35 2021] GET /placement/allocation_candidates?limit=1000&resources=DISK_GB%3A1%2CMEMORY_MB%3A1024%2CVCPU%3A1&root_required=%21COMPUTE_STATUS_DISABLED => generated 1306 bytes in 143 msecs (HTTP/1.1 200) 8 headers in 297 bytes (1 switches on core 0)
Jul 15 12:57:35.627812 n-d-771363-36 devstack@placement-api.service[94330]: DEBUG placement.handlers.allocation [req-821fce29-a7ff-4546-b5b4-371d3fd89aab req-9bea7913-5bb9-43e3-90b2-689bb4dbddc0 service placement] Successfully wrote allocations [, , ] {{(pid=94330) _create_allocations /opt/stack/placement/placement/handlers/allocation.py:435}}
Jul 15 12:57:35.628423 n-d-771363-36 devstack@placement-api.service[94330]: INFO placement.requestlog [req-821fce29-a7ff-4546-b5b4-371d3fd89aab req-9bea7913-5bb9-43e3-90b2-689bb4dbddc0 service placement] 10.222.0.16 "PUT /placement/allocations/42d38631-e256-4930-ba2f-0a20b23412ac" status: 204 len: 0 microversion: 1.35
Jul 15 12:57:35.629146 n-d-771363-36 devstack@placement-api.service[94330]: [pid: 94330|app: 0|req: 18/35] 10.222.0.16 () {64 vars in 1434 bytes} [Thu Jul 15 12:57:35 2021] PUT /placement/allocations/42d38631-e256-4930-ba2f-0a20b23412ac => generated 0 bytes in 130 msecs (HTTP/1.1 204) 5 headers in 199 bytes (1 switches on core 0)
Jul 15 12:57:35.681675 n-d-771363-36 devstack@placement-api.service[94329]: DEBUG placement.requestlog [req-8fe7ee14-a8dc-45f7-a894-3e25b44fec51 req-a2f80f89-da8e-4be9-9dd7-33b5870e7179 None None] Starting request: 10.222.0.16 "GET /placement/allocations/8cbd47f0-24a9-44c6-9650-b4afe7c4d1a7" {{(pid=94329) __call__ /opt/stack/placement/placement/requestlog.py:55}}
Jul 15 12:57:35.727738 n-d-771363-36 devstack@placement-api.service[94329]: INFO placement.requestlog [req-8fe7ee14-a8dc-45f7-a894-3e25b44fec51 req-a2f80f89-da8e-4be9-9dd7-33b5870e7179 service placement] 10.222.0.16 "GET /placement/allocations/8cbd47f0-24a9-44c6-9650-b4afe7c4d1a7" status: 200 len: 19 microversion: 1.28
Jul 15 12:57:35.734830 n-d-771363-36 devstack@placement-api.service[94330]: DEBUG placement.requestlog [req-8fe7ee14-a8dc-45f7-a894-3e25b44fec51 req-4c5adbe0-84a7-4fa9-9d55-7da6bdca10cd None None] Starting request: 10.222.0.16 "PUT /placement/allocations/8cbd47f0-24a9-44c6-9650-b4afe7c4d1a7" {{(pid=94330) __call__ /opt/stack/placement/placement/requestlog.py:55}}
Jul 15 12:57:35.735547 n-d-771363-36 devstack@placement-api.service[94329]: [pid: 94329|app: 0|req: 18/36] 10.222.0.16 () {60 vars in 1381 bytes} [Thu Jul 15 12:57:35 2021] GET /placement/allocations/8cbd47f0-24a9-44c6-9650-b4afe7c4d1a7 => generated 19 bytes in 53 msecs (HTTP/1.1 200) 8 headers in 295 bytes (1 switches on core 0)
Jul 15 12:57:35.865957 n-d-771363-36 devstack@placement-api.service[94330]: DEBUG placement.handlers.allocation [req-8fe7ee14-a8dc-45f7-a894-3e25b44fec51 req-4c5adbe0-84a7-4fa9-9d55-7da6bdca10cd service placement] Successfully wrote allocations [, , ] {{(pid=94330) _create_allocations /opt/stack/placement/placement/handlers/allocation.py:435}}
Jul 15 12:57:35.866772 n-d-771363-36 devstack@placement-api.service[94330]: INFO placement.requestlog [req-8fe7ee14-a8dc-45f7-a894-3e25b44fec51 req-4c5adbe0-84a7-4fa9-9d55-7da6bdca10cd service placement] 10.222.0.16 "PUT /placement/allocations/8cbd47f0-24a9-44c6-9650-b4afe7c4d1a7" status: 204 len: 0 microversion: 1.35
Jul 15 12:57:35.867238 n-d-771363-36 devstack@placement-api.service[94330]: [pid: 94330|app: 0|req: 19/37] 10.222.0.16 () {64 vars in 1434 bytes} [Thu Jul 15 12:57:35 2021] PUT /placement/allocations/8cbd47f0-24a9-44c6-9650-b4afe7c4d1a7 => generated 0 bytes in 133 msecs (HTTP/1.1 204) 5 headers in 199 bytes (1 switches on core 0)
Jul 15 12:57:36.305959 n-d-771363-36 devstack@placement-api.service[94329]: DEBUG placement.requestlog [req-821fce29-a7ff-4546-b5b4-371d3fd89aab req-b492e659-c5fe-42f9-8542-139935e01ad9 None None] Starting request: 10.222.0.46 "GET /placement/allocations/42d38631-e256-4930-ba2f-0a20b23412ac" {{(pid=94329) __call__ /opt/stack/placement/placement/requestlog.py:55}}
Jul 15 12:57:36.332595 n-d-771363-36 devstack@placement-api.service[94329]: INFO placement.requestlog [req-821fce29-a7ff-4546-b5b4-371d3fd89aab req-b492e659-c5fe-42f9-8542-139935e01ad9 service placement] 10.222.0.46 "GET /placement/allocations/42d38631-e256-4930-ba2f-0a20b23412ac" status: 200 len: 258 microversion: 1.28
Jul 15 12:57:36.333728 n-d-771363-36 devstack@placement-api.service[94329]: [pid: 94329|app: 0|req: 19/38] 10.222.0.46 () {60 vars in 1378 bytes} [Thu Jul 15 12:57:36 2021] GET /placement/allocations/42d38631-e256-4930-ba2f-0a20b23412ac => generated 258 bytes in 28 msecs (HTTP/1.1 200) 8 headers in 296 bytes (1 switches on core 0)
Jul 15 12:57:36.798654 n-d-771363-36 devstack@placement-api.service[94330]: DEBUG placement.requestlog [req-8fe7ee14-a8dc-45f7-a894-3e25b44fec51 req-c430991a-730d-4ca3-b954-7c0ecd76d5f9 None None] Starting request: 10.222.0.46 "GET /placement/allocations/8cbd47f0-24a9-44c6-9650-b4afe7c4d1a7" {{(pid=94330) __call__ /opt/stack/placement/placement/requestlog.py:55}}
Jul 15 12:57:36.824480 n-d-771363-36 devstack@placement-api.service[94330]: INFO placement.requestlog [req-8fe7ee14-a8dc-45f7-a894-3e25b44fec51 req-c430991a-730d-4ca3-b954-7c0ecd76d5f9 service placement] 10.222.0.46 "GET /placement/allocations/8cbd47f0-24a9-44c6-9650-b4afe7c4d1a7" status: 200 len: 258 microversion: 1.28
Jul 15 12:57:36.824480 n-d-771363-36 devstack@placement-api.service[94330]: [pid: 94330|app: 0|req: 20/39] 10.222.0.46 () {60 vars in 1378 bytes} [Thu Jul 15 12:57:36 2021] GET /placement/allocations/8cbd47f0-24a9-44c6-9650-b4afe7c4d1a7 => generated 258 bytes in 23 msecs (HTTP/1.1 200) 8 headers in 296 bytes (1 switches on core 0)
Jul 15 12:57:38.325819 n-d-771363-36 devstack@placement-api.service[94329]: DEBUG placement.requestlog [req-4027546c-efa8-4198-814c-4fd0c9836f35 req-2e267a10-9a84-407e-829b-0c1b30911420 None None] Starting request: 10.222.0.16 "GET /placement/allocation_candidates?limit=1000&resources=DISK_GB%3A1%2CMEMORY_MB%3A1024%2CVCPU%3A1&root_required=%21COMPUTE_STATUS_DISABLED" {{(pid=94329) __call__ /opt/stack/placement/placement/requestlog.py:55}}
Jul 15 12:57:38.381718 n-d-771363-36 devstack@placement-api.service[94329]: DEBUG placement.objects.research_context [req-4027546c-efa8-4198-814c-4fd0c9836f35 req-2e267a10-9a84-407e-829b-0c1b30911420 service placement] getting providers with 1 DISK_GB {{(pid=94329) __init__ /opt/stack/placement/placement/objects/research_context.py:126}}
Jul 15 12:57:38.388616 n-d-771363-36 devstack@placement-api.service[94329]: DEBUG placement.objects.research_context [req-4027546c-efa8-4198-814c-4fd0c9836f35 req-2e267a10-9a84-407e-829b-0c1b30911420 service placement] getting providers with 1024 MEMORY_MB {{(pid=94329) __init__ /opt/stack/placement/placement/objects/research_context.py:126}}
Jul 15 12:57:38.395468 n-d-771363-36 devstack@placement-api.service[94329]: DEBUG placement.objects.research_context [req-4027546c-efa8-4198-814c-4fd0c9836f35 req-2e267a10-9a84-407e-829b-0c1b30911420 service placement] getting providers with 1 VCPU {{(pid=94329) __init__ /opt/stack/placement/placement/objects/research_context.py:126}}
Jul 15 12:57:38.409112 n-d-771363-36 devstack@placement-api.service[94329]: DEBUG placement.objects.research_context [req-4027546c-efa8-4198-814c-4fd0c9836f35 req-2e267a10-9a84-407e-829b-0c1b30911420 service placement] found 2 providers with available 1 DISK_GB {{(pid=94329) get_provider_ids_matching /opt/stack/placement/placement/objects/research_context.py:549}}
Jul 15 12:57:38.409618 n-d-771363-36 devstack@placement-api.service[94329]: DEBUG placement.objects.research_context [req-4027546c-efa8-4198-814c-4fd0c9836f35 req-2e267a10-9a84-407e-829b-0c1b30911420 service placement] found 2 providers with available 1024 MEMORY_MB {{(pid=94329) get_provider_ids_matching /opt/stack/placement/placement/objects/research_context.py:549}}
Jul 15 12:57:38.410518 n-d-771363-36 devstack@placement-api.service[94329]: DEBUG placement.objects.research_context [req-4027546c-efa8-4198-814c-4fd0c9836f35 req-2e267a10-9a84-407e-829b-0c1b30911420 service placement] found 2 providers after filtering by previous result {{(pid=94329) get_provider_ids_matching /opt/stack/placement/placement/objects/research_context.py:580}}
Jul 15 12:57:38.411719 n-d-771363-36 devstack@placement-api.service[94329]: DEBUG placement.objects.research_context [req-4027546c-efa8-4198-814c-4fd0c9836f35 req-2e267a10-9a84-407e-829b-0c1b30911420 service placement] found 2 providers with available 1 VCPU {{(pid=94329) get_provider_ids_matching /opt/stack/placement/placement/objects/research_context.py:549}}
Jul 15 12:57:38.412188 n-d-771363-36 devstack@placement-api.service[94329]: DEBUG placement.objects.research_context [req-4027546c-efa8-4198-814c-4fd0c9836f35 req-2e267a10-9a84-407e-829b-0c1b30911420 service placement] found 2 providers after filtering by previous result {{(pid=94329) get_provider_ids_matching /opt/stack/placement/placement/objects/research_context.py:580}}
Jul 15 12:57:38.424571 n-d-771363-36 devstack@placement-api.service[94329]: DEBUG placement.objects.allocation_candidate [req-4027546c-efa8-4198-814c-4fd0c9836f35 req-2e267a10-9a84-407e-829b-0c1b30911420 service placement] RequestGroup(use_same_provider=False, resources={DISK_GB:1, MEMORY_MB:1024, VCPU:1}, traits=[], aggregates=[]) (suffix '') returned 2 matches {{(pid=94329) _get_by_requests /opt/stack/placement/placement/objects/allocation_candidate.py:145}}
Jul 15 12:57:38.425302 n-d-771363-36 devstack@placement-api.service[94329]: DEBUG placement.objects.allocation_candidate [req-4027546c-efa8-4198-814c-4fd0c9836f35 req-2e267a10-9a84-407e-829b-0c1b30911420 service placement] Merging candidates yields 2 allocation requests and 2 provider summaries {{(pid=94329) _merge_candidates /opt/stack/placement/placement/objects/allocation_candidate.py:783}}
Jul 15 12:57:38.427243 n-d-771363-36 devstack@placement-api.service[94329]: INFO placement.requestlog [req-4027546c-efa8-4198-814c-4fd0c9836f35 req-2e267a10-9a84-407e-829b-0c1b30911420 service placement] 10.222.0.16 "GET /placement/allocation_candidates?limit=1000&resources=DISK_GB%3A1%2CMEMORY_MB%3A1024%2CVCPU%3A1&root_required=%21COMPUTE_STATUS_DISABLED" status: 200 len: 1309 microversion: 1.35
Jul 15 12:57:38.431921 n-d-771363-36 devstack@placement-api.service[94329]: [pid: 94329|app: 0|req: 20/40] 10.222.0.16 () {60 vars in 1507 bytes} [Thu Jul 15 12:57:38 2021] GET /placement/allocation_candidates?limit=1000&resources=DISK_GB%3A1%2CMEMORY_MB%3A1024%2CVCPU%3A1&root_required=%21COMPUTE_STATUS_DISABLED => generated 1309 bytes in 106 msecs (HTTP/1.1 200) 8 headers in 297 bytes (2 switches on core 0)
Jul 15 12:57:38.553116 n-d-771363-36 devstack@placement-api.service[94330]: DEBUG placement.requestlog [req-4027546c-efa8-4198-814c-4fd0c9836f35 req-4f22c2a2-3cd1-4198-af96-913576a840ab None None] Starting request: 10.222.0.16 "GET /placement/allocations/f618b592-dfc6-49b9-ab02-5a2825ebaba9" {{(pid=94330) __call__ /opt/stack/placement/placement/requestlog.py:55}}
Jul 15 12:57:38.568076 n-d-771363-36 devstack@placement-api.service[94330]: INFO placement.requestlog [req-4027546c-efa8-4198-814c-4fd0c9836f35 req-4f22c2a2-3cd1-4198-af96-913576a840ab service placement] 10.222.0.16 "GET /placement/allocations/f618b592-dfc6-49b9-ab02-5a2825ebaba9" status: 200 len: 19 microversion: 1.28
Jul 15 12:57:38.570544 n-d-771363-36 devstack@placement-api.service[94330]: [pid: 94330|app: 0|req: 21/41] 10.222.0.16 () {60 vars in 1381 bytes} [Thu Jul 15 12:57:38 2021] GET /placement/allocations/f618b592-dfc6-49b9-ab02-5a2825ebaba9 => generated 19 bytes in 17 msecs (HTTP/1.1 200) 8 headers in 295 bytes (1 switches on core 0)
Jul 15 12:57:38.574923 n-d-771363-36 devstack@placement-api.service[94329]: DEBUG placement.requestlog [req-4027546c-efa8-4198-814c-4fd0c9836f35 req-a0fe18ee-8278-40d7-afcc-8a717f260668 None None] Starting request: 10.222.0.16 "PUT /placement/allocations/f618b592-dfc6-49b9-ab02-5a2825ebaba9" {{(pid=94329) __call__ /opt/stack/placement/placement/requestlog.py:55}}
Jul 15 12:57:38.734600 n-d-771363-36 devstack@placement-api.service[94329]: DEBUG placement.handlers.allocation [req-4027546c-efa8-4198-814c-4fd0c9836f35 req-a0fe18ee-8278-40d7-afcc-8a717f260668 service placement] Successfully wrote allocations [, , ] {{(pid=94329) _create_allocations /opt/stack/placement/placement/handlers/allocation.py:435}}
Jul 15 12:57:38.735363 n-d-771363-36 devstack@placement-api.service[94329]: INFO placement.requestlog [req-4027546c-efa8-4198-814c-4fd0c9836f35 req-a0fe18ee-8278-40d7-afcc-8a717f260668 service placement] 10.222.0.16 "PUT /placement/allocations/f618b592-dfc6-49b9-ab02-5a2825ebaba9" status: 204 len: 0 microversion: 1.35
Jul 15 12:57:38.736051 n-d-771363-36 devstack@placement-api.service[94329]: [pid: 94329|app: 0|req: 21/42] 10.222.0.16 () {64 vars in 1434 bytes} [Thu Jul 15 12:57:38 2021] PUT /placement/allocations/f618b592-dfc6-49b9-ab02-5a2825ebaba9 => generated 0 bytes in 161 msecs (HTTP/1.1 204) 5 headers in 199 bytes (1 switches on core 0)
Jul 15 12:57:39.217920 n-d-771363-36 devstack@placement-api.service[94330]: DEBUG placement.requestlog [req-4027546c-efa8-4198-814c-4fd0c9836f35 req-a1856bae-20a0-48ca-a53f-fffe5ed12789 None None] Starting request: 10.222.0.20 "GET /placement/allocations/f618b592-dfc6-49b9-ab02-5a2825ebaba9" {{(pid=94330) __call__ /opt/stack/placement/placement/requestlog.py:55}}
Jul 15 12:57:39.235284 n-d-771363-36 devstack@placement-api.service[94330]: INFO placement.requestlog [req-4027546c-efa8-4198-814c-4fd0c9836f35 req-a1856bae-20a0-48ca-a53f-fffe5ed12789 service placement] 10.222.0.20 "GET /placement/allocations/f618b592-dfc6-49b9-ab02-5a2825ebaba9" status: 200 len: 258 microversion: 1.28
Jul 15 12:57:39.235895 n-d-771363-36 devstack@placement-api.service[94330]: [pid: 94330|app: 0|req: 22/43] 10.222.0.20 () {60 vars in 1378 bytes} [Thu Jul 15 12:57:39 2021] GET /placement/allocations/f618b592-dfc6-49b9-ab02-5a2825ebaba9 => generated 258 bytes in 18 msecs (HTTP/1.1 200) 8 headers in 296 bytes (1 switches on core 0)
Jul 15 12:57:44.718230 n-d-771363-36 devstack@placement-api.service[94329]: DEBUG placement.requestlog [None req-97af35a0-0b27-4b5a-b292-34a179cfd355 None None] Starting request: 10.222.0.16 "GET /placement/" {{(pid=94329) __call__ /opt/stack/placement/placement/requestlog.py:55}}
Jul 15 12:57:44.719225 n-d-771363-36 devstack@placement-api.service[94329]: INFO placement.requestlog [None req-97af35a0-0b27-4b5a-b292-34a179cfd355 None None] 10.222.0.16 "GET /placement/" status: 200 len: 136 microversion: 1.0
Jul 15 12:57:44.719400 n-d-771363-36 devstack@placement-api.service[94329]: [pid: 94329|app: 0|req: 22/44] 10.222.0.16 () {54 vars in 907 bytes} [Thu Jul 15 12:57:44 2021] GET /placement => generated 136 bytes in 1 msecs (HTTP/1.1 200) 6 headers in 224 bytes (1 switches on core 0)
Jul 15 12:57:44.736563 n-d-771363-36 devstack@placement-api.service[94330]: DEBUG placement.requestlog [req-c8583cc8-ab4f-4754-b361-734a62cb7c41 req-dba7e9f7-c1bb-4d8c-a796-1a587036a694 None None] Starting request: 10.222.0.16 "GET /placement/resource_providers?name=n-h1-771363-36" {{(pid=94330) __call__ /opt/stack/placement/placement/requestlog.py:55}}
Jul 15 12:57:45.095095 n-d-771363-36 devstack@placement-api.service[94330]: INFO placement.requestlog [req-c8583cc8-ab4f-4754-b361-734a62cb7c41 req-dba7e9f7-c1bb-4d8c-a796-1a587036a694 service placement] 10.222.0.16 "GET /placement/resource_providers?name=n-h1-771363-36" status: 200 len: 441 microversion: 1.0
Jul 15 12:57:45.095549 n-d-771363-36 devstack@placement-api.service[94330]: [pid: 94330|app: 0|req: 23/45] 10.222.0.16 () {58 vars in 1277 bytes} [Thu Jul 15 12:57:44 2021] GET /placement/resource_providers?name=n-h1-771363-36 => generated 441 bytes in 359 msecs (HTTP/1.1 200) 6 headers in 224 bytes (2 switches on core 0)
Jul 15 12:57:45.102735 n-d-771363-36 devstack@placement-api.service[94329]: DEBUG placement.requestlog [req-c8583cc8-ab4f-4754-b361-734a62cb7c41 req-72432ac8-d7bf-4fd7-9527-4eb9bcbc3e74 None None] Starting request: 10.222.0.16 "GET /placement/resource_providers/7f1881b9-d3bf-440f-ab29-c2d4bf5e4319/aggregates" {{(pid=94329) __call__ /opt/stack/placement/placement/requestlog.py:55}}
Jul 15 12:57:45.116329 n-d-771363-36 devstack@placement-api.service[94329]: INFO placement.requestlog [req-c8583cc8-ab4f-4754-b361-734a62cb7c41 req-72432ac8-d7bf-4fd7-9527-4eb9bcbc3e74 service placement] 10.222.0.16 "GET /placement/resource_providers/7f1881b9-d3bf-440f-ab29-c2d4bf5e4319/aggregates" status: 200 len: 91 microversion: 1.19
Jul 15 12:57:45.123368 n-d-771363-36 devstack@placement-api.service[94329]: [pid: 94329|app: 0|req: 23/46] 10.222.0.16 () {60 vars in 1426 bytes} [Thu Jul 15 12:57:45 2021] GET /placement/resource_providers/7f1881b9-d3bf-440f-ab29-c2d4bf5e4319/aggregates => generated 91 bytes in 21 msecs (HTTP/1.1 200) 8 headers in 295 bytes (1 switches on core 0)
Jul 15 12:57:45.123738 n-d-771363-36 devstack@placement-api.service[94330]: DEBUG placement.requestlog [req-c8583cc8-ab4f-4754-b361-734a62cb7c41 req-3be98236-4211-4540-8097-19f0966c30d2 None None] Starting request: 10.222.0.16 "PUT /placement/resource_providers/7f1881b9-d3bf-440f-ab29-c2d4bf5e4319/aggregates" {{(pid=94330) __call__ /opt/stack/placement/placement/requestlog.py:55}}
Jul 15 12:57:45.141640 n-d-771363-36 devstack@placement-api.service[94330]: DEBUG placement.objects.resource_provider [req-c8583cc8-ab4f-4754-b361-734a62cb7c41 req-3be98236-4211-4540-8097-19f0966c30d2 service placement] Setting aggregates for provider 7f1881b9-d3bf-440f-ab29-c2d4bf5e4319. Successfully disassociated aggregate 65ef9fbf-79db-460d-9a73-e6e72668ae81. {{(pid=94330) _set_aggregates /opt/stack/placement/placement/objects/resource_provider.py:402}}
Jul 15 12:57:45.152872 n-d-771363-36 devstack@placement-api.service[94330]: INFO placement.requestlog [req-c8583cc8-ab4f-4754-b361-734a62cb7c41 req-3be98236-4211-4540-8097-19f0966c30d2 service placement] 10.222.0.16 "PUT /placement/resource_providers/7f1881b9-d3bf-440f-ab29-c2d4bf5e4319/aggregates" status: 200 len: 53 microversion: 1.19
Jul 15 12:57:45.153837 n-d-771363-36 devstack@placement-api.service[94330]: [pid: 94330|app: 0|req: 24/47] 10.222.0.16 () {64 vars in 1478 bytes} [Thu Jul 15 12:57:45 2021] PUT /placement/resource_providers/7f1881b9-d3bf-440f-ab29-c2d4bf5e4319/aggregates => generated 53 bytes in 30 msecs (HTTP/1.1 200) 8 headers in 295 bytes (2 switches on core 0)
Jul 15 12:57:46.116961 n-d-771363-36 devstack@placement-api.service[94329]: DEBUG placement.requestlog [req-6e5bd0fe-7baf-42a6-aaca-421d42f03281 req-0c9ab1e4-ab81-439c-a7d3-deed12e16071 None None] Starting request: 10.222.0.16 "GET /placement/resource_providers?name=n-h1-771363-36" {{(pid=94329) __call__ /opt/stack/placement/placement/requestlog.py:55}}
Jul 15 12:57:46.145867 n-d-771363-36 devstack@placement-api.service[94329]: INFO placement.requestlog [req-6e5bd0fe-7baf-42a6-aaca-421d42f03281 req-0c9ab1e4-ab81-439c-a7d3-deed12e16071 service placement] 10.222.0.16 "GET /placement/resource_providers?name=n-h1-771363-36" status: 200 len: 441 microversion: 1.0
Jul 15 12:57:46.146309 n-d-771363-36 devstack@placement-api.service[94329]: [pid: 94329|app: 0|req: 24/48] 10.222.0.16 () {58 vars in 1277 bytes} [Thu Jul 15 12:57:46 2021] GET /placement/resource_providers?name=n-h1-771363-36 => generated 441 bytes in 30 msecs (HTTP/1.1 200) 6 headers in 224 bytes (1 switches on core 0)
Jul 15 12:57:46.155541 n-d-771363-36 devstack@placement-api.service[94330]: DEBUG placement.requestlog [req-6e5bd0fe-7baf-42a6-aaca-421d42f03281 req-ea7c560a-e21b-4f63-9ea2-fc2805b02178 None None] Starting request: 10.222.0.16 "GET /placement/resource_providers/7f1881b9-d3bf-440f-ab29-c2d4bf5e4319/aggregates" {{(pid=94330) __call__ /opt/stack/placement/placement/requestlog.py:55}}
Jul 15 12:57:46.172444 n-d-771363-36 devstack@placement-api.service[94330]: INFO placement.requestlog [req-6e5bd0fe-7baf-42a6-aaca-421d42f03281 req-ea7c560a-e21b-4f63-9ea2-fc2805b02178 service placement] 10.222.0.16 "GET /placement/resource_providers/7f1881b9-d3bf-440f-ab29-c2d4bf5e4319/aggregates" status: 200 len: 53 microversion: 1.19
Jul 15 12:57:46.180439 n-d-771363-36 devstack@placement-api.service[94330]: [pid: 94330|app: 0|req: 25/49] 10.222.0.16 () {60 vars in 1426 bytes} [Thu Jul 15 12:57:46 2021] GET /placement/resource_providers/7f1881b9-d3bf-440f-ab29-c2d4bf5e4319/aggregates => generated 53 bytes in 25 msecs (HTTP/1.1 200) 8 headers in 295 bytes (1 switches on core 0)
Jul 15 12:57:46.181423 n-d-771363-36 devstack@placement-api.service[94329]: DEBUG placement.requestlog [req-6e5bd0fe-7baf-42a6-aaca-421d42f03281 req-77af6c53-ee53-4c69-81cb-7a6eff5387a8 None None] Starting request: 10.222.0.16 "PUT /placement/resource_providers/7f1881b9-d3bf-440f-ab29-c2d4bf5e4319/aggregates" {{(pid=94329) __call__ /opt/stack/placement/placement/requestlog.py:55}}
Jul 15 12:57:46.201875 n-d-771363-36 devstack@placement-api.service[94329]: DEBUG placement.objects.resource_provider [req-6e5bd0fe-7baf-42a6-aaca-421d42f03281 req-77af6c53-ee53-4c69-81cb-7a6eff5387a8 service placement] _ensure_aggregate() did not find aggregate c8f4bd1e-6433-4da1-a357-3c12a96ccd0d. Attempting to create it. {{(pid=94329) _ensure_aggregate /opt/stack/placement/placement/objects/resource_provider.py:319}}
Jul 15 12:57:46.204208 n-d-771363-36 devstack@placement-api.service[94329]: DEBUG placement.objects.resource_provider [req-6e5bd0fe-7baf-42a6-aaca-421d42f03281 req-77af6c53-ee53-4c69-81cb-7a6eff5387a8 service placement] _ensure_aggregate() created new aggregate c8f4bd1e-6433-4da1-a357-3c12a96ccd0d (id=2). {{(pid=94329) _ensure_aggregate /opt/stack/placement/placement/objects/resource_provider.py:325}}
Jul 15 12:57:46.205881 n-d-771363-36 devstack@placement-api.service[94329]: DEBUG placement.objects.resource_provider [req-6e5bd0fe-7baf-42a6-aaca-421d42f03281 req-77af6c53-ee53-4c69-81cb-7a6eff5387a8 service placement] Setting aggregates for provider 7f1881b9-d3bf-440f-ab29-c2d4bf5e4319. Successfully associated aggregate c8f4bd1e-6433-4da1-a357-3c12a96ccd0d. {{(pid=94329) _set_aggregates /opt/stack/placement/placement/objects/resource_provider.py:387}}
Jul 15 12:57:46.220401 n-d-771363-36 devstack@placement-api.service[94329]: INFO placement.requestlog [req-6e5bd0fe-7baf-42a6-aaca-421d42f03281 req-77af6c53-ee53-4c69-81cb-7a6eff5387a8 service placement] 10.222.0.16 "PUT /placement/resource_providers/7f1881b9-d3bf-440f-ab29-c2d4bf5e4319/aggregates" status: 200 len: 91 microversion: 1.19
Jul 15 12:57:46.226157 n-d-771363-36 devstack@placement-api.service[94329]: [pid: 94329|app: 0|req: 25/50] 10.222.0.16 () {64 vars in 1478 bytes} [Thu Jul 15 12:57:46 2021] PUT /placement/resource_providers/7f1881b9-d3bf-440f-ab29-c2d4bf5e4319/aggregates => generated 91 bytes in 45 msecs (HTTP/1.1 200) 8 headers in 295 bytes (2 switches on core 0)
Jul 15 12:57:46.762093 n-d-771363-36 devstack@placement-api.service[94330]: DEBUG placement.requestlog [req-407a118f-b6ce-499d-8a7d-d42bfe237f5a req-04b38da1-e0ab-4a0e-9b7c-4f599ab98929 None None] Starting request: 10.222.0.16 "GET /placement/resource_providers?name=n-h1-771363-36" {{(pid=94330) __call__ /opt/stack/placement/placement/requestlog.py:55}}
Jul 15 12:57:46.779444 n-d-771363-36 devstack@placement-api.service[94330]: INFO placement.requestlog [req-407a118f-b6ce-499d-8a7d-d42bfe237f5a req-04b38da1-e0ab-4a0e-9b7c-4f599ab98929 service placement] 10.222.0.16 "GET /placement/resource_providers?name=n-h1-771363-36" status: 200 len: 441 microversion: 1.0
Jul 15 12:57:46.780308 n-d-771363-36 devstack@placement-api.service[94330]: [pid: 94330|app: 0|req: 26/51] 10.222.0.16 () {58 vars in 1277 bytes} [Thu Jul 15 12:57:46 2021] GET /placement/resource_providers?name=n-h1-771363-36 => generated 441 bytes in 18 msecs (HTTP/1.1 200) 6 headers in 224 bytes (1 switches on core 0)
Jul 15 12:57:46.787151 n-d-771363-36 devstack@placement-api.service[94329]: DEBUG placement.requestlog [req-407a118f-b6ce-499d-8a7d-d42bfe237f5a req-c731de42-8eb3-4098-ba70-4993ab5d82d4 None None] Starting request: 10.222.0.16 "GET /placement/resource_providers/7f1881b9-d3bf-440f-ab29-c2d4bf5e4319/aggregates" {{(pid=94329) __call__ /opt/stack/placement/placement/requestlog.py:55}}
Jul 15 12:57:46.810244 n-d-771363-36 devstack@placement-api.service[94329]: INFO placement.requestlog [req-407a118f-b6ce-499d-8a7d-d42bfe237f5a req-c731de42-8eb3-4098-ba70-4993ab5d82d4 service placement] 10.222.0.16 "GET /placement/resource_providers/7f1881b9-d3bf-440f-ab29-c2d4bf5e4319/aggregates" status: 200 len: 91 microversion: 1.19
Jul 15 12:57:46.810506 n-d-771363-36 devstack@placement-api.service[94329]: [pid: 94329|app: 0|req: 26/52] 10.222.0.16 () {60 vars in 1426 bytes} [Thu Jul 15 12:57:46 2021] GET /placement/resource_providers/7f1881b9-d3bf-440f-ab29-c2d4bf5e4319/aggregates => generated 91 bytes in 24 msecs (HTTP/1.1 200) 8 headers in 295 bytes (1 switches on core 0)
Jul 15 12:57:46.824561 n-d-771363-36 devstack@placement-api.service[94330]: DEBUG placement.requestlog [req-407a118f-b6ce-499d-8a7d-d42bfe237f5a req-671be9e2-ef6f-47b9-85cb-0c46e96f7abd None None] Starting request: 10.222.0.16 "PUT /placement/resource_providers/7f1881b9-d3bf-440f-ab29-c2d4bf5e4319/aggregates" {{(pid=94330) __call__ /opt/stack/placement/placement/requestlog.py:55}}
Jul 15 12:57:46.856058 n-d-771363-36 devstack@placement-api.service[94330]: DEBUG placement.objects.resource_provider [req-407a118f-b6ce-499d-8a7d-d42bfe237f5a req-671be9e2-ef6f-47b9-85cb-0c46e96f7abd service placement] Setting aggregates for provider 7f1881b9-d3bf-440f-ab29-c2d4bf5e4319. Successfully disassociated aggregate c8f4bd1e-6433-4da1-a357-3c12a96ccd0d. {{(pid=94330) _set_aggregates /opt/stack/placement/placement/objects/resource_provider.py:402}}
Jul 15 12:57:46.864917 n-d-771363-36 devstack@placement-api.service[94330]: INFO placement.requestlog [req-407a118f-b6ce-499d-8a7d-d42bfe237f5a req-671be9e2-ef6f-47b9-85cb-0c46e96f7abd service placement] 10.222.0.16 "PUT /placement/resource_providers/7f1881b9-d3bf-440f-ab29-c2d4bf5e4319/aggregates" status: 200 len: 53 microversion: 1.19
Jul 15 12:57:46.865408 n-d-771363-36 devstack@placement-api.service[94330]: [pid: 94330|app: 0|req: 27/53] 10.222.0.16 () {64 vars in 1478 bytes} [Thu Jul 15 12:57:46 2021] PUT /placement/resource_providers/7f1881b9-d3bf-440f-ab29-c2d4bf5e4319/aggregates => generated 53 bytes in 41 msecs (HTTP/1.1 200) 8 headers in 295 bytes (1 switches on core 0)
Jul 15 12:57:47.522534 n-d-771363-36 devstack@placement-api.service[94329]: DEBUG placement.requestlog [req-53a4b139-e20e-4492-a438-6d547905f2b0 req-6c012546-8335-4c47-aef4-7a129aefb3b6 None None] Starting request: 10.222.0.16 "GET /placement/resource_providers?name=n-h1-771363-36" {{(pid=94329) __call__ /opt/stack/placement/placement/requestlog.py:55}}
Jul 15 12:57:47.538520 n-d-771363-36 devstack@placement-api.service[94329]: INFO placement.requestlog [req-53a4b139-e20e-4492-a438-6d547905f2b0 req-6c012546-8335-4c47-aef4-7a129aefb3b6 service placement] 10.222.0.16 "GET /placement/resource_providers?name=n-h1-771363-36" status: 200 len: 441 microversion: 1.0
Jul 15 12:57:47.545107 n-d-771363-36 devstack@placement-api.service[94329]: [pid: 94329|app: 0|req: 27/54] 10.222.0.16 () {58 vars in 1277 bytes} [Thu Jul 15 12:57:47 2021] GET /placement/resource_providers?name=n-h1-771363-36 => generated 441 bytes in 23 msecs (HTTP/1.1 200) 6 headers in 224 bytes (1 switches on core 0)
Jul 15 12:57:47.547960 n-d-771363-36 devstack@placement-api.service[94330]: DEBUG placement.requestlog [req-53a4b139-e20e-4492-a438-6d547905f2b0 req-4382732c-338d-437f-9faa-40881d934430 None None] Starting request: 10.222.0.16 "GET /placement/resource_providers/7f1881b9-d3bf-440f-ab29-c2d4bf5e4319/aggregates" {{(pid=94330) __call__ /opt/stack/placement/placement/requestlog.py:55}}
Jul 15 12:57:47.565288 n-d-771363-36 devstack@placement-api.service[94330]: INFO placement.requestlog [req-53a4b139-e20e-4492-a438-6d547905f2b0 req-4382732c-338d-437f-9faa-40881d934430 service placement] 10.222.0.16 "GET /placement/resource_providers/7f1881b9-d3bf-440f-ab29-c2d4bf5e4319/aggregates" status: 200 len: 53 microversion: 1.19
Jul 15 12:57:47.565752 n-d-771363-36 devstack@placement-api.service[94330]: [pid: 94330|app: 0|req: 28/55] 10.222.0.16 () {60 vars in 1426 bytes} [Thu Jul 15 12:57:47 2021] GET /placement/resource_providers/7f1881b9-d3bf-440f-ab29-c2d4bf5e4319/aggregates => generated 53 bytes in 18 msecs (HTTP/1.1 200) 8 headers in 295 bytes (1 switches on core 0)
Jul 15 12:57:47.573311 n-d-771363-36 devstack@placement-api.service[94329]: DEBUG placement.requestlog [req-53a4b139-e20e-4492-a438-6d547905f2b0 req-1de2d82a-8cfc-44c5-993e-c91a227b3ae7 None None] Starting request: 10.222.0.16 "PUT /placement/resource_providers/7f1881b9-d3bf-440f-ab29-c2d4bf5e4319/aggregates" {{(pid=94329) __call__ /opt/stack/placement/placement/requestlog.py:55}}
Jul 15 12:57:47.595500 n-d-771363-36 devstack@placement-api.service[94329]: DEBUG placement.objects.resource_provider [req-53a4b139-e20e-4492-a438-6d547905f2b0 req-1de2d82a-8cfc-44c5-993e-c91a227b3ae7 service placement] _ensure_aggregate() did not find aggregate 6a264faa-7a94-4c25-834d-be50c5c17114. Attempting to create it. {{(pid=94329) _ensure_aggregate /opt/stack/placement/placement/objects/resource_provider.py:319}}
Jul 15 12:57:47.598789 n-d-771363-36 devstack@placement-api.service[94329]: DEBUG placement.objects.resource_provider [req-53a4b139-e20e-4492-a438-6d547905f2b0 req-1de2d82a-8cfc-44c5-993e-c91a227b3ae7 service placement] _ensure_aggregate() created new aggregate 6a264faa-7a94-4c25-834d-be50c5c17114 (id=3). {{(pid=94329) _ensure_aggregate /opt/stack/placement/placement/objects/resource_provider.py:325}}
Jul 15 12:57:47.602312 n-d-771363-36 devstack@placement-api.service[94329]: DEBUG placement.objects.resource_provider [req-53a4b139-e20e-4492-a438-6d547905f2b0 req-1de2d82a-8cfc-44c5-993e-c91a227b3ae7 service placement] Setting aggregates for provider 7f1881b9-d3bf-440f-ab29-c2d4bf5e4319. Successfully associated aggregate 6a264faa-7a94-4c25-834d-be50c5c17114. {{(pid=94329) _set_aggregates /opt/stack/placement/placement/objects/resource_provider.py:387}}
Jul 15 12:57:47.616712 n-d-771363-36 devstack@placement-api.service[94329]: INFO placement.requestlog [req-53a4b139-e20e-4492-a438-6d547905f2b0 req-1de2d82a-8cfc-44c5-993e-c91a227b3ae7 service placement] 10.222.0.16 "PUT /placement/resource_providers/7f1881b9-d3bf-440f-ab29-c2d4bf5e4319/aggregates" status: 200 len: 91 microversion: 1.19
Jul 15 12:57:47.622553 n-d-771363-36 devstack@placement-api.service[94329]: [pid: 94329|app: 0|req: 28/56] 10.222.0.16 () {64 vars in 1478 bytes} [Thu Jul 15 12:57:47 2021] PUT /placement/resource_providers/7f1881b9-d3bf-440f-ab29-c2d4bf5e4319/aggregates => generated 91 bytes in 48 msecs (HTTP/1.1 200) 8 headers in 295 bytes (1 switches on core 0)
Jul 15 12:57:48.025451 n-d-771363-36 devstack@placement-api.service[94330]: DEBUG placement.requestlog [req-33f4891e-1871-4aea-82df-1fb20b178a5f req-9ee6c4ee-db3e-40fc-a941-0877222b3478 None None] Starting request: 10.222.0.16 "GET /placement/resource_providers?name=n-h1-771363-36" {{(pid=94330) __call__ /opt/stack/placement/placement/requestlog.py:55}}
Jul 15 12:57:48.045647 n-d-771363-36 devstack@placement-api.service[94330]: INFO placement.requestlog [req-33f4891e-1871-4aea-82df-1fb20b178a5f req-9ee6c4ee-db3e-40fc-a941-0877222b3478 service placement] 10.222.0.16 "GET /placement/resource_providers?name=n-h1-771363-36" status: 200 len: 441 microversion: 1.0
Jul 15 12:57:48.046263 n-d-771363-36 devstack@placement-api.service[94330]: [pid: 94330|app: 0|req: 29/57] 10.222.0.16 () {58 vars in 1277 bytes} [Thu Jul 15 12:57:48 2021] GET /placement/resource_providers?name=n-h1-771363-36 => generated 441 bytes in 21 msecs (HTTP/1.1 200) 6 headers in 224 bytes (1 switches on core 0)
Jul 15 12:57:48.053886 n-d-771363-36 devstack@placement-api.service[94329]: DEBUG placement.requestlog [req-33f4891e-1871-4aea-82df-1fb20b178a5f req-f9bef5e5-d3ae-4a18-8774-795a8e0afa7b None None] Starting request: 10.222.0.16 "GET /placement/resource_providers/7f1881b9-d3bf-440f-ab29-c2d4bf5e4319/aggregates" {{(pid=94329) __call__ /opt/stack/placement/placement/requestlog.py:55}}
Jul 15 12:57:48.086963 n-d-771363-36 devstack@placement-api.service[94329]: INFO placement.requestlog [req-33f4891e-1871-4aea-82df-1fb20b178a5f req-f9bef5e5-d3ae-4a18-8774-795a8e0afa7b service placement] 10.222.0.16 "GET /placement/resource_providers/7f1881b9-d3bf-440f-ab29-c2d4bf5e4319/aggregates" status: 200 len: 91 microversion: 1.19
Jul 15 12:57:48.087501 n-d-771363-36 devstack@placement-api.service[94329]: [pid: 94329|app: 0|req: 29/58] 10.222.0.16 () {60 vars in 1426 bytes} [Thu Jul 15 12:57:48 2021] GET /placement/resource_providers/7f1881b9-d3bf-440f-ab29-c2d4bf5e4319/aggregates => generated 91 bytes in 34 msecs (HTTP/1.1 200) 8 headers in 295 bytes (1 switches on core 0)
Jul 15 12:57:48.095218 n-d-771363-36 devstack@placement-api.service[94330]: DEBUG placement.requestlog [req-33f4891e-1871-4aea-82df-1fb20b178a5f req-a7d83c79-e621-4281-884b-b248c96435e9 None None] Starting request: 10.222.0.16 "PUT /placement/resource_providers/7f1881b9-d3bf-440f-ab29-c2d4bf5e4319/aggregates" {{(pid=94330) __call__ /opt/stack/placement/placement/requestlog.py:55}}
Jul 15 12:57:48.113071 n-d-771363-36 devstack@placement-api.service[94330]: DEBUG placement.objects.resource_provider [req-33f4891e-1871-4aea-82df-1fb20b178a5f req-a7d83c79-e621-4281-884b-b248c96435e9 service placement] Setting aggregates for provider 7f1881b9-d3bf-440f-ab29-c2d4bf5e4319. Successfully disassociated aggregate 6a264faa-7a94-4c25-834d-be50c5c17114. {{(pid=94330) _set_aggregates /opt/stack/placement/placement/objects/resource_provider.py:402}}
Jul 15 12:57:48.122433 n-d-771363-36 devstack@placement-api.service[94330]: INFO placement.requestlog [req-33f4891e-1871-4aea-82df-1fb20b178a5f req-a7d83c79-e621-4281-884b-b248c96435e9 service placement] 10.222.0.16 "PUT /placement/resource_providers/7f1881b9-d3bf-440f-ab29-c2d4bf5e4319/aggregates" status: 200 len: 54 microversion: 1.19
Jul 15 12:57:48.128532 n-d-771363-36 devstack@placement-api.service[94330]: [pid: 94330|app: 0|req: 30/59] 10.222.0.16 () {64 vars in 1478 bytes} [Thu Jul 15 12:57:48 2021] PUT /placement/resource_providers/7f1881b9-d3bf-440f-ab29-c2d4bf5e4319/aggregates => generated 54 bytes in 33 msecs (HTTP/1.1 200) 8 headers in 295 bytes (1 switches on core 0)
Jul 15 12:57:48.511244 n-d-771363-36 devstack@placement-api.service[94329]: DEBUG placement.requestlog [req-b8f693b3-62cb-4b05-8323-dbb2d34934fc req-800a4e3c-1b31-40ba-9627-f1542ac5d867 None None] Starting request: 10.222.0.16 "GET /placement/resource_providers?name=n-h1-771363-36" {{(pid=94329) __call__ /opt/stack/placement/placement/requestlog.py:55}}
Jul 15 12:57:48.522448 n-d-771363-36 devstack@placement-api.service[94329]: INFO placement.requestlog [req-b8f693b3-62cb-4b05-8323-dbb2d34934fc req-800a4e3c-1b31-40ba-9627-f1542ac5d867 service placement] 10.222.0.16 "GET /placement/resource_providers?name=n-h1-771363-36" status: 200 len: 442 microversion: 1.0
Jul 15 12:57:48.522981 n-d-771363-36 devstack@placement-api.service[94329]: [pid: 94329|app: 0|req: 30/60] 10.222.0.16 () {58 vars in 1277 bytes} [Thu Jul 15 12:57:48 2021] GET /placement/resource_providers?name=n-h1-771363-36 => generated 442 bytes in 12 msecs (HTTP/1.1 200) 6 headers in 224 bytes (1 switches on core 0)
Jul 15 12:57:48.529565 n-d-771363-36 devstack@placement-api.service[94330]: DEBUG placement.requestlog [req-b8f693b3-62cb-4b05-8323-dbb2d34934fc req-1fce36f0-c60d-4638-bbcd-4406037a5aaf None None] Starting request: 10.222.0.16 "GET /placement/resource_providers/7f1881b9-d3bf-440f-ab29-c2d4bf5e4319/aggregates" {{(pid=94330) __call__ /opt/stack/placement/placement/requestlog.py:55}}
Jul 15 12:57:48.544608 n-d-771363-36 devstack@placement-api.service[94330]: INFO placement.requestlog [req-b8f693b3-62cb-4b05-8323-dbb2d34934fc req-1fce36f0-c60d-4638-bbcd-4406037a5aaf service placement] 10.222.0.16 "GET /placement/resource_providers/7f1881b9-d3bf-440f-ab29-c2d4bf5e4319/aggregates" status: 200 len: 54 microversion: 1.19
Jul 15 12:57:48.551895 n-d-771363-36 devstack@placement-api.service[94330]: [pid: 94330|app: 0|req: 31/61] 10.222.0.16 () {60 vars in 1426 bytes} [Thu Jul 15 12:57:48 2021] GET /placement/resource_providers/7f1881b9-d3bf-440f-ab29-c2d4bf5e4319/aggregates => generated 54 bytes in 22 msecs (HTTP/1.1 200) 8 headers in 295 bytes (1 switches on core 0)
Jul 15 12:57:48.555241 n-d-771363-36 devstack@placement-api.service[94329]: DEBUG placement.requestlog [req-b8f693b3-62cb-4b05-8323-dbb2d34934fc req-9fc3800d-b717-45c6-ae9c-a5803ef45793 None None] Starting request: 10.222.0.16 "PUT /placement/resource_providers/7f1881b9-d3bf-440f-ab29-c2d4bf5e4319/aggregates" {{(pid=94329) __call__ /opt/stack/placement/placement/requestlog.py:55}}
Jul 15 12:57:48.572686 n-d-771363-36 devstack@placement-api.service[94329]: DEBUG placement.objects.resource_provider [req-b8f693b3-62cb-4b05-8323-dbb2d34934fc req-9fc3800d-b717-45c6-ae9c-a5803ef45793 service placement] _ensure_aggregate() did not find aggregate f6b59af6-8585-46eb-9d54-5b7916df1a95. Attempting to create it. {{(pid=94329) _ensure_aggregate /opt/stack/placement/placement/objects/resource_provider.py:319}}
Jul 15 12:57:48.574351 n-d-771363-36 devstack@placement-api.service[94329]: DEBUG placement.objects.resource_provider [req-b8f693b3-62cb-4b05-8323-dbb2d34934fc req-9fc3800d-b717-45c6-ae9c-a5803ef45793 service placement] _ensure_aggregate() created new aggregate f6b59af6-8585-46eb-9d54-5b7916df1a95 (id=4). {{(pid=94329) _ensure_aggregate /opt/stack/placement/placement/objects/resource_provider.py:325}}
Jul 15 12:57:48.575746 n-d-771363-36 devstack@placement-api.service[94329]: DEBUG placement.objects.resource_provider [req-b8f693b3-62cb-4b05-8323-dbb2d34934fc req-9fc3800d-b717-45c6-ae9c-a5803ef45793 service placement] Setting aggregates for provider 7f1881b9-d3bf-440f-ab29-c2d4bf5e4319. Successfully associated aggregate f6b59af6-8585-46eb-9d54-5b7916df1a95. {{(pid=94329) _set_aggregates /opt/stack/placement/placement/objects/resource_provider.py:387}}
Jul 15 12:57:48.584410 n-d-771363-36 devstack@placement-api.service[94329]: INFO placement.requestlog [req-b8f693b3-62cb-4b05-8323-dbb2d34934fc req-9fc3800d-b717-45c6-ae9c-a5803ef45793 service placement] 10.222.0.16 "PUT /placement/resource_providers/7f1881b9-d3bf-440f-ab29-c2d4bf5e4319/aggregates" status: 200 len: 92 microversion: 1.19
