Jul 05 03:43:28.275485 n-d-771363-32 neutron-server[100932]: INFO neutron.wsgi [req-21c9c1e0-37d1-4d38-89e1-80e58928f26b req-45014eb4-dceb-4804-b431-af0db215ea0b service neutron] 10.222.0.36 "GET /v2.0/ports?network_id=d44a9092-20ac-4476-bae6-197848f10ce5&device_owner=network%3Adhcp HTTP/1.1" status: 200 len: 1167 time: 0.0637825
Jul 05 03:43:28.288017 n-d-771363-32 neutron-server[100933]: INFO neutron.wsgi [req-f7be22b3-e847-4a9e-9e29-2b867560b1c5 req-c07f105f-6570-48d7-9570-aeb6689face1 tempest-LiveMigrationTest-1345810777 tempest-LiveMigrationTest-1345810777-project] 10.222.0.38 "GET /v2.0/security-groups?id=4f70b5fc-ad5f-4625-a40d-0e8cccb13cdc&fields=id&fields=name HTTP/1.1" status: 200 len: 286 time: 0.0908911
Jul 05 03:43:28.326185 n-d-771363-32 neutron-server[100933]: DEBUG neutron.pecan_wsgi.hooks.policy_enforcement [req-b636e5a1-250d-485e-9faf-cee519028356 req-79335737-81bd-4bcd-a0c7-1ca0aff9fb43 tempest-ServersAdminNegativeTestJSON-1400772654 tempest-ServersAdminNegativeTestJSON-1400772654-project] Attributes excluded by policy engine: ['standard_attr_id', 'binding:profile', 'binding:host_id', 'binding:vif_type', 'binding:vif_details'] {{(pid=100933) _exclude_attributes_by_policy /opt/stack/neutron/neutron/pecan_wsgi/hooks/policy_enforcement.py:255}}
Jul 05 03:43:28.333830 n-d-771363-32 neutron-server[100933]: INFO neutron.wsgi [req-b636e5a1-250d-485e-9faf-cee519028356 req-79335737-81bd-4bcd-a0c7-1ca0aff9fb43 tempest-ServersAdminNegativeTestJSON-1400772654 tempest-ServersAdminNegativeTestJSON-1400772654-project] 10.222.0.38 "GET /v2.0/ports?device_id=186eaeca-f66b-4c17-8c8d-e22424d60bae HTTP/1.1" status: 200 len: 948 time: 0.0957873
Jul 05 03:43:28.417474 n-d-771363-32 neutron-server[100933]: INFO neutron.wsgi [req-b636e5a1-250d-485e-9faf-cee519028356 req-de267f7b-c9c1-4d5e-bb44-fff4c99ca51f tempest-ServersAdminNegativeTestJSON-1400772654 tempest-ServersAdminNegativeTestJSON-1400772654-project] 10.222.0.38 "GET /v2.0/security-groups?id=1171d4a0-05d9-448e-8ec8-e4ba6a8bfc94&fields=id&fields=name HTTP/1.1" status: 200 len: 286 time: 0.0715086
Jul 05 03:43:28.427924 n-d-771363-32 neutron-server[100932]: INFO neutron.wsgi [req-21c9c1e0-37d1-4d38-89e1-80e58928f26b req-60451e94-0952-4782-8caa-0ad36c4d1e0d service neutron] 10.222.0.36 "GET /v2.0/networks/d44a9092-20ac-4476-bae6-197848f10ce5?fields=segments HTTP/1.1" status: 200 len: 212 time: 0.1423442
Jul 05 03:43:28.513684 n-d-771363-32 neutron-server[100933]: DEBUG neutron.pecan_wsgi.hooks.policy_enforcement [req-759a07d0-c109-4ba8-b382-fc9fb4821cea req-ee22a988-8013-408c-b4fe-15eb3b585ef8 tempest-TenantUsagesTestJSON-791822133 tempest-TenantUsagesTestJSON-791822133-project] Attributes excluded by policy engine: ['standard_attr_id', 'binding:profile', 'binding:host_id', 'binding:vif_type', 'binding:vif_details'] {{(pid=100933) _exclude_attributes_by_policy /opt/stack/neutron/neutron/pecan_wsgi/hooks/policy_enforcement.py:255}}
Jul 05 03:43:28.515626 n-d-771363-32 neutron-server[100933]: INFO neutron.wsgi [req-759a07d0-c109-4ba8-b382-fc9fb4821cea req-ee22a988-8013-408c-b4fe-15eb3b585ef8 tempest-TenantUsagesTestJSON-791822133 tempest-TenantUsagesTestJSON-791822133-project] 10.222.0.38 "GET /v2.0/ports?device_id=ce150620-bcc9-4ddf-b23b-5a38775858a7 HTTP/1.1" status: 200 len: 947 time: 0.0698614
Jul 05 03:43:28.533210 n-d-771363-32 neutron-server[100932]: INFO neutron.wsgi [req-21c9c1e0-37d1-4d38-89e1-80e58928f26b req-0a67ccbc-bbd2-4ce9-ba01-d4cbca0e622c service neutron] 10.222.0.36 "GET /v2.0/networks/d44a9092-20ac-4476-bae6-197848f10ce5?fields=provider%3Aphysical_network&fields=provider%3Anetwork_type HTTP/1.1" status: 200 len: 281 time: 0.1011331
Jul 05 03:43:28.560707 n-d-771363-32 neutron-server[100933]: INFO neutron.wsgi [req-759a07d0-c109-4ba8-b382-fc9fb4821cea req-db6669f8-8a35-4a75-9a91-8d7842840a4f tempest-TenantUsagesTestJSON-791822133 tempest-TenantUsagesTestJSON-791822133-project] 10.222.0.38 "GET /v2.0/security-groups?id=72b7a1e3-8d3c-49a9-8045-1f2a4ac9a911&fields=id&fields=name HTTP/1.1" status: 200 len: 286 time: 0.0385404
Jul 05 03:43:28.785676 n-d-771363-32 neutron-server[100933]: DEBUG neutron.wsgi [-] (100933) accepted ('10.222.0.38', 56462) {{(pid=100933) server /usr/local/lib/python3.8/dist-packages/eventlet/wsgi.py:982}}
Jul 05 03:43:28.815128 n-d-771363-32 neutron-server[100934]: DEBUG neutron.plugins.ml2.rpc [None req-89c01285-a88a-4f67-b86c-4f4209f5c4cf None None] Device 3a30efd6-bd00-42d2-9e11-63674f2d9621 details requested by agent hyperv_n-h1-771363-32 with host n-h1-771363-32 {{(pid=100934) get_device_details /opt/stack/neutron/neutron/plugins/ml2/rpc.py:102}}
Jul 05 03:43:28.844973 n-d-771363-32 neutron-server[100934]: DEBUG neutron.plugins.ml2.rpc [None req-89c01285-a88a-4f67-b86c-4f4209f5c4cf None None] Device 4020742e-21b4-4ed4-a1e1-66dfb683b333 up at agent hyperv_n-h1-771363-32 {{(pid=100934) update_device_up /opt/stack/neutron/neutron/plugins/ml2/rpc.py:296}}
Jul 05 03:43:28.945270 n-d-771363-32 neutron-server[100933]: DEBUG neutron_lib.callbacks.manager [None req-d1c73685-46e8-40b0-b4ce-8e1646a6936e admin admin] Notify callbacks [] for security_group, before_create {{(pid=100933) _notify_loop /usr/local/lib/python3.8/dist-packages/neutron_lib/callbacks/manager.py:192}}
Jul 05 03:43:28.975187 n-d-771363-32 neutron-server[100934]: DEBUG neutron.plugins.ml2.db [None req-89c01285-a88a-4f67-b86c-4f4209f5c4cf None None] For port 3a30efd6-bd00-42d2-9e11-63674f2d9621, host n-h1-771363-32, got binding levels [PortBindingLevel(driver='hyperv',host='n-h1-771363-32',level=0,port_id=3a30efd6-bd00-42d2-9e11-63674f2d9621,segment=NetworkSegment(0809e66f-56b3-42a7-a295-2ae3e980bf4f),segment_id=0809e66f-56b3-42a7-a295-2ae3e980bf4f)] {{(pid=100934) get_binding_level_objs /opt/stack/neutron/neutron/plugins/ml2/db.py:74}}
Jul 05 03:43:28.995686 n-d-771363-32 neutron-server[100934]: DEBUG neutron.plugins.ml2.rpc [None req-89c01285-a88a-4f67-b86c-4f4209f5c4cf None None] Returning: {'device': '3a30efd6-bd00-42d2-9e11-63674f2d9621', 'network_id': '0afd212f-7e29-4013-a682-9abe025fe125', 'port_id': '3a30efd6-bd00-42d2-9e11-63674f2d9621', 'mac_address': 'fa:16:3e:c4:6e:69', 'admin_state_up': True, 'network_type': 'vlan', 'segmentation_id': 137, 'physical_network': 'physnet1', 'mtu': 1500, 'fixed_ips': [{'subnet_id': '2332289e-5fbe-496d-8ce1-e0de67e408f4', 'ip_address': '172.20.0.13'}], 'device_owner': 'compute:nova', 'allowed_address_pairs': [], 'port_security_enabled': True, 'qos_policy_id': None, 'network_qos_policy_id': None, 'profile': {}, 'propagate_uplink_status': False} {{(pid=100934) _get_device_details /opt/stack/neutron/neutron/plugins/ml2/rpc.py:184}}
Jul 05 03:43:29.086796 n-d-771363-32 neutron-server[100934]: DEBUG neutron_lib.callbacks.manager [None req-89c01285-a88a-4f67-b86c-4f4209f5c4cf None None] Notify callbacks ['neutron.plugins.ml2.plugin.SecurityGroupDbMixin._ensure_default_security_group_handler-1673444'] for port, before_update {{(pid=100934) _notify_loop /usr/local/lib/python3.8/dist-packages/neutron_lib/callbacks/manager.py:192}}
Jul 05 03:43:29.091235 n-d-771363-32 neutron-server[100933]: DEBUG neutron_lib.callbacks.manager [None req-d1c73685-46e8-40b0-b4ce-8e1646a6936e admin admin] Notify callbacks [] for security_group, precommit_create {{(pid=100933) _notify_loop /usr/local/lib/python3.8/dist-packages/neutron_lib/callbacks/manager.py:192}}
Jul 05 03:43:29.107664 n-d-771363-32 neutron-server[100934]: DEBUG neutron.notifiers.nova [None req-89c01285-a88a-4f67-b86c-4f4209f5c4cf None None] Ignoring state change previous_port_status: DOWN current_port_status: BUILD port_id 3a30efd6-bd00-42d2-9e11-63674f2d9621 {{(pid=100934) record_port_status_changed /opt/stack/neutron/neutron/notifiers/nova.py:224}}
Jul 05 03:43:29.131024 n-d-771363-32 neutron-server[100934]: DEBUG neutron.plugins.ml2.db [None req-89c01285-a88a-4f67-b86c-4f4209f5c4cf None None] For port 3a30efd6-bd00-42d2-9e11-63674f2d9621, host n-h1-771363-32, got binding levels [PortBindingLevel(driver='hyperv',host='n-h1-771363-32',level=0,port_id=3a30efd6-bd00-42d2-9e11-63674f2d9621,segment=NetworkSegment(0809e66f-56b3-42a7-a295-2ae3e980bf4f),segment_id=0809e66f-56b3-42a7-a295-2ae3e980bf4f)] {{(pid=100934) get_binding_level_objs /opt/stack/neutron/neutron/plugins/ml2/db.py:74}}
Jul 05 03:43:29.147750 n-d-771363-32 neutron-server[100934]: DEBUG neutron.db.provisioning_blocks [None req-89c01285-a88a-4f67-b86c-4f4209f5c4cf None None] Provisioning for port 4020742e-21b4-4ed4-a1e1-66dfb683b333 completed by entity L2. {{(pid=100934) provisioning_complete /opt/stack/neutron/neutron/db/provisioning_blocks.py:133}}
Jul 05 03:43:29.152786 n-d-771363-32 neutron-server[100934]: DEBUG neutron.db.provisioning_blocks [None req-89c01285-a88a-4f67-b86c-4f4209f5c4cf None None] Provisioning complete for port 4020742e-21b4-4ed4-a1e1-66dfb683b333 triggered by entity L2. {{(pid=100934) provisioning_complete /opt/stack/neutron/neutron/db/provisioning_blocks.py:139}}
Jul 05 03:43:29.153160 n-d-771363-32 neutron-server[100934]: DEBUG neutron_lib.callbacks.manager [None req-89c01285-a88a-4f67-b86c-4f4209f5c4cf None None] Notify callbacks ['neutron.plugins.ml2.plugin.Ml2Plugin._port_provisioned-2045801'] for port, provisioning_complete {{(pid=100934) _notify_loop /usr/local/lib/python3.8/dist-packages/neutron_lib/callbacks/manager.py:192}}
Jul 05 03:43:29.162267 n-d-771363-32 neutron-server[100933]: INFO neutron.wsgi [req-8f57772c-8007-4173-b1b7-34d28b567021 req-635ea19f-de10-459e-87ee-0cdff2eb502e tempest-DeleteServersAdminTestJSON-2106836471 tempest-DeleteServersAdminTestJSON-2106836471-project] 10.222.0.38 "GET /v2.0/ports?device_id=e72d088d-c5ed-4593-af8b-99f064b5131f HTTP/1.1" status: 200 len: 210 time: 0.0388415
Jul 05 03:43:29.233527 n-d-771363-32 neutron-server[100933]: DEBUG neutron_lib.callbacks.manager [None req-d1c73685-46e8-40b0-b4ce-8e1646a6936e admin admin] Notify callbacks ['neutron.plugins.ml2.ovo_rpc._ObjectChangeHandler.handle_payload_event-973688'] for security_group, after_create {{(pid=100933) _notify_loop /usr/local/lib/python3.8/dist-packages/neutron_lib/callbacks/manager.py:192}}
Jul 05 03:43:29.243474 n-d-771363-32 neutron-server[100934]: DEBUG neutron_lib.callbacks.manager [None req-89c01285-a88a-4f67-b86c-4f4209f5c4cf None None] Notify callbacks ['neutron.plugins.ml2.plugin.SecurityGroupDbMixin._ensure_default_security_group_handler-1673444'] for port, before_update {{(pid=100934) _notify_loop /usr/local/lib/python3.8/dist-packages/neutron_lib/callbacks/manager.py:192}}
Jul 05 03:43:29.267922 n-d-771363-32 neutron-server[100934]: DEBUG neutron.notifiers.nova [-] Sending events: [{'server_uuid': '186eaeca-f66b-4c17-8c8d-e22424d60bae', 'name': 'network-vif-plugged', 'status': 'completed', 'tag': '4020742e-21b4-4ed4-a1e1-66dfb683b333'}] {{(pid=100934) send_events /opt/stack/neutron/neutron/notifiers/nova.py:262}}
Jul 05 03:43:29.270189 n-d-771363-32 neutron-server[100934]: DEBUG novaclient.v2.client [-] REQ: curl -g -i --cacert "/opt/stack/data/ca-bundle.pem" -X POST http://10.222.0.38/compute/v2.1/os-server-external-events -H "Accept: application/json" -H "Content-Type: application/json" -H "User-Agent: python-novaclient" -H "X-Auth-Token: {SHA256}fb7485b71de223e11256bcac06b66a4ea843efbae3346f5e57aba7777950f5b0" -H "X-OpenStack-Nova-API-Version: 2.1" -H "X-OpenStack-Request-ID: req-3c73d43e-512e-410a-9b35-d2bb47370d53" -d '{"events": [{"server_uuid": "186eaeca-f66b-4c17-8c8d-e22424d60bae", "name": "network-vif-plugged", "status": "completed", "tag": "4020742e-21b4-4ed4-a1e1-66dfb683b333"}]}' {{(pid=100934) _http_log_request /usr/local/lib/python3.8/dist-packages/keystoneauth1/session.py:519}}
Jul 05 03:43:29.274131 n-d-771363-32 neutron-server[100933]: DEBUG neutron.api.rpc.handlers.resources_rpc [None req-d1c73685-46e8-40b0-b4ce-8e1646a6936e admin admin] Pushing event updated for resources: {'SecurityGroup': ['ID=c901229f-6404-4a29-a729-802a739453be,revision_number=1']} {{(pid=100933) push /opt/stack/neutron/neutron/api/rpc/handlers/resources_rpc.py:237}}
Jul 05 03:43:29.279550 n-d-771363-32 neutron-server[100933]: INFO neutron.wsgi [None req-d1c73685-46e8-40b0-b4ce-8e1646a6936e admin admin] 10.222.0.38 "GET /v2.0/security-groups?tenant_id=e6b9a35c388e4ebd915d89c2d2ca8aa9&name=default HTTP/1.1" status: 200 len: 2979 time: 0.4962711
Jul 05 03:43:29.282259 n-d-771363-32 neutron-server[100933]: DEBUG neutron.wsgi [-] (100933) accepted ('10.222.0.38', 56478) {{(pid=100933) server /usr/local/lib/python3.8/dist-packages/eventlet/wsgi.py:982}}
Jul 05 03:43:29.286539 n-d-771363-32 neutron-server[100934]: DEBUG neutron.plugins.ml2.db [None req-89c01285-a88a-4f67-b86c-4f4209f5c4cf None None] For port 4020742e-21b4-4ed4-a1e1-66dfb683b333, host n-h1-771363-32, got binding levels [PortBindingLevel(driver='hyperv',host='n-h1-771363-32',level=0,port_id=4020742e-21b4-4ed4-a1e1-66dfb683b333,segment=NetworkSegment(eb551a1b-1b64-4873-8e63-47b0dff55af2),segment_id=eb551a1b-1b64-4873-8e63-47b0dff55af2)] {{(pid=100934) get_binding_level_objs /opt/stack/neutron/neutron/plugins/ml2/db.py:74}}
Jul 05 03:43:29.310657 n-d-771363-32 neutron-server[100934]: DEBUG neutron_lib.callbacks.manager [None req-89c01285-a88a-4f67-b86c-4f4209f5c4cf None None] Notify callbacks ['neutron.plugins.ml2.plugin.SecurityGroupServerNotifierRpcMixin.notify_sg_on_port_change-1677096', 'neutron.plugins.ml2.ovo_rpc._ObjectChangeHandler.handle_event-145800', 'neutron.api.rpc.agentnotifiers.dhcp_rpc_agent_api.DhcpAgentNotifyAPI._native_event_send_dhcp_notification-551346', 'neutron.db.l3_db.L3RpcNotifierMixin._notify_gateway_port_ip_changed-8735423277864', 'neutron.db.l3_dvrscheduler_db._notify_l3_agent_port_update-8735422727415', 'neutron.db.l3_hascheduler_db._notify_l3_agent_ha_port_update-8735422723880'] for port, after_update {{(pid=100934) _notify_loop /usr/local/lib/python3.8/dist-packages/neutron_lib/callbacks/manager.py:192}}
Jul 05 03:43:29.342258 n-d-771363-32 neutron-server[100933]: DEBUG neutron_lib.callbacks.manager [None req-7d4d6a5f-2287-43be-a939-5b37aa19f037 admin admin] Notify callbacks [] for security_group, before_delete {{(pid=100933) _notify_loop /usr/local/lib/python3.8/dist-packages/neutron_lib/callbacks/manager.py:192}}
Jul 05 03:43:29.400946 n-d-771363-32 neutron-server[100933]: DEBUG neutron_lib.callbacks.manager [None req-7d4d6a5f-2287-43be-a939-5b37aa19f037 admin admin] Notify callbacks [] for security_group, precommit_delete {{(pid=100933) _notify_loop /usr/local/lib/python3.8/dist-packages/neutron_lib/callbacks/manager.py:192}}
Jul 05 03:43:29.411924 n-d-771363-32 neutron-server[100934]: DEBUG novaclient.v2.client [-] RESP: [200] Connection: close Content-Length: 183 Content-Type: application/json Date: Mon, 05 Jul 2021 03:43:29 GMT OpenStack-API-Version: compute 2.1 Server: Apache/2.4.41 (Ubuntu) Vary: OpenStack-API-Version,X-OpenStack-Nova-API-Version X-OpenStack-Nova-API-Version: 2.1 x-compute-request-id: req-a44110f8-6ab9-4382-bd78-09cfc3b5e186 x-openstack-request-id: req-a44110f8-6ab9-4382-bd78-09cfc3b5e186 {{(pid=100934) _http_log_response /usr/local/lib/python3.8/dist-packages/keystoneauth1/session.py:550}}
Jul 05 03:43:29.412472 n-d-771363-32 neutron-server[100934]: DEBUG novaclient.v2.client [-] RESP BODY: {"events": [{"server_uuid": "186eaeca-f66b-4c17-8c8d-e22424d60bae", "name": "network-vif-plugged", "status": "completed", "tag": "4020742e-21b4-4ed4-a1e1-66dfb683b333", "code": 200}]} {{(pid=100934) _http_log_response /usr/local/lib/python3.8/dist-packages/keystoneauth1/session.py:582}}
Jul 05 03:43:29.412902 n-d-771363-32 neutron-server[100934]: DEBUG novaclient.v2.client [-] POST call to compute for http://10.222.0.38/compute/v2.1/os-server-external-events used request id req-a44110f8-6ab9-4382-bd78-09cfc3b5e186 {{(pid=100934) request /usr/local/lib/python3.8/dist-packages/keystoneauth1/session.py:954}}
Jul 05 03:43:29.413515 n-d-771363-32 neutron-server[100934]: INFO neutron.notifiers.nova [-] Nova event response: {'server_uuid': '186eaeca-f66b-4c17-8c8d-e22424d60bae', 'name': 'network-vif-plugged', 'status': 'completed', 'tag': '4020742e-21b4-4ed4-a1e1-66dfb683b333', 'code': 200}
Jul 05 03:43:29.429895 n-d-771363-32 neutron-server[100934]: DEBUG neutron_lib.callbacks.manager [None req-89c01285-a88a-4f67-b86c-4f4209f5c4cf None None] Notify callbacks ['neutron.plugins.ml2.plugin.SecurityGroupServerNotifierRpcMixin.notify_sg_on_port_change-1677096', 'neutron.plugins.ml2.ovo_rpc._ObjectChangeHandler.handle_event-145800', 'neutron.api.rpc.agentnotifiers.dhcp_rpc_agent_api.DhcpAgentNotifyAPI._native_event_send_dhcp_notification-551346', 'neutron.db.l3_db.L3RpcNotifierMixin._notify_gateway_port_ip_changed-8735423277864', 'neutron.db.l3_dvrscheduler_db._notify_l3_agent_port_update-8735422727415', 'neutron.db.l3_hascheduler_db._notify_l3_agent_ha_port_update-8735422723880'] for port, after_update {{(pid=100934) _notify_loop /usr/local/lib/python3.8/dist-packages/neutron_lib/callbacks/manager.py:192}}
Jul 05 03:43:29.488794 n-d-771363-32 neutron-server[100934]: DEBUG neutron.api.rpc.handlers.resources_rpc [None req-89c01285-a88a-4f67-b86c-4f4209f5c4cf None None] Pushing event updated for resources: {'Port': ['ID=3a30efd6-bd00-42d2-9e11-63674f2d9621,revision_number=4']} {{(pid=100934) push /opt/stack/neutron/neutron/api/rpc/handlers/resources_rpc.py:237}}
Jul 05 03:43:29.551691 n-d-771363-32 neutron-server[100932]: DEBUG neutron.pecan_wsgi.hooks.policy_enforcement [req-ad803d0e-580e-4a71-a518-6aa83f106113 req-7a57a275-d141-4f11-a0ed-24a2d5a836c0 service neutron] Attributes excluded by policy engine: ['standard_attr_id'] {{(pid=100932) _exclude_attributes_by_policy /opt/stack/neutron/neutron/pecan_wsgi/hooks/policy_enforcement.py:255}}
Jul 05 03:43:29.555515 n-d-771363-32 neutron-server[100932]: INFO neutron.wsgi [req-ad803d0e-580e-4a71-a518-6aa83f106113 req-7a57a275-d141-4f11-a0ed-24a2d5a836c0 service neutron] 10.222.0.10 "GET /v2.0/ports?device_id=186eaeca-f66b-4c17-8c8d-e22424d60bae HTTP/1.1" status: 200 len: 1100 time: 0.1433663
Jul 05 03:43:29.555805 n-d-771363-32 neutron-server[100934]: DEBUG neutron.plugins.ml2.db [None req-89c01285-a88a-4f67-b86c-4f4209f5c4cf None None] get_ports_and_sgs() called for port_ids ['3a30efd6-bd00-42d2-9e11-63674f2d9621'] {{(pid=100934) get_ports_and_sgs /opt/stack/neutron/neutron/plugins/ml2/db.py:156}}
Jul 05 03:43:29.570501 n-d-771363-32 neutron-server[100933]: DEBUG neutron_lib.callbacks.manager [None req-7d4d6a5f-2287-43be-a939-5b37aa19f037 admin admin] Notify callbacks ['neutron.plugins.ml2.ovo_rpc._ObjectChangeHandler.handle_payload_event-973688'] for security_group, after_delete {{(pid=100933) _notify_loop /usr/local/lib/python3.8/dist-packages/neutron_lib/callbacks/manager.py:192}}
Jul 05 03:43:29.578508 n-d-771363-32 neutron-server[100933]: DEBUG neutron_lib.callbacks.manager [None req-7d4d6a5f-2287-43be-a939-5b37aa19f037 admin admin] Notify callbacks [] for security_group, before_response {{(pid=100933) _notify_loop /usr/local/lib/python3.8/dist-packages/neutron_lib/callbacks/manager.py:192}}
Jul 05 03:43:29.578508 n-d-771363-32 neutron-server[100933]: INFO neutron.wsgi [None req-7d4d6a5f-2287-43be-a939-5b37aa19f037 admin admin] 10.222.0.38 "DELETE /v2.0/security-groups/c901229f-6404-4a29-a729-802a739453be HTTP/1.1" status: 204 len: 168 time: 0.2917943
Jul 05 03:43:29.627563 n-d-771363-32 neutron-server[100934]: DEBUG neutron.api.rpc.handlers.resources_rpc [None req-89c01285-a88a-4f67-b86c-4f4209f5c4cf None None] Pushing event updated for resources: {'Port': ['ID=4020742e-21b4-4ed4-a1e1-66dfb683b333,revision_number=5']} {{(pid=100934) push /opt/stack/neutron/neutron/api/rpc/handlers/resources_rpc.py:237}}
Jul 05 03:43:29.627663 n-d-771363-32 neutron-server[100933]: DEBUG neutron.api.rpc.handlers.resources_rpc [None req-7d4d6a5f-2287-43be-a939-5b37aa19f037 admin admin] Pushing event deleted for resources: {'SecurityGroup': ['ID=c901229f-6404-4a29-a729-802a739453be,revision_number=None']} {{(pid=100933) push /opt/stack/neutron/neutron/api/rpc/handlers/resources_rpc.py:237}}
Jul 05 03:43:29.638308 n-d-771363-32 neutron-server[100932]: INFO neutron.wsgi [req-ad803d0e-580e-4a71-a518-6aa83f106113 req-7ff83826-7208-4478-ad39-f85299eace14 service neutron] 10.222.0.10 "GET /v2.0/security-groups?id=1171d4a0-05d9-448e-8ec8-e4ba6a8bfc94&fields=id&fields=name HTTP/1.1" status: 200 len: 286 time: 0.0676408
Jul 05 03:43:29.668594 n-d-771363-32 neutron-server[100933]: DEBUG neutron.pecan_wsgi.hooks.policy_enforcement [req-bd18288a-ddf0-4653-90e5-da586a112371 req-49c9df0b-2aef-410a-bf47-c719dac97ed5 tempest-LiveMigrationTest-1345810777 tempest-LiveMigrationTest-1345810777-project] Attributes excluded by policy engine: ['standard_attr_id', 'binding:profile', 'binding:host_id', 'binding:vif_type', 'binding:vif_details'] {{(pid=100933) _exclude_attributes_by_policy /opt/stack/neutron/neutron/pecan_wsgi/hooks/policy_enforcement.py:255}}
Jul 05 03:43:29.673851 n-d-771363-32 neutron-server[100933]: INFO neutron.wsgi [req-bd18288a-ddf0-4653-90e5-da586a112371 req-49c9df0b-2aef-410a-bf47-c719dac97ed5 tempest-LiveMigrationTest-1345810777 tempest-LiveMigrationTest-1345810777-project] 10.222.0.38 "GET /v2.0/ports?device_id=2ecc00a1-67cf-4e53-ae5c-cd5933cb8fc5 HTTP/1.1" status: 200 len: 945 time: 0.1874573
Jul 05 03:43:29.745690 n-d-771363-32 neutron-server[100933]: INFO neutron.wsgi [req-bd18288a-ddf0-4653-90e5-da586a112371 req-772d1c08-b5c4-4878-b5f8-5f5b959d6f65 tempest-LiveMigrationTest-1345810777 tempest-LiveMigrationTest-1345810777-project] 10.222.0.38 "GET /v2.0/security-groups?id=4f70b5fc-ad5f-4625-a40d-0e8cccb13cdc&fields=id&fields=name HTTP/1.1" status: 200 len: 286 time: 0.0698786
Jul 05 03:43:29.805530 n-d-771363-32 neutron-server[100933]: DEBUG neutron.pecan_wsgi.hooks.policy_enforcement [req-f08de671-c12c-4056-9efd-9177b4365d3f req-ad8faa20-2331-4a50-bb7e-c74bc7455aa0 tempest-ServersAdminNegativeTestJSON-1400772654 tempest-ServersAdminNegativeTestJSON-1400772654-project] Attributes excluded by policy engine: ['standard_attr_id', 'binding:profile', 'binding:host_id', 'binding:vif_type', 'binding:vif_details'] {{(pid=100933) _exclude_attributes_by_policy /opt/stack/neutron/neutron/pecan_wsgi/hooks/policy_enforcement.py:255}}
Jul 05 03:43:29.823719 n-d-771363-32 neutron-server[100933]: INFO neutron.wsgi [req-f08de671-c12c-4056-9efd-9177b4365d3f req-ad8faa20-2331-4a50-bb7e-c74bc7455aa0 tempest-ServersAdminNegativeTestJSON-1400772654 tempest-ServersAdminNegativeTestJSON-1400772654-project] 10.222.0.38 "GET /v2.0/ports?device_id=186eaeca-f66b-4c17-8c8d-e22424d60bae HTTP/1.1" status: 200 len: 949 time: 0.1808753
Jul 05 03:43:29.863080 n-d-771363-32 neutron-server[100933]: INFO neutron.wsgi [req-f08de671-c12c-4056-9efd-9177b4365d3f req-1508c154-ece6-43f1-9c54-a9c7a7452e46 tempest-ServersAdminNegativeTestJSON-1400772654 tempest-ServersAdminNegativeTestJSON-1400772654-project] 10.222.0.38 "GET /v2.0/security-groups?id=1171d4a0-05d9-448e-8ec8-e4ba6a8bfc94&fields=id&fields=name HTTP/1.1" status: 200 len: 286 time: 0.0384285
Jul 05 03:43:29.965117 n-d-771363-32 neutron-server[100933]: DEBUG neutron.pecan_wsgi.hooks.policy_enforcement [req-ab815c83-5607-4129-8e9c-6fb56fe75b63 req-8c6ff73d-e13d-4fa8-a7fc-96c956821284 tempest-TenantUsagesTestJSON-791822133 tempest-TenantUsagesTestJSON-791822133-project] Attributes excluded by policy engine: ['standard_attr_id', 'binding:profile', 'binding:host_id', 'binding:vif_type', 'binding:vif_details'] {{(pid=100933) _exclude_attributes_by_policy /opt/stack/neutron/neutron/pecan_wsgi/hooks/policy_enforcement.py:255}}
Jul 05 03:43:29.966879 n-d-771363-32 neutron-server[100933]: INFO neutron.wsgi [req-ab815c83-5607-4129-8e9c-6fb56fe75b63 req-8c6ff73d-e13d-4fa8-a7fc-96c956821284 tempest-TenantUsagesTestJSON-791822133 tempest-TenantUsagesTestJSON-791822133-project] 10.222.0.38 "GET /v2.0/ports?device_id=ce150620-bcc9-4ddf-b23b-5a38775858a7 HTTP/1.1" status: 200 len: 947 time: 0.0953102
Jul 05 03:43:30.012628 n-d-771363-32 neutron-server[100933]: INFO neutron.wsgi [req-ab815c83-5607-4129-8e9c-6fb56fe75b63 req-98d2731e-4e02-4ecd-9a71-386ef7216611 tempest-TenantUsagesTestJSON-791822133 tempest-TenantUsagesTestJSON-791822133-project] 10.222.0.38 "GET /v2.0/security-groups?id=72b7a1e3-8d3c-49a9-8045-1f2a4ac9a911&fields=id&fields=name HTTP/1.1" status: 200 len: 286 time: 0.0399821
Jul 05 03:43:30.380469 n-d-771363-32 neutron-server[100934]: DEBUG neutron.plugins.ml2.rpc [None req-b8abaa6e-15c2-4d51-960d-ee69e54b5968 None None] Device e68e3d76-1470-4ad9-85c3-11426e9901ea no longer exists at agent hyperv_n-h2-771363-32 {{(pid=100934) update_device_down /opt/stack/neutron/neutron/plugins/ml2/rpc.py:259}}
Jul 05 03:43:30.412262 n-d-771363-32 neutron-server[100934]: DEBUG neutron.plugins.ml2.plugin [None req-b8abaa6e-15c2-4d51-960d-ee69e54b5968 None None] No Port match for: e68e3d76-1470-4ad9-85c3-11426e9901ea {{(pid=100934) port_bound_to_host /opt/stack/neutron/neutron/plugins/ml2/plugin.py:2248}}
Jul 05 03:43:30.412262 n-d-771363-32 neutron-server[100934]: DEBUG neutron.plugins.ml2.rpc [None req-b8abaa6e-15c2-4d51-960d-ee69e54b5968 None None] Device e68e3d76-1470-4ad9-85c3-11426e9901ea not bound to the agent host n-h2-771363-32 {{(pid=100934) update_device_down /opt/stack/neutron/neutron/plugins/ml2/rpc.py:269}}
Jul 05 03:43:30.435894 n-d-771363-32 neutron-server[100932]: DEBUG neutron.wsgi [-] (100932) accepted ('10.222.0.38', 56522) {{(pid=100932) server /usr/local/lib/python3.8/dist-packages/eventlet/wsgi.py:982}}
Jul 05 03:43:30.452229 n-d-771363-32 neutron-server[100932]: DEBUG neutron_lib.callbacks.manager [None req-d9031ca4-a5bf-4449-9ba8-3afee2dcbdda admin admin] Notify callbacks [] for security_group, before_create {{(pid=100932) _notify_loop /usr/local/lib/python3.8/dist-packages/neutron_lib/callbacks/manager.py:192}}
Jul 05 03:43:30.585689 n-d-771363-32 neutron-server[100932]: DEBUG neutron_lib.callbacks.manager [None req-d9031ca4-a5bf-4449-9ba8-3afee2dcbdda admin admin] Notify callbacks [] for security_group, precommit_create {{(pid=100932) _notify_loop /usr/local/lib/python3.8/dist-packages/neutron_lib/callbacks/manager.py:192}}
Jul 05 03:43:30.657037 n-d-771363-32 neutron-server[100932]: DEBUG neutron_lib.callbacks.manager [None req-d9031ca4-a5bf-4449-9ba8-3afee2dcbdda admin admin] Notify callbacks ['neutron.plugins.ml2.ovo_rpc._ObjectChangeHandler.handle_payload_event-973688'] for security_group, after_create {{(pid=100932) _notify_loop /usr/local/lib/python3.8/dist-packages/neutron_lib/callbacks/manager.py:192}}
Jul 05 03:43:30.689607 n-d-771363-32 neutron-server[100932]: DEBUG neutron.api.rpc.handlers.resources_rpc [None req-d9031ca4-a5bf-4449-9ba8-3afee2dcbdda admin admin] Pushing event updated for resources: {'SecurityGroup': ['ID=c2a1aa10-0e7b-48e5-9a83-6ba9eb6a9dc7,revision_number=1']} {{(pid=100932) push /opt/stack/neutron/neutron/api/rpc/handlers/resources_rpc.py:237}}
Jul 05 03:43:30.715312 n-d-771363-32 neutron-server[100932]: INFO neutron.wsgi [None req-d9031ca4-a5bf-4449-9ba8-3afee2dcbdda admin admin] 10.222.0.38 "GET /v2.0/security-groups?tenant_id=3914084fd791476b9eea8e45328fc029&name=default HTTP/1.1" status: 200 len: 2979 time: 0.2781916
Jul 05 03:43:30.718151 n-d-771363-32 neutron-server[100933]: DEBUG neutron.wsgi [-] (100933) accepted ('10.222.0.38', 56534) {{(pid=100933) server /usr/local/lib/python3.8/dist-packages/eventlet/wsgi.py:982}}
Jul 05 03:43:30.805983 n-d-771363-32 neutron-server[100933]: DEBUG neutron_lib.callbacks.manager [None req-a51e0964-262b-4e3e-98d2-c78b4942b9b4 admin admin] Notify callbacks [] for security_group, before_delete {{(pid=100933) _notify_loop /usr/local/lib/python3.8/dist-packages/neutron_lib/callbacks/manager.py:192}}
Jul 05 03:43:30.830626 n-d-771363-32 neutron-server[100934]: DEBUG neutron.plugins.ml2.rpc [None req-89c01285-a88a-4f67-b86c-4f4209f5c4cf None None] Device 3a30efd6-bd00-42d2-9e11-63674f2d9621 up at agent hyperv_n-h1-771363-32 {{(pid=100934) update_device_up /opt/stack/neutron/neutron/plugins/ml2/rpc.py:296}}
Jul 05 03:43:30.835927 n-d-771363-32 neutron-server[100933]: DEBUG neutron_lib.callbacks.manager [None req-a51e0964-262b-4e3e-98d2-c78b4942b9b4 admin admin] Notify callbacks [] for security_group, precommit_delete {{(pid=100933) _notify_loop /usr/local/lib/python3.8/dist-packages/neutron_lib/callbacks/manager.py:192}}
Jul 05 03:43:30.951874 n-d-771363-32 neutron-server[100933]: DEBUG neutron.pecan_wsgi.hooks.policy_enforcement [req-6ab71f49-8df9-4c0c-95fc-df342937de0f req-ef3a976f-9987-4b6d-96d8-cbcfd99a0b15 tempest-LiveMigrationTest-1345810777 tempest-LiveMigrationTest-1345810777-project] Attributes excluded by policy engine: ['standard_attr_id', 'binding:profile', 'binding:host_id', 'binding:vif_type', 'binding:vif_details'] {{(pid=100933) _exclude_attributes_by_policy /opt/stack/neutron/neutron/pecan_wsgi/hooks/policy_enforcement.py:255}}
Jul 05 03:43:30.953572 n-d-771363-32 neutron-server[100933]: INFO neutron.wsgi [req-6ab71f49-8df9-4c0c-95fc-df342937de0f req-ef3a976f-9987-4b6d-96d8-cbcfd99a0b15 tempest-LiveMigrationTest-1345810777 tempest-LiveMigrationTest-1345810777-project] 10.222.0.38 "GET /v2.0/ports?device_id=2ecc00a1-67cf-4e53-ae5c-cd5933cb8fc5 HTTP/1.1" status: 200 len: 945 time: 0.0707645
Jul 05 03:43:30.999203 n-d-771363-32 neutron-server[100933]: INFO neutron.wsgi [req-6ab71f49-8df9-4c0c-95fc-df342937de0f req-e0f8ffb1-c8d3-4b65-acbb-91dc9214f149 tempest-LiveMigrationTest-1345810777 tempest-LiveMigrationTest-1345810777-project] 10.222.0.38 "GET /v2.0/security-groups?id=4f70b5fc-ad5f-4625-a40d-0e8cccb13cdc&fields=id&fields=name HTTP/1.1" status: 200 len: 286 time: 0.0366328
Jul 05 03:43:31.062484 n-d-771363-32 neutron-server[100933]: DEBUG neutron_lib.callbacks.manager [None req-a51e0964-262b-4e3e-98d2-c78b4942b9b4 admin admin] Notify callbacks ['neutron.plugins.ml2.ovo_rpc._ObjectChangeHandler.handle_payload_event-973688'] for security_group, after_delete {{(pid=100933) _notify_loop /usr/local/lib/python3.8/dist-packages/neutron_lib/callbacks/manager.py:192}}
Jul 05 03:43:31.066840 n-d-771363-32 neutron-server[100933]: DEBUG neutron_lib.callbacks.manager [None req-a51e0964-262b-4e3e-98d2-c78b4942b9b4 admin admin] Notify callbacks [] for security_group, before_response {{(pid=100933) _notify_loop /usr/local/lib/python3.8/dist-packages/neutron_lib/callbacks/manager.py:192}}
Jul 05 03:43:31.068221 n-d-771363-32 neutron-server[100933]: INFO neutron.wsgi [None req-a51e0964-262b-4e3e-98d2-c78b4942b9b4 admin admin] 10.222.0.38 "DELETE /v2.0/security-groups/c2a1aa10-0e7b-48e5-9a83-6ba9eb6a9dc7 HTTP/1.1" status: 204 len: 168 time: 0.3487363
Jul 05 03:43:31.077793 n-d-771363-32 neutron-server[100933]: DEBUG neutron.api.rpc.handlers.resources_rpc [None req-a51e0964-262b-4e3e-98d2-c78b4942b9b4 admin admin] Pushing event deleted for resources: {'SecurityGroup': ['ID=c2a1aa10-0e7b-48e5-9a83-6ba9eb6a9dc7,revision_number=None']} {{(pid=100933) push /opt/stack/neutron/neutron/api/rpc/handlers/resources_rpc.py:237}}
Jul 05 03:43:31.092049 n-d-771363-32 neutron-server[100934]: DEBUG neutron.db.provisioning_blocks [None req-89c01285-a88a-4f67-b86c-4f4209f5c4cf None None] Provisioning for port 3a30efd6-bd00-42d2-9e11-63674f2d9621 completed by entity L2. {{(pid=100934) provisioning_complete /opt/stack/neutron/neutron/db/provisioning_blocks.py:133}}
Jul 05 03:43:31.107370 n-d-771363-32 neutron-server[100934]: DEBUG neutron.db.provisioning_blocks [None req-89c01285-a88a-4f67-b86c-4f4209f5c4cf None None] Provisioning complete for port 3a30efd6-bd00-42d2-9e11-63674f2d9621 triggered by entity L2. {{(pid=100934) provisioning_complete /opt/stack/neutron/neutron/db/provisioning_blocks.py:139}}
Jul 05 03:43:31.107710 n-d-771363-32 neutron-server[100934]: DEBUG neutron_lib.callbacks.manager [None req-89c01285-a88a-4f67-b86c-4f4209f5c4cf None None] Notify callbacks ['neutron.plugins.ml2.plugin.Ml2Plugin._port_provisioned-2045801'] for port, provisioning_complete {{(pid=100934) _notify_loop /usr/local/lib/python3.8/dist-packages/neutron_lib/callbacks/manager.py:192}}
Jul 05 03:43:31.192089 n-d-771363-32 neutron-server[100933]: DEBUG neutron.pecan_wsgi.hooks.policy_enforcement [req-05c98e73-55b3-46cc-a1b2-21761bb33f67 req-a3f104fa-6df6-4919-9f1e-0fa0539043fe tempest-ServersAdminNegativeTestJSON-1400772654 tempest-ServersAdminNegativeTestJSON-1400772654-project] Attributes excluded by policy engine: ['standard_attr_id', 'binding:profile', 'binding:host_id', 'binding:vif_type', 'binding:vif_details'] {{(pid=100933) _exclude_attributes_by_policy /opt/stack/neutron/neutron/pecan_wsgi/hooks/policy_enforcement.py:255}}
Jul 05 03:43:31.193754 n-d-771363-32 neutron-server[100933]: INFO neutron.wsgi [req-05c98e73-55b3-46cc-a1b2-21761bb33f67 req-a3f104fa-6df6-4919-9f1e-0fa0539043fe tempest-ServersAdminNegativeTestJSON-1400772654 tempest-ServersAdminNegativeTestJSON-1400772654-project] 10.222.0.38 "GET /v2.0/ports?device_id=186eaeca-f66b-4c17-8c8d-e22424d60bae HTTP/1.1" status: 200 len: 949 time: 0.0922315
Jul 05 03:43:31.240686 n-d-771363-32 neutron-server[100933]: INFO neutron.wsgi [req-05c98e73-55b3-46cc-a1b2-21761bb33f67 req-9d7a6ab2-17bb-4e81-91d5-1279e7fdafc9 tempest-ServersAdminNegativeTestJSON-1400772654 tempest-ServersAdminNegativeTestJSON-1400772654-project] 10.222.0.38 "GET /v2.0/security-groups?id=1171d4a0-05d9-448e-8ec8-e4ba6a8bfc94&fields=id&fields=name HTTP/1.1" status: 200 len: 286 time: 0.0379460
Jul 05 03:43:31.380599 n-d-771363-32 neutron-server[100934]: DEBUG neutron_lib.callbacks.manager [None req-89c01285-a88a-4f67-b86c-4f4209f5c4cf None None] Notify callbacks ['neutron.plugins.ml2.plugin.SecurityGroupDbMixin._ensure_default_security_group_handler-1673444'] for port, before_update {{(pid=100934) _notify_loop /usr/local/lib/python3.8/dist-packages/neutron_lib/callbacks/manager.py:192}}
Jul 05 03:43:31.430494 n-d-771363-32 neutron-server[100934]: DEBUG neutron.plugins.ml2.db [None req-89c01285-a88a-4f67-b86c-4f4209f5c4cf None None] For port 3a30efd6-bd00-42d2-9e11-63674f2d9621, host n-h1-771363-32, got binding levels [PortBindingLevel(driver='hyperv',host='n-h1-771363-32',level=0,port_id=3a30efd6-bd00-42d2-9e11-63674f2d9621,segment=NetworkSegment(0809e66f-56b3-42a7-a295-2ae3e980bf4f),segment_id=0809e66f-56b3-42a7-a295-2ae3e980bf4f)] {{(pid=100934) get_binding_level_objs /opt/stack/neutron/neutron/plugins/ml2/db.py:74}}
Jul 05 03:43:31.430891 n-d-771363-32 neutron-server[100934]: DEBUG neutron.notifiers.nova [-] Sending events: [{'server_uuid': '2ecc00a1-67cf-4e53-ae5c-cd5933cb8fc5', 'name': 'network-vif-plugged', 'status': 'completed', 'tag': '3a30efd6-bd00-42d2-9e11-63674f2d9621'}] {{(pid=100934) send_events /opt/stack/neutron/neutron/notifiers/nova.py:262}}
Jul 05 03:43:31.434628 n-d-771363-32 neutron-server[100934]: DEBUG novaclient.v2.client [-] REQ: curl -g -i --cacert "/opt/stack/data/ca-bundle.pem" -X POST http://10.222.0.38/compute/v2.1/os-server-external-events -H "Accept: application/json" -H "Content-Type: application/json" -H "User-Agent: python-novaclient" -H "X-Auth-Token: {SHA256}fb7485b71de223e11256bcac06b66a4ea843efbae3346f5e57aba7777950f5b0" -H "X-OpenStack-Nova-API-Version: 2.1" -H "X-OpenStack-Request-ID: req-64066b13-e4c4-42cf-874d-381cae49fa74" -d '{"events": [{"server_uuid": "2ecc00a1-67cf-4e53-ae5c-cd5933cb8fc5", "name": "network-vif-plugged", "status": "completed", "tag": "3a30efd6-bd00-42d2-9e11-63674f2d9621"}]}' {{(pid=100934) _http_log_request /usr/local/lib/python3.8/dist-packages/keystoneauth1/session.py:519}}
Jul 05 03:43:31.510471 n-d-771363-32 neutron-server[100932]: DEBUG neutron.wsgi [-] (100932) accepted ('10.222.0.38', 56560) {{(pid=100932) server /usr/local/lib/python3.8/dist-packages/eventlet/wsgi.py:982}}
Jul 05 03:43:31.513959 n-d-771363-32 neutron-server[100934]: DEBUG neutron_lib.callbacks.manager [None req-89c01285-a88a-4f67-b86c-4f4209f5c4cf None None] Notify callbacks ['neutron.plugins.ml2.plugin.SecurityGroupServerNotifierRpcMixin.notify_sg_on_port_change-1677096', 'neutron.plugins.ml2.ovo_rpc._ObjectChangeHandler.handle_event-145800', 'neutron.api.rpc.agentnotifiers.dhcp_rpc_agent_api.DhcpAgentNotifyAPI._native_event_send_dhcp_notification-551346', 'neutron.db.l3_db.L3RpcNotifierMixin._notify_gateway_port_ip_changed-8735423277864', 'neutron.db.l3_dvrscheduler_db._notify_l3_agent_port_update-8735422727415', 'neutron.db.l3_hascheduler_db._notify_l3_agent_ha_port_update-8735422723880'] for port, after_update {{(pid=100934) _notify_loop /usr/local/lib/python3.8/dist-packages/neutron_lib/callbacks/manager.py:192}}
Jul 05 03:43:31.539788 n-d-771363-32 neutron-server[100933]: DEBUG neutron.pecan_wsgi.hooks.policy_enforcement [req-6d7c5fc6-d75d-4b7a-bfbb-42cd29bb52c8 req-661ca224-7f94-4fad-8bcb-5ef57899c0a6 tempest-TenantUsagesTestJSON-791822133 tempest-TenantUsagesTestJSON-791822133-project] Attributes excluded by policy engine: ['standard_attr_id', 'binding:profile', 'binding:host_id', 'binding:vif_type', 'binding:vif_details'] {{(pid=100933) _exclude_attributes_by_policy /opt/stack/neutron/neutron/pecan_wsgi/hooks/policy_enforcement.py:255}}
Jul 05 03:43:31.542608 n-d-771363-32 neutron-server[100933]: INFO neutron.wsgi [req-6d7c5fc6-d75d-4b7a-bfbb-42cd29bb52c8 req-661ca224-7f94-4fad-8bcb-5ef57899c0a6 tempest-TenantUsagesTestJSON-791822133 tempest-TenantUsagesTestJSON-791822133-project] 10.222.0.38 "GET /v2.0/ports?device_id=ce150620-bcc9-4ddf-b23b-5a38775858a7 HTTP/1.1" status: 200 len: 947 time: 0.0826118
Jul 05 03:43:31.556781 n-d-771363-32 neutron-server[100932]: DEBUG neutron.wsgi [-] (100932) accepted ('10.222.0.38', 56564) {{(pid=100932) server /usr/local/lib/python3.8/dist-packages/eventlet/wsgi.py:982}}
Jul 05 03:43:31.605249 n-d-771363-32 neutron-server[100933]: INFO neutron.wsgi [req-6d7c5fc6-d75d-4b7a-bfbb-42cd29bb52c8 req-48840296-a7c1-4e62-9b19-56ba27e3491a tempest-TenantUsagesTestJSON-791822133 tempest-TenantUsagesTestJSON-791822133-project] 10.222.0.38 "GET /v2.0/security-groups?id=72b7a1e3-8d3c-49a9-8045-1f2a4ac9a911&fields=id&fields=name HTTP/1.1" status: 200 len: 286 time: 0.0565219
Jul 05 03:43:31.640183 n-d-771363-32 neutron-server[100934]: DEBUG neutron.api.rpc.handlers.resources_rpc [None req-89c01285-a88a-4f67-b86c-4f4209f5c4cf None None] Pushing event updated for resources: {'Port': ['ID=3a30efd6-bd00-42d2-9e11-63674f2d9621,revision_number=5']} {{(pid=100934) push /opt/stack/neutron/neutron/api/rpc/handlers/resources_rpc.py:237}}
Jul 05 03:43:31.890567 n-d-771363-32 neutron-server[100932]: INFO neutron.wsgi [None req-987309d8-262c-4227-b369-aef5d45e02ca admin admin] 10.222.0.38 "GET /v2.0/security-groups?tenant_id=af743fe137684a2686bea7e6a601acab&name=default HTTP/1.1" status: 200 len: 2975 time: 0.3795640
Jul 05 03:43:31.892877 n-d-771363-32 neutron-server[100932]: DEBUG neutron.wsgi [-] (100932) accepted ('10.222.0.38', 56572) {{(pid=100932) server /usr/local/lib/python3.8/dist-packages/eventlet/wsgi.py:982}}
Jul 05 03:43:31.964659 n-d-771363-32 neutron-server[100932]: DEBUG neutron_lib.callbacks.manager [None req-73d39658-14e3-47fa-add0-419691a99df6 admin admin] Notify callbacks [] for security_group, before_create {{(pid=100932) _notify_loop /usr/local/lib/python3.8/dist-packages/neutron_lib/callbacks/manager.py:192}}
Jul 05 03:43:32.002590 n-d-771363-32 neutron-server[100932]: DEBUG neutron_lib.callbacks.manager [None req-20739a04-3a57-4d10-a609-c113d460ba2c admin admin] Notify callbacks [] for security_group, before_delete {{(pid=100932) _notify_loop /usr/local/lib/python3.8/dist-packages/neutron_lib/callbacks/manager.py:192}}
Jul 05 03:43:32.042252 n-d-771363-32 neutron-server[100932]: DEBUG neutron_lib.callbacks.manager [None req-20739a04-3a57-4d10-a609-c113d460ba2c admin admin] Notify callbacks [] for security_group, precommit_delete {{(pid=100932) _notify_loop /usr/local/lib/python3.8/dist-packages/neutron_lib/callbacks/manager.py:192}}
Jul 05 03:43:32.068203 n-d-771363-32 neutron-server[100934]: DEBUG neutron_lib.callbacks.manager [None req-89c01285-a88a-4f67-b86c-4f4209f5c4cf None None] Notify callbacks ['neutron.services.segments.db._update_segment_host_mapping_for_agent-8735423255884', 'neutron.plugins.ml2.plugin.Ml2Plugin._retry_binding_revived_agents-2045848'] for agent, after_update {{(pid=100934) _notify_loop /usr/local/lib/python3.8/dist-packages/neutron_lib/callbacks/manager.py:192}}
Jul 05 03:43:32.133167 n-d-771363-32 neutron-server[100932]: DEBUG neutron_lib.callbacks.manager [None req-73d39658-14e3-47fa-add0-419691a99df6 admin admin] Notify callbacks [] for security_group, precommit_create {{(pid=100932) _notify_loop /usr/local/lib/python3.8/dist-packages/neutron_lib/callbacks/manager.py:192}}
Jul 05 03:43:32.145193 n-d-771363-32 neutron-server[100934]: DEBUG novaclient.v2.client [-] RESP: [200] Connection: close Content-Length: 183 Content-Type: application/json Date: Mon, 05 Jul 2021 03:43:31 GMT OpenStack-API-Version: compute 2.1 Server: Apache/2.4.41 (Ubuntu) Vary: OpenStack-API-Version,X-OpenStack-Nova-API-Version X-OpenStack-Nova-API-Version: 2.1 x-compute-request-id: req-a8155bea-9973-41e6-b1f9-3b4e815b7ae0 x-openstack-request-id: req-a8155bea-9973-41e6-b1f9-3b4e815b7ae0 {{(pid=100934) _http_log_response /usr/local/lib/python3.8/dist-packages/keystoneauth1/session.py:550}}
Jul 05 03:43:32.145600 n-d-771363-32 neutron-server[100934]: DEBUG novaclient.v2.client [-] RESP BODY: {"events": [{"server_uuid": "2ecc00a1-67cf-4e53-ae5c-cd5933cb8fc5", "name": "network-vif-plugged", "status": "completed", "tag": "3a30efd6-bd00-42d2-9e11-63674f2d9621", "code": 200}]} {{(pid=100934) _http_log_response /usr/local/lib/python3.8/dist-packages/keystoneauth1/session.py:582}}
Jul 05 03:43:32.145958 n-d-771363-32 neutron-server[100934]: DEBUG novaclient.v2.client [-] POST call to compute for http://10.222.0.38/compute/v2.1/os-server-external-events used request id req-a8155bea-9973-41e6-b1f9-3b4e815b7ae0 {{(pid=100934) request /usr/local/lib/python3.8/dist-packages/keystoneauth1/session.py:954}}
Jul 05 03:43:32.146429 n-d-771363-32 neutron-server[100934]: INFO neutron.notifiers.nova [-] Nova event response: {'server_uuid': '2ecc00a1-67cf-4e53-ae5c-cd5933cb8fc5', 'name': 'network-vif-plugged', 'status': 'completed', 'tag': '3a30efd6-bd00-42d2-9e11-63674f2d9621', 'code': 200}
Jul 05 03:43:32.213107 n-d-771363-32 neutron-server[100932]: DEBUG neutron_lib.callbacks.manager [None req-20739a04-3a57-4d10-a609-c113d460ba2c admin admin] Notify callbacks ['neutron.plugins.ml2.ovo_rpc._ObjectChangeHandler.handle_payload_event-973688'] for security_group, after_delete {{(pid=100932) _notify_loop /usr/local/lib/python3.8/dist-packages/neutron_lib/callbacks/manager.py:192}}
Jul 05 03:43:32.216061 n-d-771363-32 neutron-server[100932]: DEBUG neutron_lib.callbacks.manager [None req-20739a04-3a57-4d10-a609-c113d460ba2c admin admin] Notify callbacks [] for security_group, before_response {{(pid=100932) _notify_loop /usr/local/lib/python3.8/dist-packages/neutron_lib/callbacks/manager.py:192}}
Jul 05 03:43:32.217259 n-d-771363-32 neutron-server[100932]: INFO neutron.wsgi [None req-20739a04-3a57-4d10-a609-c113d460ba2c admin admin] 10.222.0.38 "DELETE /v2.0/security-groups/8d67ffa3-d5b7-4f28-b806-ee7fd6ec0bac HTTP/1.1" status: 204 len: 168 time: 0.3233087
Jul 05 03:43:32.236375 n-d-771363-32 neutron-server[100932]: DEBUG neutron.api.rpc.handlers.resources_rpc [None req-20739a04-3a57-4d10-a609-c113d460ba2c admin admin] Pushing event deleted for resources: {'SecurityGroup': ['ID=8d67ffa3-d5b7-4f28-b806-ee7fd6ec0bac,revision_number=None']} {{(pid=100932) push /opt/stack/neutron/neutron/api/rpc/handlers/resources_rpc.py:237}}
Jul 05 03:43:32.268377 n-d-771363-32 neutron-server[100932]: DEBUG neutron_lib.callbacks.manager [None req-73d39658-14e3-47fa-add0-419691a99df6 admin admin] Notify callbacks ['neutron.plugins.ml2.ovo_rpc._ObjectChangeHandler.handle_payload_event-973688'] for security_group, after_create {{(pid=100932) _notify_loop /usr/local/lib/python3.8/dist-packages/neutron_lib/callbacks/manager.py:192}}
Jul 05 03:43:32.296513 n-d-771363-32 neutron-server[100932]: DEBUG neutron.api.rpc.handlers.resources_rpc [None req-73d39658-14e3-47fa-add0-419691a99df6 admin admin] Pushing event updated for resources: {'SecurityGroup': ['ID=2fc2996d-79ab-46a4-9b10-113546767514,revision_number=1']} {{(pid=100932) push /opt/stack/neutron/neutron/api/rpc/handlers/resources_rpc.py:237}}
Jul 05 03:43:32.342859 n-d-771363-32 neutron-server[100932]: INFO neutron.wsgi [None req-73d39658-14e3-47fa-add0-419691a99df6 admin admin] 10.222.0.38 "GET /v2.0/security-groups?tenant_id=44d48a8b9e9c4ce181c584d3bb3ae6a4&name=default HTTP/1.1" status: 200 len: 2979 time: 0.7845495
Jul 05 03:43:32.345372 n-d-771363-32 neutron-server[100932]: DEBUG neutron.pecan_wsgi.hooks.policy_enforcement [req-be83b18f-bf5f-4218-ad35-a33e17aed9c7 req-c5d1e874-7052-4217-8146-67ca93ce7bc9 service neutron] Attributes excluded by policy engine: ['standard_attr_id'] {{(pid=100932) _exclude_attributes_by_policy /opt/stack/neutron/neutron/pecan_wsgi/hooks/policy_enforcement.py:255}}
Jul 05 03:43:32.345752 n-d-771363-32 neutron-server[100933]: DEBUG neutron.wsgi [-] (100933) accepted ('10.222.0.38', 56588) {{(pid=100933) server /usr/local/lib/python3.8/dist-packages/eventlet/wsgi.py:982}}
Jul 05 03:43:32.347030 n-d-771363-32 neutron-server[100932]: INFO neutron.wsgi [req-be83b18f-bf5f-4218-ad35-a33e17aed9c7 req-c5d1e874-7052-4217-8146-67ca93ce7bc9 service neutron] 10.222.0.10 "GET /v2.0/ports?device_id=2ecc00a1-67cf-4e53-ae5c-cd5933cb8fc5 HTTP/1.1" status: 200 len: 1098 time: 0.1208475
Jul 05 03:43:32.386739 n-d-771363-32 neutron-server[100932]: INFO neutron.wsgi [req-be83b18f-bf5f-4218-ad35-a33e17aed9c7 req-1b0b8d84-efcd-4d3b-a3a7-50371abf8b75 service neutron] 10.222.0.10 "GET /v2.0/security-groups?id=4f70b5fc-ad5f-4625-a40d-0e8cccb13cdc&fields=id&fields=name HTTP/1.1" status: 200 len: 286 time: 0.0310824
Jul 05 03:43:32.394095 n-d-771363-32 neutron-server[100934]: DEBUG neutron.plugins.ml2.rpc [None req-b8abaa6e-15c2-4d51-960d-ee69e54b5968 None None] Device 206f1089-4fe6-442f-a00f-e4dd5fe54d46 details requested by agent hyperv_n-h2-771363-32 with host n-h2-771363-32 {{(pid=100934) get_device_details /opt/stack/neutron/neutron/plugins/ml2/rpc.py:102}}
Jul 05 03:43:32.427258 n-d-771363-32 neutron-server[100933]: DEBUG neutron.pecan_wsgi.hooks.policy_enforcement [req-8bb2d92a-7e33-4c55-94dd-282c129627b3 req-78d921ce-b424-4ad2-9932-e737455d5efa tempest-LiveMigrationTest-1345810777 tempest-LiveMigrationTest-1345810777-project] Attributes excluded by policy engine: ['standard_attr_id', 'binding:profile', 'binding:host_id', 'binding:vif_type', 'binding:vif_details'] {{(pid=100933) _exclude_attributes_by_policy /opt/stack/neutron/neutron/pecan_wsgi/hooks/policy_enforcement.py:255}}
Jul 05 03:43:32.428810 n-d-771363-32 neutron-server[100933]: INFO neutron.wsgi [req-8bb2d92a-7e33-4c55-94dd-282c129627b3 req-78d921ce-b424-4ad2-9932-e737455d5efa tempest-LiveMigrationTest-1345810777 tempest-LiveMigrationTest-1345810777-project] 10.222.0.38 "GET /v2.0/ports?device_id=2ecc00a1-67cf-4e53-ae5c-cd5933cb8fc5 HTTP/1.1" status: 200 len: 946 time: 0.1452560
Jul 05 03:43:32.446755 n-d-771363-32 neutron-server[100933]: DEBUG neutron_lib.callbacks.manager [None req-1c3467a2-f23d-4eea-862a-0091da96575f admin admin] Notify callbacks [] for security_group, before_delete {{(pid=100933) _notify_loop /usr/local/lib/python3.8/dist-packages/neutron_lib/callbacks/manager.py:192}}
Jul 05 03:43:32.478757 n-d-771363-32 neutron-server[100933]: DEBUG neutron_lib.callbacks.manager [None req-1c3467a2-f23d-4eea-862a-0091da96575f admin admin] Notify callbacks [] for security_group, precommit_delete {{(pid=100933) _notify_loop /usr/local/lib/python3.8/dist-packages/neutron_lib/callbacks/manager.py:192}}
Jul 05 03:43:32.521984 n-d-771363-32 neutron-server[100933]: INFO neutron.wsgi [req-8bb2d92a-7e33-4c55-94dd-282c129627b3 req-c4db1f4f-e5c8-44ed-a190-aff49de884f2 tempest-LiveMigrationTest-1345810777 tempest-LiveMigrationTest-1345810777-project] 10.222.0.38 "GET /v2.0/security-groups?id=4f70b5fc-ad5f-4625-a40d-0e8cccb13cdc&fields=id&fields=name HTTP/1.1" status: 200 len: 286 time: 0.0864451
Jul 05 03:43:32.543742 n-d-771363-32 neutron-server[100934]: DEBUG neutron.plugins.ml2.db [None req-b8abaa6e-15c2-4d51-960d-ee69e54b5968 None None] For port 206f1089-4fe6-442f-a00f-e4dd5fe54d46, host n-h2-771363-32, got binding levels [PortBindingLevel(driver='hyperv',host='n-h2-771363-32',level=0,port_id=206f1089-4fe6-442f-a00f-e4dd5fe54d46,segment=NetworkSegment(eb551a1b-1b64-4873-8e63-47b0dff55af2),segment_id=eb551a1b-1b64-4873-8e63-47b0dff55af2)] {{(pid=100934) get_binding_level_objs /opt/stack/neutron/neutron/plugins/ml2/db.py:74}}
Jul 05 03:43:32.558338 n-d-771363-32 neutron-server[100934]: DEBUG neutron.plugins.ml2.rpc [None req-b8abaa6e-15c2-4d51-960d-ee69e54b5968 None None] Returning: {'device': '206f1089-4fe6-442f-a00f-e4dd5fe54d46', 'network_id': 'd44a9092-20ac-4476-bae6-197848f10ce5', 'port_id': '206f1089-4fe6-442f-a00f-e4dd5fe54d46', 'mac_address': 'fa:16:3e:8a:a7:db', 'admin_state_up': True, 'network_type': 'vlan', 'segmentation_id': 140, 'physical_network': 'physnet1', 'mtu': 1500, 'fixed_ips': [{'subnet_id': 'aec7ca2c-a325-45a6-9fd5-bee8dc0430f1', 'ip_address': '192.168.233.90'}], 'device_owner': 'compute:nova', 'allowed_address_pairs': [], 'port_security_enabled': True, 'qos_policy_id': None, 'network_qos_policy_id': None, 'profile': {}, 'propagate_uplink_status': False} {{(pid=100934) _get_device_details /opt/stack/neutron/neutron/plugins/ml2/rpc.py:184}}
Jul 05 03:43:32.638401 n-d-771363-32 neutron-server[100934]: DEBUG neutron_lib.callbacks.manager [None req-b8abaa6e-15c2-4d51-960d-ee69e54b5968 None None] Notify callbacks ['neutron.plugins.ml2.plugin.SecurityGroupDbMixin._ensure_default_security_group_handler-1673444'] for port, before_update {{(pid=100934) _notify_loop /usr/local/lib/python3.8/dist-packages/neutron_lib/callbacks/manager.py:192}}
