Jun 25 09:06:32.029169 n-d-771363-27 devstack@placement-api.service[94283]: [pid: 94283|app: 0|req: 118/234] 10.222.0.65 () {64 vars in 1433 bytes} [Fri Jun 25 09:06:31 2021] PUT /placement/allocations/73f827be-cc42-42f3-88f4-10bd3e586504 => generated 0 bytes in 60 msecs (HTTP/1.1 204) 5 headers in 199 bytes (1 switches on core 0)
Jun 25 09:06:32.673640 n-d-771363-27 devstack@placement-api.service[94282]: DEBUG placement.requestlog [req-d133d7e0-e38f-4233-83fd-2b831cfa353b req-c8054a0e-4910-46e7-ac67-6a37749de2b9 None None] Starting request: 10.222.0.77 "GET /placement/allocations/f006a55f-6e61-45f5-be21-48ed4ea1b637" {{(pid=94282) __call__ /opt/stack/placement/placement/requestlog.py:55}}
Jun 25 09:06:32.687023 n-d-771363-27 devstack@placement-api.service[94283]: DEBUG placement.requestlog [req-d133d7e0-e38f-4233-83fd-2b831cfa353b req-a26ff3bf-1921-4afc-b683-d41733364927 None None] Starting request: 192.168.0.61 "GET /placement/allocations/73f827be-cc42-42f3-88f4-10bd3e586504" {{(pid=94283) __call__ /opt/stack/placement/placement/requestlog.py:55}}
Jun 25 09:06:32.693516 n-d-771363-27 devstack@placement-api.service[94282]: INFO placement.requestlog [req-d133d7e0-e38f-4233-83fd-2b831cfa353b req-c8054a0e-4910-46e7-ac67-6a37749de2b9 service placement] 10.222.0.77 "GET /placement/allocations/f006a55f-6e61-45f5-be21-48ed4ea1b637" status: 200 len: 259 microversion: 1.28
Jun 25 09:06:32.693848 n-d-771363-27 devstack@placement-api.service[94282]: [pid: 94282|app: 0|req: 117/235] 10.222.0.77 () {60 vars in 1378 bytes} [Fri Jun 25 09:06:32 2021] GET /placement/allocations/f006a55f-6e61-45f5-be21-48ed4ea1b637 => generated 259 bytes in 21 msecs (HTTP/1.1 200) 8 headers in 296 bytes (1 switches on core 0)
Jun 25 09:06:32.705901 n-d-771363-27 devstack@placement-api.service[94283]: INFO placement.requestlog [req-d133d7e0-e38f-4233-83fd-2b831cfa353b req-a26ff3bf-1921-4afc-b683-d41733364927 service placement] 192.168.0.61 "GET /placement/allocations/73f827be-cc42-42f3-88f4-10bd3e586504" status: 200 len: 259 microversion: 1.28
Jun 25 09:06:32.706629 n-d-771363-27 devstack@placement-api.service[94283]: [pid: 94283|app: 0|req: 119/236] 192.168.0.61 () {60 vars in 1379 bytes} [Fri Jun 25 09:06:32 2021] GET /placement/allocations/73f827be-cc42-42f3-88f4-10bd3e586504 => generated 259 bytes in 20 msecs (HTTP/1.1 200) 8 headers in 296 bytes (2 switches on core 0)
Jun 25 09:06:35.068698 n-d-771363-27 devstack@placement-api.service[94282]: DEBUG placement.requestlog [req-e21d85f5-b8df-409e-a5c4-76092f4c20eb req-30d2e530-1f09-4fcb-8f71-1818063078b6 None None] Starting request: 10.222.0.77 "GET /placement/resource_providers/10fb4f70-bd78-4665-a682-cd4c41a82886/allocations" {{(pid=94282) __call__ /opt/stack/placement/placement/requestlog.py:55}}
Jun 25 09:06:35.118974 n-d-771363-27 devstack@placement-api.service[94282]: INFO placement.requestlog [req-e21d85f5-b8df-409e-a5c4-76092f4c20eb req-30d2e530-1f09-4fcb-8f71-1818063078b6 service placement] 10.222.0.77 "GET /placement/resource_providers/10fb4f70-bd78-4665-a682-cd4c41a82886/allocations" status: 200 len: 1467 microversion: 1.0
Jun 25 09:06:35.119479 n-d-771363-27 devstack@placement-api.service[94282]: [pid: 94282|app: 0|req: 118/237] 10.222.0.77 () {58 vars in 1391 bytes} [Fri Jun 25 09:06:35 2021] GET /placement/resource_providers/10fb4f70-bd78-4665-a682-cd4c41a82886/allocations => generated 1467 bytes in 51 msecs (HTTP/1.1 200) 6 headers in 225 bytes (1 switches on core 0)
Jun 25 09:06:36.548585 n-d-771363-27 devstack@placement-api.service[94283]: DEBUG placement.requestlog [req-a269f1fc-8a44-4178-aeeb-aea2a73877b2 req-36671de7-4468-44c7-93cc-7437d19966b9 None None] Starting request: 10.222.0.77 "GET /placement/allocations/16860254-5428-4b34-996f-e5713fe2ccce" {{(pid=94283) __call__ /opt/stack/placement/placement/requestlog.py:55}}
Jun 25 09:06:36.578592 n-d-771363-27 devstack@placement-api.service[94283]: INFO placement.requestlog [req-a269f1fc-8a44-4178-aeeb-aea2a73877b2 req-36671de7-4468-44c7-93cc-7437d19966b9 service placement] 10.222.0.77 "GET /placement/allocations/16860254-5428-4b34-996f-e5713fe2ccce" status: 200 len: 259 microversion: 1.28
Jun 25 09:06:36.579074 n-d-771363-27 devstack@placement-api.service[94283]: [pid: 94283|app: 0|req: 120/238] 10.222.0.77 () {60 vars in 1378 bytes} [Fri Jun 25 09:06:36 2021] GET /placement/allocations/16860254-5428-4b34-996f-e5713fe2ccce => generated 259 bytes in 31 msecs (HTTP/1.1 200) 8 headers in 296 bytes (1 switches on core 0)
Jun 25 09:06:36.591576 n-d-771363-27 devstack@placement-api.service[94282]: DEBUG placement.requestlog [req-a269f1fc-8a44-4178-aeeb-aea2a73877b2 req-53efe630-eb8b-49fa-88ea-1b108605a231 None None] Starting request: 10.222.0.77 "PUT /placement/allocations/16860254-5428-4b34-996f-e5713fe2ccce" {{(pid=94282) __call__ /opt/stack/placement/placement/requestlog.py:55}}
Jun 25 09:06:36.647596 n-d-771363-27 devstack@placement-api.service[94282]: DEBUG placement.handlers.allocation [req-a269f1fc-8a44-4178-aeeb-aea2a73877b2 req-53efe630-eb8b-49fa-88ea-1b108605a231 service placement] Successfully wrote allocations [, , ] {{(pid=94282) _create_allocations /opt/stack/placement/placement/handlers/allocation.py:435}}
Jun 25 09:06:36.648686 n-d-771363-27 devstack@placement-api.service[94282]: INFO placement.requestlog [req-a269f1fc-8a44-4178-aeeb-aea2a73877b2 req-53efe630-eb8b-49fa-88ea-1b108605a231 service placement] 10.222.0.77 "PUT /placement/allocations/16860254-5428-4b34-996f-e5713fe2ccce" status: 204 len: 0 microversion: 1.28
Jun 25 09:06:36.650163 n-d-771363-27 devstack@placement-api.service[94282]: [pid: 94282|app: 0|req: 119/239] 10.222.0.77 () {64 vars in 1431 bytes} [Fri Jun 25 09:06:36 2021] PUT /placement/allocations/16860254-5428-4b34-996f-e5713fe2ccce => generated 0 bytes in 59 msecs (HTTP/1.1 204) 5 headers in 199 bytes (1 switches on core 0)
Jun 25 09:06:41.538727 n-d-771363-27 devstack@placement-api.service[94283]: DEBUG placement.requestlog [req-d133d7e0-e38f-4233-83fd-2b831cfa353b req-147eb55d-7141-4b86-a005-d82be868b0fe None None] Starting request: 192.168.0.61 "GET /placement/allocations/73f827be-cc42-42f3-88f4-10bd3e586504" {{(pid=94283) __call__ /opt/stack/placement/placement/requestlog.py:55}}
Jun 25 09:06:41.584304 n-d-771363-27 devstack@placement-api.service[94283]: INFO placement.requestlog [req-d133d7e0-e38f-4233-83fd-2b831cfa353b req-147eb55d-7141-4b86-a005-d82be868b0fe service placement] 192.168.0.61 "GET /placement/allocations/73f827be-cc42-42f3-88f4-10bd3e586504" status: 200 len: 259 microversion: 1.28
Jun 25 09:06:41.584856 n-d-771363-27 devstack@placement-api.service[94283]: [pid: 94283|app: 0|req: 121/240] 192.168.0.61 () {60 vars in 1379 bytes} [Fri Jun 25 09:06:41 2021] GET /placement/allocations/73f827be-cc42-42f3-88f4-10bd3e586504 => generated 259 bytes in 46 msecs (HTTP/1.1 200) 8 headers in 296 bytes (1 switches on core 0)
Jun 25 09:06:41.592241 n-d-771363-27 devstack@placement-api.service[94282]: DEBUG placement.requestlog [req-d133d7e0-e38f-4233-83fd-2b831cfa353b req-c6195847-7e06-4cee-977d-f648a1f5768e None None] Starting request: 192.168.0.61 "PUT /placement/allocations/73f827be-cc42-42f3-88f4-10bd3e586504" {{(pid=94282) __call__ /opt/stack/placement/placement/requestlog.py:55}}
Jun 25 09:06:41.704934 n-d-771363-27 devstack@placement-api.service[94282]: DEBUG placement.handlers.allocation [req-d133d7e0-e38f-4233-83fd-2b831cfa353b req-c6195847-7e06-4cee-977d-f648a1f5768e service placement] Successfully wrote allocations [, , ] {{(pid=94282) _create_allocations /opt/stack/placement/placement/handlers/allocation.py:435}}
Jun 25 09:06:41.705473 n-d-771363-27 devstack@placement-api.service[94282]: INFO placement.requestlog [req-d133d7e0-e38f-4233-83fd-2b831cfa353b req-c6195847-7e06-4cee-977d-f648a1f5768e service placement] 192.168.0.61 "PUT /placement/allocations/73f827be-cc42-42f3-88f4-10bd3e586504" status: 204 len: 0 microversion: 1.28
Jun 25 09:06:41.706032 n-d-771363-27 devstack@placement-api.service[94282]: [pid: 94282|app: 0|req: 120/241] 192.168.0.61 () {64 vars in 1432 bytes} [Fri Jun 25 09:06:41 2021] PUT /placement/allocations/73f827be-cc42-42f3-88f4-10bd3e586504 => generated 0 bytes in 114 msecs (HTTP/1.1 204) 5 headers in 199 bytes (1 switches on core 0)
Jun 25 09:06:43.657751 n-d-771363-27 devstack@placement-api.service[94283]: DEBUG placement.requestlog [None req-bd574cb7-72e7-4a4e-85f6-6bec7b06a9ae None None] Starting request: 10.222.0.65 "GET /placement/" {{(pid=94283) __call__ /opt/stack/placement/placement/requestlog.py:55}}
Jun 25 09:06:43.659265 n-d-771363-27 devstack@placement-api.service[94283]: INFO placement.requestlog [None req-bd574cb7-72e7-4a4e-85f6-6bec7b06a9ae None None] 10.222.0.65 "GET /placement/" status: 200 len: 136 microversion: 1.0
Jun 25 09:06:43.660137 n-d-771363-27 devstack@placement-api.service[94283]: [pid: 94283|app: 0|req: 122/242] 10.222.0.65 () {54 vars in 906 bytes} [Fri Jun 25 09:06:43 2021] GET /placement => generated 136 bytes in 3 msecs (HTTP/1.1 200) 6 headers in 224 bytes (1 switches on core 0)
Jun 25 09:06:43.670657 n-d-771363-27 devstack@placement-api.service[94282]: DEBUG placement.requestlog [req-828070d1-515d-4086-81f9-65182c02748d req-661039e8-5d02-4062-b873-a256293c642d None None] Starting request: 10.222.0.65 "GET /placement/allocations/73f827be-cc42-42f3-88f4-10bd3e586504" {{(pid=94282) __call__ /opt/stack/placement/placement/requestlog.py:55}}
Jun 25 09:06:43.796969 n-d-771363-27 devstack@placement-api.service[94282]: INFO placement.requestlog [req-828070d1-515d-4086-81f9-65182c02748d req-661039e8-5d02-4062-b873-a256293c642d service placement] 10.222.0.65 "GET /placement/allocations/73f827be-cc42-42f3-88f4-10bd3e586504" status: 200 len: 19 microversion: 1.28
Jun 25 09:06:43.797541 n-d-771363-27 devstack@placement-api.service[94282]: [pid: 94282|app: 0|req: 121/243] 10.222.0.65 () {60 vars in 1371 bytes} [Fri Jun 25 09:06:43 2021] GET /placement/allocations/73f827be-cc42-42f3-88f4-10bd3e586504 => generated 19 bytes in 127 msecs (HTTP/1.1 200) 8 headers in 295 bytes (1 switches on core 0)
Jun 25 09:06:44.503690 n-d-771363-27 devstack@placement-api.service[94283]: DEBUG placement.requestlog [req-b97585eb-fdb3-4991-8df4-0adff6260f5b req-32a6ca15-1c28-4bfc-a9bf-7721f7d2c8c5 None None] Starting request: 10.222.0.77 "GET /placement/allocations/086fb028-5f31-4dd0-838b-f8678a570c76" {{(pid=94283) __call__ /opt/stack/placement/placement/requestlog.py:55}}
Jun 25 09:06:44.534721 n-d-771363-27 devstack@placement-api.service[94283]: INFO placement.requestlog [req-b97585eb-fdb3-4991-8df4-0adff6260f5b req-32a6ca15-1c28-4bfc-a9bf-7721f7d2c8c5 service placement] 10.222.0.77 "GET /placement/allocations/086fb028-5f31-4dd0-838b-f8678a570c76" status: 200 len: 259 microversion: 1.28
Jun 25 09:06:44.535235 n-d-771363-27 devstack@placement-api.service[94283]: [pid: 94283|app: 0|req: 123/244] 10.222.0.77 () {60 vars in 1378 bytes} [Fri Jun 25 09:06:44 2021] GET /placement/allocations/086fb028-5f31-4dd0-838b-f8678a570c76 => generated 259 bytes in 32 msecs (HTTP/1.1 200) 8 headers in 296 bytes (1 switches on core 0)
Jun 25 09:06:44.547155 n-d-771363-27 devstack@placement-api.service[94282]: DEBUG placement.requestlog [req-b97585eb-fdb3-4991-8df4-0adff6260f5b req-142518f5-13e5-46dd-8ef6-ba5647d8561c None None] Starting request: 10.222.0.77 "PUT /placement/allocations/086fb028-5f31-4dd0-838b-f8678a570c76" {{(pid=94282) __call__ /opt/stack/placement/placement/requestlog.py:55}}
Jun 25 09:06:44.607660 n-d-771363-27 devstack@placement-api.service[94282]: DEBUG placement.handlers.allocation [req-b97585eb-fdb3-4991-8df4-0adff6260f5b req-142518f5-13e5-46dd-8ef6-ba5647d8561c service placement] Successfully wrote allocations [, , ] {{(pid=94282) _create_allocations /opt/stack/placement/placement/handlers/allocation.py:435}}
Jun 25 09:06:44.608652 n-d-771363-27 devstack@placement-api.service[94282]: INFO placement.requestlog [req-b97585eb-fdb3-4991-8df4-0adff6260f5b req-142518f5-13e5-46dd-8ef6-ba5647d8561c service placement] 10.222.0.77 "PUT /placement/allocations/086fb028-5f31-4dd0-838b-f8678a570c76" status: 204 len: 0 microversion: 1.28
Jun 25 09:06:44.609371 n-d-771363-27 devstack@placement-api.service[94282]: [pid: 94282|app: 0|req: 122/245] 10.222.0.77 () {64 vars in 1431 bytes} [Fri Jun 25 09:06:44 2021] PUT /placement/allocations/086fb028-5f31-4dd0-838b-f8678a570c76 => generated 0 bytes in 63 msecs (HTTP/1.1 204) 5 headers in 199 bytes (2 switches on core 0)
Jun 25 09:06:45.304830 n-d-771363-27 devstack@placement-api.service[94283]: DEBUG placement.requestlog [None req-9b348c17-a6d1-4c07-b65d-c0ea436f93f4 None None] Starting request: 10.222.0.65 "GET /placement/" {{(pid=94283) __call__ /opt/stack/placement/placement/requestlog.py:55}}
Jun 25 09:06:45.305886 n-d-771363-27 devstack@placement-api.service[94283]: INFO placement.requestlog [None req-9b348c17-a6d1-4c07-b65d-c0ea436f93f4 None None] 10.222.0.65 "GET /placement/" status: 200 len: 136 microversion: 1.0
Jun 25 09:06:45.306364 n-d-771363-27 devstack@placement-api.service[94283]: [pid: 94283|app: 0|req: 124/246] 10.222.0.65 () {54 vars in 915 bytes} [Fri Jun 25 09:06:45 2021] GET /placement => generated 136 bytes in 2 msecs (HTTP/1.1 200) 6 headers in 224 bytes (1 switches on core 0)
Jun 25 09:06:45.320378 n-d-771363-27 devstack@placement-api.service[94282]: DEBUG placement.requestlog [req-d887f981-2c41-4e81-83bc-11f8190e034c req-fce2dcb7-81ea-46de-a732-d2453f920af5 None None] Starting request: 10.222.0.65 "GET /placement/allocations/b3c3f8d3-4047-4193-9a0c-72b074ad15ce" {{(pid=94282) __call__ /opt/stack/placement/placement/requestlog.py:55}}
Jun 25 09:06:45.439864 n-d-771363-27 devstack@placement-api.service[94282]: INFO placement.requestlog [req-d887f981-2c41-4e81-83bc-11f8190e034c req-fce2dcb7-81ea-46de-a732-d2453f920af5 service placement] 10.222.0.65 "GET /placement/allocations/b3c3f8d3-4047-4193-9a0c-72b074ad15ce" status: 200 len: 259 microversion: 1.28
Jun 25 09:06:45.440432 n-d-771363-27 devstack@placement-api.service[94282]: [pid: 94282|app: 0|req: 123/247] 10.222.0.65 () {60 vars in 1380 bytes} [Fri Jun 25 09:06:45 2021] GET /placement/allocations/b3c3f8d3-4047-4193-9a0c-72b074ad15ce => generated 259 bytes in 120 msecs (HTTP/1.1 200) 8 headers in 296 bytes (1 switches on core 0)
Jun 25 09:06:45.446938 n-d-771363-27 devstack@placement-api.service[94283]: DEBUG placement.requestlog [req-d887f981-2c41-4e81-83bc-11f8190e034c req-d8f90119-3100-49a5-8d90-2cebe9031116 None None] Starting request: 10.222.0.65 "GET /placement/allocations/b3c3f8d3-4047-4193-9a0c-72b074ad15ce" {{(pid=94283) __call__ /opt/stack/placement/placement/requestlog.py:55}}
Jun 25 09:06:45.472391 n-d-771363-27 devstack@placement-api.service[94283]: INFO placement.requestlog [req-d887f981-2c41-4e81-83bc-11f8190e034c req-d8f90119-3100-49a5-8d90-2cebe9031116 service placement] 10.222.0.65 "GET /placement/allocations/b3c3f8d3-4047-4193-9a0c-72b074ad15ce" status: 200 len: 259 microversion: 1.28
Jun 25 09:06:45.473180 n-d-771363-27 devstack@placement-api.service[94283]: [pid: 94283|app: 0|req: 125/248] 10.222.0.65 () {60 vars in 1380 bytes} [Fri Jun 25 09:06:45 2021] GET /placement/allocations/b3c3f8d3-4047-4193-9a0c-72b074ad15ce => generated 259 bytes in 27 msecs (HTTP/1.1 200) 8 headers in 296 bytes (2 switches on core 0)
Jun 25 09:06:45.479176 n-d-771363-27 devstack@placement-api.service[94282]: DEBUG placement.requestlog [req-d887f981-2c41-4e81-83bc-11f8190e034c req-1c4f361b-fca1-4d0f-b708-b03ca91ee4f2 None None] Starting request: 10.222.0.65 "GET /placement/allocations/c127e635-09c8-4362-932c-594973aa7618" {{(pid=94282) __call__ /opt/stack/placement/placement/requestlog.py:55}}
Jun 25 09:06:45.493500 n-d-771363-27 devstack@placement-api.service[94282]: INFO placement.requestlog [req-d887f981-2c41-4e81-83bc-11f8190e034c req-1c4f361b-fca1-4d0f-b708-b03ca91ee4f2 service placement] 10.222.0.65 "GET /placement/allocations/c127e635-09c8-4362-932c-594973aa7618" status: 200 len: 19 microversion: 1.28
Jun 25 09:06:45.494166 n-d-771363-27 devstack@placement-api.service[94282]: [pid: 94282|app: 0|req: 124/249] 10.222.0.65 () {60 vars in 1380 bytes} [Fri Jun 25 09:06:45 2021] GET /placement/allocations/c127e635-09c8-4362-932c-594973aa7618 => generated 19 bytes in 15 msecs (HTTP/1.1 200) 8 headers in 295 bytes (2 switches on core 0)
Jun 25 09:06:45.500225 n-d-771363-27 devstack@placement-api.service[94283]: DEBUG placement.requestlog [req-d887f981-2c41-4e81-83bc-11f8190e034c req-dd85d836-ca7c-49d3-80f2-bb01e5bcd2f9 None None] Starting request: 10.222.0.65 "POST /placement/allocations" {{(pid=94283) __call__ /opt/stack/placement/placement/requestlog.py:55}}
Jun 25 09:06:45.653706 n-d-771363-27 devstack@placement-api.service[94283]: DEBUG placement.handlers.allocation [req-d887f981-2c41-4e81-83bc-11f8190e034c req-dd85d836-ca7c-49d3-80f2-bb01e5bcd2f9 service placement] Successfully wrote allocations [, , , , , ] {{(pid=94283) _create_allocations /opt/stack/placement/placement/handlers/allocation.py:524}}
Jun 25 09:06:45.654226 n-d-771363-27 devstack@placement-api.service[94283]: INFO placement.requestlog [req-d887f981-2c41-4e81-83bc-11f8190e034c req-dd85d836-ca7c-49d3-80f2-bb01e5bcd2f9 service placement] 10.222.0.65 "POST /placement/allocations" status: 204 len: 0 microversion: 1.28
Jun 25 09:06:45.654577 n-d-771363-27 devstack@placement-api.service[94283]: [pid: 94283|app: 0|req: 126/250] 10.222.0.65 () {64 vars in 1323 bytes} [Fri Jun 25 09:06:45 2021] POST /placement/allocations => generated 0 bytes in 155 msecs (HTTP/1.1 204) 5 headers in 199 bytes (1 switches on core 0)
Jun 25 09:06:45.699539 n-d-771363-27 devstack@placement-api.service[94282]: DEBUG placement.requestlog [req-d887f981-2c41-4e81-83bc-11f8190e034c req-ef8a2abc-a477-4a8a-948c-db6658171bcf None None] Starting request: 10.222.0.65 "GET /placement/allocations/b3c3f8d3-4047-4193-9a0c-72b074ad15ce" {{(pid=94282) __call__ /opt/stack/placement/placement/requestlog.py:55}}
Jun 25 09:06:45.714049 n-d-771363-27 devstack@placement-api.service[94282]: INFO placement.requestlog [req-d887f981-2c41-4e81-83bc-11f8190e034c req-ef8a2abc-a477-4a8a-948c-db6658171bcf service placement] 10.222.0.65 "GET /placement/allocations/b3c3f8d3-4047-4193-9a0c-72b074ad15ce" status: 200 len: 19 microversion: 1.28
Jun 25 09:06:45.714925 n-d-771363-27 devstack@placement-api.service[94282]: [pid: 94282|app: 0|req: 125/251] 10.222.0.65 () {60 vars in 1380 bytes} [Fri Jun 25 09:06:45 2021] GET /placement/allocations/b3c3f8d3-4047-4193-9a0c-72b074ad15ce => generated 19 bytes in 16 msecs (HTTP/1.1 200) 8 headers in 295 bytes (2 switches on core 0)
Jun 25 09:06:45.727085 n-d-771363-27 devstack@placement-api.service[94283]: DEBUG placement.requestlog [req-d887f981-2c41-4e81-83bc-11f8190e034c req-093ef9e7-5247-4b06-bc32-3bd5fafd61c4 None None] Starting request: 10.222.0.65 "PUT /placement/allocations/b3c3f8d3-4047-4193-9a0c-72b074ad15ce" {{(pid=94283) __call__ /opt/stack/placement/placement/requestlog.py:55}}
Jun 25 09:06:45.798134 n-d-771363-27 devstack@placement-api.service[94283]: DEBUG placement.handlers.allocation [req-d887f981-2c41-4e81-83bc-11f8190e034c req-093ef9e7-5247-4b06-bc32-3bd5fafd61c4 service placement] Successfully wrote allocations [, , ] {{(pid=94283) _create_allocations /opt/stack/placement/placement/handlers/allocation.py:435}}
Jun 25 09:06:45.798649 n-d-771363-27 devstack@placement-api.service[94283]: INFO placement.requestlog [req-d887f981-2c41-4e81-83bc-11f8190e034c req-093ef9e7-5247-4b06-bc32-3bd5fafd61c4 service placement] 10.222.0.65 "PUT /placement/allocations/b3c3f8d3-4047-4193-9a0c-72b074ad15ce" status: 204 len: 0 microversion: 1.28
Jun 25 09:06:45.798907 n-d-771363-27 devstack@placement-api.service[94283]: [pid: 94283|app: 0|req: 127/252] 10.222.0.65 () {64 vars in 1433 bytes} [Fri Jun 25 09:06:45 2021] PUT /placement/allocations/b3c3f8d3-4047-4193-9a0c-72b074ad15ce => generated 0 bytes in 72 msecs (HTTP/1.1 204) 5 headers in 199 bytes (1 switches on core 0)
Jun 25 09:06:45.970248 n-d-771363-27 devstack@placement-api.service[94282]: DEBUG placement.requestlog [req-d887f981-2c41-4e81-83bc-11f8190e034c req-0401afb4-962f-40b7-b610-d0a0fa68d1cd None None] Starting request: 192.168.0.61 "GET /placement/allocations/b3c3f8d3-4047-4193-9a0c-72b074ad15ce" {{(pid=94282) __call__ /opt/stack/placement/placement/requestlog.py:55}}
Jun 25 09:06:45.986855 n-d-771363-27 devstack@placement-api.service[94282]: INFO placement.requestlog [req-d887f981-2c41-4e81-83bc-11f8190e034c req-0401afb4-962f-40b7-b610-d0a0fa68d1cd service placement] 192.168.0.61 "GET /placement/allocations/b3c3f8d3-4047-4193-9a0c-72b074ad15ce" status: 200 len: 259 microversion: 1.28
Jun 25 09:06:45.987167 n-d-771363-27 devstack@placement-api.service[94282]: [pid: 94282|app: 0|req: 126/253] 192.168.0.61 () {60 vars in 1379 bytes} [Fri Jun 25 09:06:45 2021] GET /placement/allocations/b3c3f8d3-4047-4193-9a0c-72b074ad15ce => generated 259 bytes in 17 msecs (HTTP/1.1 200) 8 headers in 296 bytes (1 switches on core 0)
Jun 25 09:06:46.733070 n-d-771363-27 devstack@placement-api.service[94283]: DEBUG placement.requestlog [req-d887f981-2c41-4e81-83bc-11f8190e034c req-4903db34-7ed2-4f9e-8cc1-21b1095f4d82 None None] Starting request: 10.222.0.65 "GET /placement/allocations/b3c3f8d3-4047-4193-9a0c-72b074ad15ce" {{(pid=94283) __call__ /opt/stack/placement/placement/requestlog.py:55}}
Jun 25 09:06:46.753377 n-d-771363-27 devstack@placement-api.service[94283]: INFO placement.requestlog [req-d887f981-2c41-4e81-83bc-11f8190e034c req-4903db34-7ed2-4f9e-8cc1-21b1095f4d82 service placement] 10.222.0.65 "GET /placement/allocations/b3c3f8d3-4047-4193-9a0c-72b074ad15ce" status: 200 len: 259 microversion: 1.28
Jun 25 09:06:46.754399 n-d-771363-27 devstack@placement-api.service[94283]: [pid: 94283|app: 0|req: 128/254] 10.222.0.65 () {60 vars in 1380 bytes} [Fri Jun 25 09:06:46 2021] GET /placement/allocations/b3c3f8d3-4047-4193-9a0c-72b074ad15ce => generated 259 bytes in 21 msecs (HTTP/1.1 200) 8 headers in 296 bytes (1 switches on core 0)
Jun 25 09:06:46.761227 n-d-771363-27 devstack@placement-api.service[94282]: DEBUG placement.requestlog [req-d887f981-2c41-4e81-83bc-11f8190e034c req-f53df316-b38a-4269-9b07-85c234b7509b None None] Starting request: 10.222.0.65 "GET /placement/resource_providers?in_tree=cf7c36ef-63c6-45ee-9986-371add0f7f97" {{(pid=94282) __call__ /opt/stack/placement/placement/requestlog.py:55}}
Jun 25 09:06:46.787133 n-d-771363-27 devstack@placement-api.service[94282]: INFO placement.requestlog [req-d887f981-2c41-4e81-83bc-11f8190e034c req-f53df316-b38a-4269-9b07-85c234b7509b service placement] 10.222.0.65 "GET /placement/resource_providers?in_tree=cf7c36ef-63c6-45ee-9986-371add0f7f97" status: 200 len: 864 microversion: 1.14
Jun 25 09:06:46.788092 n-d-771363-27 devstack@placement-api.service[94283]: DEBUG placement.requestlog [req-4fa37d27-dd27-4907-acb7-77a4edd94ae9 req-7fdc72c9-4c1c-44c9-8a3f-463e06790753 None None] Starting request: 192.168.0.61 "GET /placement/allocations/752001a4-995f-41a2-a389-975d61a6e919" {{(pid=94283) __call__ /opt/stack/placement/placement/requestlog.py:55}}
Jun 25 09:06:46.790367 n-d-771363-27 devstack@placement-api.service[94282]: [pid: 94282|app: 0|req: 127/255] 10.222.0.65 () {60 vars in 1379 bytes} [Fri Jun 25 09:06:46 2021] GET /placement/resource_providers?in_tree=cf7c36ef-63c6-45ee-9986-371add0f7f97 => generated 864 bytes in 29 msecs (HTTP/1.1 200) 6 headers in 225 bytes (1 switches on core 0)
Jun 25 09:06:46.799439 n-d-771363-27 devstack@placement-api.service[94282]: DEBUG placement.requestlog [req-d887f981-2c41-4e81-83bc-11f8190e034c req-9e81ad3f-0013-4c05-9932-7a1dbccedf14 None None] Starting request: 10.222.0.65 "PUT /placement/allocations/b3c3f8d3-4047-4193-9a0c-72b074ad15ce" {{(pid=94282) __call__ /opt/stack/placement/placement/requestlog.py:55}}
Jun 25 09:06:46.812043 n-d-771363-27 devstack@placement-api.service[94283]: INFO placement.requestlog [req-4fa37d27-dd27-4907-acb7-77a4edd94ae9 req-7fdc72c9-4c1c-44c9-8a3f-463e06790753 service placement] 192.168.0.61 "GET /placement/allocations/752001a4-995f-41a2-a389-975d61a6e919" status: 200 len: 259 microversion: 1.28
Jun 25 09:06:46.812282 n-d-771363-27 devstack@placement-api.service[94283]: [pid: 94283|app: 0|req: 129/256] 192.168.0.61 () {60 vars in 1379 bytes} [Fri Jun 25 09:06:46 2021] GET /placement/allocations/752001a4-995f-41a2-a389-975d61a6e919 => generated 259 bytes in 24 msecs (HTTP/1.1 200) 8 headers in 296 bytes (1 switches on core 0)
Jun 25 09:06:46.866683 n-d-771363-27 devstack@placement-api.service[94282]: DEBUG placement.handlers.allocation [req-d887f981-2c41-4e81-83bc-11f8190e034c req-9e81ad3f-0013-4c05-9932-7a1dbccedf14 service placement] Successfully wrote allocations [, , ] {{(pid=94282) _create_allocations /opt/stack/placement/placement/handlers/allocation.py:435}}
Jun 25 09:06:46.867870 n-d-771363-27 devstack@placement-api.service[94282]: INFO placement.requestlog [req-d887f981-2c41-4e81-83bc-11f8190e034c req-9e81ad3f-0013-4c05-9932-7a1dbccedf14 service placement] 10.222.0.65 "PUT /placement/allocations/b3c3f8d3-4047-4193-9a0c-72b074ad15ce" status: 204 len: 0 microversion: 1.28
Jun 25 09:06:46.869667 n-d-771363-27 devstack@placement-api.service[94282]: [pid: 94282|app: 0|req: 128/257] 10.222.0.65 () {64 vars in 1433 bytes} [Fri Jun 25 09:06:46 2021] PUT /placement/allocations/b3c3f8d3-4047-4193-9a0c-72b074ad15ce => generated 0 bytes in 69 msecs (HTTP/1.1 204) 5 headers in 199 bytes (1 switches on core 0)
Jun 25 09:06:47.037917 n-d-771363-27 devstack@placement-api.service[94283]: DEBUG placement.requestlog [None req-ea71b944-ae73-4252-a9a5-2dd8b1836f1a None None] Starting request: 10.222.0.65 "GET /placement/" {{(pid=94283) __call__ /opt/stack/placement/placement/requestlog.py:55}}
Jun 25 09:06:47.039096 n-d-771363-27 devstack@placement-api.service[94283]: INFO placement.requestlog [None req-ea71b944-ae73-4252-a9a5-2dd8b1836f1a None None] 10.222.0.65 "GET /placement/" status: 200 len: 136 microversion: 1.0
Jun 25 09:06:47.039431 n-d-771363-27 devstack@placement-api.service[94283]: [pid: 94283|app: 0|req: 130/258] 10.222.0.65 () {54 vars in 915 bytes} [Fri Jun 25 09:06:47 2021] GET /placement => generated 136 bytes in 2 msecs (HTTP/1.1 200) 6 headers in 224 bytes (1 switches on core 0)
Jun 25 09:06:47.048550 n-d-771363-27 devstack@placement-api.service[94282]: DEBUG placement.requestlog [req-d887f981-2c41-4e81-83bc-11f8190e034c req-49d3277b-21b7-4d29-ba7a-8acbb90baa88 None None] Starting request: 10.222.0.65 "GET /placement/allocations/c127e635-09c8-4362-932c-594973aa7618" {{(pid=94282) __call__ /opt/stack/placement/placement/requestlog.py:55}}
Jun 25 09:06:47.303587 n-d-771363-27 devstack@placement-api.service[94282]: INFO placement.requestlog [req-d887f981-2c41-4e81-83bc-11f8190e034c req-49d3277b-21b7-4d29-ba7a-8acbb90baa88 service placement] 10.222.0.65 "GET /placement/allocations/c127e635-09c8-4362-932c-594973aa7618" status: 200 len: 259 microversion: 1.28
Jun 25 09:06:47.304367 n-d-771363-27 devstack@placement-api.service[94282]: [pid: 94282|app: 0|req: 129/259] 10.222.0.65 () {60 vars in 1380 bytes} [Fri Jun 25 09:06:47 2021] GET /placement/allocations/c127e635-09c8-4362-932c-594973aa7618 => generated 259 bytes in 256 msecs (HTTP/1.1 200) 8 headers in 296 bytes (1 switches on core 0)
Jun 25 09:06:47.312656 n-d-771363-27 devstack@placement-api.service[94283]: DEBUG placement.requestlog [req-d887f981-2c41-4e81-83bc-11f8190e034c req-94e14c73-ca4e-4365-ab39-bb31798c67ed None None] Starting request: 10.222.0.65 "GET /placement/allocations/b3c3f8d3-4047-4193-9a0c-72b074ad15ce" {{(pid=94283) __call__ /opt/stack/placement/placement/requestlog.py:55}}
Jun 25 09:06:47.323425 n-d-771363-27 devstack@placement-api.service[94283]: INFO placement.requestlog [req-d887f981-2c41-4e81-83bc-11f8190e034c req-94e14c73-ca4e-4365-ab39-bb31798c67ed service placement] 10.222.0.65 "GET /placement/allocations/b3c3f8d3-4047-4193-9a0c-72b074ad15ce" status: 200 len: 19 microversion: 1.28
Jun 25 09:06:47.323913 n-d-771363-27 devstack@placement-api.service[94283]: [pid: 94283|app: 0|req: 131/260] 10.222.0.65 () {60 vars in 1380 bytes} [Fri Jun 25 09:06:47 2021] GET /placement/allocations/b3c3f8d3-4047-4193-9a0c-72b074ad15ce => generated 19 bytes in 11 msecs (HTTP/1.1 200) 8 headers in 295 bytes (1 switches on core 0)
Jun 25 09:06:47.329865 n-d-771363-27 devstack@placement-api.service[94282]: DEBUG placement.requestlog [req-d887f981-2c41-4e81-83bc-11f8190e034c req-b20bc4a1-c911-471c-be4f-dda708e13b52 None None] Starting request: 10.222.0.65 "POST /placement/allocations" {{(pid=94282) __call__ /opt/stack/placement/placement/requestlog.py:55}}
Jun 25 09:06:47.408254 n-d-771363-27 devstack@placement-api.service[94282]: DEBUG placement.handlers.allocation [req-d887f981-2c41-4e81-83bc-11f8190e034c req-b20bc4a1-c911-471c-be4f-dda708e13b52 service placement] Successfully wrote allocations [, , , , , ] {{(pid=94282) _create_allocations /opt/stack/placement/placement/handlers/allocation.py:524}}
Jun 25 09:06:47.408934 n-d-771363-27 devstack@placement-api.service[94282]: INFO placement.requestlog [req-d887f981-2c41-4e81-83bc-11f8190e034c req-b20bc4a1-c911-471c-be4f-dda708e13b52 service placement] 10.222.0.65 "POST /placement/allocations" status: 204 len: 0 microversion: 1.28
Jun 25 09:06:47.409395 n-d-771363-27 devstack@placement-api.service[94282]: [pid: 94282|app: 0|req: 130/261] 10.222.0.65 () {64 vars in 1323 bytes} [Fri Jun 25 09:06:47 2021] POST /placement/allocations => generated 0 bytes in 80 msecs (HTTP/1.1 204) 5 headers in 199 bytes (2 switches on core 0)
Jun 25 09:06:48.375420 n-d-771363-27 devstack@placement-api.service[94283]: DEBUG placement.requestlog [req-4fa37d27-dd27-4907-acb7-77a4edd94ae9 req-9cf51945-8173-4de5-9684-4d2db01c9e5f None None] Starting request: 192.168.0.61 "GET /placement/allocations/ba51275b-6243-49d6-8f60-5d536e16e957" {{(pid=94283) __call__ /opt/stack/placement/placement/requestlog.py:55}}
Jun 25 09:06:48.400189 n-d-771363-27 devstack@placement-api.service[94283]: INFO placement.requestlog [req-4fa37d27-dd27-4907-acb7-77a4edd94ae9 req-9cf51945-8173-4de5-9684-4d2db01c9e5f service placement] 192.168.0.61 "GET /placement/allocations/ba51275b-6243-49d6-8f60-5d536e16e957" status: 200 len: 259 microversion: 1.28
Jun 25 09:06:48.401432 n-d-771363-27 devstack@placement-api.service[94283]: [pid: 94283|app: 0|req: 132/262] 192.168.0.61 () {60 vars in 1379 bytes} [Fri Jun 25 09:06:48 2021] GET /placement/allocations/ba51275b-6243-49d6-8f60-5d536e16e957 => generated 259 bytes in 26 msecs (HTTP/1.1 200) 8 headers in 296 bytes (1 switches on core 0)
Jun 25 09:06:48.407861 n-d-771363-27 devstack@placement-api.service[94282]: DEBUG placement.requestlog [req-4fa37d27-dd27-4907-acb7-77a4edd94ae9 req-f10d837d-1ebc-495f-baee-e0bd0c595b30 None None] Starting request: 192.168.0.61 "PUT /placement/allocations/ba51275b-6243-49d6-8f60-5d536e16e957" {{(pid=94282) __call__ /opt/stack/placement/placement/requestlog.py:55}}
Jun 25 09:06:48.491759 n-d-771363-27 devstack@placement-api.service[94282]: DEBUG placement.handlers.allocation [req-4fa37d27-dd27-4907-acb7-77a4edd94ae9 req-f10d837d-1ebc-495f-baee-e0bd0c595b30 service placement] Successfully wrote allocations [, , ] {{(pid=94282) _create_allocations /opt/stack/placement/placement/handlers/allocation.py:435}}
Jun 25 09:06:48.492645 n-d-771363-27 devstack@placement-api.service[94282]: INFO placement.requestlog [req-4fa37d27-dd27-4907-acb7-77a4edd94ae9 req-f10d837d-1ebc-495f-baee-e0bd0c595b30 service placement] 192.168.0.61 "PUT /placement/allocations/ba51275b-6243-49d6-8f60-5d536e16e957" status: 204 len: 0 microversion: 1.28
Jun 25 09:06:48.493411 n-d-771363-27 devstack@placement-api.service[94282]: [pid: 94282|app: 0|req: 131/263] 192.168.0.61 () {64 vars in 1432 bytes} [Fri Jun 25 09:06:48 2021] PUT /placement/allocations/ba51275b-6243-49d6-8f60-5d536e16e957 => generated 0 bytes in 86 msecs (HTTP/1.1 204) 5 headers in 199 bytes (1 switches on core 0)
Jun 25 09:06:49.329629 n-d-771363-27 devstack@placement-api.service[94283]: DEBUG placement.requestlog [req-f50aff20-61c9-4acf-85a6-3500a2482fea req-32466c26-d82e-49fd-8dd7-85b0e5664fee None None] Starting request: 10.222.0.65 "GET /placement/allocation_candidates?limit=1000&resources=DISK_GB%3A1%2CMEMORY_MB%3A1024%2CVCPU%3A1&root_required=%21COMPUTE_STATUS_DISABLED" {{(pid=94283) __call__ /opt/stack/placement/placement/requestlog.py:55}}
Jun 25 09:06:49.406437 n-d-771363-27 devstack@placement-api.service[94283]: DEBUG placement.objects.research_context [req-f50aff20-61c9-4acf-85a6-3500a2482fea req-32466c26-d82e-49fd-8dd7-85b0e5664fee service placement] getting providers with 1 DISK_GB {{(pid=94283) __init__ /opt/stack/placement/placement/objects/research_context.py:126}}
Jun 25 09:06:49.418648 n-d-771363-27 devstack@placement-api.service[94283]: DEBUG placement.objects.research_context [req-f50aff20-61c9-4acf-85a6-3500a2482fea req-32466c26-d82e-49fd-8dd7-85b0e5664fee service placement] getting providers with 1024 MEMORY_MB {{(pid=94283) __init__ /opt/stack/placement/placement/objects/research_context.py:126}}
Jun 25 09:06:49.427021 n-d-771363-27 devstack@placement-api.service[94283]: DEBUG placement.objects.research_context [req-f50aff20-61c9-4acf-85a6-3500a2482fea req-32466c26-d82e-49fd-8dd7-85b0e5664fee service placement] getting providers with 1 VCPU {{(pid=94283) __init__ /opt/stack/placement/placement/objects/research_context.py:126}}
Jun 25 09:06:49.436836 n-d-771363-27 devstack@placement-api.service[94283]: DEBUG placement.objects.research_context [req-f50aff20-61c9-4acf-85a6-3500a2482fea req-32466c26-d82e-49fd-8dd7-85b0e5664fee service placement] found 2 providers with available 1 DISK_GB {{(pid=94283) get_provider_ids_matching /opt/stack/placement/placement/objects/research_context.py:549}}
Jun 25 09:06:49.437378 n-d-771363-27 devstack@placement-api.service[94283]: DEBUG placement.objects.research_context [req-f50aff20-61c9-4acf-85a6-3500a2482fea req-32466c26-d82e-49fd-8dd7-85b0e5664fee service placement] found 2 providers with available 1024 MEMORY_MB {{(pid=94283) get_provider_ids_matching /opt/stack/placement/placement/objects/research_context.py:549}}
Jun 25 09:06:49.438364 n-d-771363-27 devstack@placement-api.service[94283]: DEBUG placement.objects.research_context [req-f50aff20-61c9-4acf-85a6-3500a2482fea req-32466c26-d82e-49fd-8dd7-85b0e5664fee service placement] found 2 providers after filtering by previous result {{(pid=94283) get_provider_ids_matching /opt/stack/placement/placement/objects/research_context.py:580}}
Jun 25 09:06:49.439911 n-d-771363-27 devstack@placement-api.service[94283]: DEBUG placement.objects.research_context [req-f50aff20-61c9-4acf-85a6-3500a2482fea req-32466c26-d82e-49fd-8dd7-85b0e5664fee service placement] found 2 providers with available 1 VCPU {{(pid=94283) get_provider_ids_matching /opt/stack/placement/placement/objects/research_context.py:549}}
Jun 25 09:06:49.440732 n-d-771363-27 devstack@placement-api.service[94283]: DEBUG placement.objects.research_context [req-f50aff20-61c9-4acf-85a6-3500a2482fea req-32466c26-d82e-49fd-8dd7-85b0e5664fee service placement] found 2 providers after filtering by previous result {{(pid=94283) get_provider_ids_matching /opt/stack/placement/placement/objects/research_context.py:580}}
Jun 25 09:06:49.496860 n-d-771363-27 devstack@placement-api.service[94283]: DEBUG placement.objects.allocation_candidate [req-f50aff20-61c9-4acf-85a6-3500a2482fea req-32466c26-d82e-49fd-8dd7-85b0e5664fee service placement] RequestGroup(use_same_provider=False, resources={DISK_GB:1, MEMORY_MB:1024, VCPU:1}, traits=[], aggregates=[]) (suffix '') returned 2 matches {{(pid=94283) _get_by_requests /opt/stack/placement/placement/objects/allocation_candidate.py:145}}
Jun 25 09:06:49.498201 n-d-771363-27 devstack@placement-api.service[94283]: DEBUG placement.objects.allocation_candidate [req-f50aff20-61c9-4acf-85a6-3500a2482fea req-32466c26-d82e-49fd-8dd7-85b0e5664fee service placement] Merging candidates yields 2 allocation requests and 2 provider summaries {{(pid=94283) _merge_candidates /opt/stack/placement/placement/objects/allocation_candidate.py:783}}
Jun 25 09:06:49.502923 n-d-771363-27 devstack@placement-api.service[94283]: INFO placement.requestlog [req-f50aff20-61c9-4acf-85a6-3500a2482fea req-32466c26-d82e-49fd-8dd7-85b0e5664fee service placement] 10.222.0.65 "GET /placement/allocation_candidates?limit=1000&resources=DISK_GB%3A1%2CMEMORY_MB%3A1024%2CVCPU%3A1&root_required=%21COMPUTE_STATUS_DISABLED" status: 200 len: 1312 microversion: 1.35
Jun 25 09:06:49.518512 n-d-771363-27 devstack@placement-api.service[94283]: [pid: 94283|app: 0|req: 133/264] 10.222.0.65 () {60 vars in 1506 bytes} [Fri Jun 25 09:06:49 2021] GET /placement/allocation_candidates?limit=1000&resources=DISK_GB%3A1%2CMEMORY_MB%3A1024%2CVCPU%3A1&root_required=%21COMPUTE_STATUS_DISABLED => generated 1312 bytes in 189 msecs (HTTP/1.1 200) 8 headers in 297 bytes (1 switches on core 0)
Jun 25 09:06:49.569564 n-d-771363-27 devstack@placement-api.service[94282]: DEBUG placement.requestlog [req-f50aff20-61c9-4acf-85a6-3500a2482fea req-09d99741-927a-4def-ad4e-05aeee98eaa7 None None] Starting request: 10.222.0.65 "GET /placement/allocations/5247f3b5-3334-4c0a-bc35-3c4011244172" {{(pid=94282) __call__ /opt/stack/placement/placement/requestlog.py:55}}
Jun 25 09:06:49.584245 n-d-771363-27 devstack@placement-api.service[94282]: INFO placement.requestlog [req-f50aff20-61c9-4acf-85a6-3500a2482fea req-09d99741-927a-4def-ad4e-05aeee98eaa7 service placement] 10.222.0.65 "GET /placement/allocations/5247f3b5-3334-4c0a-bc35-3c4011244172" status: 200 len: 19 microversion: 1.28
Jun 25 09:06:49.586029 n-d-771363-27 devstack@placement-api.service[94282]: [pid: 94282|app: 0|req: 132/265] 10.222.0.65 () {60 vars in 1380 bytes} [Fri Jun 25 09:06:49 2021] GET /placement/allocations/5247f3b5-3334-4c0a-bc35-3c4011244172 => generated 19 bytes in 17 msecs (HTTP/1.1 200) 8 headers in 295 bytes (1 switches on core 0)
Jun 25 09:06:49.595118 n-d-771363-27 devstack@placement-api.service[94283]: DEBUG placement.requestlog [req-f50aff20-61c9-4acf-85a6-3500a2482fea req-5666ed99-f911-4933-9646-63ff16ac4817 None None] Starting request: 10.222.0.65 "PUT /placement/allocations/5247f3b5-3334-4c0a-bc35-3c4011244172" {{(pid=94283) __call__ /opt/stack/placement/placement/requestlog.py:55}}
Jun 25 09:06:49.738017 n-d-771363-27 devstack@placement-api.service[94283]: DEBUG placement.handlers.allocation [req-f50aff20-61c9-4acf-85a6-3500a2482fea req-5666ed99-f911-4933-9646-63ff16ac4817 service placement] Successfully wrote allocations [, , ] {{(pid=94283) _create_allocations /opt/stack/placement/placement/handlers/allocation.py:435}}
Jun 25 09:06:49.739476 n-d-771363-27 devstack@placement-api.service[94283]: INFO placement.requestlog [req-f50aff20-61c9-4acf-85a6-3500a2482fea req-5666ed99-f911-4933-9646-63ff16ac4817 service placement] 10.222.0.65 "PUT /placement/allocations/5247f3b5-3334-4c0a-bc35-3c4011244172" status: 204 len: 0 microversion: 1.35
Jun 25 09:06:49.740294 n-d-771363-27 devstack@placement-api.service[94283]: [pid: 94283|app: 0|req: 134/266] 10.222.0.65 () {64 vars in 1433 bytes} [Fri Jun 25 09:06:49 2021] PUT /placement/allocations/5247f3b5-3334-4c0a-bc35-3c4011244172 => generated 0 bytes in 146 msecs (HTTP/1.1 204) 5 headers in 199 bytes (1 switches on core 0)
Jun 25 09:06:50.296269 n-d-771363-27 devstack@placement-api.service[94282]: DEBUG placement.requestlog [req-f50aff20-61c9-4acf-85a6-3500a2482fea req-8d8b48fb-649a-43e4-bdc7-a65b93930756 None None] Starting request: 10.222.0.77 "GET /placement/allocations/5247f3b5-3334-4c0a-bc35-3c4011244172" {{(pid=94282) __call__ /opt/stack/placement/placement/requestlog.py:55}}
Jun 25 09:06:50.322333 n-d-771363-27 devstack@placement-api.service[94282]: INFO placement.requestlog [req-f50aff20-61c9-4acf-85a6-3500a2482fea req-8d8b48fb-649a-43e4-bdc7-a65b93930756 service placement] 10.222.0.77 "GET /placement/allocations/5247f3b5-3334-4c0a-bc35-3c4011244172" status: 200 len: 259 microversion: 1.28
Jun 25 09:06:50.324225 n-d-771363-27 devstack@placement-api.service[94282]: [pid: 94282|app: 0|req: 133/267] 10.222.0.77 () {60 vars in 1378 bytes} [Fri Jun 25 09:06:50 2021] GET /placement/allocations/5247f3b5-3334-4c0a-bc35-3c4011244172 => generated 259 bytes in 29 msecs (HTTP/1.1 200) 8 headers in 296 bytes (1 switches on core 0)
Jun 25 09:06:50.469372 n-d-771363-27 devstack@placement-api.service[94283]: DEBUG placement.requestlog [req-7a77943b-171d-4d70-bf84-c4d0a81c0bf7 req-d71591a9-eab7-4c10-b136-25c6b85cb409 None None] Starting request: 10.222.0.77 "GET /placement/allocations/08059525-fe34-4476-b448-3a650e2885f9" {{(pid=94283) __call__ /opt/stack/placement/placement/requestlog.py:55}}
Jun 25 09:06:50.489794 n-d-771363-27 devstack@placement-api.service[94283]: INFO placement.requestlog [req-7a77943b-171d-4d70-bf84-c4d0a81c0bf7 req-d71591a9-eab7-4c10-b136-25c6b85cb409 service placement] 10.222.0.77 "GET /placement/allocations/08059525-fe34-4476-b448-3a650e2885f9" status: 200 len: 259 microversion: 1.28
Jun 25 09:06:50.490375 n-d-771363-27 devstack@placement-api.service[94283]: [pid: 94283|app: 0|req: 135/268] 10.222.0.77 () {60 vars in 1378 bytes} [Fri Jun 25 09:06:50 2021] GET /placement/allocations/08059525-fe34-4476-b448-3a650e2885f9 => generated 259 bytes in 21 msecs (HTTP/1.1 200) 8 headers in 296 bytes (1 switches on core 0)
Jun 25 09:06:50.516509 n-d-771363-27 devstack@placement-api.service[94282]: DEBUG placement.requestlog [req-7a77943b-171d-4d70-bf84-c4d0a81c0bf7 req-eb9ccc3e-3379-40b0-83dc-c971cd084bf9 None None] Starting request: 10.222.0.77 "PUT /placement/allocations/08059525-fe34-4476-b448-3a650e2885f9" {{(pid=94282) __call__ /opt/stack/placement/placement/requestlog.py:55}}
Jun 25 09:06:50.640931 n-d-771363-27 devstack@placement-api.service[94282]: DEBUG placement.handlers.allocation [req-7a77943b-171d-4d70-bf84-c4d0a81c0bf7 req-eb9ccc3e-3379-40b0-83dc-c971cd084bf9 service placement] Successfully wrote allocations [, , ] {{(pid=94282) _create_allocations /opt/stack/placement/placement/handlers/allocation.py:435}}
Jun 25 09:06:50.641511 n-d-771363-27 devstack@placement-api.service[94282]: INFO placement.requestlog [req-7a77943b-171d-4d70-bf84-c4d0a81c0bf7 req-eb9ccc3e-3379-40b0-83dc-c971cd084bf9 service placement] 10.222.0.77 "PUT /placement/allocations/08059525-fe34-4476-b448-3a650e2885f9" status: 204 len: 0 microversion: 1.28
Jun 25 09:06:50.646023 n-d-771363-27 devstack@placement-api.service[94282]: [pid: 94282|app: 0|req: 134/269] 10.222.0.77 () {64 vars in 1431 bytes} [Fri Jun 25 09:06:50 2021] PUT /placement/allocations/08059525-fe34-4476-b448-3a650e2885f9 => generated 0 bytes in 130 msecs (HTTP/1.1 204) 5 headers in 199 bytes (1 switches on core 0)
Jun 25 09:06:50.915959 n-d-771363-27 devstack@placement-api.service[94283]: DEBUG placement.requestlog [req-e700a010-6aa4-4402-8f92-8f344513966f req-7c7a0b68-a33f-483f-a778-c4d118234524 None None] Starting request: 10.222.0.65 "GET /placement/allocation_candidates?limit=1000&resources=DISK_GB%3A1%2CMEMORY_MB%3A1024%2CVCPU%3A1&root_required=%21COMPUTE_STATUS_DISABLED" {{(pid=94283) __call__ /opt/stack/placement/placement/requestlog.py:55}}
Jun 25 09:06:51.028597 n-d-771363-27 devstack@placement-api.service[94283]: DEBUG placement.objects.research_context [req-e700a010-6aa4-4402-8f92-8f344513966f req-7c7a0b68-a33f-483f-a778-c4d118234524 service placement] getting providers with 1 DISK_GB {{(pid=94283) __init__ /opt/stack/placement/placement/objects/research_context.py:126}}
Jun 25 09:06:51.063232 n-d-771363-27 devstack@placement-api.service[94283]: DEBUG placement.objects.research_context [req-e700a010-6aa4-4402-8f92-8f344513966f req-7c7a0b68-a33f-483f-a778-c4d118234524 service placement] getting providers with 1024 MEMORY_MB {{(pid=94283) __init__ /opt/stack/placement/placement/objects/research_context.py:126}}
Jun 25 09:06:51.079758 n-d-771363-27 devstack@placement-api.service[94283]: DEBUG placement.objects.research_context [req-e700a010-6aa4-4402-8f92-8f344513966f req-7c7a0b68-a33f-483f-a778-c4d118234524 service placement] getting providers with 1 VCPU {{(pid=94283) __init__ /opt/stack/placement/placement/objects/research_context.py:126}}
Jun 25 09:06:51.091549 n-d-771363-27 devstack@placement-api.service[94283]: DEBUG placement.objects.research_context [req-e700a010-6aa4-4402-8f92-8f344513966f req-7c7a0b68-a33f-483f-a778-c4d118234524 service placement] found 2 providers with available 1 DISK_GB {{(pid=94283) get_provider_ids_matching /opt/stack/placement/placement/objects/research_context.py:549}}
Jun 25 09:06:51.091840 n-d-771363-27 devstack@placement-api.service[94283]: DEBUG placement.objects.research_context [req-e700a010-6aa4-4402-8f92-8f344513966f req-7c7a0b68-a33f-483f-a778-c4d118234524 service placement] found 2 providers with available 1024 MEMORY_MB {{(pid=94283) get_provider_ids_matching /opt/stack/placement/placement/objects/research_context.py:549}}
Jun 25 09:06:51.092113 n-d-771363-27 devstack@placement-api.service[94283]: DEBUG placement.objects.research_context [req-e700a010-6aa4-4402-8f92-8f344513966f req-7c7a0b68-a33f-483f-a778-c4d118234524 service placement] found 2 providers after filtering by previous result {{(pid=94283) get_provider_ids_matching /opt/stack/placement/placement/objects/research_context.py:580}}
Jun 25 09:06:51.093087 n-d-771363-27 devstack@placement-api.service[94283]: DEBUG placement.objects.research_context [req-e700a010-6aa4-4402-8f92-8f344513966f req-7c7a0b68-a33f-483f-a778-c4d118234524 service placement] found 2 providers with available 1 VCPU {{(pid=94283) get_provider_ids_matching /opt/stack/placement/placement/objects/research_context.py:549}}
Jun 25 09:06:51.094886 n-d-771363-27 devstack@placement-api.service[94283]: DEBUG placement.objects.research_context [req-e700a010-6aa4-4402-8f92-8f344513966f req-7c7a0b68-a33f-483f-a778-c4d118234524 service placement] found 2 providers after filtering by previous result {{(pid=94283) get_provider_ids_matching /opt/stack/placement/placement/objects/research_context.py:580}}
Jun 25 09:06:51.115216 n-d-771363-27 devstack@placement-api.service[94283]: DEBUG placement.objects.allocation_candidate [req-e700a010-6aa4-4402-8f92-8f344513966f req-7c7a0b68-a33f-483f-a778-c4d118234524 service placement] RequestGroup(use_same_provider=False, resources={DISK_GB:1, MEMORY_MB:1024, VCPU:1}, traits=[], aggregates=[]) (suffix '') returned 2 matches {{(pid=94283) _get_by_requests /opt/stack/placement/placement/objects/allocation_candidate.py:145}}
Jun 25 09:06:51.115590 n-d-771363-27 devstack@placement-api.service[94283]: DEBUG placement.objects.allocation_candidate [req-e700a010-6aa4-4402-8f92-8f344513966f req-7c7a0b68-a33f-483f-a778-c4d118234524 service placement] Merging candidates yields 2 allocation requests and 2 provider summaries {{(pid=94283) _merge_candidates /opt/stack/placement/placement/objects/allocation_candidate.py:783}}
Jun 25 09:06:51.120776 n-d-771363-27 devstack@placement-api.service[94283]: INFO placement.requestlog [req-e700a010-6aa4-4402-8f92-8f344513966f req-7c7a0b68-a33f-483f-a778-c4d118234524 service placement] 10.222.0.65 "GET /placement/allocation_candidates?limit=1000&resources=DISK_GB%3A1%2CMEMORY_MB%3A1024%2CVCPU%3A1&root_required=%21COMPUTE_STATUS_DISABLED" status: 200 len: 1312 microversion: 1.35
Jun 25 09:06:51.121235 n-d-771363-27 devstack@placement-api.service[94283]: [pid: 94283|app: 0|req: 136/270] 10.222.0.65 () {60 vars in 1506 bytes} [Fri Jun 25 09:06:50 2021] GET /placement/allocation_candidates?limit=1000&resources=DISK_GB%3A1%2CMEMORY_MB%3A1024%2CVCPU%3A1&root_required=%21COMPUTE_STATUS_DISABLED => generated 1312 bytes in 206 msecs (HTTP/1.1 200) 8 headers in 297 bytes (1 switches on core 0)
Jun 25 09:06:51.316353 n-d-771363-27 devstack@placement-api.service[94282]: DEBUG placement.requestlog [req-e700a010-6aa4-4402-8f92-8f344513966f req-8f8fd375-f2ec-4bd6-9e71-85e95b3dcf4a None None] Starting request: 10.222.0.65 "GET /placement/allocations/b280e6c9-9480-4d87-812b-d644edf7cd98" {{(pid=94282) __call__ /opt/stack/placement/placement/requestlog.py:55}}
Jun 25 09:06:51.334635 n-d-771363-27 devstack@placement-api.service[94282]: INFO placement.requestlog [req-e700a010-6aa4-4402-8f92-8f344513966f req-8f8fd375-f2ec-4bd6-9e71-85e95b3dcf4a service placement] 10.222.0.65 "GET /placement/allocations/b280e6c9-9480-4d87-812b-d644edf7cd98" status: 200 len: 19 microversion: 1.28
Jun 25 09:06:51.335395 n-d-771363-27 devstack@placement-api.service[94282]: [pid: 94282|app: 0|req: 135/271] 10.222.0.65 () {60 vars in 1380 bytes} [Fri Jun 25 09:06:51 2021] GET /placement/allocations/b280e6c9-9480-4d87-812b-d644edf7cd98 => generated 19 bytes in 19 msecs (HTTP/1.1 200) 8 headers in 295 bytes (1 switches on core 0)
Jun 25 09:06:51.341522 n-d-771363-27 devstack@placement-api.service[94283]: DEBUG placement.requestlog [req-e700a010-6aa4-4402-8f92-8f344513966f req-7923d431-876a-4a2a-9674-a21d065a6f95 None None] Starting request: 10.222.0.65 "PUT /placement/allocations/b280e6c9-9480-4d87-812b-d644edf7cd98" {{(pid=94283) __call__ /opt/stack/placement/placement/requestlog.py:55}}
Jun 25 09:06:51.480650 n-d-771363-27 devstack@placement-api.service[94283]: DEBUG placement.handlers.allocation [req-e700a010-6aa4-4402-8f92-8f344513966f req-7923d431-876a-4a2a-9674-a21d065a6f95 service placement] Successfully wrote allocations [, , ] {{(pid=94283) _create_allocations /opt/stack/placement/placement/handlers/allocation.py:435}}
Jun 25 09:06:51.482767 n-d-771363-27 devstack@placement-api.service[94283]: INFO placement.requestlog [req-e700a010-6aa4-4402-8f92-8f344513966f req-7923d431-876a-4a2a-9674-a21d065a6f95 service placement] 10.222.0.65 "PUT /placement/allocations/b280e6c9-9480-4d87-812b-d644edf7cd98" status: 204 len: 0 microversion: 1.35
