May 28 07:10:41.947478 n-d-771363-17 devstack@placement-api.service[93479]: DEBUG placement.handlers.allocation [req-4c4f10cc-697a-45ac-8a47-bd9015f968d4 req-fc224598-626e-428c-acfc-d8b2ce63ee1a service placement] Successfully wrote allocations [, ] {{(pid=93479) _create_allocations /opt/stack/placement/placement/handlers/allocation.py:435}}
May 28 07:10:41.950615 n-d-771363-17 devstack@placement-api.service[93479]: INFO placement.requestlog [req-4c4f10cc-697a-45ac-8a47-bd9015f968d4 req-fc224598-626e-428c-acfc-d8b2ce63ee1a service placement] 10.222.0.18 "PUT /placement/allocations/1e64bf6b-1150-4c3d-a431-7a20418e15ae" status: 204 len: 0 microversion: 1.28
May 28 07:10:41.955882 n-d-771363-17 devstack@placement-api.service[93479]: [pid: 93479|app: 0|req: 199/395] 10.222.0.18 () {64 vars in 1431 bytes} [Fri May 28 07:10:41 2021] PUT /placement/allocations/1e64bf6b-1150-4c3d-a431-7a20418e15ae => generated 0 bytes in 155 msecs (HTTP/1.1 204) 5 headers in 199 bytes (2 switches on core 0)
May 28 07:10:49.006679 n-d-771363-17 devstack@placement-api.service[93478]: DEBUG placement.requestlog [req-db44e050-0db7-4237-8b91-845c29bbceba req-035cbf50-122c-40af-bb1d-d7271ad964ec None None] Starting request: 10.222.0.30 "GET /placement/allocation_candidates?limit=1000&resources=DISK_GB%3A1%2CMEMORY_MB%3A1024%2CVCPU%3A1&root_required=%21COMPUTE_STATUS_DISABLED" {{(pid=93478) __call__ /opt/stack/placement/placement/requestlog.py:55}}
May 28 07:10:49.035765 n-d-771363-17 devstack@placement-api.service[93478]: DEBUG placement.objects.research_context [req-db44e050-0db7-4237-8b91-845c29bbceba req-035cbf50-122c-40af-bb1d-d7271ad964ec service placement] getting providers with 1 DISK_GB {{(pid=93478) __init__ /opt/stack/placement/placement/objects/research_context.py:126}}
May 28 07:10:49.042917 n-d-771363-17 devstack@placement-api.service[93478]: DEBUG placement.objects.research_context [req-db44e050-0db7-4237-8b91-845c29bbceba req-035cbf50-122c-40af-bb1d-d7271ad964ec service placement] getting providers with 1024 MEMORY_MB {{(pid=93478) __init__ /opt/stack/placement/placement/objects/research_context.py:126}}
May 28 07:10:49.050357 n-d-771363-17 devstack@placement-api.service[93478]: DEBUG placement.objects.research_context [req-db44e050-0db7-4237-8b91-845c29bbceba req-035cbf50-122c-40af-bb1d-d7271ad964ec service placement] getting providers with 1 VCPU {{(pid=93478) __init__ /opt/stack/placement/placement/objects/research_context.py:126}}
May 28 07:10:49.057546 n-d-771363-17 devstack@placement-api.service[93478]: DEBUG placement.objects.research_context [req-db44e050-0db7-4237-8b91-845c29bbceba req-035cbf50-122c-40af-bb1d-d7271ad964ec service placement] found 2 providers with available 1 DISK_GB {{(pid=93478) get_provider_ids_matching /opt/stack/placement/placement/objects/research_context.py:549}}
May 28 07:10:49.058055 n-d-771363-17 devstack@placement-api.service[93478]: DEBUG placement.objects.research_context [req-db44e050-0db7-4237-8b91-845c29bbceba req-035cbf50-122c-40af-bb1d-d7271ad964ec service placement] found 2 providers with available 1024 MEMORY_MB {{(pid=93478) get_provider_ids_matching /opt/stack/placement/placement/objects/research_context.py:549}}
May 28 07:10:49.059300 n-d-771363-17 devstack@placement-api.service[93478]: DEBUG placement.objects.research_context [req-db44e050-0db7-4237-8b91-845c29bbceba req-035cbf50-122c-40af-bb1d-d7271ad964ec service placement] found 2 providers after filtering by previous result {{(pid=93478) get_provider_ids_matching /opt/stack/placement/placement/objects/research_context.py:580}}
May 28 07:10:49.059708 n-d-771363-17 devstack@placement-api.service[93478]: DEBUG placement.objects.research_context [req-db44e050-0db7-4237-8b91-845c29bbceba req-035cbf50-122c-40af-bb1d-d7271ad964ec service placement] found 2 providers with available 1 VCPU {{(pid=93478) get_provider_ids_matching /opt/stack/placement/placement/objects/research_context.py:549}}
May 28 07:10:49.060150 n-d-771363-17 devstack@placement-api.service[93478]: DEBUG placement.objects.research_context [req-db44e050-0db7-4237-8b91-845c29bbceba req-035cbf50-122c-40af-bb1d-d7271ad964ec service placement] found 2 providers after filtering by previous result {{(pid=93478) get_provider_ids_matching /opt/stack/placement/placement/objects/research_context.py:580}}
May 28 07:10:49.074545 n-d-771363-17 devstack@placement-api.service[93478]: DEBUG placement.objects.allocation_candidate [req-db44e050-0db7-4237-8b91-845c29bbceba req-035cbf50-122c-40af-bb1d-d7271ad964ec service placement] RequestGroup(use_same_provider=False, resources={DISK_GB:1, MEMORY_MB:1024, VCPU:1}, traits=[], aggregates=[]) (suffix '') returned 2 matches {{(pid=93478) _get_by_requests /opt/stack/placement/placement/objects/allocation_candidate.py:145}}
May 28 07:10:49.075203 n-d-771363-17 devstack@placement-api.service[93478]: DEBUG placement.objects.allocation_candidate [req-db44e050-0db7-4237-8b91-845c29bbceba req-035cbf50-122c-40af-bb1d-d7271ad964ec service placement] Merging candidates yields 2 allocation requests and 2 provider summaries {{(pid=93478) _merge_candidates /opt/stack/placement/placement/objects/allocation_candidate.py:783}}
May 28 07:10:49.077150 n-d-771363-17 devstack@placement-api.service[93478]: INFO placement.requestlog [req-db44e050-0db7-4237-8b91-845c29bbceba req-035cbf50-122c-40af-bb1d-d7271ad964ec service placement] 10.222.0.30 "GET /placement/allocation_candidates?limit=1000&resources=DISK_GB%3A1%2CMEMORY_MB%3A1024%2CVCPU%3A1&root_required=%21COMPUTE_STATUS_DISABLED" status: 200 len: 1309 microversion: 1.35
May 28 07:10:49.078143 n-d-771363-17 devstack@placement-api.service[93478]: [pid: 93478|app: 0|req: 197/396] 10.222.0.30 () {60 vars in 1506 bytes} [Fri May 28 07:10:49 2021] GET /placement/allocation_candidates?limit=1000&resources=DISK_GB%3A1%2CMEMORY_MB%3A1024%2CVCPU%3A1&root_required=%21COMPUTE_STATUS_DISABLED => generated 1309 bytes in 72 msecs (HTTP/1.1 200) 8 headers in 297 bytes (1 switches on core 0)
May 28 07:10:49.162500 n-d-771363-17 devstack@placement-api.service[93479]: DEBUG placement.requestlog [req-db44e050-0db7-4237-8b91-845c29bbceba req-ba084a44-2db2-4f0f-872f-c8cae164b6cc None None] Starting request: 10.222.0.30 "GET /placement/allocations/6e99b4da-84be-4533-ac4b-8ec17797a32c" {{(pid=93479) __call__ /opt/stack/placement/placement/requestlog.py:55}}
May 28 07:10:49.181044 n-d-771363-17 devstack@placement-api.service[93479]: INFO placement.requestlog [req-db44e050-0db7-4237-8b91-845c29bbceba req-ba084a44-2db2-4f0f-872f-c8cae164b6cc service placement] 10.222.0.30 "GET /placement/allocations/6e99b4da-84be-4533-ac4b-8ec17797a32c" status: 200 len: 19 microversion: 1.28
May 28 07:10:49.181641 n-d-771363-17 devstack@placement-api.service[93479]: [pid: 93479|app: 0|req: 200/397] 10.222.0.30 () {60 vars in 1380 bytes} [Fri May 28 07:10:49 2021] GET /placement/allocations/6e99b4da-84be-4533-ac4b-8ec17797a32c => generated 19 bytes in 19 msecs (HTTP/1.1 200) 8 headers in 295 bytes (1 switches on core 0)
May 28 07:10:49.193276 n-d-771363-17 devstack@placement-api.service[93478]: DEBUG placement.requestlog [req-db44e050-0db7-4237-8b91-845c29bbceba req-d57399e4-a564-4388-bbcd-f4bece8af5be None None] Starting request: 10.222.0.30 "PUT /placement/allocations/6e99b4da-84be-4533-ac4b-8ec17797a32c" {{(pid=93478) __call__ /opt/stack/placement/placement/requestlog.py:55}}
May 28 07:10:49.575580 n-d-771363-17 devstack@placement-api.service[93478]: DEBUG placement.handlers.allocation [req-db44e050-0db7-4237-8b91-845c29bbceba req-d57399e4-a564-4388-bbcd-f4bece8af5be service placement] Successfully wrote allocations [, , ] {{(pid=93478) _create_allocations /opt/stack/placement/placement/handlers/allocation.py:435}}
May 28 07:10:49.576150 n-d-771363-17 devstack@placement-api.service[93478]: INFO placement.requestlog [req-db44e050-0db7-4237-8b91-845c29bbceba req-d57399e4-a564-4388-bbcd-f4bece8af5be service placement] 10.222.0.30 "PUT /placement/allocations/6e99b4da-84be-4533-ac4b-8ec17797a32c" status: 204 len: 0 microversion: 1.35
May 28 07:10:49.576690 n-d-771363-17 devstack@placement-api.service[93478]: [pid: 93478|app: 0|req: 198/398] 10.222.0.30 () {64 vars in 1433 bytes} [Fri May 28 07:10:49 2021] PUT /placement/allocations/6e99b4da-84be-4533-ac4b-8ec17797a32c => generated 0 bytes in 383 msecs (HTTP/1.1 204) 5 headers in 199 bytes (1 switches on core 0)
May 28 07:10:51.489315 n-d-771363-17 devstack@placement-api.service[93479]: DEBUG placement.requestlog [req-db44e050-0db7-4237-8b91-845c29bbceba req-fa04ed24-a082-4bdc-b802-ff3425491cee None None] Starting request: 10.222.0.25 "GET /placement/allocations/6e99b4da-84be-4533-ac4b-8ec17797a32c" {{(pid=93479) __call__ /opt/stack/placement/placement/requestlog.py:55}}
May 28 07:10:51.513273 n-d-771363-17 devstack@placement-api.service[93479]: INFO placement.requestlog [req-db44e050-0db7-4237-8b91-845c29bbceba req-fa04ed24-a082-4bdc-b802-ff3425491cee service placement] 10.222.0.25 "GET /placement/allocations/6e99b4da-84be-4533-ac4b-8ec17797a32c" status: 200 len: 259 microversion: 1.28
May 28 07:10:51.513962 n-d-771363-17 devstack@placement-api.service[93479]: [pid: 93479|app: 0|req: 201/399] 10.222.0.25 () {60 vars in 1378 bytes} [Fri May 28 07:10:51 2021] GET /placement/allocations/6e99b4da-84be-4533-ac4b-8ec17797a32c => generated 259 bytes in 25 msecs (HTTP/1.1 200) 8 headers in 296 bytes (1 switches on core 0)
May 28 07:10:55.309676 n-d-771363-17 devstack@placement-api.service[93478]: DEBUG placement.requestlog [req-7e4d7ebc-453f-4615-8149-84fc31972955 req-65409226-09a6-4cc9-847a-3cbabe2fb775 None None] Starting request: 10.222.0.30 "GET /placement/allocation_candidates?limit=1000&resources=DISK_GB%3A1%2CMEMORY_MB%3A1024%2CVCPU%3A1&root_required=%21COMPUTE_STATUS_DISABLED" {{(pid=93478) __call__ /opt/stack/placement/placement/requestlog.py:55}}
May 28 07:10:55.353920 n-d-771363-17 devstack@placement-api.service[93479]: DEBUG placement.requestlog [req-2f36f19a-6a57-45aa-9233-7db936ef8af5 req-b5cbdf04-e38b-4b32-9692-ec445e2c6ca3 None None] Starting request: 10.222.0.25 "GET /placement/allocations/a59fea98-dcbd-4a24-b64d-02a8058fc0b1" {{(pid=93479) __call__ /opt/stack/placement/placement/requestlog.py:55}}
May 28 07:10:55.366982 n-d-771363-17 devstack@placement-api.service[93478]: DEBUG placement.objects.research_context [req-7e4d7ebc-453f-4615-8149-84fc31972955 req-65409226-09a6-4cc9-847a-3cbabe2fb775 service placement] getting providers with 1 DISK_GB {{(pid=93478) __init__ /opt/stack/placement/placement/objects/research_context.py:126}}
May 28 07:10:55.378580 n-d-771363-17 devstack@placement-api.service[93478]: DEBUG placement.objects.research_context [req-7e4d7ebc-453f-4615-8149-84fc31972955 req-65409226-09a6-4cc9-847a-3cbabe2fb775 service placement] getting providers with 1024 MEMORY_MB {{(pid=93478) __init__ /opt/stack/placement/placement/objects/research_context.py:126}}
May 28 07:10:55.388771 n-d-771363-17 devstack@placement-api.service[93479]: INFO placement.requestlog [req-2f36f19a-6a57-45aa-9233-7db936ef8af5 req-b5cbdf04-e38b-4b32-9692-ec445e2c6ca3 service placement] 10.222.0.25 "GET /placement/allocations/a59fea98-dcbd-4a24-b64d-02a8058fc0b1" status: 200 len: 245 microversion: 1.28
May 28 07:10:55.389529 n-d-771363-17 devstack@placement-api.service[93479]: [pid: 93479|app: 0|req: 202/400] 10.222.0.25 () {60 vars in 1378 bytes} [Fri May 28 07:10:55 2021] GET /placement/allocations/a59fea98-dcbd-4a24-b64d-02a8058fc0b1 => generated 245 bytes in 36 msecs (HTTP/1.1 200) 8 headers in 296 bytes (1 switches on core 0)
May 28 07:10:55.391439 n-d-771363-17 devstack@placement-api.service[93478]: DEBUG placement.objects.research_context [req-7e4d7ebc-453f-4615-8149-84fc31972955 req-65409226-09a6-4cc9-847a-3cbabe2fb775 service placement] getting providers with 1 VCPU {{(pid=93478) __init__ /opt/stack/placement/placement/objects/research_context.py:126}}
May 28 07:10:55.398335 n-d-771363-17 devstack@placement-api.service[93479]: DEBUG placement.requestlog [req-2f36f19a-6a57-45aa-9233-7db936ef8af5 req-57cc3bbc-18a2-46a1-bca4-4db3b6efaf3e None None] Starting request: 10.222.0.25 "PUT /placement/allocations/a59fea98-dcbd-4a24-b64d-02a8058fc0b1" {{(pid=93479) __call__ /opt/stack/placement/placement/requestlog.py:55}}
May 28 07:10:55.406437 n-d-771363-17 devstack@placement-api.service[93478]: DEBUG placement.objects.research_context [req-7e4d7ebc-453f-4615-8149-84fc31972955 req-65409226-09a6-4cc9-847a-3cbabe2fb775 service placement] found 2 providers with available 1 DISK_GB {{(pid=93478) get_provider_ids_matching /opt/stack/placement/placement/objects/research_context.py:549}}
May 28 07:10:55.406720 n-d-771363-17 devstack@placement-api.service[93478]: DEBUG placement.objects.research_context [req-7e4d7ebc-453f-4615-8149-84fc31972955 req-65409226-09a6-4cc9-847a-3cbabe2fb775 service placement] found 2 providers with available 1024 MEMORY_MB {{(pid=93478) get_provider_ids_matching /opt/stack/placement/placement/objects/research_context.py:549}}
May 28 07:10:55.407004 n-d-771363-17 devstack@placement-api.service[93478]: DEBUG placement.objects.research_context [req-7e4d7ebc-453f-4615-8149-84fc31972955 req-65409226-09a6-4cc9-847a-3cbabe2fb775 service placement] found 2 providers after filtering by previous result {{(pid=93478) get_provider_ids_matching /opt/stack/placement/placement/objects/research_context.py:580}}
May 28 07:10:55.407272 n-d-771363-17 devstack@placement-api.service[93478]: DEBUG placement.objects.research_context [req-7e4d7ebc-453f-4615-8149-84fc31972955 req-65409226-09a6-4cc9-847a-3cbabe2fb775 service placement] found 2 providers with available 1 VCPU {{(pid=93478) get_provider_ids_matching /opt/stack/placement/placement/objects/research_context.py:549}}
May 28 07:10:55.407538 n-d-771363-17 devstack@placement-api.service[93478]: DEBUG placement.objects.research_context [req-7e4d7ebc-453f-4615-8149-84fc31972955 req-65409226-09a6-4cc9-847a-3cbabe2fb775 service placement] found 2 providers after filtering by previous result {{(pid=93478) get_provider_ids_matching /opt/stack/placement/placement/objects/research_context.py:580}}
May 28 07:10:55.439942 n-d-771363-17 devstack@placement-api.service[93478]: DEBUG placement.objects.allocation_candidate [req-7e4d7ebc-453f-4615-8149-84fc31972955 req-65409226-09a6-4cc9-847a-3cbabe2fb775 service placement] RequestGroup(use_same_provider=False, resources={DISK_GB:1, MEMORY_MB:1024, VCPU:1}, traits=[], aggregates=[]) (suffix '') returned 2 matches {{(pid=93478) _get_by_requests /opt/stack/placement/placement/objects/allocation_candidate.py:145}}
May 28 07:10:55.443164 n-d-771363-17 devstack@placement-api.service[93478]: DEBUG placement.objects.allocation_candidate [req-7e4d7ebc-453f-4615-8149-84fc31972955 req-65409226-09a6-4cc9-847a-3cbabe2fb775 service placement] Merging candidates yields 2 allocation requests and 2 provider summaries {{(pid=93478) _merge_candidates /opt/stack/placement/placement/objects/allocation_candidate.py:783}}
May 28 07:10:55.444617 n-d-771363-17 devstack@placement-api.service[93478]: INFO placement.requestlog [req-7e4d7ebc-453f-4615-8149-84fc31972955 req-65409226-09a6-4cc9-847a-3cbabe2fb775 service placement] 10.222.0.30 "GET /placement/allocation_candidates?limit=1000&resources=DISK_GB%3A1%2CMEMORY_MB%3A1024%2CVCPU%3A1&root_required=%21COMPUTE_STATUS_DISABLED" status: 200 len: 1309 microversion: 1.35
May 28 07:10:55.448235 n-d-771363-17 devstack@placement-api.service[93478]: [pid: 93478|app: 0|req: 199/401] 10.222.0.30 () {60 vars in 1506 bytes} [Fri May 28 07:10:55 2021] GET /placement/allocation_candidates?limit=1000&resources=DISK_GB%3A1%2CMEMORY_MB%3A1024%2CVCPU%3A1&root_required=%21COMPUTE_STATUS_DISABLED => generated 1309 bytes in 139 msecs (HTTP/1.1 200) 8 headers in 297 bytes (1 switches on core 0)
May 28 07:10:55.507767 n-d-771363-17 devstack@placement-api.service[93478]: DEBUG placement.requestlog [req-7e4d7ebc-453f-4615-8149-84fc31972955 req-21f0643b-d36a-42de-904d-ebb59873ee9c None None] Starting request: 10.222.0.30 "GET /placement/allocations/20c71556-50c7-4feb-bbea-9304b01e4767" {{(pid=93478) __call__ /opt/stack/placement/placement/requestlog.py:55}}
May 28 07:10:55.524251 n-d-771363-17 devstack@placement-api.service[93478]: INFO placement.requestlog [req-7e4d7ebc-453f-4615-8149-84fc31972955 req-21f0643b-d36a-42de-904d-ebb59873ee9c service placement] 10.222.0.30 "GET /placement/allocations/20c71556-50c7-4feb-bbea-9304b01e4767" status: 200 len: 19 microversion: 1.28
May 28 07:10:55.525405 n-d-771363-17 devstack@placement-api.service[93478]: [pid: 93478|app: 0|req: 200/402] 10.222.0.30 () {60 vars in 1380 bytes} [Fri May 28 07:10:55 2021] GET /placement/allocations/20c71556-50c7-4feb-bbea-9304b01e4767 => generated 19 bytes in 18 msecs (HTTP/1.1 200) 8 headers in 295 bytes (2 switches on core 0)
May 28 07:10:55.531069 n-d-771363-17 devstack@placement-api.service[93478]: DEBUG placement.requestlog [req-7e4d7ebc-453f-4615-8149-84fc31972955 req-502910b3-68e8-469d-b94c-3351a1f5ce76 None None] Starting request: 10.222.0.30 "PUT /placement/allocations/20c71556-50c7-4feb-bbea-9304b01e4767" {{(pid=93478) __call__ /opt/stack/placement/placement/requestlog.py:55}}
May 28 07:10:55.647526 n-d-771363-17 devstack@placement-api.service[93479]: DEBUG placement.handlers.allocation [req-2f36f19a-6a57-45aa-9233-7db936ef8af5 req-57cc3bbc-18a2-46a1-bca4-4db3b6efaf3e service placement] Successfully wrote allocations [, ] {{(pid=93479) _create_allocations /opt/stack/placement/placement/handlers/allocation.py:435}}
May 28 07:10:55.651227 n-d-771363-17 devstack@placement-api.service[93479]: INFO placement.requestlog [req-2f36f19a-6a57-45aa-9233-7db936ef8af5 req-57cc3bbc-18a2-46a1-bca4-4db3b6efaf3e service placement] 10.222.0.25 "PUT /placement/allocations/a59fea98-dcbd-4a24-b64d-02a8058fc0b1" status: 204 len: 0 microversion: 1.28
May 28 07:10:55.651227 n-d-771363-17 devstack@placement-api.service[93479]: [pid: 93479|app: 0|req: 203/403] 10.222.0.25 () {64 vars in 1431 bytes} [Fri May 28 07:10:55 2021] PUT /placement/allocations/a59fea98-dcbd-4a24-b64d-02a8058fc0b1 => generated 0 bytes in 250 msecs (HTTP/1.1 204) 5 headers in 199 bytes (2 switches on core 0)
May 28 07:10:56.264767 n-d-771363-17 devstack@placement-api.service[93478]: DEBUG placement.handlers.allocation [req-7e4d7ebc-453f-4615-8149-84fc31972955 req-502910b3-68e8-469d-b94c-3351a1f5ce76 service placement] Successfully wrote allocations [, , ] {{(pid=93478) _create_allocations /opt/stack/placement/placement/handlers/allocation.py:435}}
May 28 07:10:56.266092 n-d-771363-17 devstack@placement-api.service[93478]: INFO placement.requestlog [req-7e4d7ebc-453f-4615-8149-84fc31972955 req-502910b3-68e8-469d-b94c-3351a1f5ce76 service placement] 10.222.0.30 "PUT /placement/allocations/20c71556-50c7-4feb-bbea-9304b01e4767" status: 204 len: 0 microversion: 1.35
May 28 07:10:56.267022 n-d-771363-17 devstack@placement-api.service[93478]: [pid: 93478|app: 0|req: 201/404] 10.222.0.30 () {64 vars in 1433 bytes} [Fri May 28 07:10:55 2021] PUT /placement/allocations/20c71556-50c7-4feb-bbea-9304b01e4767 => generated 0 bytes in 736 msecs (HTTP/1.1 204) 5 headers in 199 bytes (1 switches on core 0)
May 28 07:10:57.821971 n-d-771363-17 devstack@placement-api.service[93479]: DEBUG placement.requestlog [req-7e4d7ebc-453f-4615-8149-84fc31972955 req-bc8a1826-dd81-429a-9524-6b0a481ba4e1 None None] Starting request: 10.222.0.18 "GET /placement/allocations/20c71556-50c7-4feb-bbea-9304b01e4767" {{(pid=93479) __call__ /opt/stack/placement/placement/requestlog.py:55}}
May 28 07:10:57.837293 n-d-771363-17 devstack@placement-api.service[93479]: INFO placement.requestlog [req-7e4d7ebc-453f-4615-8149-84fc31972955 req-bc8a1826-dd81-429a-9524-6b0a481ba4e1 service placement] 10.222.0.18 "GET /placement/allocations/20c71556-50c7-4feb-bbea-9304b01e4767" status: 200 len: 259 microversion: 1.28
May 28 07:10:57.837675 n-d-771363-17 devstack@placement-api.service[93479]: [pid: 93479|app: 0|req: 204/405] 10.222.0.18 () {60 vars in 1378 bytes} [Fri May 28 07:10:57 2021] GET /placement/allocations/20c71556-50c7-4feb-bbea-9304b01e4767 => generated 259 bytes in 16 msecs (HTTP/1.1 200) 8 headers in 296 bytes (1 switches on core 0)
May 28 07:11:03.264230 n-d-771363-17 devstack@placement-api.service[93478]: DEBUG placement.requestlog [req-862c022f-cd70-464c-80a9-3bdfe39c0928 req-dc94d079-9889-4e48-aba2-0aa2899d7d81 None None] Starting request: 10.222.0.25 "GET /placement/allocations/51099864-a571-4b72-812e-dfc06aa43fa5" {{(pid=93478) __call__ /opt/stack/placement/placement/requestlog.py:55}}
May 28 07:11:03.290928 n-d-771363-17 devstack@placement-api.service[93478]: INFO placement.requestlog [req-862c022f-cd70-464c-80a9-3bdfe39c0928 req-dc94d079-9889-4e48-aba2-0aa2899d7d81 service placement] 10.222.0.25 "GET /placement/allocations/51099864-a571-4b72-812e-dfc06aa43fa5" status: 200 len: 259 microversion: 1.28
May 28 07:11:03.292077 n-d-771363-17 devstack@placement-api.service[93478]: [pid: 93478|app: 0|req: 202/406] 10.222.0.25 () {60 vars in 1378 bytes} [Fri May 28 07:11:03 2021] GET /placement/allocations/51099864-a571-4b72-812e-dfc06aa43fa5 => generated 259 bytes in 28 msecs (HTTP/1.1 200) 8 headers in 296 bytes (1 switches on core 0)
May 28 07:11:03.301171 n-d-771363-17 devstack@placement-api.service[93479]: DEBUG placement.requestlog [req-862c022f-cd70-464c-80a9-3bdfe39c0928 req-cc7bfe59-47a3-48b8-9aac-5f8304871249 None None] Starting request: 10.222.0.25 "PUT /placement/allocations/51099864-a571-4b72-812e-dfc06aa43fa5" {{(pid=93479) __call__ /opt/stack/placement/placement/requestlog.py:55}}
May 28 07:11:03.455746 n-d-771363-17 devstack@placement-api.service[93479]: DEBUG placement.handlers.allocation [req-862c022f-cd70-464c-80a9-3bdfe39c0928 req-cc7bfe59-47a3-48b8-9aac-5f8304871249 service placement] Successfully wrote allocations [, , ] {{(pid=93479) _create_allocations /opt/stack/placement/placement/handlers/allocation.py:435}}
May 28 07:11:03.456643 n-d-771363-17 devstack@placement-api.service[93479]: INFO placement.requestlog [req-862c022f-cd70-464c-80a9-3bdfe39c0928 req-cc7bfe59-47a3-48b8-9aac-5f8304871249 service placement] 10.222.0.25 "PUT /placement/allocations/51099864-a571-4b72-812e-dfc06aa43fa5" status: 204 len: 0 microversion: 1.28
May 28 07:11:03.457080 n-d-771363-17 devstack@placement-api.service[93479]: [pid: 93479|app: 0|req: 205/407] 10.222.0.25 () {64 vars in 1431 bytes} [Fri May 28 07:11:03 2021] PUT /placement/allocations/51099864-a571-4b72-812e-dfc06aa43fa5 => generated 0 bytes in 156 msecs (HTTP/1.1 204) 5 headers in 199 bytes (2 switches on core 0)
May 28 07:11:06.044594 n-d-771363-17 devstack@placement-api.service[93478]: DEBUG placement.requestlog [req-1de7d2b4-e5ad-4f54-93b0-c6984a8b5ae6 req-482ebf4a-d7a0-4b88-a94b-94752c9596ee None None] Starting request: 10.222.0.30 "GET /placement/resource_providers/b7630c70-10b6-4294-891e-56b47ce1b4a0/traits" {{(pid=93478) __call__ /opt/stack/placement/placement/requestlog.py:55}}
May 28 07:11:06.077012 n-d-771363-17 devstack@placement-api.service[93478]: INFO placement.requestlog [req-1de7d2b4-e5ad-4f54-93b0-c6984a8b5ae6 req-482ebf4a-d7a0-4b88-a94b-94752c9596ee service placement] 10.222.0.30 "GET /placement/resource_providers/b7630c70-10b6-4294-891e-56b47ce1b4a0/traits" status: 200 len: 212 microversion: 1.6
May 28 07:11:06.104703 n-d-771363-17 devstack@placement-api.service[93478]: [pid: 93478|app: 0|req: 203/408] 10.222.0.30 () {60 vars in 1412 bytes} [Fri May 28 07:11:06 2021] GET /placement/resource_providers/b7630c70-10b6-4294-891e-56b47ce1b4a0/traits => generated 212 bytes in 56 msecs (HTTP/1.1 200) 6 headers in 224 bytes (2 switches on core 0)
May 28 07:11:06.746603 n-d-771363-17 devstack@placement-api.service[93479]: DEBUG placement.requestlog [req-86eb7686-de2d-4b65-b161-9cbf1809a98f req-bf0da845-e512-4a28-a6c6-a8748a4c16c3 None None] Starting request: 10.222.0.25 "GET /placement/allocations/13b9f63f-8efb-4757-b26f-c81764c3b864" {{(pid=93479) __call__ /opt/stack/placement/placement/requestlog.py:55}}
May 28 07:11:06.782390 n-d-771363-17 devstack@placement-api.service[93479]: INFO placement.requestlog [req-86eb7686-de2d-4b65-b161-9cbf1809a98f req-bf0da845-e512-4a28-a6c6-a8748a4c16c3 service placement] 10.222.0.25 "GET /placement/allocations/13b9f63f-8efb-4757-b26f-c81764c3b864" status: 200 len: 259 microversion: 1.28
May 28 07:11:06.783049 n-d-771363-17 devstack@placement-api.service[93479]: [pid: 93479|app: 0|req: 206/409] 10.222.0.25 () {60 vars in 1378 bytes} [Fri May 28 07:11:06 2021] GET /placement/allocations/13b9f63f-8efb-4757-b26f-c81764c3b864 => generated 259 bytes in 37 msecs (HTTP/1.1 200) 8 headers in 296 bytes (1 switches on core 0)
May 28 07:11:06.790598 n-d-771363-17 devstack@placement-api.service[93478]: DEBUG placement.requestlog [req-86eb7686-de2d-4b65-b161-9cbf1809a98f req-59de8376-91f9-4f45-ab78-bffd517b52cb None None] Starting request: 10.222.0.25 "PUT /placement/allocations/13b9f63f-8efb-4757-b26f-c81764c3b864" {{(pid=93478) __call__ /opt/stack/placement/placement/requestlog.py:55}}
May 28 07:11:07.152206 n-d-771363-17 devstack@placement-api.service[93478]: DEBUG placement.handlers.allocation [req-86eb7686-de2d-4b65-b161-9cbf1809a98f req-59de8376-91f9-4f45-ab78-bffd517b52cb service placement] Successfully wrote allocations [, , ] {{(pid=93478) _create_allocations /opt/stack/placement/placement/handlers/allocation.py:435}}
May 28 07:11:07.156465 n-d-771363-17 devstack@placement-api.service[93478]: INFO placement.requestlog [req-86eb7686-de2d-4b65-b161-9cbf1809a98f req-59de8376-91f9-4f45-ab78-bffd517b52cb service placement] 10.222.0.25 "PUT /placement/allocations/13b9f63f-8efb-4757-b26f-c81764c3b864" status: 204 len: 0 microversion: 1.28
May 28 07:11:07.156465 n-d-771363-17 devstack@placement-api.service[93478]: [pid: 93478|app: 0|req: 204/410] 10.222.0.25 () {64 vars in 1431 bytes} [Fri May 28 07:11:06 2021] PUT /placement/allocations/13b9f63f-8efb-4757-b26f-c81764c3b864 => generated 0 bytes in 363 msecs (HTTP/1.1 204) 5 headers in 199 bytes (1 switches on core 0)
May 28 07:11:07.461601 n-d-771363-17 devstack@placement-api.service[93479]: DEBUG placement.requestlog [None req-0a101c78-6133-495c-b3a6-795214bb591c None None] Starting request: 10.222.0.30 "GET /placement/" {{(pid=93479) __call__ /opt/stack/placement/placement/requestlog.py:55}}
May 28 07:11:07.462670 n-d-771363-17 devstack@placement-api.service[93479]: INFO placement.requestlog [None req-0a101c78-6133-495c-b3a6-795214bb591c None None] 10.222.0.30 "GET /placement/" status: 200 len: 136 microversion: 1.0
May 28 07:11:07.463444 n-d-771363-17 devstack@placement-api.service[93479]: [pid: 93479|app: 0|req: 207/411] 10.222.0.30 () {54 vars in 915 bytes} [Fri May 28 07:11:07 2021] GET /placement => generated 136 bytes in 2 msecs (HTTP/1.1 200) 6 headers in 224 bytes (1 switches on core 0)
May 28 07:11:07.478565 n-d-771363-17 devstack@placement-api.service[93478]: DEBUG placement.requestlog [req-1de7d2b4-e5ad-4f54-93b0-c6984a8b5ae6 req-0f1f66ce-2083-4a7f-8ee9-f0d8ba989752 None None] Starting request: 10.222.0.30 "GET /placement/allocations/711d16dc-a468-45bf-8119-b50f1fc9bd3f" {{(pid=93478) __call__ /opt/stack/placement/placement/requestlog.py:55}}
May 28 07:11:07.595886 n-d-771363-17 devstack@placement-api.service[93478]: INFO placement.requestlog [req-1de7d2b4-e5ad-4f54-93b0-c6984a8b5ae6 req-0f1f66ce-2083-4a7f-8ee9-f0d8ba989752 service placement] 10.222.0.30 "GET /placement/allocations/711d16dc-a468-45bf-8119-b50f1fc9bd3f" status: 200 len: 259 microversion: 1.28
May 28 07:11:07.596540 n-d-771363-17 devstack@placement-api.service[93478]: [pid: 93478|app: 0|req: 205/412] 10.222.0.30 () {60 vars in 1380 bytes} [Fri May 28 07:11:07 2021] GET /placement/allocations/711d16dc-a468-45bf-8119-b50f1fc9bd3f => generated 259 bytes in 118 msecs (HTTP/1.1 200) 8 headers in 296 bytes (1 switches on core 0)
May 28 07:11:07.601680 n-d-771363-17 devstack@placement-api.service[93479]: DEBUG placement.requestlog [req-1de7d2b4-e5ad-4f54-93b0-c6984a8b5ae6 req-e0da7651-ad36-49cd-a715-8034ff2af721 None None] Starting request: 10.222.0.30 "GET /placement/allocations/711d16dc-a468-45bf-8119-b50f1fc9bd3f" {{(pid=93479) __call__ /opt/stack/placement/placement/requestlog.py:55}}
May 28 07:11:07.638072 n-d-771363-17 devstack@placement-api.service[93479]: INFO placement.requestlog [req-1de7d2b4-e5ad-4f54-93b0-c6984a8b5ae6 req-e0da7651-ad36-49cd-a715-8034ff2af721 service placement] 10.222.0.30 "GET /placement/allocations/711d16dc-a468-45bf-8119-b50f1fc9bd3f" status: 200 len: 259 microversion: 1.28
May 28 07:11:07.644223 n-d-771363-17 devstack@placement-api.service[93478]: DEBUG placement.requestlog [req-1de7d2b4-e5ad-4f54-93b0-c6984a8b5ae6 req-c4ff25ba-b398-4696-a359-033fd4c3a9af None None] Starting request: 10.222.0.30 "GET /placement/allocations/c93f931a-d3ce-4a57-a385-fabdcf9d5b69" {{(pid=93478) __call__ /opt/stack/placement/placement/requestlog.py:55}}
May 28 07:11:07.653624 n-d-771363-17 devstack@placement-api.service[93479]: [pid: 93479|app: 0|req: 208/413] 10.222.0.30 () {60 vars in 1380 bytes} [Fri May 28 07:11:07 2021] GET /placement/allocations/711d16dc-a468-45bf-8119-b50f1fc9bd3f => generated 259 bytes in 52 msecs (HTTP/1.1 200) 8 headers in 296 bytes (1 switches on core 0)
May 28 07:11:07.659410 n-d-771363-17 devstack@placement-api.service[93478]: INFO placement.requestlog [req-1de7d2b4-e5ad-4f54-93b0-c6984a8b5ae6 req-c4ff25ba-b398-4696-a359-033fd4c3a9af service placement] 10.222.0.30 "GET /placement/allocations/c93f931a-d3ce-4a57-a385-fabdcf9d5b69" status: 200 len: 19 microversion: 1.28
May 28 07:11:07.664188 n-d-771363-17 devstack@placement-api.service[93478]: [pid: 93478|app: 0|req: 206/414] 10.222.0.30 () {60 vars in 1380 bytes} [Fri May 28 07:11:07 2021] GET /placement/allocations/c93f931a-d3ce-4a57-a385-fabdcf9d5b69 => generated 19 bytes in 20 msecs (HTTP/1.1 200) 8 headers in 295 bytes (1 switches on core 0)
May 28 07:11:07.665933 n-d-771363-17 devstack@placement-api.service[93479]: DEBUG placement.requestlog [req-1de7d2b4-e5ad-4f54-93b0-c6984a8b5ae6 req-7059a693-a74c-4573-b90b-f16e289d9613 None None] Starting request: 10.222.0.30 "POST /placement/allocations" {{(pid=93479) __call__ /opt/stack/placement/placement/requestlog.py:55}}
May 28 07:11:08.094807 n-d-771363-17 devstack@placement-api.service[93479]: DEBUG placement.handlers.allocation [req-1de7d2b4-e5ad-4f54-93b0-c6984a8b5ae6 req-7059a693-a74c-4573-b90b-f16e289d9613 service placement] Successfully wrote allocations [, , , , , ] {{(pid=93479) _create_allocations /opt/stack/placement/placement/handlers/allocation.py:524}}
May 28 07:11:08.094807 n-d-771363-17 devstack@placement-api.service[93479]: INFO placement.requestlog [req-1de7d2b4-e5ad-4f54-93b0-c6984a8b5ae6 req-7059a693-a74c-4573-b90b-f16e289d9613 service placement] 10.222.0.30 "POST /placement/allocations" status: 204 len: 0 microversion: 1.28
May 28 07:11:08.094807 n-d-771363-17 devstack@placement-api.service[93479]: [pid: 93479|app: 0|req: 209/415] 10.222.0.30 () {64 vars in 1323 bytes} [Fri May 28 07:11:07 2021] POST /placement/allocations => generated 0 bytes in 423 msecs (HTTP/1.1 204) 5 headers in 199 bytes (1 switches on core 0)
May 28 07:11:08.117687 n-d-771363-17 devstack@placement-api.service[93478]: DEBUG placement.requestlog [req-1de7d2b4-e5ad-4f54-93b0-c6984a8b5ae6 req-5f7428a8-cdde-4939-a094-95034433acf4 None None] Starting request: 10.222.0.30 "GET /placement/allocation_candidates?limit=1000&resources=DISK_GB%3A1%2CMEMORY_MB%3A1024%2CVCPU%3A1&root_required=%21COMPUTE_STATUS_DISABLED" {{(pid=93478) __call__ /opt/stack/placement/placement/requestlog.py:55}}
May 28 07:11:08.173335 n-d-771363-17 devstack@placement-api.service[93478]: DEBUG placement.objects.research_context [req-1de7d2b4-e5ad-4f54-93b0-c6984a8b5ae6 req-5f7428a8-cdde-4939-a094-95034433acf4 service placement] getting providers with 1 DISK_GB {{(pid=93478) __init__ /opt/stack/placement/placement/objects/research_context.py:126}}
May 28 07:11:08.187171 n-d-771363-17 devstack@placement-api.service[93478]: DEBUG placement.objects.research_context [req-1de7d2b4-e5ad-4f54-93b0-c6984a8b5ae6 req-5f7428a8-cdde-4939-a094-95034433acf4 service placement] getting providers with 1024 MEMORY_MB {{(pid=93478) __init__ /opt/stack/placement/placement/objects/research_context.py:126}}
May 28 07:11:08.199124 n-d-771363-17 devstack@placement-api.service[93478]: DEBUG placement.objects.research_context [req-1de7d2b4-e5ad-4f54-93b0-c6984a8b5ae6 req-5f7428a8-cdde-4939-a094-95034433acf4 service placement] getting providers with 1 VCPU {{(pid=93478) __init__ /opt/stack/placement/placement/objects/research_context.py:126}}
May 28 07:11:08.217370 n-d-771363-17 devstack@placement-api.service[93478]: DEBUG placement.objects.research_context [req-1de7d2b4-e5ad-4f54-93b0-c6984a8b5ae6 req-5f7428a8-cdde-4939-a094-95034433acf4 service placement] found 2 providers with available 1 DISK_GB {{(pid=93478) get_provider_ids_matching /opt/stack/placement/placement/objects/research_context.py:549}}
May 28 07:11:08.218312 n-d-771363-17 devstack@placement-api.service[93478]: DEBUG placement.objects.research_context [req-1de7d2b4-e5ad-4f54-93b0-c6984a8b5ae6 req-5f7428a8-cdde-4939-a094-95034433acf4 service placement] found 2 providers with available 1024 MEMORY_MB {{(pid=93478) get_provider_ids_matching /opt/stack/placement/placement/objects/research_context.py:549}}
May 28 07:11:08.218723 n-d-771363-17 devstack@placement-api.service[93478]: DEBUG placement.objects.research_context [req-1de7d2b4-e5ad-4f54-93b0-c6984a8b5ae6 req-5f7428a8-cdde-4939-a094-95034433acf4 service placement] found 2 providers after filtering by previous result {{(pid=93478) get_provider_ids_matching /opt/stack/placement/placement/objects/research_context.py:580}}
May 28 07:11:08.219541 n-d-771363-17 devstack@placement-api.service[93478]: DEBUG placement.objects.research_context [req-1de7d2b4-e5ad-4f54-93b0-c6984a8b5ae6 req-5f7428a8-cdde-4939-a094-95034433acf4 service placement] found 2 providers with available 1 VCPU {{(pid=93478) get_provider_ids_matching /opt/stack/placement/placement/objects/research_context.py:549}}
May 28 07:11:08.223337 n-d-771363-17 devstack@placement-api.service[93478]: DEBUG placement.objects.research_context [req-1de7d2b4-e5ad-4f54-93b0-c6984a8b5ae6 req-5f7428a8-cdde-4939-a094-95034433acf4 service placement] found 2 providers after filtering by previous result {{(pid=93478) get_provider_ids_matching /opt/stack/placement/placement/objects/research_context.py:580}}
May 28 07:11:08.266506 n-d-771363-17 devstack@placement-api.service[93478]: DEBUG placement.objects.allocation_candidate [req-1de7d2b4-e5ad-4f54-93b0-c6984a8b5ae6 req-5f7428a8-cdde-4939-a094-95034433acf4 service placement] RequestGroup(use_same_provider=False, resources={DISK_GB:1, MEMORY_MB:1024, VCPU:1}, traits=[], aggregates=[]) (suffix '') returned 2 matches {{(pid=93478) _get_by_requests /opt/stack/placement/placement/objects/allocation_candidate.py:145}}
May 28 07:11:08.266506 n-d-771363-17 devstack@placement-api.service[93478]: DEBUG placement.objects.allocation_candidate [req-1de7d2b4-e5ad-4f54-93b0-c6984a8b5ae6 req-5f7428a8-cdde-4939-a094-95034433acf4 service placement] Merging candidates yields 2 allocation requests and 2 provider summaries {{(pid=93478) _merge_candidates /opt/stack/placement/placement/objects/allocation_candidate.py:783}}
May 28 07:11:08.266506 n-d-771363-17 devstack@placement-api.service[93478]: INFO placement.requestlog [req-1de7d2b4-e5ad-4f54-93b0-c6984a8b5ae6 req-5f7428a8-cdde-4939-a094-95034433acf4 service placement] 10.222.0.30 "GET /placement/allocation_candidates?limit=1000&resources=DISK_GB%3A1%2CMEMORY_MB%3A1024%2CVCPU%3A1&root_required=%21COMPUTE_STATUS_DISABLED" status: 200 len: 1309 microversion: 1.35
May 28 07:11:08.266506 n-d-771363-17 devstack@placement-api.service[93478]: [pid: 93478|app: 0|req: 207/416] 10.222.0.30 () {60 vars in 1506 bytes} [Fri May 28 07:11:08 2021] GET /placement/allocation_candidates?limit=1000&resources=DISK_GB%3A1%2CMEMORY_MB%3A1024%2CVCPU%3A1&root_required=%21COMPUTE_STATUS_DISABLED => generated 1309 bytes in 136 msecs (HTTP/1.1 200) 8 headers in 297 bytes (1 switches on core 0)
May 28 07:11:08.345232 n-d-771363-17 devstack@placement-api.service[93479]: DEBUG placement.requestlog [req-1de7d2b4-e5ad-4f54-93b0-c6984a8b5ae6 req-f3a8a076-726f-472b-8b5b-8dcca802e9a9 None None] Starting request: 10.222.0.30 "GET /placement/allocations/711d16dc-a468-45bf-8119-b50f1fc9bd3f" {{(pid=93479) __call__ /opt/stack/placement/placement/requestlog.py:55}}
May 28 07:11:08.365640 n-d-771363-17 devstack@placement-api.service[93479]: INFO placement.requestlog [req-1de7d2b4-e5ad-4f54-93b0-c6984a8b5ae6 req-f3a8a076-726f-472b-8b5b-8dcca802e9a9 service placement] 10.222.0.30 "GET /placement/allocations/711d16dc-a468-45bf-8119-b50f1fc9bd3f" status: 200 len: 19 microversion: 1.28
May 28 07:11:08.365875 n-d-771363-17 devstack@placement-api.service[93479]: [pid: 93479|app: 0|req: 210/417] 10.222.0.30 () {60 vars in 1380 bytes} [Fri May 28 07:11:08 2021] GET /placement/allocations/711d16dc-a468-45bf-8119-b50f1fc9bd3f => generated 19 bytes in 21 msecs (HTTP/1.1 200) 8 headers in 295 bytes (1 switches on core 0)
May 28 07:11:08.371437 n-d-771363-17 devstack@placement-api.service[93478]: DEBUG placement.requestlog [req-1de7d2b4-e5ad-4f54-93b0-c6984a8b5ae6 req-4f32f0f3-4f92-4bbb-b841-4f107cf35f9b None None] Starting request: 10.222.0.30 "PUT /placement/allocations/711d16dc-a468-45bf-8119-b50f1fc9bd3f" {{(pid=93478) __call__ /opt/stack/placement/placement/requestlog.py:55}}
May 28 07:11:08.800919 n-d-771363-17 devstack@placement-api.service[93478]: DEBUG placement.handlers.allocation [req-1de7d2b4-e5ad-4f54-93b0-c6984a8b5ae6 req-4f32f0f3-4f92-4bbb-b841-4f107cf35f9b service placement] Successfully wrote allocations [, , ] {{(pid=93478) _create_allocations /opt/stack/placement/placement/handlers/allocation.py:435}}
May 28 07:11:08.802303 n-d-771363-17 devstack@placement-api.service[93478]: INFO placement.requestlog [req-1de7d2b4-e5ad-4f54-93b0-c6984a8b5ae6 req-4f32f0f3-4f92-4bbb-b841-4f107cf35f9b service placement] 10.222.0.30 "PUT /placement/allocations/711d16dc-a468-45bf-8119-b50f1fc9bd3f" status: 204 len: 0 microversion: 1.35
May 28 07:11:08.803008 n-d-771363-17 devstack@placement-api.service[93478]: [pid: 93478|app: 0|req: 208/418] 10.222.0.30 () {64 vars in 1433 bytes} [Fri May 28 07:11:08 2021] PUT /placement/allocations/711d16dc-a468-45bf-8119-b50f1fc9bd3f => generated 0 bytes in 432 msecs (HTTP/1.1 204) 5 headers in 199 bytes (1 switches on core 0)
May 28 07:11:09.495160 n-d-771363-17 devstack@placement-api.service[93479]: DEBUG placement.requestlog [req-1de7d2b4-e5ad-4f54-93b0-c6984a8b5ae6 req-792eba0a-ae3d-4a8b-8466-783525946974 None None] Starting request: 10.222.0.25 "GET /placement/allocations/711d16dc-a468-45bf-8119-b50f1fc9bd3f" {{(pid=93479) __call__ /opt/stack/placement/placement/requestlog.py:55}}
May 28 07:11:09.589724 n-d-771363-17 devstack@placement-api.service[93479]: INFO placement.requestlog [req-1de7d2b4-e5ad-4f54-93b0-c6984a8b5ae6 req-792eba0a-ae3d-4a8b-8466-783525946974 service placement] 10.222.0.25 "GET /placement/allocations/711d16dc-a468-45bf-8119-b50f1fc9bd3f" status: 200 len: 259 microversion: 1.28
May 28 07:11:09.590156 n-d-771363-17 devstack@placement-api.service[93479]: [pid: 93479|app: 0|req: 211/419] 10.222.0.25 () {60 vars in 1378 bytes} [Fri May 28 07:11:09 2021] GET /placement/allocations/711d16dc-a468-45bf-8119-b50f1fc9bd3f => generated 259 bytes in 95 msecs (HTTP/1.1 200) 8 headers in 296 bytes (2 switches on core 0)
May 28 07:11:12.957602 n-d-771363-17 devstack@placement-api.service[93478]: DEBUG placement.requestlog [req-0a6f7fc3-078d-4256-88e1-1a69531ccd00 req-5ffc1888-1852-4694-b781-133e9bd7a0b9 None None] Starting request: 10.222.0.25 "GET /placement/allocations/c5e5ebdf-36b1-47ff-b32e-79d6d60b1054" {{(pid=93478) __call__ /opt/stack/placement/placement/requestlog.py:55}}
May 28 07:11:12.988992 n-d-771363-17 devstack@placement-api.service[93478]: INFO placement.requestlog [req-0a6f7fc3-078d-4256-88e1-1a69531ccd00 req-5ffc1888-1852-4694-b781-133e9bd7a0b9 service placement] 10.222.0.25 "GET /placement/allocations/c5e5ebdf-36b1-47ff-b32e-79d6d60b1054" status: 200 len: 259 microversion: 1.28
May 28 07:11:12.989230 n-d-771363-17 devstack@placement-api.service[93478]: [pid: 93478|app: 0|req: 209/420] 10.222.0.25 () {60 vars in 1378 bytes} [Fri May 28 07:11:12 2021] GET /placement/allocations/c5e5ebdf-36b1-47ff-b32e-79d6d60b1054 => generated 259 bytes in 32 msecs (HTTP/1.1 200) 8 headers in 296 bytes (1 switches on core 0)
May 28 07:11:12.999892 n-d-771363-17 devstack@placement-api.service[93479]: DEBUG placement.requestlog [req-0a6f7fc3-078d-4256-88e1-1a69531ccd00 req-7a9addca-5656-41b2-9b74-83d494c46b7b None None] Starting request: 10.222.0.25 "PUT /placement/allocations/c5e5ebdf-36b1-47ff-b32e-79d6d60b1054" {{(pid=93479) __call__ /opt/stack/placement/placement/requestlog.py:55}}
May 28 07:11:13.328494 n-d-771363-17 devstack@placement-api.service[93479]: DEBUG placement.handlers.allocation [req-0a6f7fc3-078d-4256-88e1-1a69531ccd00 req-7a9addca-5656-41b2-9b74-83d494c46b7b service placement] Successfully wrote allocations [, , ] {{(pid=93479) _create_allocations /opt/stack/placement/placement/handlers/allocation.py:435}}
May 28 07:11:13.329009 n-d-771363-17 devstack@placement-api.service[93479]: INFO placement.requestlog [req-0a6f7fc3-078d-4256-88e1-1a69531ccd00 req-7a9addca-5656-41b2-9b74-83d494c46b7b service placement] 10.222.0.25 "PUT /placement/allocations/c5e5ebdf-36b1-47ff-b32e-79d6d60b1054" status: 204 len: 0 microversion: 1.28
May 28 07:11:13.329533 n-d-771363-17 devstack@placement-api.service[93479]: [pid: 93479|app: 0|req: 212/421] 10.222.0.25 () {64 vars in 1431 bytes} [Fri May 28 07:11:12 2021] PUT /placement/allocations/c5e5ebdf-36b1-47ff-b32e-79d6d60b1054 => generated 0 bytes in 330 msecs (HTTP/1.1 204) 5 headers in 199 bytes (1 switches on core 0)
May 28 07:11:14.975142 n-d-771363-17 devstack@placement-api.service[93478]: DEBUG placement.requestlog [req-cd8d7abe-6ef3-4a4a-9abb-ca67262b1886 req-1b91551c-3fd3-455a-ae96-e62fd4bca733 None None] Starting request: 10.222.0.18 "GET /placement/resource_providers/b7630c70-10b6-4294-891e-56b47ce1b4a0/allocations" {{(pid=93478) __call__ /opt/stack/placement/placement/requestlog.py:55}}
May 28 07:11:15.042493 n-d-771363-17 devstack@placement-api.service[93478]: INFO placement.requestlog [req-cd8d7abe-6ef3-4a4a-9abb-ca67262b1886 req-1b91551c-3fd3-455a-ae96-e62fd4bca733 service placement] 10.222.0.18 "GET /placement/resource_providers/b7630c70-10b6-4294-891e-56b47ce1b4a0/allocations" status: 200 len: 947 microversion: 1.0
May 28 07:11:15.043036 n-d-771363-17 devstack@placement-api.service[93478]: [pid: 93478|app: 0|req: 210/422] 10.222.0.18 () {58 vars in 1391 bytes} [Fri May 28 07:11:14 2021] GET /placement/resource_providers/b7630c70-10b6-4294-891e-56b47ce1b4a0/allocations => generated 947 bytes in 70 msecs (HTTP/1.1 200) 6 headers in 224 bytes (1 switches on core 0)
May 28 07:11:15.645996 n-d-771363-17 devstack@placement-api.service[93479]: DEBUG placement.requestlog [req-cd8d7abe-6ef3-4a4a-9abb-ca67262b1886 req-dd82863f-87d2-452f-a9df-be45dcaa7977 None None] Starting request: 10.222.0.18 "GET /placement/allocations/71f29ccd-aac8-4b92-9658-1171612cc98d" {{(pid=93479) __call__ /opt/stack/placement/placement/requestlog.py:55}}
May 28 07:11:15.690284 n-d-771363-17 devstack@placement-api.service[93479]: INFO placement.requestlog [req-cd8d7abe-6ef3-4a4a-9abb-ca67262b1886 req-dd82863f-87d2-452f-a9df-be45dcaa7977 service placement] 10.222.0.18 "GET /placement/allocations/71f29ccd-aac8-4b92-9658-1171612cc98d" status: 200 len: 245 microversion: 1.28
May 28 07:11:15.691162 n-d-771363-17 devstack@placement-api.service[93479]: [pid: 93479|app: 0|req: 213/423] 10.222.0.18 () {60 vars in 1378 bytes} [Fri May 28 07:11:15 2021] GET /placement/allocations/71f29ccd-aac8-4b92-9658-1171612cc98d => generated 245 bytes in 45 msecs (HTTP/1.1 200) 8 headers in 296 bytes (1 switches on core 0)
May 28 07:11:15.698854 n-d-771363-17 devstack@placement-api.service[93478]: DEBUG placement.requestlog [req-cd8d7abe-6ef3-4a4a-9abb-ca67262b1886 req-bb176591-eb80-4519-96d6-5ad8213123c5 None None] Starting request: 10.222.0.18 "PUT /placement/allocations/71f29ccd-aac8-4b92-9658-1171612cc98d" {{(pid=93478) __call__ /opt/stack/placement/placement/requestlog.py:55}}
May 28 07:11:15.912639 n-d-771363-17 devstack@placement-api.service[93478]: DEBUG placement.handlers.allocation [req-cd8d7abe-6ef3-4a4a-9abb-ca67262b1886 req-bb176591-eb80-4519-96d6-5ad8213123c5 service placement] Successfully wrote allocations [, ] {{(pid=93478) _create_allocations /opt/stack/placement/placement/handlers/allocation.py:435}}
May 28 07:11:15.915589 n-d-771363-17 devstack@placement-api.service[93478]: INFO placement.requestlog [req-cd8d7abe-6ef3-4a4a-9abb-ca67262b1886 req-bb176591-eb80-4519-96d6-5ad8213123c5 service placement] 10.222.0.18 "PUT /placement/allocations/71f29ccd-aac8-4b92-9658-1171612cc98d" status: 204 len: 0 microversion: 1.28
May 28 07:11:15.915589 n-d-771363-17 devstack@placement-api.service[93478]: [pid: 93478|app: 0|req: 211/424] 10.222.0.18 () {64 vars in 1431 bytes} [Fri May 28 07:11:15 2021] PUT /placement/allocations/71f29ccd-aac8-4b92-9658-1171612cc98d => generated 0 bytes in 216 msecs (HTTP/1.1 204) 5 headers in 199 bytes (2 switches on core 0)
May 28 07:11:21.673363 n-d-771363-17 devstack@placement-api.service[93479]: DEBUG placement.requestlog [req-efa931e9-8ef1-48c2-b842-7918c318a334 req-6a5697e6-2ddc-407c-b0e2-705776552b13 None None] Starting request: 10.222.0.18 "GET /placement/allocations/2e8d0f8a-62ab-46c6-a313-7918f35dd8ea" {{(pid=93479) __call__ /opt/stack/placement/placement/requestlog.py:55}}
May 28 07:11:21.831421 n-d-771363-17 devstack@placement-api.service[93479]: INFO placement.requestlog [req-efa931e9-8ef1-48c2-b842-7918c318a334 req-6a5697e6-2ddc-407c-b0e2-705776552b13 service placement] 10.222.0.18 "GET /placement/allocations/2e8d0f8a-62ab-46c6-a313-7918f35dd8ea" status: 200 len: 259 microversion: 1.28
May 28 07:11:21.832119 n-d-771363-17 devstack@placement-api.service[93479]: [pid: 93479|app: 0|req: 214/425] 10.222.0.18 () {60 vars in 1378 bytes} [Fri May 28 07:11:21 2021] GET /placement/allocations/2e8d0f8a-62ab-46c6-a313-7918f35dd8ea => generated 259 bytes in 159 msecs (HTTP/1.1 200) 8 headers in 296 bytes (1 switches on core 0)
May 28 07:11:21.840849 n-d-771363-17 devstack@placement-api.service[93478]: DEBUG placement.requestlog [req-efa931e9-8ef1-48c2-b842-7918c318a334 req-0ac02999-049a-4eef-882f-3d1f7ff14720 None None] Starting request: 10.222.0.18 "PUT /placement/allocations/2e8d0f8a-62ab-46c6-a313-7918f35dd8ea" {{(pid=93478) __call__ /opt/stack/placement/placement/requestlog.py:55}}
May 28 07:11:22.047552 n-d-771363-17 devstack@placement-api.service[93478]: DEBUG placement.handlers.allocation [req-efa931e9-8ef1-48c2-b842-7918c318a334 req-0ac02999-049a-4eef-882f-3d1f7ff14720 service placement] Successfully wrote allocations [, , ] {{(pid=93478) _create_allocations /opt/stack/placement/placement/handlers/allocation.py:435}}
May 28 07:11:22.048359 n-d-771363-17 devstack@placement-api.service[93478]: INFO placement.requestlog [req-efa931e9-8ef1-48c2-b842-7918c318a334 req-0ac02999-049a-4eef-882f-3d1f7ff14720 service placement] 10.222.0.18 "PUT /placement/allocations/2e8d0f8a-62ab-46c6-a313-7918f35dd8ea" status: 204 len: 0 microversion: 1.28
May 28 07:11:22.048793 n-d-771363-17 devstack@placement-api.service[93478]: [pid: 93478|app: 0|req: 212/426] 10.222.0.18 () {64 vars in 1431 bytes} [Fri May 28 07:11:21 2021] PUT /placement/allocations/2e8d0f8a-62ab-46c6-a313-7918f35dd8ea => generated 0 bytes in 208 msecs (HTTP/1.1 204) 5 headers in 199 bytes (1 switches on core 0)
May 28 07:11:25.169461 n-d-771363-17 devstack@placement-api.service[93479]: DEBUG placement.requestlog [req-c6cb029b-ab75-4e36-b99b-ef02d455f076 req-29854ef7-96b0-4c2b-9139-b3fadf46963e None None] Starting request: 10.222.0.25 "GET /placement/allocations/71a02be9-fe95-4b58-8b73-48033bdf966b" {{(pid=93479) __call__ /opt/stack/placement/placement/requestlog.py:55}}
May 28 07:11:25.294745 n-d-771363-17 devstack@placement-api.service[93479]: INFO placement.requestlog [req-c6cb029b-ab75-4e36-b99b-ef02d455f076 req-29854ef7-96b0-4c2b-9139-b3fadf46963e service placement] 10.222.0.25 "GET /placement/allocations/71a02be9-fe95-4b58-8b73-48033bdf966b" status: 200 len: 245 microversion: 1.28
May 28 07:11:25.295309 n-d-771363-17 devstack@placement-api.service[93479]: [pid: 93479|app: 0|req: 215/427] 10.222.0.25 () {60 vars in 1378 bytes} [Fri May 28 07:11:25 2021] GET /placement/allocations/71a02be9-fe95-4b58-8b73-48033bdf966b => generated 245 bytes in 126 msecs (HTTP/1.1 200) 8 headers in 296 bytes (1 switches on core 0)
May 28 07:11:25.317336 n-d-771363-17 devstack@placement-api.service[93478]: DEBUG placement.requestlog [req-c6cb029b-ab75-4e36-b99b-ef02d455f076 req-2e2970e9-1d5a-4e27-a448-bebe0b1d0ad8 None None] Starting request: 10.222.0.25 "PUT /placement/allocations/71a02be9-fe95-4b58-8b73-48033bdf966b" {{(pid=93478) __call__ /opt/stack/placement/placement/requestlog.py:55}}
May 28 07:11:25.530319 n-d-771363-17 devstack@placement-api.service[93478]: DEBUG placement.handlers.allocation [req-c6cb029b-ab75-4e36-b99b-ef02d455f076 req-2e2970e9-1d5a-4e27-a448-bebe0b1d0ad8 service placement] Successfully wrote allocations [, ] {{(pid=93478) _create_allocations /opt/stack/placement/placement/handlers/allocation.py:435}}
May 28 07:11:25.530944 n-d-771363-17 devstack@placement-api.service[93478]: INFO placement.requestlog [req-c6cb029b-ab75-4e36-b99b-ef02d455f076 req-2e2970e9-1d5a-4e27-a448-bebe0b1d0ad8 service placement] 10.222.0.25 "PUT /placement/allocations/71a02be9-fe95-4b58-8b73-48033bdf966b" status: 204 len: 0 microversion: 1.28
