Jul 14 08:50:11.399741 n-d-771362-35 devstack@placement-api.service[94256]: DEBUG oslo_db.sqlalchemy.engines [-] MySQL server mode set to STRICT_TRANS_TABLES,STRICT_ALL_TABLES,NO_ZERO_IN_DATE,NO_ZERO_DATE,ERROR_FOR_DIVISION_BY_ZERO,TRADITIONAL,NO_ENGINE_SUBSTITUTION {{(pid=94256) _check_effective_sql_mode /usr/local/lib/python3.8/dist-packages/oslo_db/sqlalchemy/engines.py:314}}
Jul 14 08:50:11.431666 n-d-771362-35 devstack@placement-api.service[94256]: DEBUG oslo_db.api [-] DB error: (pymysql.err.OperationalError) (1213, 'Deadlock found when trying to get lock; try restarting transaction')
Jul 14 08:50:11.431666 n-d-771362-35 devstack@placement-api.service[94256]: [SQL: INSERT INTO traits (created_at, name) VALUES (%(created_at)s, %(name)s)]
Jul 14 08:50:11.431666 n-d-771362-35 devstack@placement-api.service[94256]: [parameters: ({'created_at': datetime.datetime(2021, 7, 14, 8, 50, 11, 415604), 'name': 'COMPUTE_EPHEMERAL_ENCRYPTION_LUKS'}, {'created_at': datetime.datetime(2021, 7, 14, 8, 50, 11, 415612), 'name': 'HW_GPU_RESOLUTION_W1280H1024'}, {'created_at': datetime.datetime(2021, 7, 14, 8, 50, 11, 415616), 'name': 'COMPUTE_RESCUE_BFV'}, {'created_at': datetime.datetime(2021, 7, 14, 8, 50, 11, 415619), 'name': 'HW_CPU_AARCH64_SVE'}, {'created_at': datetime.datetime(2021, 7, 14, 8, 50, 11, 415622), 'name': 'HW_GPU_API_DIRECT2D'}, {'created_at': datetime.datetime(2021, 7, 14, 8, 50, 11, 415626), 'name': 'HW_GPU_CUDA_COMPUTE_CAPABILITY_V5_2'}, {'created_at': datetime.datetime(2021, 7, 14, 8, 50, 11, 415629), 'name': 'HW_NIC_OFFLOAD_LRO'}, {'created_at': datetime.datetime(2021, 7, 14, 8, 50, 11, 415632), 'name': 'COMPUTE_TRUSTED_CERTS'} ... displaying 10 of 291 total bound parameter sets ... {'created_at': datetime.datetime(2021, 7, 14, 8, 50, 11, 416540), 'name': 'HW_NIC_OFFLOAD_VXLAN'}, {'created_at': datetime.datetime(2021, 7, 14, 8, 50, 11, 416543), 'name': 'HW_CPU_X86_TSX'})]
Jul 14 08:50:11.431666 n-d-771362-35 devstack@placement-api.service[94256]: (Background on this error at: http://sqlalche.me/e/14/e3q8) {{(pid=94256) _is_exception_expected /usr/local/lib/python3.8/dist-packages/oslo_db/api.py:184}}
Jul 14 08:50:11.432246 n-d-771362-35 devstack@placement-api.service[94256]: DEBUG oslo_db.api [-] Performing DB retry for function placement.objects.trait._trait_sync {{(pid=94256) wrapper /usr/local/lib/python3.8/dist-packages/oslo_db/api.py:155}}
Jul 14 08:50:11.436373 n-d-771362-35 devstack@placement-api.service[94255]: DEBUG placement.objects.trait [-] Synced traits from os_traits into API DB: {'COMPUTE_EPHEMERAL_ENCRYPTION_LUKS', 'HW_GPU_RESOLUTION_W1280H1024', 'COMPUTE_RESCUE_BFV', 'HW_CPU_AARCH64_SVE', 'HW_GPU_API_DIRECT2D', 'HW_GPU_CUDA_COMPUTE_CAPABILITY_V5_2', 'HW_NIC_OFFLOAD_LRO', 'COMPUTE_TRUSTED_CERTS', 'HW_NIC_OFFLOAD_GRE', 'HW_GPU_MAX_DISPLAY_HEADS_2', 'COMPUTE_STORAGE_BUS_SCSI', 'HW_GPU_API_DIRECT3D_V11_3', 'HW_GPU_RESOLUTION_W3840H2160', 'HW_CPU_X86_SVM', 'HW_CPU_X86_AMD_SVM', 'COMPUTE_GRAPHICS_MODEL_XEN', 'COMPUTE_ACCELERATORS', 'HW_CPU_X86_SSE2', 'HW_GPU_API_DIRECT3D_V11_1', 'HW_CPU_AARCH64_SHA1', 'HW_GPU_RESOLUTION_W1920H1200', 'HW_GPU_CUDA_COMPUTE_CAPABILITY_V5_3', 'HW_CPU_X86_AVX512F', 'HW_GPU_API_OPENCL_V2_2', 'HW_CPU_X86_AMD_NO_SSB', 'HW_CPU_X86_AVX512VAES', 'HW_CPU_X86_MMX', 'HW_CPU_X86_SHA', 'HW_GPU_CUDA_COMPUTE_CAPABILITY_V6_2', 'HW_GPU_API_OPENCL_V1_1', 'HW_GPU_CUDA_COMPUTE_CAPABILITY_V2_1', 'HW_GPU_API_OPENGL_V1_1', 'HW_GPU_API_OPENGL_V1_2', 'HW_NIC_ACCEL_LZS', 'COMPUTE_IMAGE_TYPE_ISO', 'HW_GPU_API_DIRECT3D_V10_1', 'HW_GPU_RESOLUTION_W7680H4320', 'COMPUTE_IMAGE_TYPE_RAW', 'COMPUTE_EPHEMERAL_ENCRYPTION_LUKSV2', 'HW_NIC_OFFLOAD_SG', 'COMPUTE_NET_VIF_MODEL_RTL8139', 'HW_NIC_SRIOV_QOS_RX', 'HW_GPU_RESOLUTION_W2560H1600', 'HW_NIC_ACCEL_ECC', 'HW_NIC_OFFLOAD_TXVLAN', 'HW_NIC_SRIOV_QOS_TX', 'HW_CPU_X86_INTEL_SSBD', 'HW_CPU_AARCH64_ATOMICS', 'HW_CPU_X86_INTEL_MD_CLEAR', 'COMPUTE_STORAGE_BUS_SATA', 'HW_GPU_API_DIRECT3D_V12_0', 'HW_NIC_OFFLOAD_TXUDP', 'HW_NIC_OFFLOAD_TCS', 'HW_NIC_SRIOV_TRUSTED', 'HW_GPU_API_OPENGL_V1_3', 'HW_GPU_CUDA_COMPUTE_CAPABILITY_V3_5', 'HW_GPU_API_OPENGL_V2_0', 'HW_GPU_API_OPENCL_V2_0', 'HW_NIC_OFFLOAD_GSO', 'HW_GPU_API_DIRECTX_V10', 'COMPUTE_IMAGE_TYPE_VMDK', 'COMPUTE_NET_VIF_MODEL_SPAPR_VLAN', 'HW_NIC_ACCEL_IPSEC', 'HW_CPU_X86_FMA4', 'HW_CPU_AARCH64_SM4', 'HW_GPU_API_OPENCL_V1_0', 'HW_GPU_API_DIRECT3D_V9_0', 'HW_GPU_CUDA_COMPUTE_CAPABILITY_V1_3', 'HW_CPU_X86_SSE42', 'HW_CPU_X86_SSSE3', 'COMPUTE_SECURITY_TPM_1_2', 'COMPUTE_STORAGE_BUS_FDC', 'COMPUTE_STORAGE_BUS_VIRTIO', 'COMPUTE_GRAPHICS_MODEL_VIRTIO', 'COMPUTE_STORAGE_BUS_XEN', 'HW_CPU_X86_AMD_VIRT_SSBD', 'HW_NIC_OFFLOAD_RX', 'HW_NIC_DCB_QCN', 'COMPUTE_NODE', 'HW_CPU_AARCH64_SM3', 'COMPUTE_IMAGE_TYPE_AMI', 'COMPUTE_VOLUME_ATTACH_WITH_TAG', 'HW_CPU_X86_AVX512BW', 'HW_NIC_ACCEL_RSA', 'COMPUTE_IMAGE_TYPE_VDI', 'HW_CPU_X86_BMI', 'HW_GPU_MAX_DISPLAY_HEADS_6', 'HW_GPU_RESOLUTION_W1024H600', 'COMPUTE_NET_VIF_MODEL_NETFRONT', 'HW_GPU_MAX_DISPLAY_HEADS_1', 'COMPUTE_GRAPHICS_MODEL_GOP', 'HW_GPU_CUDA_COMPUTE_CAPABILITY_V3_2', 'HW_GPU_CUDA_COMPUTE_CAPABILITY_V6_1', 'HW_GPU_API_OPENGL_V3_0', 'HW_CPU_X86_AVX512DQ', 'HW_CPU_X86_AMD_SSBD', 'HW_CPU_X86_TBM', 'HW_CPU_X86_AVX512ER', 'HW_GPU_API_OPENGL_V4_5', 'HW_CPU_HYPERTHREADING', 'HW_GPU_API_DIRECT3D_V6_0', 'HW_CPU_X86_AVX512BITALG', 'COMPUTE_NET_VIF_MODEL_PCNET', 'HW_CPU_AARCH64_CPUID', 'HW_GPU_API_DIRECTX_V12', 'COMPUTE_IMAGE_TYPE_ARI', 'HW_GPU_API_DIRECT3D_V7_0', 'HW_GPU_API_DIRECT3D_V9_0B', 'HW_GPU_API_DIRECT3D_V11_2', 'HW_GPU_RESOLUTION_W1920H1080', 'HW_NIC_OFFLOAD_QINQ', 'HW_GPU_CUDA_COMPUTE_CAPABILITY_V6_0', 'COMPUTE_MIGRATE_AUTO_CONVERGE', 'COMPUTE_SECURITY_UEFI_SECURE_BOOT', 'HW_GPU_API_OPENGL_V4_3', 'HW_GPU_CUDA_COMPUTE_CAPABILITY_V7_0', 'HW_GPU_CUDA_SDK_V9_2', 'COMPUTE_EPHEMERAL_ENCRYPTION_PLAIN', 'COMPUTE_STORAGE_BUS_LXC', 'HW_GPU_RESOLUTION_W2560H1440', 'HW_GPU_API_VULKAN', 'HW_NIC_DCB_ETS', 'COMPUTE_VOLUME_EXTEND', 'HW_GPU_API_DIRECT3D_V9_0C', 'HW_GPU_API_DIRECT3D_V8_1', 'HW_GPU_RESOLUTION_W1600H900', 'HW_GPU_API_DIRECT3D_V9_0L', 'HW_GPU_API_DXVA', 'HW_GPU_API_OPENGL_V1_4', 'HW_GPU_RESOLUTION_W1152H864', 'COMPUTE_STATUS_DISABLED', 'HW_GPU_RESOLUTION_W320H240', 'COMPUTE_NET_VIF_MODEL_E1000E', 'HW_GPU_API_OPENGL_V4_4', 'COMPUTE_NET_ATTACH_INTERFACE', 'HW_GPU_RESOLUTION_W1360H768', 'HW_NIC_OFFLOAD_RDMA', 'COMPUTE_GRAPHICS_MODEL_VMVGA', 'HW_NIC_OFFLOAD_UFO', 'HW_CPU_AARCH64_FPHP', 'HW_GPU_API_OPENGL_V4_0', 'HW_CPU_X86_PDPE1GB', 'HW_GPU_API_DIRECT3D_V11_0', 'HW_GPU_CUDA_COMPUTE_CAPABILITY_V7_1', 'HW_GPU_API_OPENGL_V1_5', 'HW_NIC_ACCEL_TLS', 'COMPUTE_STORAGE_BUS_UML', 'HW_GPU_API_OPENCL_V1_2', 'HW_CPU_AARCH64_JSCVT', 'HW_CPU_X86_SSE4A', 'MISC_SHARES_VIA_AGGREGATE', 'HW_NIC_OFFLOAD_L2CRC', 'HW_CPU_X86_CLMUL', 'HW_CPU_X86_MPX', 'HW_CPU_AARCH64_ASIMDHP', 'COMPUTE_MIGRATE_POST_COPY', 'HW_NIC_VMDQ', 'HW_GPU_RESOLUTION_W800H600', 'HW_CPU_AARCH64_DCPOP', 'COMPUTE_IMAGE_TYPE_QCOW2', 'HW_NIC_SRIOV', 'COMPUTE_NET_VIF_MODEL_E1000', 'HW_CPU_X86_SGX', 'HW_GPU_API_OPENGL_V3_1', 'COMPUTE_NET_VIF_MODEL_VMXNET3', 'HW_CPU_AARCH64_FCMA', 'HW_CPU_AARCH64_ASIMDRDM', 'HW_NIC_DCB_PFC', 'HW_GPU_CUDA_SDK_V8_0', 'HW_GPU_RESOLUTION_W1280H800', 'COMPUTE_GRAPHICS_MODEL_NONE', 'HW_GPU_CUDA_COMPUTE_CAPABILITY_V2_0', 'HW_GPU_MAX_DISPLAY_HEADS_4', 'HW_NIC_OFFLOAD_FDF', 'HW_CPU_AARCH64_ASIMD', 'HW_CPU_AARCH64_FP', 'STORAGE_DISK_SSD', 'HW_GPU_CUDA_COMPUTE_CAPABILITY_V1_0', 'COMPUTE_VOLUME_MULTI_ATTACH', 'HW_CPU_PPC64LE_POWER8', 'COMPUTE_NET_ATTACH_INTERFACE_WITH_TAG', 'COMPUTE_GRAPHICS_MODEL_VGA', 'HW_GPU_RESOLUTION_W1280H768', 'HW_GPU_API_DIRECTX_V11', 'HW_GPU_RESOLUTION_W1024H768', 'HW_CPU_AARCH64_SHA2', 'HW_CPU_X86_AVX512VPOPCNTDQ', 'STORAGE_DISK_HDD', 'HW_CPU_X86_SSE', 'HW_CPU_X86_AVX512IFMA', 'HW_CPU_AMD_SEV', 'HW_GPU_CUDA_SDK_V9_1', 'HW_CPU_X86_VMX', 'HW_NIC_MULTIQUEUE', 'HW_CPU_X86_F16C', 'COMPUTE_STORAGE_BUS_USB', 'HW_GPU_CUDA_COMPUTE_CAPABILITY_V1_1', 'HW_CPU_X86_XOP', 'COMPUTE_GRAPHICS_MODEL_QXL', 'HW_CPU_X86_INTEL_PCID', 'HW_NUMA_ROOT', 'COMPUTE_IMAGE_TYPE_PLOOP', 'COMPUTE_IMAGE_TYPE_VHDX', 'HW_GPU_CUDA_COMPUTE_CAPABILITY_V5_0', 'HW_NIC_ACCEL_DEFLATE', 'HW_GPU_API_OPENGL_V3_3', 'HW_GPU_API_OPENGL_V4_1', 'HW_GPU_MAX_DISPLAY_HEADS_8', 'HW_CPU_X86_AVX512VNNI', 'HW_CPU_X86_ABM', 'HW_GPU_API_OPENGL_V4_2', 'HW_GPU_CUDA_SDK_V6_5', 'HW_NIC_OFFLOAD_SCS', 'HW_CPU_X86_3DNOW', 'HW_CPU_X86_AVX', 'HW_NIC_OFFLOAD_RXHASH', 'HW_CPU_PPC64LE_POWER9', 'HW_GPU_API_DIRECT3D_V8_0', 'HW_GPU_CUDA_COMPUTE_CAPABILITY_V3_0', 'HW_GPU_CUDA_COMPUTE_CAPABILITY_V3_7', 'HW_GPU_CUDA_COMPUTE_CAPABILITY_V1_2', 'COMPUTE_IMAGE_TYPE_VHD', 'HW_CPU_AARCH64_LRCPC', 'COMPUTE_IMAGE_TYPE_AKI', 'HW_CPU_X86_AVX512PF', 'HW_GPU_CUDA_SDK_V7_5', 'HW_GPU_RESOLUTION_W1680H1050', 'COMPUTE_GRAPHICS_MODEL_CIRRUS', 'HW_CPU_X86_INTEL_VMX', 'HW_CPU_X86_FMA3', 'COMPUTE_NET_VIF_MODEL_SRIOV', 'HW_CPU_X86_ASF', 'HW_CPU_X86_AVX512VL', 'HW_NIC_OFFLOAD_TSO', 'HW_CPU_X86_SSE3', 'HW_GPU_RESOLUTION_W1280H720', 'HW_GPU_API_DIRECT3D_V10_0', 'COMPUTE_SAME_HOST_COLD_MIGRATE', 'HW_CPU_X86_BMI2', 'HW_CPU_X86_AVX2', 'HW_CPU_AARCH64_SHA3', 'HW_GPU_API_OPENGL_V2_1', 'COMPUTE_STORAGE_BUS_IDE', 'HW_GPU_RESOLUTION_W640H480', 'HW_CPU_AARCH64_EVTSTRM', 'HW_CPU_X86_AMD_SEV', 'HW_NIC_PROGRAMMABLE_PIPELINE', 'HW_NIC_OFFLOAD_GENEVE', 'HW_NIC_OFFLOAD_GRO', 'HW_GPU_API_OPENCL_V2_1', 'HW_CPU_AARCH64_PMULL', 'COMPUTE_NET_VIF_MODEL_LAN9118', 'COMPUTE_DEVICE_TAGGING', 'HW_NIC_OFFLOAD_TX', 'HW_NIC_SRIOV_MULTIQUEUE', 'HW_GPU_CUDA_SDK_V9_0', 'HW_NIC_OFFLOAD_SWITCHDEV', 'COMPUTE_NET_VIF_MODEL_VMXNET', 'HW_GPU_CUDA_SDK_V10_0', 'HW_NIC_OFFLOAD_UCS', 'HW_CPU_AARCH64_AES', 'HW_CPU_X86_SSE41', 'HW_NIC_ACCEL_SSL', 'HW_CPU_X86_AVX512VBMI', 'HW_CPU_X86_AESNI', 'HW_GPU_CUDA_COMPUTE_CAPABILITY_V7_2', 'COMPUTE_NET_VIF_MODEL_VIRTIO', 'COMPUTE_SECURITY_TPM_2_0', 'HW_CPU_AARCH64_CRC32', 'HW_NIC_ACCEL_DIFFIEH', 'HW_GPU_RESOLUTION_W1440H900', 'HW_CPU_AARCH64_ASIMDDP', 'COMPUTE_SOCKET_PCI_NUMA_AFFINITY', 'HW_CPU_X86_AVX512CD', 'HW_CPU_X86_AMD_IBPB', 'COMPUTE_VOLUME_ATTACH', 'HW_CPU_X86_AVX512VBMI2', 'HW_CPU_X86_STIBP', 'HW_CPU_X86_AVX512VPCLMULQDQ', 'HW_GPU_RESOLUTION_W1600H1200', 'COMPUTE_NET_VIF_MODEL_NE2K_PCI', 'HW_GPU_API_OPENGL_V3_2', 'HW_CPU_X86_INTEL_SPEC_CTRL', 'HW_NIC_OFFLOAD_LSO', 'HW_NIC_OFFLOAD_RXVLAN', 'HW_CPU_AARCH64_SHA512', 'HW_CPU_X86_AVX512GFNI', 'HW_GPU_RESOLUTION_W1366H768', 'COMPUTE_EPHEMERAL_ENCRYPTION', 'HW_NIC_OFFLOAD_VXLAN', 'HW_CPU_X86_TSX'} {{(pid=94255) _trait_sync /opt/stack/placement/placement/objects/trait.py:286}}
Jul 14 08:50:11.439186 n-d-771362-35 devstack@placement-api.service[94255]: DEBUG oslo_concurrency.lockutils [-] Releasing lock "trait_sync" {{(pid=94255) lock /usr/local/lib/python3.8/dist-packages/oslo_concurrency/lockutils.py:282}}
Jul 14 08:50:11.439515 n-d-771362-35 devstack@placement-api.service[94255]: DEBUG oslo_concurrency.lockutils [-] Acquired lock "resource_classes_sync" {{(pid=94255) lock /usr/local/lib/python3.8/dist-packages/oslo_concurrency/lockutils.py:266}}
Jul 14 08:50:11.484735 n-d-771362-35 devstack@placement-api.service[94255]: DEBUG placement.objects.resource_class [-] Found existing resource classes in db: [] {{(pid=94255) _resource_classes_sync /opt/stack/placement/placement/objects/resource_class.py:228}}
Jul 14 08:50:11.488220 n-d-771362-35 devstack@placement-api.service[94255]: DEBUG placement.objects.resource_class [-] Synced resource_classes from os_resource_classes: [{'name': 'VCPU', 'id': 0}, {'name': 'MEMORY_MB', 'id': 1}, {'name': 'DISK_GB', 'id': 2}, {'name': 'PCI_DEVICE', 'id': 3}, {'name': 'SRIOV_NET_VF', 'id': 4}, {'name': 'NUMA_SOCKET', 'id': 5}, {'name': 'NUMA_CORE', 'id': 6}, {'name': 'NUMA_THREAD', 'id': 7}, {'name': 'NUMA_MEMORY_MB', 'id': 8}, {'name': 'IPV4_ADDRESS', 'id': 9}, {'name': 'VGPU', 'id': 10}, {'name': 'VGPU_DISPLAY_HEAD', 'id': 11}, {'name': 'NET_BW_EGR_KILOBIT_PER_SEC', 'id': 12}, {'name': 'NET_BW_IGR_KILOBIT_PER_SEC', 'id': 13}, {'name': 'PCPU', 'id': 14}, {'name': 'MEM_ENCRYPTION_CONTEXT', 'id': 15}, {'name': 'FPGA', 'id': 16}, {'name': 'PGPU', 'id': 17}] {{(pid=94255) _resource_classes_sync /opt/stack/placement/placement/objects/resource_class.py:245}}
Jul 14 08:50:11.491275 n-d-771362-35 devstack@placement-api.service[94255]: DEBUG oslo_concurrency.lockutils [-] Releasing lock "resource_classes_sync" {{(pid=94255) lock /usr/local/lib/python3.8/dist-packages/oslo_concurrency/lockutils.py:282}}
Jul 14 08:50:11.491453 n-d-771362-35 devstack@placement-api.service[94255]: WSGI app 0 (mountpoint='') ready in 3 seconds on interpreter 0x561b4f3549c0 pid: 94255 (default app)
Jul 14 08:50:11.492829 n-d-771362-35 devstack@placement-api.service[94255]: DEBUG placement.requestlog [None req-1d2d7809-7829-49fa-9626-fbf84090be22 None None] Starting request: 10.222.0.25 "GET /placement/" {{(pid=94255) __call__ /opt/stack/placement/placement/requestlog.py:55}}
Jul 14 08:50:11.508548 n-d-771362-35 devstack@placement-api.service[94255]: INFO placement.requestlog [None req-1d2d7809-7829-49fa-9626-fbf84090be22 None None] 10.222.0.25 "GET /placement/" status: 200 len: 136 microversion: 1.0
Jul 14 08:50:11.508727 n-d-771362-35 devstack@placement-api.service[94255]: [pid: 94255|app: 0|req: 1/1] 10.222.0.25 () {50 vars in 776 bytes} [Wed Jul 14 08:50:11 2021] GET /placement => generated 136 bytes in 17 msecs (HTTP/1.1 200) 6 headers in 224 bytes (1 switches on core 0)
Jul 14 08:50:12.442615 n-d-771362-35 devstack@placement-api.service[94256]: DEBUG oslo_concurrency.lockutils [-] Releasing lock "trait_sync" {{(pid=94256) lock /usr/local/lib/python3.8/dist-packages/oslo_concurrency/lockutils.py:282}}
Jul 14 08:50:12.443089 n-d-771362-35 devstack@placement-api.service[94256]: DEBUG oslo_concurrency.lockutils [-] Acquired lock "resource_classes_sync" {{(pid=94256) lock /usr/local/lib/python3.8/dist-packages/oslo_concurrency/lockutils.py:266}}
Jul 14 08:50:12.445650 n-d-771362-35 devstack@placement-api.service[94256]: DEBUG placement.objects.resource_class [-] Found existing resource classes in db: ['DISK_GB', 'FPGA', 'IPV4_ADDRESS', 'MEMORY_MB', 'MEM_ENCRYPTION_CONTEXT', 'NET_BW_EGR_KILOBIT_PER_SEC', 'NET_BW_IGR_KILOBIT_PER_SEC', 'NUMA_CORE', 'NUMA_MEMORY_MB', 'NUMA_SOCKET', 'NUMA_THREAD', 'PCI_DEVICE', 'PCPU', 'PGPU', 'SRIOV_NET_VF', 'VCPU', 'VGPU', 'VGPU_DISPLAY_HEAD'] {{(pid=94256) _resource_classes_sync /opt/stack/placement/placement/objects/resource_class.py:228}}
Jul 14 08:50:12.446465 n-d-771362-35 devstack@placement-api.service[94256]: DEBUG oslo_concurrency.lockutils [-] Releasing lock "resource_classes_sync" {{(pid=94256) lock /usr/local/lib/python3.8/dist-packages/oslo_concurrency/lockutils.py:282}}
Jul 14 08:50:12.446620 n-d-771362-35 devstack@placement-api.service[94256]: WSGI app 0 (mountpoint='') ready in 4 seconds on interpreter 0x561b4f3549c0 pid: 94256 (default app)
Jul 14 08:51:08.778399 n-d-771362-35 devstack@placement-api.service[94255]: DEBUG placement.requestlog [None req-b9ff3794-9ba6-4e42-973b-a6dd6bbc05ae None None] Starting request: 10.222.0.25 "GET /placement/" {{(pid=94255) __call__ /opt/stack/placement/placement/requestlog.py:55}}
Jul 14 08:51:08.780216 n-d-771362-35 devstack@placement-api.service[94255]: INFO placement.requestlog [None req-b9ff3794-9ba6-4e42-973b-a6dd6bbc05ae None None] 10.222.0.25 "GET /placement/" status: 200 len: 136 microversion: 1.0
Jul 14 08:51:08.780911 n-d-771362-35 devstack@placement-api.service[94255]: [pid: 94255|app: 0|req: 2/2] 10.222.0.25 () {54 vars in 916 bytes} [Wed Jul 14 08:51:08 2021] GET /placement => generated 136 bytes in 3 msecs (HTTP/1.1 200) 6 headers in 224 bytes (1 switches on core 0)
Jul 14 08:51:09.007121 n-d-771362-35 devstack@placement-api.service[94256]: DEBUG placement.requestlog [None req-5591521b-56c8-4c0b-9207-89ed3fbda8f4 None None] Starting request: 10.222.0.25 "GET /placement/" {{(pid=94256) __call__ /opt/stack/placement/placement/requestlog.py:55}}
Jul 14 08:51:09.033261 n-d-771362-35 devstack@placement-api.service[94256]: INFO placement.requestlog [None req-5591521b-56c8-4c0b-9207-89ed3fbda8f4 None None] 10.222.0.25 "GET /placement/" status: 200 len: 136 microversion: 1.0
Jul 14 08:51:09.033647 n-d-771362-35 devstack@placement-api.service[94256]: [pid: 94256|app: 0|req: 1/3] 10.222.0.25 () {54 vars in 916 bytes} [Wed Jul 14 08:51:09 2021] GET /placement => generated 136 bytes in 31 msecs (HTTP/1.1 200) 6 headers in 224 bytes (1 switches on core 0)
Jul 14 08:51:13.258920 n-d-771362-35 devstack@placement-api.service[94255]: DEBUG placement.requestlog [None req-441b49d7-08bd-495f-9049-67749c7e1e86 None None] Starting request: 10.222.0.25 "GET /placement/" {{(pid=94255) __call__ /opt/stack/placement/placement/requestlog.py:55}}
Jul 14 08:51:13.259928 n-d-771362-35 devstack@placement-api.service[94255]: INFO placement.requestlog [None req-441b49d7-08bd-495f-9049-67749c7e1e86 None None] 10.222.0.25 "GET /placement/" status: 200 len: 136 microversion: 1.0
Jul 14 08:51:13.260286 n-d-771362-35 devstack@placement-api.service[94255]: [pid: 94255|app: 0|req: 3/4] 10.222.0.25 () {54 vars in 916 bytes} [Wed Jul 14 08:51:13 2021] GET /placement => generated 136 bytes in 2 msecs (HTTP/1.1 200) 6 headers in 224 bytes (1 switches on core 0)
Jul 14 08:51:14.632697 n-d-771362-35 devstack@placement-api.service[94256]: DEBUG placement.requestlog [None req-158e0f17-b28c-49cc-9ec3-af29e14eafbf None None] Starting request: 10.222.0.25 "GET /placement/" {{(pid=94256) __call__ /opt/stack/placement/placement/requestlog.py:55}}
Jul 14 08:51:14.633864 n-d-771362-35 devstack@placement-api.service[94256]: INFO placement.requestlog [None req-158e0f17-b28c-49cc-9ec3-af29e14eafbf None None] 10.222.0.25 "GET /placement/" status: 200 len: 136 microversion: 1.0
Jul 14 08:51:14.634264 n-d-771362-35 devstack@placement-api.service[94256]: [pid: 94256|app: 0|req: 2/5] 10.222.0.25 () {54 vars in 916 bytes} [Wed Jul 14 08:51:14 2021] GET /placement => generated 136 bytes in 2 msecs (HTTP/1.1 200) 6 headers in 224 bytes (1 switches on core 0)
Jul 14 08:52:25.374126 n-d-771362-35 devstack@placement-api.service[94255]: DEBUG placement.requestlog [None req-713ceabc-fc6a-4db8-b725-0a396bc0f9ec None None] Starting request: 10.222.0.25 "GET /placement//" {{(pid=94255) __call__ /opt/stack/placement/placement/requestlog.py:55}}
Jul 14 08:52:25.375087 n-d-771362-35 devstack@placement-api.service[94255]: INFO placement.requestlog [None req-713ceabc-fc6a-4db8-b725-0a396bc0f9ec None None] 10.222.0.25 "GET /placement//" status: 200 len: 136 microversion: 1.0
Jul 14 08:52:25.375262 n-d-771362-35 devstack@placement-api.service[94255]: [pid: 94255|app: 0|req: 4/6] 10.222.0.25 () {56 vars in 1107 bytes} [Wed Jul 14 08:52:25 2021] GET /placement/ => generated 136 bytes in 1 msecs (HTTP/1.1 200) 6 headers in 224 bytes (1 switches on core 0)
Jul 14 08:57:40.881167 n-d-771362-35 devstack@placement-api.service[94256]: DEBUG placement.requestlog [None req-51db4f8c-20e7-4619-973f-866d0e49b1fe None None] Starting request: 10.222.0.47 "GET /placement/" {{(pid=94256) __call__ /opt/stack/placement/placement/requestlog.py:55}}
Jul 14 08:57:40.882154 n-d-771362-35 devstack@placement-api.service[94256]: INFO placement.requestlog [None req-51db4f8c-20e7-4619-973f-866d0e49b1fe None None] 10.222.0.47 "GET /placement/" status: 200 len: 136 microversion: 1.0
Jul 14 08:57:40.882325 n-d-771362-35 devstack@placement-api.service[94256]: [pid: 94256|app: 0|req: 3/7] 10.222.0.47 () {54 vars in 913 bytes} [Wed Jul 14 08:57:40 2021] GET /placement => generated 136 bytes in 1 msecs (HTTP/1.1 200) 6 headers in 224 bytes (1 switches on core 0)
Jul 14 08:57:42.625373 n-d-771362-35 devstack@placement-api.service[94255]: DEBUG placement.requestlog [None req-092b3f37-47c9-4883-b475-40d01875ff35 None None] Starting request: 10.222.0.44 "GET /placement/" {{(pid=94255) __call__ /opt/stack/placement/placement/requestlog.py:55}}
Jul 14 08:57:42.626314 n-d-771362-35 devstack@placement-api.service[94255]: INFO placement.requestlog [None req-092b3f37-47c9-4883-b475-40d01875ff35 None None] 10.222.0.44 "GET /placement/" status: 200 len: 136 microversion: 1.0
Jul 14 08:57:42.626488 n-d-771362-35 devstack@placement-api.service[94255]: [pid: 94255|app: 0|req: 5/8] 10.222.0.44 () {54 vars in 913 bytes} [Wed Jul 14 08:57:42 2021] GET /placement => generated 136 bytes in 1 msecs (HTTP/1.1 200) 6 headers in 224 bytes (1 switches on core 0)
Jul 14 08:57:43.847521 n-d-771362-35 devstack@placement-api.service[94256]: DEBUG placement.requestlog [req-416298fd-a2d0-451d-b72f-82b0264ca295 req-c1c210b0-0f22-40ee-b5f6-4179c8197b1b None None] Starting request: 10.222.0.47 "GET /placement/resource_providers?in_tree=a82a3236-c792-4811-a4c4-7d284d600d93" {{(pid=94256) __call__ /opt/stack/placement/placement/requestlog.py:55}}
Jul 14 08:57:43.961420 n-d-771362-35 devstack@placement-api.service[94256]: INFO placement.requestlog [req-416298fd-a2d0-451d-b72f-82b0264ca295 req-c1c210b0-0f22-40ee-b5f6-4179c8197b1b service placement] 10.222.0.47 "GET /placement/resource_providers?in_tree=a82a3236-c792-4811-a4c4-7d284d600d93" status: 200 len: 26 microversion: 1.14
Jul 14 08:57:43.961657 n-d-771362-35 devstack@placement-api.service[94256]: [pid: 94256|app: 0|req: 4/9] 10.222.0.47 () {60 vars in 1377 bytes} [Wed Jul 14 08:57:43 2021] GET /placement/resource_providers?in_tree=a82a3236-c792-4811-a4c4-7d284d600d93 => generated 26 bytes in 114 msecs (HTTP/1.1 200) 6 headers in 224 bytes (1 switches on core 0)
Jul 14 08:57:43.969867 n-d-771362-35 devstack@placement-api.service[94255]: DEBUG placement.requestlog [req-416298fd-a2d0-451d-b72f-82b0264ca295 req-ac10eaef-e332-4876-bc34-d0bdbf42dc3d None None] Starting request: 10.222.0.47 "POST /placement/resource_providers" {{(pid=94255) __call__ /opt/stack/placement/placement/requestlog.py:55}}
Jul 14 08:57:44.006801 n-d-771362-35 devstack@placement-api.service[94255]: INFO placement.requestlog [req-416298fd-a2d0-451d-b72f-82b0264ca295 req-ac10eaef-e332-4876-bc34-d0bdbf42dc3d service placement] 10.222.0.47 "POST /placement/resource_providers" status: 200 len: 837 microversion: 1.20
Jul 14 08:57:44.007071 n-d-771362-35 devstack@placement-api.service[94255]: [pid: 94255|app: 0|req: 6/10] 10.222.0.47 () {64 vars in 1341 bytes} [Wed Jul 14 08:57:43 2021] POST /placement/resource_providers => generated 837 bytes in 37 msecs (HTTP/1.1 200) 9 headers in 392 bytes (1 switches on core 0)
Jul 14 08:57:44.241727 n-d-771362-35 devstack@placement-api.service[94256]: DEBUG placement.requestlog [req-416298fd-a2d0-451d-b72f-82b0264ca295 req-c2c483ed-0a87-422c-a85f-b113c765020f None None] Starting request: 10.222.0.47 "PUT /placement/resource_providers/a82a3236-c792-4811-a4c4-7d284d600d93/inventories" {{(pid=94256) __call__ /opt/stack/placement/placement/requestlog.py:55}}
Jul 14 08:57:44.275399 n-d-771362-35 devstack@placement-api.service[94256]: INFO placement.requestlog [req-416298fd-a2d0-451d-b72f-82b0264ca295 req-c2c483ed-0a87-422c-a85f-b113c765020f service placement] 10.222.0.47 "PUT /placement/resource_providers/a82a3236-c792-4811-a4c4-7d284d600d93/inventories" status: 200 len: 397 microversion: 1.26
Jul 14 08:57:44.276179 n-d-771362-35 devstack@placement-api.service[94256]: [pid: 94256|app: 0|req: 5/11] 10.222.0.47 () {64 vars in 1488 bytes} [Wed Jul 14 08:57:44 2021] PUT /placement/resource_providers/a82a3236-c792-4811-a4c4-7d284d600d93/inventories => generated 397 bytes in 35 msecs (HTTP/1.1 200) 8 headers in 296 bytes (2 switches on core 0)
Jul 14 08:57:44.285835 n-d-771362-35 devstack@placement-api.service[94255]: DEBUG placement.requestlog [req-416298fd-a2d0-451d-b72f-82b0264ca295 req-ab70d024-d458-46d9-8fee-cf7a68428152 None None] Starting request: 10.222.0.47 "GET /placement/traits?name=in:COMPUTE_NET_ATTACH_INTERFACE,COMPUTE_DEVICE_TAGGING,COMPUTE_IMAGE_TYPE_VHD,COMPUTE_IMAGE_TYPE_VHDX,COMPUTE_SECURITY_UEFI_SECURE_BOOT,COMPUTE_NODE" {{(pid=94255) __call__ /opt/stack/placement/placement/requestlog.py:55}}
Jul 14 08:57:44.298461 n-d-771362-35 devstack@placement-api.service[94255]: INFO placement.requestlog [req-416298fd-a2d0-451d-b72f-82b0264ca295 req-ab70d024-d458-46d9-8fee-cf7a68428152 service placement] 10.222.0.47 "GET /placement/traits?name=in:COMPUTE_NET_ATTACH_INTERFACE,COMPUTE_DEVICE_TAGGING,COMPUTE_IMAGE_TYPE_VHD,COMPUTE_IMAGE_TYPE_VHDX,COMPUTE_SECURITY_UEFI_SECURE_BOOT,COMPUTE_NODE" status: 200 len: 176 microversion: 1.6
Jul 14 08:57:44.298928 n-d-771362-35 devstack@placement-api.service[94255]: [pid: 94255|app: 0|req: 7/12] 10.222.0.47 () {60 vars in 1558 bytes} [Wed Jul 14 08:57:44 2021] GET /placement/traits?name=in:COMPUTE_NET_ATTACH_INTERFACE,COMPUTE_DEVICE_TAGGING,COMPUTE_IMAGE_TYPE_VHD,COMPUTE_IMAGE_TYPE_VHDX,COMPUTE_SECURITY_UEFI_SECURE_BOOT,COMPUTE_NODE => generated 176 bytes in 13 msecs (HTTP/1.1 200) 6 headers in 224 bytes (2 switches on core 0)
Jul 14 08:57:44.306943 n-d-771362-35 devstack@placement-api.service[94256]: DEBUG placement.requestlog [req-416298fd-a2d0-451d-b72f-82b0264ca295 req-d8d49c4e-9f84-477f-a849-a87c15ad33a4 None None] Starting request: 10.222.0.47 "PUT /placement/resource_providers/a82a3236-c792-4811-a4c4-7d284d600d93/traits" {{(pid=94256) __call__ /opt/stack/placement/placement/requestlog.py:55}}
Jul 14 08:57:44.356768 n-d-771362-35 devstack@placement-api.service[94256]: INFO placement.requestlog [req-416298fd-a2d0-451d-b72f-82b0264ca295 req-d8d49c4e-9f84-477f-a849-a87c15ad33a4 service placement] 10.222.0.47 "PUT /placement/resource_providers/a82a3236-c792-4811-a4c4-7d284d600d93/traits" status: 200 len: 211 microversion: 1.6
Jul 14 08:57:44.357027 n-d-771362-35 devstack@placement-api.service[94256]: [pid: 94256|app: 0|req: 6/13] 10.222.0.47 () {64 vars in 1472 bytes} [Wed Jul 14 08:57:44 2021] PUT /placement/resource_providers/a82a3236-c792-4811-a4c4-7d284d600d93/traits => generated 211 bytes in 50 msecs (HTTP/1.1 200) 6 headers in 224 bytes (2 switches on core 0)
Jul 14 08:57:45.522355 n-d-771362-35 devstack@placement-api.service[94255]: DEBUG placement.requestlog [req-6e09fb76-2e60-4976-8d25-149905e04018 req-acfbf2a6-6004-495b-a3d9-0a373508027f None None] Starting request: 10.222.0.44 "GET /placement/resource_providers?in_tree=69800ee1-f6be-4092-8208-70d032bf37a3" {{(pid=94255) __call__ /opt/stack/placement/placement/requestlog.py:55}}
Jul 14 08:57:45.628093 n-d-771362-35 devstack@placement-api.service[94255]: INFO placement.requestlog [req-6e09fb76-2e60-4976-8d25-149905e04018 req-acfbf2a6-6004-495b-a3d9-0a373508027f service placement] 10.222.0.44 "GET /placement/resource_providers?in_tree=69800ee1-f6be-4092-8208-70d032bf37a3" status: 200 len: 26 microversion: 1.14
Jul 14 08:57:45.628288 n-d-771362-35 devstack@placement-api.service[94255]: [pid: 94255|app: 0|req: 8/14] 10.222.0.44 () {60 vars in 1377 bytes} [Wed Jul 14 08:57:45 2021] GET /placement/resource_providers?in_tree=69800ee1-f6be-4092-8208-70d032bf37a3 => generated 26 bytes in 106 msecs (HTTP/1.1 200) 6 headers in 224 bytes (1 switches on core 0)
Jul 14 08:57:45.635104 n-d-771362-35 devstack@placement-api.service[94256]: DEBUG placement.requestlog [req-6e09fb76-2e60-4976-8d25-149905e04018 req-7d24ac1b-c300-4559-94f6-5a7f5164fc7b None None] Starting request: 10.222.0.44 "POST /placement/resource_providers" {{(pid=94256) __call__ /opt/stack/placement/placement/requestlog.py:55}}
Jul 14 08:57:45.651104 n-d-771362-35 devstack@placement-api.service[94256]: INFO placement.requestlog [req-6e09fb76-2e60-4976-8d25-149905e04018 req-7d24ac1b-c300-4559-94f6-5a7f5164fc7b service placement] 10.222.0.44 "POST /placement/resource_providers" status: 200 len: 837 microversion: 1.20
Jul 14 08:57:45.651359 n-d-771362-35 devstack@placement-api.service[94256]: [pid: 94256|app: 0|req: 7/15] 10.222.0.44 () {64 vars in 1341 bytes} [Wed Jul 14 08:57:45 2021] POST /placement/resource_providers => generated 837 bytes in 16 msecs (HTTP/1.1 200) 9 headers in 392 bytes (2 switches on core 0)
Jul 14 08:57:45.863082 n-d-771362-35 devstack@placement-api.service[94255]: DEBUG placement.requestlog [req-6e09fb76-2e60-4976-8d25-149905e04018 req-474e56b3-6d7f-4c92-a140-21a1b19564e9 None None] Starting request: 10.222.0.44 "PUT /placement/resource_providers/69800ee1-f6be-4092-8208-70d032bf37a3/inventories" {{(pid=94255) __call__ /opt/stack/placement/placement/requestlog.py:55}}
Jul 14 08:57:45.894095 n-d-771362-35 devstack@placement-api.service[94255]: INFO placement.requestlog [req-6e09fb76-2e60-4976-8d25-149905e04018 req-474e56b3-6d7f-4c92-a140-21a1b19564e9 service placement] 10.222.0.44 "PUT /placement/resource_providers/69800ee1-f6be-4092-8208-70d032bf37a3/inventories" status: 200 len: 397 microversion: 1.26
Jul 14 08:57:45.894308 n-d-771362-35 devstack@placement-api.service[94255]: [pid: 94255|app: 0|req: 9/16] 10.222.0.44 () {64 vars in 1488 bytes} [Wed Jul 14 08:57:45 2021] PUT /placement/resource_providers/69800ee1-f6be-4092-8208-70d032bf37a3/inventories => generated 397 bytes in 32 msecs (HTTP/1.1 200) 8 headers in 296 bytes (1 switches on core 0)
Jul 14 08:57:45.904431 n-d-771362-35 devstack@placement-api.service[94256]: DEBUG placement.requestlog [req-6e09fb76-2e60-4976-8d25-149905e04018 req-33e556d7-9f57-4f94-bd45-f9cbe951a91a None None] Starting request: 10.222.0.44 "GET /placement/traits?name=in:COMPUTE_NET_ATTACH_INTERFACE,COMPUTE_NODE,COMPUTE_IMAGE_TYPE_VHDX,COMPUTE_DEVICE_TAGGING,COMPUTE_SECURITY_UEFI_SECURE_BOOT,COMPUTE_IMAGE_TYPE_VHD" {{(pid=94256) __call__ /opt/stack/placement/placement/requestlog.py:55}}
Jul 14 08:57:45.913854 n-d-771362-35 devstack@placement-api.service[94256]: INFO placement.requestlog [req-6e09fb76-2e60-4976-8d25-149905e04018 req-33e556d7-9f57-4f94-bd45-f9cbe951a91a service placement] 10.222.0.44 "GET /placement/traits?name=in:COMPUTE_NET_ATTACH_INTERFACE,COMPUTE_NODE,COMPUTE_IMAGE_TYPE_VHDX,COMPUTE_DEVICE_TAGGING,COMPUTE_SECURITY_UEFI_SECURE_BOOT,COMPUTE_IMAGE_TYPE_VHD" status: 200 len: 176 microversion: 1.6
Jul 14 08:57:45.914052 n-d-771362-35 devstack@placement-api.service[94256]: [pid: 94256|app: 0|req: 8/17] 10.222.0.44 () {60 vars in 1558 bytes} [Wed Jul 14 08:57:45 2021] GET /placement/traits?name=in:COMPUTE_NET_ATTACH_INTERFACE,COMPUTE_NODE,COMPUTE_IMAGE_TYPE_VHDX,COMPUTE_DEVICE_TAGGING,COMPUTE_SECURITY_UEFI_SECURE_BOOT,COMPUTE_IMAGE_TYPE_VHD => generated 176 bytes in 10 msecs (HTTP/1.1 200) 6 headers in 224 bytes (2 switches on core 0)
Jul 14 08:57:45.920713 n-d-771362-35 devstack@placement-api.service[94255]: DEBUG placement.requestlog [req-6e09fb76-2e60-4976-8d25-149905e04018 req-bff708aa-d246-456a-8eb1-5d20b4a13f64 None None] Starting request: 10.222.0.44 "PUT /placement/resource_providers/69800ee1-f6be-4092-8208-70d032bf37a3/traits" {{(pid=94255) __call__ /opt/stack/placement/placement/requestlog.py:55}}
Jul 14 08:57:45.947891 n-d-771362-35 devstack@placement-api.service[94255]: INFO placement.requestlog [req-6e09fb76-2e60-4976-8d25-149905e04018 req-bff708aa-d246-456a-8eb1-5d20b4a13f64 service placement] 10.222.0.44 "PUT /placement/resource_providers/69800ee1-f6be-4092-8208-70d032bf37a3/traits" status: 200 len: 211 microversion: 1.6
Jul 14 08:57:45.948175 n-d-771362-35 devstack@placement-api.service[94255]: [pid: 94255|app: 0|req: 10/18] 10.222.0.44 () {64 vars in 1472 bytes} [Wed Jul 14 08:57:45 2021] PUT /placement/resource_providers/69800ee1-f6be-4092-8208-70d032bf37a3/traits => generated 211 bytes in 28 msecs (HTTP/1.1 200) 6 headers in 224 bytes (2 switches on core 0)
Jul 14 08:58:41.062417 n-d-771362-35 devstack@placement-api.service[94256]: DEBUG placement.requestlog [req-01fb9de0-223e-4431-9275-49437aedbacd req-051c2091-88f7-4e97-82b4-7f032dd6cb8a None None] Starting request: 10.222.0.47 "GET /placement/resource_providers/a82a3236-c792-4811-a4c4-7d284d600d93/allocations" {{(pid=94256) __call__ /opt/stack/placement/placement/requestlog.py:55}}
Jul 14 08:58:41.083634 n-d-771362-35 devstack@placement-api.service[94256]: INFO placement.requestlog [req-01fb9de0-223e-4431-9275-49437aedbacd req-051c2091-88f7-4e97-82b4-7f032dd6cb8a service placement] 10.222.0.47 "GET /placement/resource_providers/a82a3236-c792-4811-a4c4-7d284d600d93/allocations" status: 200 len: 54 microversion: 1.0
Jul 14 08:58:41.083922 n-d-771362-35 devstack@placement-api.service[94256]: [pid: 94256|app: 0|req: 9/19] 10.222.0.47 () {58 vars in 1391 bytes} [Wed Jul 14 08:58:41 2021] GET /placement/resource_providers/a82a3236-c792-4811-a4c4-7d284d600d93/allocations => generated 54 bytes in 22 msecs (HTTP/1.1 200) 6 headers in 223 bytes (2 switches on core 0)
Jul 14 08:58:42.831755 n-d-771362-35 devstack@placement-api.service[94255]: DEBUG placement.requestlog [req-f716d892-a4d1-4820-8baf-b904d94f7828 req-827964ef-8958-480b-affb-e967be2ff62d None None] Starting request: 10.222.0.44 "GET /placement/resource_providers/69800ee1-f6be-4092-8208-70d032bf37a3/allocations" {{(pid=94255) __call__ /opt/stack/placement/placement/requestlog.py:55}}
Jul 14 08:58:42.850502 n-d-771362-35 devstack@placement-api.service[94255]: INFO placement.requestlog [req-f716d892-a4d1-4820-8baf-b904d94f7828 req-827964ef-8958-480b-affb-e967be2ff62d service placement] 10.222.0.44 "GET /placement/resource_providers/69800ee1-f6be-4092-8208-70d032bf37a3/allocations" status: 200 len: 54 microversion: 1.0
Jul 14 08:58:42.850836 n-d-771362-35 devstack@placement-api.service[94255]: [pid: 94255|app: 0|req: 11/20] 10.222.0.44 () {58 vars in 1391 bytes} [Wed Jul 14 08:58:42 2021] GET /placement/resource_providers/69800ee1-f6be-4092-8208-70d032bf37a3/allocations => generated 54 bytes in 19 msecs (HTTP/1.1 200) 6 headers in 223 bytes (2 switches on core 0)
Jul 14 08:59:22.639715 n-d-771362-35 devstack@placement-api.service[94256]: DEBUG placement.requestlog [None req-dda9f1a9-4a1a-456a-a1ec-fa160c79f835 None None] Starting request: 10.222.0.25 "GET /placement/" {{(pid=94256) __call__ /opt/stack/placement/placement/requestlog.py:55}}
Jul 14 08:59:22.640786 n-d-771362-35 devstack@placement-api.service[94256]: INFO placement.requestlog [None req-dda9f1a9-4a1a-456a-a1ec-fa160c79f835 None None] 10.222.0.25 "GET /placement/" status: 200 len: 136 microversion: 1.0
Jul 14 08:59:22.641025 n-d-771362-35 devstack@placement-api.service[94256]: [pid: 94256|app: 0|req: 10/21] 10.222.0.25 () {54 vars in 916 bytes} [Wed Jul 14 08:59:22 2021] GET /placement => generated 136 bytes in 2 msecs (HTTP/1.1 200) 6 headers in 224 bytes (1 switches on core 0)
Jul 14 08:59:42.977168 n-d-771362-35 devstack@placement-api.service[94255]: DEBUG placement.requestlog [req-64c827dd-3e17-4cf4-92c0-ff19c6938931 req-82657c32-bc10-49f1-bf64-18193d07a434 None None] Starting request: 10.222.0.47 "GET /placement/resource_providers/a82a3236-c792-4811-a4c4-7d284d600d93/allocations" {{(pid=94255) __call__ /opt/stack/placement/placement/requestlog.py:55}}
Jul 14 08:59:42.992788 n-d-771362-35 devstack@placement-api.service[94255]: INFO placement.requestlog [req-64c827dd-3e17-4cf4-92c0-ff19c6938931 req-82657c32-bc10-49f1-bf64-18193d07a434 service placement] 10.222.0.47 "GET /placement/resource_providers/a82a3236-c792-4811-a4c4-7d284d600d93/allocations" status: 200 len: 54 microversion: 1.0
Jul 14 08:59:42.993177 n-d-771362-35 devstack@placement-api.service[94255]: [pid: 94255|app: 0|req: 12/22] 10.222.0.47 () {58 vars in 1391 bytes} [Wed Jul 14 08:59:42 2021] GET /placement/resource_providers/a82a3236-c792-4811-a4c4-7d284d600d93/allocations => generated 54 bytes in 16 msecs (HTTP/1.1 200) 6 headers in 223 bytes (1 switches on core 0)
Jul 14 08:59:44.785616 n-d-771362-35 devstack@placement-api.service[94256]: DEBUG placement.requestlog [req-9f4ef2f7-64dd-47cd-b08d-f1fc81512067 req-bb8f1872-d2ef-4d0e-bbdb-6fd649af51ca None None] Starting request: 10.222.0.44 "GET /placement/resource_providers/69800ee1-f6be-4092-8208-70d032bf37a3/allocations" {{(pid=94256) __call__ /opt/stack/placement/placement/requestlog.py:55}}
Jul 14 08:59:44.803255 n-d-771362-35 devstack@placement-api.service[94256]: INFO placement.requestlog [req-9f4ef2f7-64dd-47cd-b08d-f1fc81512067 req-bb8f1872-d2ef-4d0e-bbdb-6fd649af51ca service placement] 10.222.0.44 "GET /placement/resource_providers/69800ee1-f6be-4092-8208-70d032bf37a3/allocations" status: 200 len: 54 microversion: 1.0
Jul 14 08:59:44.803836 n-d-771362-35 devstack@placement-api.service[94256]: [pid: 94256|app: 0|req: 11/23] 10.222.0.44 () {58 vars in 1391 bytes} [Wed Jul 14 08:59:44 2021] GET /placement/resource_providers/69800ee1-f6be-4092-8208-70d032bf37a3/allocations => generated 54 bytes in 19 msecs (HTTP/1.1 200) 6 headers in 223 bytes (2 switches on core 0)
Jul 14 08:59:56.655034 n-d-771362-35 devstack@placement-api.service[94255]: DEBUG placement.requestlog [None req-c99547cb-6a4d-4ebf-899c-1c66b0eaec8e None None] Starting request: 10.222.0.25 "GET /placement/" {{(pid=94255) __call__ /opt/stack/placement/placement/requestlog.py:55}}
Jul 14 08:59:56.656096 n-d-771362-35 devstack@placement-api.service[94255]: INFO placement.requestlog [None req-c99547cb-6a4d-4ebf-899c-1c66b0eaec8e None None] 10.222.0.25 "GET /placement/" status: 200 len: 136 microversion: 1.0
Jul 14 08:59:56.656467 n-d-771362-35 devstack@placement-api.service[94255]: [pid: 94255|app: 0|req: 13/24] 10.222.0.25 () {54 vars in 907 bytes} [Wed Jul 14 08:59:56 2021] GET /placement => generated 136 bytes in 2 msecs (HTTP/1.1 200) 6 headers in 224 bytes (1 switches on core 0)
Jul 14 08:59:56.668821 n-d-771362-35 devstack@placement-api.service[94256]: DEBUG placement.requestlog [req-5dda030b-f871-4599-bde1-8e133729cfcc req-9f1f6379-3608-4b36-8a2d-023732b32abe None None] Starting request: 10.222.0.25 "GET /placement/resource_providers?name=n-h1-771362-35" {{(pid=94256) __call__ /opt/stack/placement/placement/requestlog.py:55}}
Jul 14 08:59:56.936698 n-d-771362-35 devstack@placement-api.service[94256]: INFO placement.requestlog [req-5dda030b-f871-4599-bde1-8e133729cfcc req-9f1f6379-3608-4b36-8a2d-023732b32abe service placement] 10.222.0.25 "GET /placement/resource_providers?name=n-h1-771362-35" status: 200 len: 441 microversion: 1.0
Jul 14 08:59:56.937610 n-d-771362-35 devstack@placement-api.service[94256]: [pid: 94256|app: 0|req: 12/25] 10.222.0.25 () {58 vars in 1277 bytes} [Wed Jul 14 08:59:56 2021] GET /placement/resource_providers?name=n-h1-771362-35 => generated 441 bytes in 269 msecs (HTTP/1.1 200) 6 headers in 224 bytes (1 switches on core 0)
Jul 14 08:59:56.945594 n-d-771362-35 devstack@placement-api.service[94255]: DEBUG placement.requestlog [req-5dda030b-f871-4599-bde1-8e133729cfcc req-bc917022-3701-436e-9ddb-ac2e52859764 None None] Starting request: 10.222.0.25 "GET /placement/resource_providers/a82a3236-c792-4811-a4c4-7d284d600d93/aggregates" {{(pid=94255) __call__ /opt/stack/placement/placement/requestlog.py:55}}
Jul 14 08:59:56.963626 n-d-771362-35 devstack@placement-api.service[94255]: INFO placement.requestlog [req-5dda030b-f871-4599-bde1-8e133729cfcc req-bc917022-3701-436e-9ddb-ac2e52859764 service placement] 10.222.0.25 "GET /placement/resource_providers/a82a3236-c792-4811-a4c4-7d284d600d93/aggregates" status: 200 len: 53 microversion: 1.19
Jul 14 08:59:56.972263 n-d-771362-35 devstack@placement-api.service[94255]: [pid: 94255|app: 0|req: 14/26] 10.222.0.25 () {60 vars in 1426 bytes} [Wed Jul 14 08:59:56 2021] GET /placement/resource_providers/a82a3236-c792-4811-a4c4-7d284d600d93/aggregates => generated 53 bytes in 27 msecs (HTTP/1.1 200) 8 headers in 295 bytes (1 switches on core 0)
Jul 14 08:59:56.972828 n-d-771362-35 devstack@placement-api.service[94256]: DEBUG placement.requestlog [req-5dda030b-f871-4599-bde1-8e133729cfcc req-dd0e6e3d-fc98-4048-9d8a-53f0b37d3a69 None None] Starting request: 10.222.0.25 "PUT /placement/resource_providers/a82a3236-c792-4811-a4c4-7d284d600d93/aggregates" {{(pid=94256) __call__ /opt/stack/placement/placement/requestlog.py:55}}
Jul 14 08:59:57.003210 n-d-771362-35 devstack@placement-api.service[94256]: DEBUG placement.objects.resource_provider [req-5dda030b-f871-4599-bde1-8e133729cfcc req-dd0e6e3d-fc98-4048-9d8a-53f0b37d3a69 service placement] _ensure_aggregate() did not find aggregate 7b74f26b-f29a-435b-801e-290741c23cb5. Attempting to create it. {{(pid=94256) _ensure_aggregate /opt/stack/placement/placement/objects/resource_provider.py:319}}
Jul 14 08:59:57.005084 n-d-771362-35 devstack@placement-api.service[94256]: DEBUG placement.objects.resource_provider [req-5dda030b-f871-4599-bde1-8e133729cfcc req-dd0e6e3d-fc98-4048-9d8a-53f0b37d3a69 service placement] _ensure_aggregate() created new aggregate 7b74f26b-f29a-435b-801e-290741c23cb5 (id=1). {{(pid=94256) _ensure_aggregate /opt/stack/placement/placement/objects/resource_provider.py:325}}
Jul 14 08:59:57.007000 n-d-771362-35 devstack@placement-api.service[94256]: DEBUG placement.objects.resource_provider [req-5dda030b-f871-4599-bde1-8e133729cfcc req-dd0e6e3d-fc98-4048-9d8a-53f0b37d3a69 service placement] Setting aggregates for provider a82a3236-c792-4811-a4c4-7d284d600d93. Successfully associated aggregate 7b74f26b-f29a-435b-801e-290741c23cb5. {{(pid=94256) _set_aggregates /opt/stack/placement/placement/objects/resource_provider.py:387}}
Jul 14 08:59:57.016503 n-d-771362-35 devstack@placement-api.service[94256]: INFO placement.requestlog [req-5dda030b-f871-4599-bde1-8e133729cfcc req-dd0e6e3d-fc98-4048-9d8a-53f0b37d3a69 service placement] 10.222.0.25 "PUT /placement/resource_providers/a82a3236-c792-4811-a4c4-7d284d600d93/aggregates" status: 200 len: 91 microversion: 1.19
Jul 14 08:59:57.020042 n-d-771362-35 devstack@placement-api.service[94256]: [pid: 94256|app: 0|req: 13/27] 10.222.0.25 () {64 vars in 1478 bytes} [Wed Jul 14 08:59:56 2021] PUT /placement/resource_providers/a82a3236-c792-4811-a4c4-7d284d600d93/aggregates => generated 91 bytes in 47 msecs (HTTP/1.1 200) 8 headers in 295 bytes (1 switches on core 0)
Jul 14 08:59:58.137809 n-d-771362-35 devstack@placement-api.service[94255]: DEBUG placement.requestlog [req-6863ae91-08d1-482b-9b71-172fa30e7009 req-6799abef-e3d0-4e4e-9c3d-bec0aed4c4f6 None None] Starting request: 10.222.0.25 "GET /placement/resource_providers?name=n-h1-771362-35" {{(pid=94255) __call__ /opt/stack/placement/placement/requestlog.py:55}}
Jul 14 08:59:58.155301 n-d-771362-35 devstack@placement-api.service[94255]: INFO placement.requestlog [req-6863ae91-08d1-482b-9b71-172fa30e7009 req-6799abef-e3d0-4e4e-9c3d-bec0aed4c4f6 service placement] 10.222.0.25 "GET /placement/resource_providers?name=n-h1-771362-35" status: 200 len: 441 microversion: 1.0
Jul 14 08:59:58.164186 n-d-771362-35 devstack@placement-api.service[94256]: DEBUG placement.requestlog [req-6863ae91-08d1-482b-9b71-172fa30e7009 req-6e862b3e-5895-4d80-a523-ae123ae0f73f None None] Starting request: 10.222.0.25 "GET /placement/resource_providers/a82a3236-c792-4811-a4c4-7d284d600d93/aggregates" {{(pid=94256) __call__ /opt/stack/placement/placement/requestlog.py:55}}
Jul 14 08:59:58.173500 n-d-771362-35 devstack@placement-api.service[94255]: [pid: 94255|app: 0|req: 15/28] 10.222.0.25 () {58 vars in 1277 bytes} [Wed Jul 14 08:59:58 2021] GET /placement/resource_providers?name=n-h1-771362-35 => generated 441 bytes in 35 msecs (HTTP/1.1 200) 6 headers in 224 bytes (1 switches on core 0)
Jul 14 08:59:58.181554 n-d-771362-35 devstack@placement-api.service[94256]: INFO placement.requestlog [req-6863ae91-08d1-482b-9b71-172fa30e7009 req-6e862b3e-5895-4d80-a523-ae123ae0f73f service placement] 10.222.0.25 "GET /placement/resource_providers/a82a3236-c792-4811-a4c4-7d284d600d93/aggregates" status: 200 len: 91 microversion: 1.19
Jul 14 08:59:58.184031 n-d-771362-35 devstack@placement-api.service[94256]: [pid: 94256|app: 0|req: 14/29] 10.222.0.25 () {60 vars in 1426 bytes} [Wed Jul 14 08:59:58 2021] GET /placement/resource_providers/a82a3236-c792-4811-a4c4-7d284d600d93/aggregates => generated 91 bytes in 20 msecs (HTTP/1.1 200) 8 headers in 295 bytes (2 switches on core 0)
Jul 14 08:59:58.190653 n-d-771362-35 devstack@placement-api.service[94255]: DEBUG placement.requestlog [req-6863ae91-08d1-482b-9b71-172fa30e7009 req-33b75c09-f9d2-4d48-89b5-eb9b13f6e586 None None] Starting request: 10.222.0.25 "PUT /placement/resource_providers/a82a3236-c792-4811-a4c4-7d284d600d93/aggregates" {{(pid=94255) __call__ /opt/stack/placement/placement/requestlog.py:55}}
Jul 14 08:59:58.218445 n-d-771362-35 devstack@placement-api.service[94255]: DEBUG placement.objects.resource_provider [req-6863ae91-08d1-482b-9b71-172fa30e7009 req-33b75c09-f9d2-4d48-89b5-eb9b13f6e586 service placement] Setting aggregates for provider a82a3236-c792-4811-a4c4-7d284d600d93. Successfully disassociated aggregate 7b74f26b-f29a-435b-801e-290741c23cb5. {{(pid=94255) _set_aggregates /opt/stack/placement/placement/objects/resource_provider.py:402}}
Jul 14 08:59:58.229431 n-d-771362-35 devstack@placement-api.service[94255]: INFO placement.requestlog [req-6863ae91-08d1-482b-9b71-172fa30e7009 req-33b75c09-f9d2-4d48-89b5-eb9b13f6e586 service placement] 10.222.0.25 "PUT /placement/resource_providers/a82a3236-c792-4811-a4c4-7d284d600d93/aggregates" status: 200 len: 53 microversion: 1.19
Jul 14 08:59:58.230267 n-d-771362-35 devstack@placement-api.service[94255]: [pid: 94255|app: 0|req: 16/30] 10.222.0.25 () {64 vars in 1478 bytes} [Wed Jul 14 08:59:58 2021] PUT /placement/resource_providers/a82a3236-c792-4811-a4c4-7d284d600d93/aggregates => generated 53 bytes in 40 msecs (HTTP/1.1 200) 8 headers in 295 bytes (1 switches on core 0)
Jul 14 08:59:58.726869 n-d-771362-35 devstack@placement-api.service[94256]: DEBUG placement.requestlog [req-df0ae9fa-b654-435b-921f-33f26224e640 req-a81d35d5-c4eb-482b-b29f-451450d803bf None None] Starting request: 10.222.0.25 "GET /placement/allocation_candidates?limit=1000&resources=DISK_GB%3A1%2CMEMORY_MB%3A1024%2CVCPU%3A1&root_required=%21COMPUTE_STATUS_DISABLED" {{(pid=94256) __call__ /opt/stack/placement/placement/requestlog.py:55}}
Jul 14 08:59:58.908026 n-d-771362-35 devstack@placement-api.service[94256]: DEBUG placement.objects.research_context [req-df0ae9fa-b654-435b-921f-33f26224e640 req-a81d35d5-c4eb-482b-b29f-451450d803bf service placement] getting providers with 1 DISK_GB {{(pid=94256) __init__ /opt/stack/placement/placement/objects/research_context.py:126}}
Jul 14 08:59:58.925954 n-d-771362-35 devstack@placement-api.service[94256]: DEBUG placement.objects.research_context [req-df0ae9fa-b654-435b-921f-33f26224e640 req-a81d35d5-c4eb-482b-b29f-451450d803bf service placement] getting providers with 1024 MEMORY_MB {{(pid=94256) __init__ /opt/stack/placement/placement/objects/research_context.py:126}}
Jul 14 08:59:58.939190 n-d-771362-35 devstack@placement-api.service[94256]: DEBUG placement.objects.research_context [req-df0ae9fa-b654-435b-921f-33f26224e640 req-a81d35d5-c4eb-482b-b29f-451450d803bf service placement] getting providers with 1 VCPU {{(pid=94256) __init__ /opt/stack/placement/placement/objects/research_context.py:126}}
Jul 14 08:59:58.946340 n-d-771362-35 devstack@placement-api.service[94256]: DEBUG placement.objects.research_context [req-df0ae9fa-b654-435b-921f-33f26224e640 req-a81d35d5-c4eb-482b-b29f-451450d803bf service placement] found 2 providers with available 1 DISK_GB {{(pid=94256) get_provider_ids_matching /opt/stack/placement/placement/objects/research_context.py:549}}
Jul 14 08:59:58.946609 n-d-771362-35 devstack@placement-api.service[94256]: DEBUG placement.objects.research_context [req-df0ae9fa-b654-435b-921f-33f26224e640 req-a81d35d5-c4eb-482b-b29f-451450d803bf service placement] found 2 providers with available 1024 MEMORY_MB {{(pid=94256) get_provider_ids_matching /opt/stack/placement/placement/objects/research_context.py:549}}
Jul 14 08:59:58.947404 n-d-771362-35 devstack@placement-api.service[94256]: DEBUG placement.objects.research_context [req-df0ae9fa-b654-435b-921f-33f26224e640 req-a81d35d5-c4eb-482b-b29f-451450d803bf service placement] found 2 providers after filtering by previous result {{(pid=94256) get_provider_ids_matching /opt/stack/placement/placement/objects/research_context.py:580}}
Jul 14 08:59:58.947698 n-d-771362-35 devstack@placement-api.service[94256]: DEBUG placement.objects.research_context [req-df0ae9fa-b654-435b-921f-33f26224e640 req-a81d35d5-c4eb-482b-b29f-451450d803bf service placement] found 2 providers with available 1 VCPU {{(pid=94256) get_provider_ids_matching /opt/stack/placement/placement/objects/research_context.py:549}}
Jul 14 08:59:58.947959 n-d-771362-35 devstack@placement-api.service[94256]: DEBUG placement.objects.research_context [req-df0ae9fa-b654-435b-921f-33f26224e640 req-a81d35d5-c4eb-482b-b29f-451450d803bf service placement] found 2 providers after filtering by previous result {{(pid=94256) get_provider_ids_matching /opt/stack/placement/placement/objects/research_context.py:580}}
Jul 14 08:59:58.966733 n-d-771362-35 devstack@placement-api.service[94256]: DEBUG placement.objects.allocation_candidate [req-df0ae9fa-b654-435b-921f-33f26224e640 req-a81d35d5-c4eb-482b-b29f-451450d803bf service placement] RequestGroup(use_same_provider=False, resources={DISK_GB:1, MEMORY_MB:1024, VCPU:1}, traits=[], aggregates=[]) (suffix '') returned 2 matches {{(pid=94256) _get_by_requests /opt/stack/placement/placement/objects/allocation_candidate.py:145}}
Jul 14 08:59:58.967294 n-d-771362-35 devstack@placement-api.service[94256]: DEBUG placement.objects.allocation_candidate [req-df0ae9fa-b654-435b-921f-33f26224e640 req-a81d35d5-c4eb-482b-b29f-451450d803bf service placement] Merging candidates yields 2 allocation requests and 2 provider summaries {{(pid=94256) _merge_candidates /opt/stack/placement/placement/objects/allocation_candidate.py:783}}
Jul 14 08:59:58.969415 n-d-771362-35 devstack@placement-api.service[94256]: INFO placement.requestlog [req-df0ae9fa-b654-435b-921f-33f26224e640 req-a81d35d5-c4eb-482b-b29f-451450d803bf service placement] 10.222.0.25 "GET /placement/allocation_candidates?limit=1000&resources=DISK_GB%3A1%2CMEMORY_MB%3A1024%2CVCPU%3A1&root_required=%21COMPUTE_STATUS_DISABLED" status: 200 len: 1303 microversion: 1.35
