Jul 05 02:16:41.224840 n-d-771362-32 devstack@placement-api.service[94945]: INFO placement.requestlog [req-f695084f-a7ee-42bc-9f0d-1b62494e6717 req-abb7fe84-13ee-4fae-b54f-309a74794b6b service placement] 10.222.0.23 "GET /placement/allocations/beedb641-85a2-4479-99e6-02ab0245ecb6" status: 200 len: 19 microversion: 1.28
Jul 05 02:16:41.228259 n-d-771362-32 devstack@placement-api.service[94945]: [pid: 94945|app: 0|req: 149/290] 10.222.0.23 () {60 vars in 1381 bytes} [Mon Jul 5 02:16:41 2021] GET /placement/allocations/beedb641-85a2-4479-99e6-02ab0245ecb6 => generated 19 bytes in 14 msecs (HTTP/1.1 200) 8 headers in 295 bytes (1 switches on core 0)
Jul 05 02:16:41.233204 n-d-771362-32 devstack@placement-api.service[94946]: DEBUG placement.requestlog [req-f695084f-a7ee-42bc-9f0d-1b62494e6717 req-ff70d1f5-c69a-4107-ad9c-311378ac9b0d None None] Starting request: 10.222.0.23 "POST /placement/allocations" {{(pid=94946) __call__ /opt/stack/placement/placement/requestlog.py:55}}
Jul 05 02:16:41.903832 n-d-771362-32 devstack@placement-api.service[94946]: DEBUG placement.handlers.allocation [req-f695084f-a7ee-42bc-9f0d-1b62494e6717 req-ff70d1f5-c69a-4107-ad9c-311378ac9b0d service placement] Successfully wrote allocations [, , , , , ] {{(pid=94946) _create_allocations /opt/stack/placement/placement/handlers/allocation.py:524}}
Jul 05 02:16:41.904733 n-d-771362-32 devstack@placement-api.service[94946]: INFO placement.requestlog [req-f695084f-a7ee-42bc-9f0d-1b62494e6717 req-ff70d1f5-c69a-4107-ad9c-311378ac9b0d service placement] 10.222.0.23 "POST /placement/allocations" status: 204 len: 0 microversion: 1.28
Jul 05 02:16:41.905364 n-d-771362-32 devstack@placement-api.service[94946]: [pid: 94946|app: 0|req: 142/291] 10.222.0.23 () {64 vars in 1324 bytes} [Mon Jul 5 02:16:41 2021] POST /placement/allocations => generated 0 bytes in 672 msecs (HTTP/1.1 204) 5 headers in 199 bytes (1 switches on core 0)
Jul 05 02:16:42.037251 n-d-771362-32 devstack@placement-api.service[94945]: DEBUG placement.requestlog [req-f695084f-a7ee-42bc-9f0d-1b62494e6717 req-0b3efd6a-179a-4dff-88ff-518b07752c12 None None] Starting request: 10.222.0.23 "GET /placement/allocations/9425bd0c-c153-4dfc-853f-2f05765de50b" {{(pid=94945) __call__ /opt/stack/placement/placement/requestlog.py:55}}
Jul 05 02:16:42.055520 n-d-771362-32 devstack@placement-api.service[94945]: INFO placement.requestlog [req-f695084f-a7ee-42bc-9f0d-1b62494e6717 req-0b3efd6a-179a-4dff-88ff-518b07752c12 service placement] 10.222.0.23 "GET /placement/allocations/9425bd0c-c153-4dfc-853f-2f05765de50b" status: 200 len: 19 microversion: 1.28
Jul 05 02:16:42.057632 n-d-771362-32 devstack@placement-api.service[94945]: [pid: 94945|app: 0|req: 150/292] 10.222.0.23 () {60 vars in 1381 bytes} [Mon Jul 5 02:16:42 2021] GET /placement/allocations/9425bd0c-c153-4dfc-853f-2f05765de50b => generated 19 bytes in 20 msecs (HTTP/1.1 200) 8 headers in 295 bytes (1 switches on core 0)
Jul 05 02:16:42.064430 n-d-771362-32 devstack@placement-api.service[94946]: DEBUG placement.requestlog [req-f695084f-a7ee-42bc-9f0d-1b62494e6717 req-5f46981f-628a-4153-a4f0-83e24558cb3d None None] Starting request: 10.222.0.23 "PUT /placement/allocations/9425bd0c-c153-4dfc-853f-2f05765de50b" {{(pid=94946) __call__ /opt/stack/placement/placement/requestlog.py:55}}
Jul 05 02:16:42.771898 n-d-771362-32 devstack@placement-api.service[94946]: DEBUG placement.handlers.allocation [req-f695084f-a7ee-42bc-9f0d-1b62494e6717 req-5f46981f-628a-4153-a4f0-83e24558cb3d service placement] Successfully wrote allocations [, , ] {{(pid=94946) _create_allocations /opt/stack/placement/placement/handlers/allocation.py:435}}
Jul 05 02:16:42.772457 n-d-771362-32 devstack@placement-api.service[94946]: INFO placement.requestlog [req-f695084f-a7ee-42bc-9f0d-1b62494e6717 req-5f46981f-628a-4153-a4f0-83e24558cb3d service placement] 10.222.0.23 "PUT /placement/allocations/9425bd0c-c153-4dfc-853f-2f05765de50b" status: 204 len: 0 microversion: 1.28
Jul 05 02:16:42.772814 n-d-771362-32 devstack@placement-api.service[94946]: [pid: 94946|app: 0|req: 143/293] 10.222.0.23 () {64 vars in 1434 bytes} [Mon Jul 5 02:16:42 2021] PUT /placement/allocations/9425bd0c-c153-4dfc-853f-2f05765de50b => generated 0 bytes in 709 msecs (HTTP/1.1 204) 5 headers in 199 bytes (2 switches on core 0)
Jul 05 02:16:43.178774 n-d-771362-32 devstack@placement-api.service[94945]: DEBUG placement.requestlog [req-f695084f-a7ee-42bc-9f0d-1b62494e6717 req-482240fe-443d-4931-8d59-d8817059c450 None None] Starting request: 10.222.0.15 "GET /placement/allocations/9425bd0c-c153-4dfc-853f-2f05765de50b" {{(pid=94945) __call__ /opt/stack/placement/placement/requestlog.py:55}}
Jul 05 02:16:43.218742 n-d-771362-32 devstack@placement-api.service[94945]: INFO placement.requestlog [req-f695084f-a7ee-42bc-9f0d-1b62494e6717 req-482240fe-443d-4931-8d59-d8817059c450 service placement] 10.222.0.15 "GET /placement/allocations/9425bd0c-c153-4dfc-853f-2f05765de50b" status: 200 len: 259 microversion: 1.28
Jul 05 02:16:43.219532 n-d-771362-32 devstack@placement-api.service[94945]: [pid: 94945|app: 0|req: 151/294] 10.222.0.15 () {60 vars in 1378 bytes} [Mon Jul 5 02:16:43 2021] GET /placement/allocations/9425bd0c-c153-4dfc-853f-2f05765de50b => generated 259 bytes in 41 msecs (HTTP/1.1 200) 8 headers in 296 bytes (1 switches on core 0)
Jul 05 02:16:43.665615 n-d-771362-32 devstack@placement-api.service[94946]: DEBUG placement.requestlog [req-41f1ffc1-3f48-4934-8a9b-7c961bbde925 req-15c5fd00-c83a-41b5-84fb-e2b9300e531d None None] Starting request: 10.222.0.15 "GET /placement/allocations/ded7cf1a-9d65-47f8-8354-0fb264b01c77" {{(pid=94946) __call__ /opt/stack/placement/placement/requestlog.py:55}}
Jul 05 02:16:43.695707 n-d-771362-32 devstack@placement-api.service[94946]: INFO placement.requestlog [req-41f1ffc1-3f48-4934-8a9b-7c961bbde925 req-15c5fd00-c83a-41b5-84fb-e2b9300e531d service placement] 10.222.0.15 "GET /placement/allocations/ded7cf1a-9d65-47f8-8354-0fb264b01c77" status: 200 len: 259 microversion: 1.28
Jul 05 02:16:43.698977 n-d-771362-32 devstack@placement-api.service[94946]: [pid: 94946|app: 0|req: 144/295] 10.222.0.15 () {60 vars in 1378 bytes} [Mon Jul 5 02:16:43 2021] GET /placement/allocations/ded7cf1a-9d65-47f8-8354-0fb264b01c77 => generated 259 bytes in 33 msecs (HTTP/1.1 200) 8 headers in 296 bytes (1 switches on core 0)
Jul 05 02:16:43.704042 n-d-771362-32 devstack@placement-api.service[94945]: DEBUG placement.requestlog [req-41f1ffc1-3f48-4934-8a9b-7c961bbde925 req-115b790c-3837-4693-a55e-6905ca604a8f None None] Starting request: 10.222.0.15 "PUT /placement/allocations/ded7cf1a-9d65-47f8-8354-0fb264b01c77" {{(pid=94945) __call__ /opt/stack/placement/placement/requestlog.py:55}}
Jul 05 02:16:44.037065 n-d-771362-32 devstack@placement-api.service[94945]: DEBUG placement.handlers.allocation [req-41f1ffc1-3f48-4934-8a9b-7c961bbde925 req-115b790c-3837-4693-a55e-6905ca604a8f service placement] Successfully wrote allocations [, , ] {{(pid=94945) _create_allocations /opt/stack/placement/placement/handlers/allocation.py:435}}
Jul 05 02:16:44.037065 n-d-771362-32 devstack@placement-api.service[94945]: INFO placement.requestlog [req-41f1ffc1-3f48-4934-8a9b-7c961bbde925 req-115b790c-3837-4693-a55e-6905ca604a8f service placement] 10.222.0.15 "PUT /placement/allocations/ded7cf1a-9d65-47f8-8354-0fb264b01c77" status: 204 len: 0 microversion: 1.28
Jul 05 02:16:44.037065 n-d-771362-32 devstack@placement-api.service[94945]: [pid: 94945|app: 0|req: 152/296] 10.222.0.15 () {64 vars in 1431 bytes} [Mon Jul 5 02:16:43 2021] PUT /placement/allocations/ded7cf1a-9d65-47f8-8354-0fb264b01c77 => generated 0 bytes in 326 msecs (HTTP/1.1 204) 5 headers in 199 bytes (1 switches on core 0)
Jul 05 02:16:56.640624 n-d-771362-32 devstack@placement-api.service[94946]: DEBUG placement.requestlog [req-a891a06c-86a0-4254-b078-4d9c05fea6e8 req-e8ff3456-66a1-40b1-8958-c7ed262aaeb0 None None] Starting request: 10.222.0.23 "GET /placement/allocation_candidates?limit=1000&resources=MEMORY_MB%3A1024%2CVCPU%3A1&root_required=%21COMPUTE_STATUS_DISABLED" {{(pid=94946) __call__ /opt/stack/placement/placement/requestlog.py:55}}
Jul 05 02:16:56.974190 n-d-771362-32 devstack@placement-api.service[94946]: DEBUG placement.objects.research_context [req-a891a06c-86a0-4254-b078-4d9c05fea6e8 req-e8ff3456-66a1-40b1-8958-c7ed262aaeb0 service placement] getting providers with 1024 MEMORY_MB {{(pid=94946) __init__ /opt/stack/placement/placement/objects/research_context.py:126}}
Jul 05 02:16:56.982775 n-d-771362-32 devstack@placement-api.service[94946]: DEBUG placement.objects.research_context [req-a891a06c-86a0-4254-b078-4d9c05fea6e8 req-e8ff3456-66a1-40b1-8958-c7ed262aaeb0 service placement] getting providers with 1 VCPU {{(pid=94946) __init__ /opt/stack/placement/placement/objects/research_context.py:126}}
Jul 05 02:16:56.991835 n-d-771362-32 devstack@placement-api.service[94946]: DEBUG placement.objects.research_context [req-a891a06c-86a0-4254-b078-4d9c05fea6e8 req-e8ff3456-66a1-40b1-8958-c7ed262aaeb0 service placement] found 2 providers with available 1024 MEMORY_MB {{(pid=94946) get_provider_ids_matching /opt/stack/placement/placement/objects/research_context.py:549}}
Jul 05 02:16:56.992733 n-d-771362-32 devstack@placement-api.service[94946]: DEBUG placement.objects.research_context [req-a891a06c-86a0-4254-b078-4d9c05fea6e8 req-e8ff3456-66a1-40b1-8958-c7ed262aaeb0 service placement] found 2 providers with available 1 VCPU {{(pid=94946) get_provider_ids_matching /opt/stack/placement/placement/objects/research_context.py:549}}
Jul 05 02:16:56.993739 n-d-771362-32 devstack@placement-api.service[94946]: DEBUG placement.objects.research_context [req-a891a06c-86a0-4254-b078-4d9c05fea6e8 req-e8ff3456-66a1-40b1-8958-c7ed262aaeb0 service placement] found 2 providers after filtering by previous result {{(pid=94946) get_provider_ids_matching /opt/stack/placement/placement/objects/research_context.py:580}}
Jul 05 02:16:57.017575 n-d-771362-32 devstack@placement-api.service[94946]: DEBUG placement.objects.allocation_candidate [req-a891a06c-86a0-4254-b078-4d9c05fea6e8 req-e8ff3456-66a1-40b1-8958-c7ed262aaeb0 service placement] RequestGroup(use_same_provider=False, resources={MEMORY_MB:1024, VCPU:1}, traits=[], aggregates=[]) (suffix '') returned 2 matches {{(pid=94946) _get_by_requests /opt/stack/placement/placement/objects/allocation_candidate.py:145}}
Jul 05 02:16:57.018277 n-d-771362-32 devstack@placement-api.service[94946]: DEBUG placement.objects.allocation_candidate [req-a891a06c-86a0-4254-b078-4d9c05fea6e8 req-e8ff3456-66a1-40b1-8958-c7ed262aaeb0 service placement] Merging candidates yields 2 allocation requests and 2 provider summaries {{(pid=94946) _merge_candidates /opt/stack/placement/placement/objects/allocation_candidate.py:783}}
Jul 05 02:16:57.021267 n-d-771362-32 devstack@placement-api.service[94946]: INFO placement.requestlog [req-a891a06c-86a0-4254-b078-4d9c05fea6e8 req-e8ff3456-66a1-40b1-8958-c7ed262aaeb0 service placement] 10.222.0.23 "GET /placement/allocation_candidates?limit=1000&resources=MEMORY_MB%3A1024%2CVCPU%3A1&root_required=%21COMPUTE_STATUS_DISABLED" status: 200 len: 1281 microversion: 1.35
Jul 05 02:16:57.022220 n-d-771362-32 devstack@placement-api.service[94946]: [pid: 94946|app: 0|req: 145/297] 10.222.0.23 () {60 vars in 1479 bytes} [Mon Jul 5 02:16:56 2021] GET /placement/allocation_candidates?limit=1000&resources=MEMORY_MB%3A1024%2CVCPU%3A1&root_required=%21COMPUTE_STATUS_DISABLED => generated 1281 bytes in 382 msecs (HTTP/1.1 200) 8 headers in 297 bytes (1 switches on core 0)
Jul 05 02:16:57.150435 n-d-771362-32 devstack@placement-api.service[94945]: DEBUG placement.requestlog [req-a891a06c-86a0-4254-b078-4d9c05fea6e8 req-7243ca1e-3a68-43d0-b4e2-7c0158998473 None None] Starting request: 10.222.0.23 "GET /placement/allocations/1aeab594-2943-4da5-9c13-c06d96250566" {{(pid=94945) __call__ /opt/stack/placement/placement/requestlog.py:55}}
Jul 05 02:16:57.494669 n-d-771362-32 devstack@placement-api.service[94945]: INFO placement.requestlog [req-a891a06c-86a0-4254-b078-4d9c05fea6e8 req-7243ca1e-3a68-43d0-b4e2-7c0158998473 service placement] 10.222.0.23 "GET /placement/allocations/1aeab594-2943-4da5-9c13-c06d96250566" status: 200 len: 19 microversion: 1.28
Jul 05 02:16:57.495193 n-d-771362-32 devstack@placement-api.service[94945]: [pid: 94945|app: 0|req: 153/298] 10.222.0.23 () {60 vars in 1381 bytes} [Mon Jul 5 02:16:57 2021] GET /placement/allocations/1aeab594-2943-4da5-9c13-c06d96250566 => generated 19 bytes in 345 msecs (HTTP/1.1 200) 8 headers in 295 bytes (1 switches on core 0)
Jul 05 02:16:57.500979 n-d-771362-32 devstack@placement-api.service[94946]: DEBUG placement.requestlog [req-a891a06c-86a0-4254-b078-4d9c05fea6e8 req-9c892559-1ef6-43d3-ad95-7b8d9c5039fa None None] Starting request: 10.222.0.23 "PUT /placement/allocations/1aeab594-2943-4da5-9c13-c06d96250566" {{(pid=94946) __call__ /opt/stack/placement/placement/requestlog.py:55}}
Jul 05 02:16:57.886318 n-d-771362-32 devstack@placement-api.service[94946]: DEBUG placement.handlers.allocation [req-a891a06c-86a0-4254-b078-4d9c05fea6e8 req-9c892559-1ef6-43d3-ad95-7b8d9c5039fa service placement] Successfully wrote allocations [, ] {{(pid=94946) _create_allocations /opt/stack/placement/placement/handlers/allocation.py:435}}
Jul 05 02:16:57.887552 n-d-771362-32 devstack@placement-api.service[94946]: INFO placement.requestlog [req-a891a06c-86a0-4254-b078-4d9c05fea6e8 req-9c892559-1ef6-43d3-ad95-7b8d9c5039fa service placement] 10.222.0.23 "PUT /placement/allocations/1aeab594-2943-4da5-9c13-c06d96250566" status: 204 len: 0 microversion: 1.35
Jul 05 02:16:57.888365 n-d-771362-32 devstack@placement-api.service[94946]: [pid: 94946|app: 0|req: 146/299] 10.222.0.23 () {64 vars in 1434 bytes} [Mon Jul 5 02:16:57 2021] PUT /placement/allocations/1aeab594-2943-4da5-9c13-c06d96250566 => generated 0 bytes in 387 msecs (HTTP/1.1 204) 5 headers in 199 bytes (1 switches on core 0)
Jul 05 02:17:00.019803 n-d-771362-32 devstack@placement-api.service[94945]: DEBUG placement.requestlog [req-542dbd52-9dd1-4555-b371-7138cc24aaf4 req-fdc8b77f-9812-44d7-8fc8-412b1bfae8ab None None] Starting request: 10.222.0.23 "GET /placement/allocation_candidates?limit=1000&resources=DISK_GB%3A1%2CMEMORY_MB%3A1024%2CVCPU%3A1&root_required=%21COMPUTE_STATUS_DISABLED" {{(pid=94945) __call__ /opt/stack/placement/placement/requestlog.py:55}}
Jul 05 02:17:00.086646 n-d-771362-32 devstack@placement-api.service[94945]: DEBUG placement.objects.research_context [req-542dbd52-9dd1-4555-b371-7138cc24aaf4 req-fdc8b77f-9812-44d7-8fc8-412b1bfae8ab service placement] getting providers with 1 DISK_GB {{(pid=94945) __init__ /opt/stack/placement/placement/objects/research_context.py:126}}
Jul 05 02:17:00.099833 n-d-771362-32 devstack@placement-api.service[94945]: DEBUG placement.objects.research_context [req-542dbd52-9dd1-4555-b371-7138cc24aaf4 req-fdc8b77f-9812-44d7-8fc8-412b1bfae8ab service placement] getting providers with 1024 MEMORY_MB {{(pid=94945) __init__ /opt/stack/placement/placement/objects/research_context.py:126}}
Jul 05 02:17:00.113407 n-d-771362-32 devstack@placement-api.service[94945]: DEBUG placement.objects.research_context [req-542dbd52-9dd1-4555-b371-7138cc24aaf4 req-fdc8b77f-9812-44d7-8fc8-412b1bfae8ab service placement] getting providers with 1 VCPU {{(pid=94945) __init__ /opt/stack/placement/placement/objects/research_context.py:126}}
Jul 05 02:17:00.137908 n-d-771362-32 devstack@placement-api.service[94945]: DEBUG placement.objects.research_context [req-542dbd52-9dd1-4555-b371-7138cc24aaf4 req-fdc8b77f-9812-44d7-8fc8-412b1bfae8ab service placement] found 2 providers with available 1 DISK_GB {{(pid=94945) get_provider_ids_matching /opt/stack/placement/placement/objects/research_context.py:549}}
Jul 05 02:17:00.141127 n-d-771362-32 devstack@placement-api.service[94945]: DEBUG placement.objects.research_context [req-542dbd52-9dd1-4555-b371-7138cc24aaf4 req-fdc8b77f-9812-44d7-8fc8-412b1bfae8ab service placement] found 2 providers with available 1024 MEMORY_MB {{(pid=94945) get_provider_ids_matching /opt/stack/placement/placement/objects/research_context.py:549}}
Jul 05 02:17:00.141127 n-d-771362-32 devstack@placement-api.service[94945]: DEBUG placement.objects.research_context [req-542dbd52-9dd1-4555-b371-7138cc24aaf4 req-fdc8b77f-9812-44d7-8fc8-412b1bfae8ab service placement] found 2 providers after filtering by previous result {{(pid=94945) get_provider_ids_matching /opt/stack/placement/placement/objects/research_context.py:580}}
Jul 05 02:17:00.141127 n-d-771362-32 devstack@placement-api.service[94945]: DEBUG placement.objects.research_context [req-542dbd52-9dd1-4555-b371-7138cc24aaf4 req-fdc8b77f-9812-44d7-8fc8-412b1bfae8ab service placement] found 2 providers with available 1 VCPU {{(pid=94945) get_provider_ids_matching /opt/stack/placement/placement/objects/research_context.py:549}}
Jul 05 02:17:00.141127 n-d-771362-32 devstack@placement-api.service[94945]: DEBUG placement.objects.research_context [req-542dbd52-9dd1-4555-b371-7138cc24aaf4 req-fdc8b77f-9812-44d7-8fc8-412b1bfae8ab service placement] found 2 providers after filtering by previous result {{(pid=94945) get_provider_ids_matching /opt/stack/placement/placement/objects/research_context.py:580}}
Jul 05 02:17:00.171372 n-d-771362-32 devstack@placement-api.service[94945]: DEBUG placement.objects.allocation_candidate [req-542dbd52-9dd1-4555-b371-7138cc24aaf4 req-fdc8b77f-9812-44d7-8fc8-412b1bfae8ab service placement] RequestGroup(use_same_provider=False, resources={DISK_GB:1, MEMORY_MB:1024, VCPU:1}, traits=[], aggregates=[]) (suffix '') returned 2 matches {{(pid=94945) _get_by_requests /opt/stack/placement/placement/objects/allocation_candidate.py:145}}
Jul 05 02:17:00.179897 n-d-771362-32 devstack@placement-api.service[94945]: DEBUG placement.objects.allocation_candidate [req-542dbd52-9dd1-4555-b371-7138cc24aaf4 req-fdc8b77f-9812-44d7-8fc8-412b1bfae8ab service placement] Merging candidates yields 2 allocation requests and 2 provider summaries {{(pid=94945) _merge_candidates /opt/stack/placement/placement/objects/allocation_candidate.py:783}}
Jul 05 02:17:00.179897 n-d-771362-32 devstack@placement-api.service[94945]: INFO placement.requestlog [req-542dbd52-9dd1-4555-b371-7138cc24aaf4 req-fdc8b77f-9812-44d7-8fc8-412b1bfae8ab service placement] 10.222.0.23 "GET /placement/allocation_candidates?limit=1000&resources=DISK_GB%3A1%2CMEMORY_MB%3A1024%2CVCPU%3A1&root_required=%21COMPUTE_STATUS_DISABLED" status: 200 len: 1309 microversion: 1.35
Jul 05 02:17:00.179897 n-d-771362-32 devstack@placement-api.service[94945]: [pid: 94945|app: 0|req: 154/300] 10.222.0.23 () {60 vars in 1507 bytes} [Mon Jul 5 02:17:00 2021] GET /placement/allocation_candidates?limit=1000&resources=DISK_GB%3A1%2CMEMORY_MB%3A1024%2CVCPU%3A1&root_required=%21COMPUTE_STATUS_DISABLED => generated 1309 bytes in 155 msecs (HTTP/1.1 200) 8 headers in 297 bytes (1 switches on core 0)
Jul 05 02:17:00.194361 n-d-771362-32 devstack@placement-api.service[94946]: DEBUG placement.requestlog [req-a891a06c-86a0-4254-b078-4d9c05fea6e8 req-516cf22f-6302-4682-8b49-7756e3fff7ed None None] Starting request: 10.222.0.21 "GET /placement/allocations/1aeab594-2943-4da5-9c13-c06d96250566" {{(pid=94946) __call__ /opt/stack/placement/placement/requestlog.py:55}}
Jul 05 02:17:00.217265 n-d-771362-32 devstack@placement-api.service[94946]: INFO placement.requestlog [req-a891a06c-86a0-4254-b078-4d9c05fea6e8 req-516cf22f-6302-4682-8b49-7756e3fff7ed service placement] 10.222.0.21 "GET /placement/allocations/1aeab594-2943-4da5-9c13-c06d96250566" status: 200 len: 245 microversion: 1.28
Jul 05 02:17:00.218090 n-d-771362-32 devstack@placement-api.service[94946]: [pid: 94946|app: 0|req: 147/301] 10.222.0.21 () {60 vars in 1378 bytes} [Mon Jul 5 02:17:00 2021] GET /placement/allocations/1aeab594-2943-4da5-9c13-c06d96250566 => generated 245 bytes in 26 msecs (HTTP/1.1 200) 8 headers in 296 bytes (2 switches on core 0)
Jul 05 02:17:00.266479 n-d-771362-32 devstack@placement-api.service[94945]: DEBUG placement.requestlog [req-542dbd52-9dd1-4555-b371-7138cc24aaf4 req-7899ecdf-869e-4db7-83c8-fb72dec6dbf4 None None] Starting request: 10.222.0.23 "GET /placement/allocations/b3f5e5a3-382e-4ad9-a192-3de842dc6b67" {{(pid=94945) __call__ /opt/stack/placement/placement/requestlog.py:55}}
Jul 05 02:17:00.303413 n-d-771362-32 devstack@placement-api.service[94945]: INFO placement.requestlog [req-542dbd52-9dd1-4555-b371-7138cc24aaf4 req-7899ecdf-869e-4db7-83c8-fb72dec6dbf4 service placement] 10.222.0.23 "GET /placement/allocations/b3f5e5a3-382e-4ad9-a192-3de842dc6b67" status: 200 len: 19 microversion: 1.28
Jul 05 02:17:00.307649 n-d-771362-32 devstack@placement-api.service[94945]: [pid: 94945|app: 0|req: 155/302] 10.222.0.23 () {60 vars in 1381 bytes} [Mon Jul 5 02:17:00 2021] GET /placement/allocations/b3f5e5a3-382e-4ad9-a192-3de842dc6b67 => generated 19 bytes in 40 msecs (HTTP/1.1 200) 8 headers in 295 bytes (1 switches on core 0)
Jul 05 02:17:00.309809 n-d-771362-32 devstack@placement-api.service[94946]: DEBUG placement.requestlog [req-542dbd52-9dd1-4555-b371-7138cc24aaf4 req-a94aefa8-86f4-4f90-baf2-27042c4b72b3 None None] Starting request: 10.222.0.23 "PUT /placement/allocations/b3f5e5a3-382e-4ad9-a192-3de842dc6b67" {{(pid=94946) __call__ /opt/stack/placement/placement/requestlog.py:55}}
Jul 05 02:17:00.960021 n-d-771362-32 devstack@placement-api.service[94946]: DEBUG placement.handlers.allocation [req-542dbd52-9dd1-4555-b371-7138cc24aaf4 req-a94aefa8-86f4-4f90-baf2-27042c4b72b3 service placement] Successfully wrote allocations [, , ] {{(pid=94946) _create_allocations /opt/stack/placement/placement/handlers/allocation.py:435}}
Jul 05 02:17:00.961139 n-d-771362-32 devstack@placement-api.service[94946]: INFO placement.requestlog [req-542dbd52-9dd1-4555-b371-7138cc24aaf4 req-a94aefa8-86f4-4f90-baf2-27042c4b72b3 service placement] 10.222.0.23 "PUT /placement/allocations/b3f5e5a3-382e-4ad9-a192-3de842dc6b67" status: 204 len: 0 microversion: 1.35
Jul 05 02:17:00.961139 n-d-771362-32 devstack@placement-api.service[94946]: [pid: 94946|app: 0|req: 148/303] 10.222.0.23 () {64 vars in 1434 bytes} [Mon Jul 5 02:17:00 2021] PUT /placement/allocations/b3f5e5a3-382e-4ad9-a192-3de842dc6b67 => generated 0 bytes in 651 msecs (HTTP/1.1 204) 5 headers in 199 bytes (2 switches on core 0)
Jul 05 02:17:02.790988 n-d-771362-32 devstack@placement-api.service[94945]: DEBUG placement.requestlog [req-542dbd52-9dd1-4555-b371-7138cc24aaf4 req-cdcdec61-876b-4535-a1e0-edb7aa4da391 None None] Starting request: 10.222.0.21 "GET /placement/allocations/b3f5e5a3-382e-4ad9-a192-3de842dc6b67" {{(pid=94945) __call__ /opt/stack/placement/placement/requestlog.py:55}}
Jul 05 02:17:02.815933 n-d-771362-32 devstack@placement-api.service[94945]: INFO placement.requestlog [req-542dbd52-9dd1-4555-b371-7138cc24aaf4 req-cdcdec61-876b-4535-a1e0-edb7aa4da391 service placement] 10.222.0.21 "GET /placement/allocations/b3f5e5a3-382e-4ad9-a192-3de842dc6b67" status: 200 len: 259 microversion: 1.28
Jul 05 02:17:02.816720 n-d-771362-32 devstack@placement-api.service[94945]: [pid: 94945|app: 0|req: 156/304] 10.222.0.21 () {60 vars in 1378 bytes} [Mon Jul 5 02:17:02 2021] GET /placement/allocations/b3f5e5a3-382e-4ad9-a192-3de842dc6b67 => generated 259 bytes in 26 msecs (HTTP/1.1 200) 8 headers in 296 bytes (1 switches on core 0)
Jul 05 02:17:09.733870 n-d-771362-32 devstack@placement-api.service[94946]: DEBUG placement.requestlog [req-c77f887e-fdaf-4dba-9762-6a61a8c421f4 req-e14ad0b9-c0fe-4811-a8c5-eb756e538727 None None] Starting request: 10.222.0.23 "GET /placement/allocation_candidates?limit=1000&resources=MEMORY_MB%3A1024%2CVCPU%3A1&root_required=%21COMPUTE_STATUS_DISABLED" {{(pid=94946) __call__ /opt/stack/placement/placement/requestlog.py:55}}
Jul 05 02:17:09.776475 n-d-771362-32 devstack@placement-api.service[94946]: DEBUG placement.objects.research_context [req-c77f887e-fdaf-4dba-9762-6a61a8c421f4 req-e14ad0b9-c0fe-4811-a8c5-eb756e538727 service placement] getting providers with 1024 MEMORY_MB {{(pid=94946) __init__ /opt/stack/placement/placement/objects/research_context.py:126}}
Jul 05 02:17:09.799214 n-d-771362-32 devstack@placement-api.service[94946]: DEBUG placement.objects.research_context [req-c77f887e-fdaf-4dba-9762-6a61a8c421f4 req-e14ad0b9-c0fe-4811-a8c5-eb756e538727 service placement] getting providers with 1 VCPU {{(pid=94946) __init__ /opt/stack/placement/placement/objects/research_context.py:126}}
Jul 05 02:17:09.806411 n-d-771362-32 devstack@placement-api.service[94946]: DEBUG placement.objects.research_context [req-c77f887e-fdaf-4dba-9762-6a61a8c421f4 req-e14ad0b9-c0fe-4811-a8c5-eb756e538727 service placement] found 2 providers with available 1024 MEMORY_MB {{(pid=94946) get_provider_ids_matching /opt/stack/placement/placement/objects/research_context.py:549}}
Jul 05 02:17:09.806691 n-d-771362-32 devstack@placement-api.service[94946]: DEBUG placement.objects.research_context [req-c77f887e-fdaf-4dba-9762-6a61a8c421f4 req-e14ad0b9-c0fe-4811-a8c5-eb756e538727 service placement] found 2 providers with available 1 VCPU {{(pid=94946) get_provider_ids_matching /opt/stack/placement/placement/objects/research_context.py:549}}
Jul 05 02:17:09.807146 n-d-771362-32 devstack@placement-api.service[94946]: DEBUG placement.objects.research_context [req-c77f887e-fdaf-4dba-9762-6a61a8c421f4 req-e14ad0b9-c0fe-4811-a8c5-eb756e538727 service placement] found 2 providers after filtering by previous result {{(pid=94946) get_provider_ids_matching /opt/stack/placement/placement/objects/research_context.py:580}}
Jul 05 02:17:09.822320 n-d-771362-32 devstack@placement-api.service[94946]: DEBUG placement.objects.allocation_candidate [req-c77f887e-fdaf-4dba-9762-6a61a8c421f4 req-e14ad0b9-c0fe-4811-a8c5-eb756e538727 service placement] RequestGroup(use_same_provider=False, resources={MEMORY_MB:1024, VCPU:1}, traits=[], aggregates=[]) (suffix '') returned 2 matches {{(pid=94946) _get_by_requests /opt/stack/placement/placement/objects/allocation_candidate.py:145}}
Jul 05 02:17:09.822691 n-d-771362-32 devstack@placement-api.service[94946]: DEBUG placement.objects.allocation_candidate [req-c77f887e-fdaf-4dba-9762-6a61a8c421f4 req-e14ad0b9-c0fe-4811-a8c5-eb756e538727 service placement] Merging candidates yields 2 allocation requests and 2 provider summaries {{(pid=94946) _merge_candidates /opt/stack/placement/placement/objects/allocation_candidate.py:783}}
Jul 05 02:17:09.824253 n-d-771362-32 devstack@placement-api.service[94946]: INFO placement.requestlog [req-c77f887e-fdaf-4dba-9762-6a61a8c421f4 req-e14ad0b9-c0fe-4811-a8c5-eb756e538727 service placement] 10.222.0.23 "GET /placement/allocation_candidates?limit=1000&resources=MEMORY_MB%3A1024%2CVCPU%3A1&root_required=%21COMPUTE_STATUS_DISABLED" status: 200 len: 1281 microversion: 1.35
Jul 05 02:17:09.824500 n-d-771362-32 devstack@placement-api.service[94946]: [pid: 94946|app: 0|req: 149/305] 10.222.0.23 () {60 vars in 1479 bytes} [Mon Jul 5 02:17:09 2021] GET /placement/allocation_candidates?limit=1000&resources=MEMORY_MB%3A1024%2CVCPU%3A1&root_required=%21COMPUTE_STATUS_DISABLED => generated 1281 bytes in 91 msecs (HTTP/1.1 200) 8 headers in 297 bytes (2 switches on core 0)
Jul 05 02:17:09.877226 n-d-771362-32 devstack@placement-api.service[94945]: DEBUG placement.requestlog [req-c77f887e-fdaf-4dba-9762-6a61a8c421f4 req-6532aabe-5d63-423e-90a6-92c5b139b827 None None] Starting request: 10.222.0.23 "GET /placement/allocations/92403696-646a-4870-b635-6151c7b09066" {{(pid=94945) __call__ /opt/stack/placement/placement/requestlog.py:55}}
Jul 05 02:17:09.888766 n-d-771362-32 devstack@placement-api.service[94945]: INFO placement.requestlog [req-c77f887e-fdaf-4dba-9762-6a61a8c421f4 req-6532aabe-5d63-423e-90a6-92c5b139b827 service placement] 10.222.0.23 "GET /placement/allocations/92403696-646a-4870-b635-6151c7b09066" status: 200 len: 19 microversion: 1.28
Jul 05 02:17:09.889326 n-d-771362-32 devstack@placement-api.service[94945]: [pid: 94945|app: 0|req: 157/306] 10.222.0.23 () {60 vars in 1381 bytes} [Mon Jul 5 02:17:09 2021] GET /placement/allocations/92403696-646a-4870-b635-6151c7b09066 => generated 19 bytes in 12 msecs (HTTP/1.1 200) 8 headers in 295 bytes (1 switches on core 0)
Jul 05 02:17:09.894897 n-d-771362-32 devstack@placement-api.service[94946]: DEBUG placement.requestlog [req-c77f887e-fdaf-4dba-9762-6a61a8c421f4 req-e6358d74-148d-4080-b2a7-1598350e9c8d None None] Starting request: 10.222.0.23 "PUT /placement/allocations/92403696-646a-4870-b635-6151c7b09066" {{(pid=94946) __call__ /opt/stack/placement/placement/requestlog.py:55}}
Jul 05 02:17:10.337101 n-d-771362-32 devstack@placement-api.service[94946]: DEBUG placement.handlers.allocation [req-c77f887e-fdaf-4dba-9762-6a61a8c421f4 req-e6358d74-148d-4080-b2a7-1598350e9c8d service placement] Successfully wrote allocations [, ] {{(pid=94946) _create_allocations /opt/stack/placement/placement/handlers/allocation.py:435}}
Jul 05 02:17:10.338018 n-d-771362-32 devstack@placement-api.service[94946]: INFO placement.requestlog [req-c77f887e-fdaf-4dba-9762-6a61a8c421f4 req-e6358d74-148d-4080-b2a7-1598350e9c8d service placement] 10.222.0.23 "PUT /placement/allocations/92403696-646a-4870-b635-6151c7b09066" status: 204 len: 0 microversion: 1.35
Jul 05 02:17:10.338888 n-d-771362-32 devstack@placement-api.service[94946]: [pid: 94946|app: 0|req: 150/307] 10.222.0.23 () {64 vars in 1434 bytes} [Mon Jul 5 02:17:09 2021] PUT /placement/allocations/92403696-646a-4870-b635-6151c7b09066 => generated 0 bytes in 444 msecs (HTTP/1.1 204) 5 headers in 199 bytes (1 switches on core 0)
Jul 05 02:17:12.129362 n-d-771362-32 devstack@placement-api.service[94945]: DEBUG placement.requestlog [req-c77f887e-fdaf-4dba-9762-6a61a8c421f4 req-06a78232-45f3-4aad-af62-8a6262826190 None None] Starting request: 10.222.0.15 "GET /placement/allocations/92403696-646a-4870-b635-6151c7b09066" {{(pid=94945) __call__ /opt/stack/placement/placement/requestlog.py:55}}
Jul 05 02:17:12.171329 n-d-771362-32 devstack@placement-api.service[94945]: INFO placement.requestlog [req-c77f887e-fdaf-4dba-9762-6a61a8c421f4 req-06a78232-45f3-4aad-af62-8a6262826190 service placement] 10.222.0.15 "GET /placement/allocations/92403696-646a-4870-b635-6151c7b09066" status: 200 len: 245 microversion: 1.28
Jul 05 02:17:12.174109 n-d-771362-32 devstack@placement-api.service[94945]: [pid: 94945|app: 0|req: 158/308] 10.222.0.15 () {60 vars in 1378 bytes} [Mon Jul 5 02:17:12 2021] GET /placement/allocations/92403696-646a-4870-b635-6151c7b09066 => generated 245 bytes in 46 msecs (HTTP/1.1 200) 8 headers in 296 bytes (1 switches on core 0)
Jul 05 02:17:13.912060 n-d-771362-32 devstack@placement-api.service[94946]: DEBUG placement.requestlog [req-494339e1-096c-449c-a93b-f75af35403e8 req-9304b96d-a826-4461-b4af-14deb5be78b0 None None] Starting request: 10.222.0.15 "GET /placement/resource_providers/10f91c67-07c0-4a60-a6f2-3d70de684f26/allocations" {{(pid=94946) __call__ /opt/stack/placement/placement/requestlog.py:55}}
Jul 05 02:17:13.944901 n-d-771362-32 devstack@placement-api.service[94946]: INFO placement.requestlog [req-494339e1-096c-449c-a93b-f75af35403e8 req-9304b96d-a826-4461-b4af-14deb5be78b0 service placement] 10.222.0.15 "GET /placement/resource_providers/10f91c67-07c0-4a60-a6f2-3d70de684f26/allocations" status: 200 len: 645 microversion: 1.0
Jul 05 02:17:13.945533 n-d-771362-32 devstack@placement-api.service[94946]: [pid: 94946|app: 0|req: 151/309] 10.222.0.15 () {58 vars in 1391 bytes} [Mon Jul 5 02:17:13 2021] GET /placement/resource_providers/10f91c67-07c0-4a60-a6f2-3d70de684f26/allocations => generated 645 bytes in 34 msecs (HTTP/1.1 200) 6 headers in 224 bytes (1 switches on core 0)
Jul 05 02:17:17.821442 n-d-771362-32 devstack@placement-api.service[94945]: DEBUG placement.requestlog [req-7c4f79cf-3ccf-4d62-bca2-bfd13550a4d5 req-3d4a6d83-6e99-492e-9f33-e5a4887d49e0 None None] Starting request: 10.222.0.21 "GET /placement/allocations/22593023-0406-4e0e-8dfe-527268fdd140" {{(pid=94945) __call__ /opt/stack/placement/placement/requestlog.py:55}}
Jul 05 02:17:17.843514 n-d-771362-32 devstack@placement-api.service[94945]: INFO placement.requestlog [req-7c4f79cf-3ccf-4d62-bca2-bfd13550a4d5 req-3d4a6d83-6e99-492e-9f33-e5a4887d49e0 service placement] 10.222.0.21 "GET /placement/allocations/22593023-0406-4e0e-8dfe-527268fdd140" status: 200 len: 259 microversion: 1.28
Jul 05 02:17:17.844526 n-d-771362-32 devstack@placement-api.service[94945]: [pid: 94945|app: 0|req: 159/310] 10.222.0.21 () {60 vars in 1378 bytes} [Mon Jul 5 02:17:17 2021] GET /placement/allocations/22593023-0406-4e0e-8dfe-527268fdd140 => generated 259 bytes in 23 msecs (HTTP/1.1 200) 8 headers in 296 bytes (1 switches on core 0)
Jul 05 02:17:17.851125 n-d-771362-32 devstack@placement-api.service[94946]: DEBUG placement.requestlog [req-7c4f79cf-3ccf-4d62-bca2-bfd13550a4d5 req-af3fc852-a469-4e5a-accb-7fea7903b998 None None] Starting request: 10.222.0.21 "PUT /placement/allocations/22593023-0406-4e0e-8dfe-527268fdd140" {{(pid=94946) __call__ /opt/stack/placement/placement/requestlog.py:55}}
Jul 05 02:17:18.052477 n-d-771362-32 devstack@placement-api.service[94946]: DEBUG placement.handlers.allocation [req-7c4f79cf-3ccf-4d62-bca2-bfd13550a4d5 req-af3fc852-a469-4e5a-accb-7fea7903b998 service placement] Successfully wrote allocations [, , ] {{(pid=94946) _create_allocations /opt/stack/placement/placement/handlers/allocation.py:435}}
Jul 05 02:17:18.052477 n-d-771362-32 devstack@placement-api.service[94946]: INFO placement.requestlog [req-7c4f79cf-3ccf-4d62-bca2-bfd13550a4d5 req-af3fc852-a469-4e5a-accb-7fea7903b998 service placement] 10.222.0.21 "PUT /placement/allocations/22593023-0406-4e0e-8dfe-527268fdd140" status: 204 len: 0 microversion: 1.28
Jul 05 02:17:18.052477 n-d-771362-32 devstack@placement-api.service[94946]: [pid: 94946|app: 0|req: 152/311] 10.222.0.21 () {64 vars in 1431 bytes} [Mon Jul 5 02:17:17 2021] PUT /placement/allocations/22593023-0406-4e0e-8dfe-527268fdd140 => generated 0 bytes in 198 msecs (HTTP/1.1 204) 5 headers in 199 bytes (1 switches on core 0)
Jul 05 02:17:23.602812 n-d-771362-32 devstack@placement-api.service[94945]: DEBUG placement.requestlog [req-f695084f-a7ee-42bc-9f0d-1b62494e6717 req-c8474439-8d61-4899-90a3-5c3af6307b0f None None] Starting request: 10.222.0.21 "GET /placement/resource_providers/b3eb9a41-94e7-4b90-bcec-9ee437efda49/allocations" {{(pid=94945) __call__ /opt/stack/placement/placement/requestlog.py:55}}
Jul 05 02:17:23.632148 n-d-771362-32 devstack@placement-api.service[94945]: INFO placement.requestlog [req-f695084f-a7ee-42bc-9f0d-1b62494e6717 req-c8474439-8d61-4899-90a3-5c3af6307b0f service placement] 10.222.0.21 "GET /placement/resource_providers/b3eb9a41-94e7-4b90-bcec-9ee437efda49/allocations" status: 200 len: 530 microversion: 1.0
Jul 05 02:17:23.633514 n-d-771362-32 devstack@placement-api.service[94945]: [pid: 94945|app: 0|req: 160/312] 10.222.0.21 () {58 vars in 1391 bytes} [Mon Jul 5 02:17:23 2021] GET /placement/resource_providers/b3eb9a41-94e7-4b90-bcec-9ee437efda49/allocations => generated 530 bytes in 31 msecs (HTTP/1.1 200) 6 headers in 224 bytes (1 switches on core 0)
Jul 05 02:17:24.219940 n-d-771362-32 devstack@placement-api.service[94946]: DEBUG placement.requestlog [req-98e70da9-317f-47ff-ac1b-136884b17eb8 req-39c77ee3-a8e1-42a5-85c4-56282407bdd3 None None] Starting request: 10.222.0.21 "GET /placement/resource_providers/b3eb9a41-94e7-4b90-bcec-9ee437efda49/allocations" {{(pid=94946) __call__ /opt/stack/placement/placement/requestlog.py:55}}
Jul 05 02:17:24.264678 n-d-771362-32 devstack@placement-api.service[94945]: DEBUG placement.requestlog [req-f695084f-a7ee-42bc-9f0d-1b62494e6717 req-8f6a3e1a-69bb-4b23-853d-b1bcb83f75b7 None None] Starting request: 10.222.0.21 "GET /placement/allocations/beedb641-85a2-4479-99e6-02ab0245ecb6" {{(pid=94945) __call__ /opt/stack/placement/placement/requestlog.py:55}}
Jul 05 02:17:24.265343 n-d-771362-32 devstack@placement-api.service[94946]: INFO placement.requestlog [req-98e70da9-317f-47ff-ac1b-136884b17eb8 req-39c77ee3-a8e1-42a5-85c4-56282407bdd3 service placement] 10.222.0.21 "GET /placement/resource_providers/b3eb9a41-94e7-4b90-bcec-9ee437efda49/allocations" status: 200 len: 530 microversion: 1.0
Jul 05 02:17:24.265974 n-d-771362-32 devstack@placement-api.service[94946]: [pid: 94946|app: 0|req: 153/313] 10.222.0.21 () {58 vars in 1391 bytes} [Mon Jul 5 02:17:24 2021] GET /placement/resource_providers/b3eb9a41-94e7-4b90-bcec-9ee437efda49/allocations => generated 530 bytes in 46 msecs (HTTP/1.1 200) 6 headers in 224 bytes (1 switches on core 0)
Jul 05 02:17:24.302338 n-d-771362-32 devstack@placement-api.service[94945]: INFO placement.requestlog [req-f695084f-a7ee-42bc-9f0d-1b62494e6717 req-8f6a3e1a-69bb-4b23-853d-b1bcb83f75b7 service placement] 10.222.0.21 "GET /placement/allocations/beedb641-85a2-4479-99e6-02ab0245ecb6" status: 200 len: 259 microversion: 1.28
Jul 05 02:17:24.303112 n-d-771362-32 devstack@placement-api.service[94945]: [pid: 94945|app: 0|req: 161/314] 10.222.0.21 () {60 vars in 1378 bytes} [Mon Jul 5 02:17:24 2021] GET /placement/allocations/beedb641-85a2-4479-99e6-02ab0245ecb6 => generated 259 bytes in 39 msecs (HTTP/1.1 200) 8 headers in 296 bytes (1 switches on core 0)
Jul 05 02:17:24.312483 n-d-771362-32 devstack@placement-api.service[94946]: DEBUG placement.requestlog [req-f695084f-a7ee-42bc-9f0d-1b62494e6717 req-d09df0bd-923b-487c-bab5-aa6acfd4a4e2 None None] Starting request: 10.222.0.21 "PUT /placement/allocations/beedb641-85a2-4479-99e6-02ab0245ecb6" {{(pid=94946) __call__ /opt/stack/placement/placement/requestlog.py:55}}
Jul 05 02:17:24.536914 n-d-771362-32 devstack@placement-api.service[94946]: DEBUG placement.handlers.allocation [req-f695084f-a7ee-42bc-9f0d-1b62494e6717 req-d09df0bd-923b-487c-bab5-aa6acfd4a4e2 service placement] Successfully wrote allocations [, , ] {{(pid=94946) _create_allocations /opt/stack/placement/placement/handlers/allocation.py:435}}
Jul 05 02:17:24.540683 n-d-771362-32 devstack@placement-api.service[94946]: INFO placement.requestlog [req-f695084f-a7ee-42bc-9f0d-1b62494e6717 req-d09df0bd-923b-487c-bab5-aa6acfd4a4e2 service placement] 10.222.0.21 "PUT /placement/allocations/beedb641-85a2-4479-99e6-02ab0245ecb6" status: 204 len: 0 microversion: 1.28
Jul 05 02:17:24.540683 n-d-771362-32 devstack@placement-api.service[94946]: [pid: 94946|app: 0|req: 154/315] 10.222.0.21 () {64 vars in 1431 bytes} [Mon Jul 5 02:17:24 2021] PUT /placement/allocations/beedb641-85a2-4479-99e6-02ab0245ecb6 => generated 0 bytes in 225 msecs (HTTP/1.1 204) 5 headers in 199 bytes (1 switches on core 0)
Jul 05 02:17:26.185409 n-d-771362-32 devstack@placement-api.service[94945]: DEBUG placement.requestlog [None req-d167550d-3eb4-48e0-9118-5700e8ef4a06 None None] Starting request: 10.222.0.23 "GET /placement/" {{(pid=94945) __call__ /opt/stack/placement/placement/requestlog.py:55}}
Jul 05 02:17:26.186449 n-d-771362-32 devstack@placement-api.service[94945]: INFO placement.requestlog [None req-d167550d-3eb4-48e0-9118-5700e8ef4a06 None None] 10.222.0.23 "GET /placement/" status: 200 len: 136 microversion: 1.0
Jul 05 02:17:26.186985 n-d-771362-32 devstack@placement-api.service[94945]: [pid: 94945|app: 0|req: 162/316] 10.222.0.23 () {54 vars in 916 bytes} [Mon Jul 5 02:17:26 2021] GET /placement => generated 136 bytes in 2 msecs (HTTP/1.1 200) 6 headers in 224 bytes (2 switches on core 0)
Jul 05 02:17:26.202627 n-d-771362-32 devstack@placement-api.service[94946]: DEBUG placement.requestlog [req-d23f8b8b-813f-4546-91d5-3360a0b8d6b7 req-775f5717-280a-4442-9809-37e27d157fcf None None] Starting request: 10.222.0.23 "GET /placement/allocations/1aeab594-2943-4da5-9c13-c06d96250566" {{(pid=94946) __call__ /opt/stack/placement/placement/requestlog.py:55}}
Jul 05 02:17:26.504281 n-d-771362-32 devstack@placement-api.service[94946]: INFO placement.requestlog [req-d23f8b8b-813f-4546-91d5-3360a0b8d6b7 req-775f5717-280a-4442-9809-37e27d157fcf service placement] 10.222.0.23 "GET /placement/allocations/1aeab594-2943-4da5-9c13-c06d96250566" status: 200 len: 245 microversion: 1.28
Jul 05 02:17:26.505126 n-d-771362-32 devstack@placement-api.service[94946]: [pid: 94946|app: 0|req: 155/317] 10.222.0.23 () {60 vars in 1381 bytes} [Mon Jul 5 02:17:26 2021] GET /placement/allocations/1aeab594-2943-4da5-9c13-c06d96250566 => generated 245 bytes in 303 msecs (HTTP/1.1 200) 8 headers in 296 bytes (1 switches on core 0)
Jul 05 02:17:26.512489 n-d-771362-32 devstack@placement-api.service[94945]: DEBUG placement.requestlog [req-d23f8b8b-813f-4546-91d5-3360a0b8d6b7 req-6729b23a-44c0-42ac-94aa-c85b906ef44c None None] Starting request: 10.222.0.23 "GET /placement/allocations/1aeab594-2943-4da5-9c13-c06d96250566" {{(pid=94945) __call__ /opt/stack/placement/placement/requestlog.py:55}}
Jul 05 02:17:26.541157 n-d-771362-32 devstack@placement-api.service[94945]: INFO placement.requestlog [req-d23f8b8b-813f-4546-91d5-3360a0b8d6b7 req-6729b23a-44c0-42ac-94aa-c85b906ef44c service placement] 10.222.0.23 "GET /placement/allocations/1aeab594-2943-4da5-9c13-c06d96250566" status: 200 len: 245 microversion: 1.28
Jul 05 02:17:26.543362 n-d-771362-32 devstack@placement-api.service[94945]: [pid: 94945|app: 0|req: 163/318] 10.222.0.23 () {60 vars in 1381 bytes} [Mon Jul 5 02:17:26 2021] GET /placement/allocations/1aeab594-2943-4da5-9c13-c06d96250566 => generated 245 bytes in 31 msecs (HTTP/1.1 200) 8 headers in 296 bytes (1 switches on core 0)
Jul 05 02:17:26.551542 n-d-771362-32 devstack@placement-api.service[94946]: DEBUG placement.requestlog [req-d23f8b8b-813f-4546-91d5-3360a0b8d6b7 req-355b4e36-5f24-4156-8259-d7b3d624250e None None] Starting request: 10.222.0.23 "GET /placement/allocations/23f7b255-216e-4920-af37-c0b9c12dff37" {{(pid=94946) __call__ /opt/stack/placement/placement/requestlog.py:55}}
Jul 05 02:17:26.568409 n-d-771362-32 devstack@placement-api.service[94946]: INFO placement.requestlog [req-d23f8b8b-813f-4546-91d5-3360a0b8d6b7 req-355b4e36-5f24-4156-8259-d7b3d624250e service placement] 10.222.0.23 "GET /placement/allocations/23f7b255-216e-4920-af37-c0b9c12dff37" status: 200 len: 19 microversion: 1.28
Jul 05 02:17:26.569293 n-d-771362-32 devstack@placement-api.service[94946]: [pid: 94946|app: 0|req: 156/319] 10.222.0.23 () {60 vars in 1381 bytes} [Mon Jul 5 02:17:26 2021] GET /placement/allocations/23f7b255-216e-4920-af37-c0b9c12dff37 => generated 19 bytes in 18 msecs (HTTP/1.1 200) 8 headers in 295 bytes (1 switches on core 0)
Jul 05 02:17:26.576707 n-d-771362-32 devstack@placement-api.service[94945]: DEBUG placement.requestlog [req-d23f8b8b-813f-4546-91d5-3360a0b8d6b7 req-b467b98e-007e-4a32-9229-d61ffbbfe34f None None] Starting request: 10.222.0.23 "POST /placement/allocations" {{(pid=94945) __call__ /opt/stack/placement/placement/requestlog.py:55}}
Jul 05 02:17:26.877526 n-d-771362-32 devstack@placement-api.service[94945]: DEBUG placement.handlers.allocation [req-d23f8b8b-813f-4546-91d5-3360a0b8d6b7 req-b467b98e-007e-4a32-9229-d61ffbbfe34f service placement] Successfully wrote allocations [, , , ] {{(pid=94945) _create_allocations /opt/stack/placement/placement/handlers/allocation.py:524}}
Jul 05 02:17:26.878046 n-d-771362-32 devstack@placement-api.service[94945]: INFO placement.requestlog [req-d23f8b8b-813f-4546-91d5-3360a0b8d6b7 req-b467b98e-007e-4a32-9229-d61ffbbfe34f service placement] 10.222.0.23 "POST /placement/allocations" status: 204 len: 0 microversion: 1.28
Jul 05 02:17:26.878605 n-d-771362-32 devstack@placement-api.service[94945]: [pid: 94945|app: 0|req: 164/320] 10.222.0.23 () {64 vars in 1324 bytes} [Mon Jul 5 02:17:26 2021] POST /placement/allocations => generated 0 bytes in 302 msecs (HTTP/1.1 204) 5 headers in 199 bytes (1 switches on core 0)
Jul 05 02:17:26.980281 n-d-771362-32 devstack@placement-api.service[94946]: DEBUG placement.requestlog [req-d23f8b8b-813f-4546-91d5-3360a0b8d6b7 req-084ffb2c-699f-451c-8bd6-004b8d3345ca None None] Starting request: 10.222.0.23 "GET /placement/allocations/1aeab594-2943-4da5-9c13-c06d96250566" {{(pid=94946) __call__ /opt/stack/placement/placement/requestlog.py:55}}
Jul 05 02:17:26.991212 n-d-771362-32 devstack@placement-api.service[94946]: INFO placement.requestlog [req-d23f8b8b-813f-4546-91d5-3360a0b8d6b7 req-084ffb2c-699f-451c-8bd6-004b8d3345ca service placement] 10.222.0.23 "GET /placement/allocations/1aeab594-2943-4da5-9c13-c06d96250566" status: 200 len: 19 microversion: 1.28
Jul 05 02:17:26.991614 n-d-771362-32 devstack@placement-api.service[94946]: [pid: 94946|app: 0|req: 157/321] 10.222.0.23 () {60 vars in 1381 bytes} [Mon Jul 5 02:17:26 2021] GET /placement/allocations/1aeab594-2943-4da5-9c13-c06d96250566 => generated 19 bytes in 12 msecs (HTTP/1.1 200) 8 headers in 295 bytes (1 switches on core 0)
Jul 05 02:17:26.998167 n-d-771362-32 devstack@placement-api.service[94945]: DEBUG placement.requestlog [req-d23f8b8b-813f-4546-91d5-3360a0b8d6b7 req-e361bb90-6109-4ddd-88d1-3b142a0ab279 None None] Starting request: 10.222.0.23 "PUT /placement/allocations/1aeab594-2943-4da5-9c13-c06d96250566" {{(pid=94945) __call__ /opt/stack/placement/placement/requestlog.py:55}}
Jul 05 02:17:27.303138 n-d-771362-32 devstack@placement-api.service[94945]: DEBUG placement.handlers.allocation [req-d23f8b8b-813f-4546-91d5-3360a0b8d6b7 req-e361bb90-6109-4ddd-88d1-3b142a0ab279 service placement] Successfully wrote allocations [, ] {{(pid=94945) _create_allocations /opt/stack/placement/placement/handlers/allocation.py:435}}
Jul 05 02:17:27.304808 n-d-771362-32 devstack@placement-api.service[94945]: INFO placement.requestlog [req-d23f8b8b-813f-4546-91d5-3360a0b8d6b7 req-e361bb90-6109-4ddd-88d1-3b142a0ab279 service placement] 10.222.0.23 "PUT /placement/allocations/1aeab594-2943-4da5-9c13-c06d96250566" status: 204 len: 0 microversion: 1.28
Jul 05 02:17:27.305238 n-d-771362-32 devstack@placement-api.service[94945]: [pid: 94945|app: 0|req: 165/322] 10.222.0.23 () {64 vars in 1434 bytes} [Mon Jul 5 02:17:26 2021] PUT /placement/allocations/1aeab594-2943-4da5-9c13-c06d96250566 => generated 0 bytes in 307 msecs (HTTP/1.1 204) 5 headers in 199 bytes (1 switches on core 0)
Jul 05 02:17:27.593285 n-d-771362-32 devstack@placement-api.service[94946]: DEBUG placement.requestlog [req-d23f8b8b-813f-4546-91d5-3360a0b8d6b7 req-92a1da92-f4e1-4e32-beb4-5fdd211b851a None None] Starting request: 10.222.0.15 "GET /placement/allocations/1aeab594-2943-4da5-9c13-c06d96250566" {{(pid=94946) __call__ /opt/stack/placement/placement/requestlog.py:55}}
Jul 05 02:17:27.620526 n-d-771362-32 devstack@placement-api.service[94946]: INFO placement.requestlog [req-d23f8b8b-813f-4546-91d5-3360a0b8d6b7 req-92a1da92-f4e1-4e32-beb4-5fdd211b851a service placement] 10.222.0.15 "GET /placement/allocations/1aeab594-2943-4da5-9c13-c06d96250566" status: 200 len: 245 microversion: 1.28
Jul 05 02:17:27.621318 n-d-771362-32 devstack@placement-api.service[94946]: [pid: 94946|app: 0|req: 158/323] 10.222.0.15 () {60 vars in 1378 bytes} [Mon Jul 5 02:17:27 2021] GET /placement/allocations/1aeab594-2943-4da5-9c13-c06d96250566 => generated 245 bytes in 28 msecs (HTTP/1.1 200) 8 headers in 296 bytes (1 switches on core 0)
Jul 05 02:17:31.930565 n-d-771362-32 devstack@placement-api.service[94945]: DEBUG placement.requestlog [req-d0ba3b7a-69a3-4993-9785-78af2ccda452 req-1352c11b-bfc2-4a36-89cd-14aa7402bf4a None None] Starting request: 10.222.0.23 "GET /placement/allocation_candidates?limit=1000&resources=DISK_GB%3A1%2CMEMORY_MB%3A1024%2CVCPU%3A1&root_required=%21COMPUTE_STATUS_DISABLED" {{(pid=94945) __call__ /opt/stack/placement/placement/requestlog.py:55}}
Jul 05 02:17:32.013264 n-d-771362-32 devstack@placement-api.service[94945]: DEBUG placement.objects.research_context [req-d0ba3b7a-69a3-4993-9785-78af2ccda452 req-1352c11b-bfc2-4a36-89cd-14aa7402bf4a service placement] getting providers with 1 DISK_GB {{(pid=94945) __init__ /opt/stack/placement/placement/objects/research_context.py:126}}
Jul 05 02:17:32.031168 n-d-771362-32 devstack@placement-api.service[94945]: DEBUG placement.objects.research_context [req-d0ba3b7a-69a3-4993-9785-78af2ccda452 req-1352c11b-bfc2-4a36-89cd-14aa7402bf4a service placement] getting providers with 1024 MEMORY_MB {{(pid=94945) __init__ /opt/stack/placement/placement/objects/research_context.py:126}}
Jul 05 02:17:32.050895 n-d-771362-32 devstack@placement-api.service[94945]: DEBUG placement.objects.research_context [req-d0ba3b7a-69a3-4993-9785-78af2ccda452 req-1352c11b-bfc2-4a36-89cd-14aa7402bf4a service placement] getting providers with 1 VCPU {{(pid=94945) __init__ /opt/stack/placement/placement/objects/research_context.py:126}}
Jul 05 02:17:32.077474 n-d-771362-32 devstack@placement-api.service[94945]: DEBUG placement.objects.research_context [req-d0ba3b7a-69a3-4993-9785-78af2ccda452 req-1352c11b-bfc2-4a36-89cd-14aa7402bf4a service placement] found 2 providers with available 1 DISK_GB {{(pid=94945) get_provider_ids_matching /opt/stack/placement/placement/objects/research_context.py:549}}
Jul 05 02:17:32.077696 n-d-771362-32 devstack@placement-api.service[94945]: DEBUG placement.objects.research_context [req-d0ba3b7a-69a3-4993-9785-78af2ccda452 req-1352c11b-bfc2-4a36-89cd-14aa7402bf4a service placement] found 2 providers with available 1024 MEMORY_MB {{(pid=94945) get_provider_ids_matching /opt/stack/placement/placement/objects/research_context.py:549}}
Jul 05 02:17:32.077934 n-d-771362-32 devstack@placement-api.service[94945]: DEBUG placement.objects.research_context [req-d0ba3b7a-69a3-4993-9785-78af2ccda452 req-1352c11b-bfc2-4a36-89cd-14aa7402bf4a service placement] found 2 providers after filtering by previous result {{(pid=94945) get_provider_ids_matching /opt/stack/placement/placement/objects/research_context.py:580}}
