Jun 15 03:32:26.947554 n-d-771362-22 devstack@placement-api.service[93464]: [pid: 93464|app: 0|req: 80/153] 10.222.0.10 () {60 vars in 1380 bytes} [Tue Jun 15 03:32:26 2021] GET /placement/allocations/96ba54bf-527e-4e28-92de-d696e492e27c => generated 259 bytes in 16 msecs (HTTP/1.1 200) 8 headers in 296 bytes (1 switches on core 0)
Jun 15 03:32:26.953082 n-d-771362-22 devstack@placement-api.service[93465]: DEBUG placement.requestlog [req-d7e856d1-6dad-4437-9b19-a5d26d74b8db req-0fe54f49-403d-47b4-a3e1-0a4bcae41823 None None] Starting request: 10.222.0.10 "GET /placement/allocations/4523e006-c49e-4f07-996c-de38c4ebf5be" {{(pid=93465) __call__ /opt/stack/placement/placement/requestlog.py:55}}
Jun 15 03:32:26.969245 n-d-771362-22 devstack@placement-api.service[93465]: INFO placement.requestlog [req-d7e856d1-6dad-4437-9b19-a5d26d74b8db req-0fe54f49-403d-47b4-a3e1-0a4bcae41823 service placement] 10.222.0.10 "GET /placement/allocations/4523e006-c49e-4f07-996c-de38c4ebf5be" status: 200 len: 19 microversion: 1.28
Jun 15 03:32:26.975403 n-d-771362-22 devstack@placement-api.service[93465]: [pid: 93465|app: 0|req: 74/154] 10.222.0.10 () {60 vars in 1380 bytes} [Tue Jun 15 03:32:26 2021] GET /placement/allocations/4523e006-c49e-4f07-996c-de38c4ebf5be => generated 19 bytes in 22 msecs (HTTP/1.1 200) 8 headers in 295 bytes (1 switches on core 0)
Jun 15 03:32:26.976006 n-d-771362-22 devstack@placement-api.service[93464]: DEBUG placement.requestlog [req-d7e856d1-6dad-4437-9b19-a5d26d74b8db req-121950a8-9415-44ab-b9aa-0b22519ee110 None None] Starting request: 10.222.0.10 "POST /placement/allocations" {{(pid=93464) __call__ /opt/stack/placement/placement/requestlog.py:55}}
Jun 15 03:32:27.266273 n-d-771362-22 devstack@placement-api.service[93464]: DEBUG placement.handlers.allocation [req-d7e856d1-6dad-4437-9b19-a5d26d74b8db req-121950a8-9415-44ab-b9aa-0b22519ee110 service placement] Successfully wrote allocations [, , , , , ] {{(pid=93464) _create_allocations /opt/stack/placement/placement/handlers/allocation.py:524}}
Jun 15 03:32:27.267087 n-d-771362-22 devstack@placement-api.service[93464]: INFO placement.requestlog [req-d7e856d1-6dad-4437-9b19-a5d26d74b8db req-121950a8-9415-44ab-b9aa-0b22519ee110 service placement] 10.222.0.10 "POST /placement/allocations" status: 204 len: 0 microversion: 1.28
Jun 15 03:32:27.267491 n-d-771362-22 devstack@placement-api.service[93464]: [pid: 93464|app: 0|req: 81/155] 10.222.0.10 () {64 vars in 1323 bytes} [Tue Jun 15 03:32:26 2021] POST /placement/allocations => generated 0 bytes in 292 msecs (HTTP/1.1 204) 5 headers in 199 bytes (2 switches on core 0)
Jun 15 03:32:27.306434 n-d-771362-22 devstack@placement-api.service[93465]: DEBUG placement.requestlog [req-d7e856d1-6dad-4437-9b19-a5d26d74b8db req-a6735081-ac5f-47bd-90f3-5320578bff14 None None] Starting request: 10.222.0.10 "GET /placement/allocations/96ba54bf-527e-4e28-92de-d696e492e27c" {{(pid=93465) __call__ /opt/stack/placement/placement/requestlog.py:55}}
Jun 15 03:32:27.317847 n-d-771362-22 devstack@placement-api.service[93465]: INFO placement.requestlog [req-d7e856d1-6dad-4437-9b19-a5d26d74b8db req-a6735081-ac5f-47bd-90f3-5320578bff14 service placement] 10.222.0.10 "GET /placement/allocations/96ba54bf-527e-4e28-92de-d696e492e27c" status: 200 len: 19 microversion: 1.28
Jun 15 03:32:27.318069 n-d-771362-22 devstack@placement-api.service[93465]: [pid: 93465|app: 0|req: 75/156] 10.222.0.10 () {60 vars in 1380 bytes} [Tue Jun 15 03:32:27 2021] GET /placement/allocations/96ba54bf-527e-4e28-92de-d696e492e27c => generated 19 bytes in 12 msecs (HTTP/1.1 200) 8 headers in 295 bytes (1 switches on core 0)
Jun 15 03:32:27.323579 n-d-771362-22 devstack@placement-api.service[93464]: DEBUG placement.requestlog [req-d7e856d1-6dad-4437-9b19-a5d26d74b8db req-c0ad1ca1-2eb6-45d3-92d4-6ba00ef7fb98 None None] Starting request: 10.222.0.10 "PUT /placement/allocations/96ba54bf-527e-4e28-92de-d696e492e27c" {{(pid=93464) __call__ /opt/stack/placement/placement/requestlog.py:55}}
Jun 15 03:32:27.540861 n-d-771362-22 devstack@placement-api.service[93464]: DEBUG placement.handlers.allocation [req-d7e856d1-6dad-4437-9b19-a5d26d74b8db req-c0ad1ca1-2eb6-45d3-92d4-6ba00ef7fb98 service placement] Successfully wrote allocations [, , ] {{(pid=93464) _create_allocations /opt/stack/placement/placement/handlers/allocation.py:435}}
Jun 15 03:32:27.541371 n-d-771362-22 devstack@placement-api.service[93464]: INFO placement.requestlog [req-d7e856d1-6dad-4437-9b19-a5d26d74b8db req-c0ad1ca1-2eb6-45d3-92d4-6ba00ef7fb98 service placement] 10.222.0.10 "PUT /placement/allocations/96ba54bf-527e-4e28-92de-d696e492e27c" status: 204 len: 0 microversion: 1.28
Jun 15 03:32:27.541926 n-d-771362-22 devstack@placement-api.service[93464]: [pid: 93464|app: 0|req: 82/157] 10.222.0.10 () {64 vars in 1433 bytes} [Tue Jun 15 03:32:27 2021] PUT /placement/allocations/96ba54bf-527e-4e28-92de-d696e492e27c => generated 0 bytes in 218 msecs (HTTP/1.1 204) 5 headers in 199 bytes (1 switches on core 0)
Jun 15 03:32:27.742960 n-d-771362-22 devstack@placement-api.service[93465]: DEBUG placement.requestlog [req-d7e856d1-6dad-4437-9b19-a5d26d74b8db req-872c4fd3-1c75-4bab-9b7f-4c3161d632af None None] Starting request: 10.222.0.30 "GET /placement/allocations/96ba54bf-527e-4e28-92de-d696e492e27c" {{(pid=93465) __call__ /opt/stack/placement/placement/requestlog.py:55}}
Jun 15 03:32:27.759014 n-d-771362-22 devstack@placement-api.service[93465]: INFO placement.requestlog [req-d7e856d1-6dad-4437-9b19-a5d26d74b8db req-872c4fd3-1c75-4bab-9b7f-4c3161d632af service placement] 10.222.0.30 "GET /placement/allocations/96ba54bf-527e-4e28-92de-d696e492e27c" status: 200 len: 259 microversion: 1.28
Jun 15 03:32:27.759374 n-d-771362-22 devstack@placement-api.service[93465]: [pid: 93465|app: 0|req: 76/158] 10.222.0.30 () {60 vars in 1378 bytes} [Tue Jun 15 03:32:27 2021] GET /placement/allocations/96ba54bf-527e-4e28-92de-d696e492e27c => generated 259 bytes in 17 msecs (HTTP/1.1 200) 8 headers in 296 bytes (2 switches on core 0)
Jun 15 03:32:29.662995 n-d-771362-22 devstack@placement-api.service[93464]: DEBUG placement.requestlog [req-c419db2e-36e6-4d59-bed9-536d08988fa0 req-18d7179c-b4a3-450a-9e12-60b2255525ff None None] Starting request: 10.222.0.30 "GET /placement/resource_providers/449ed459-0e1e-4d14-9d2c-0afe7e641e7a/allocations" {{(pid=93464) __call__ /opt/stack/placement/placement/requestlog.py:55}}
Jun 15 03:32:29.684809 n-d-771362-22 devstack@placement-api.service[93464]: INFO placement.requestlog [req-c419db2e-36e6-4d59-bed9-536d08988fa0 req-18d7179c-b4a3-450a-9e12-60b2255525ff service placement] 10.222.0.30 "GET /placement/resource_providers/449ed459-0e1e-4d14-9d2c-0afe7e641e7a/allocations" status: 200 len: 558 microversion: 1.0
Jun 15 03:32:29.685401 n-d-771362-22 devstack@placement-api.service[93464]: [pid: 93464|app: 0|req: 83/159] 10.222.0.30 () {58 vars in 1391 bytes} [Tue Jun 15 03:32:29 2021] GET /placement/resource_providers/449ed459-0e1e-4d14-9d2c-0afe7e641e7a/allocations => generated 558 bytes in 23 msecs (HTTP/1.1 200) 6 headers in 224 bytes (1 switches on core 0)
Jun 15 03:32:34.192077 n-d-771362-22 devstack@placement-api.service[93465]: DEBUG placement.requestlog [req-4ec940ac-9226-4d19-924e-d5b1fe37043c req-0a902af2-2c96-4e8a-a9bf-1d33d80c9187 None None] Starting request: 10.222.0.10 "GET /placement/allocation_candidates?limit=1000&resources=DISK_GB%3A1%2CMEMORY_MB%3A1024%2CVCPU%3A1&root_required=%21COMPUTE_STATUS_DISABLED" {{(pid=93465) __call__ /opt/stack/placement/placement/requestlog.py:55}}
Jun 15 03:32:34.226209 n-d-771362-22 devstack@placement-api.service[93465]: DEBUG placement.objects.research_context [req-4ec940ac-9226-4d19-924e-d5b1fe37043c req-0a902af2-2c96-4e8a-a9bf-1d33d80c9187 service placement] getting providers with 1 DISK_GB {{(pid=93465) __init__ /opt/stack/placement/placement/objects/research_context.py:126}}
Jun 15 03:32:34.232703 n-d-771362-22 devstack@placement-api.service[93465]: DEBUG placement.objects.research_context [req-4ec940ac-9226-4d19-924e-d5b1fe37043c req-0a902af2-2c96-4e8a-a9bf-1d33d80c9187 service placement] getting providers with 1024 MEMORY_MB {{(pid=93465) __init__ /opt/stack/placement/placement/objects/research_context.py:126}}
Jun 15 03:32:34.241024 n-d-771362-22 devstack@placement-api.service[93465]: DEBUG placement.objects.research_context [req-4ec940ac-9226-4d19-924e-d5b1fe37043c req-0a902af2-2c96-4e8a-a9bf-1d33d80c9187 service placement] getting providers with 1 VCPU {{(pid=93465) __init__ /opt/stack/placement/placement/objects/research_context.py:126}}
Jun 15 03:32:34.246949 n-d-771362-22 devstack@placement-api.service[93465]: DEBUG placement.objects.research_context [req-4ec940ac-9226-4d19-924e-d5b1fe37043c req-0a902af2-2c96-4e8a-a9bf-1d33d80c9187 service placement] found 2 providers with available 1 DISK_GB {{(pid=93465) get_provider_ids_matching /opt/stack/placement/placement/objects/research_context.py:549}}
Jun 15 03:32:34.247182 n-d-771362-22 devstack@placement-api.service[93465]: DEBUG placement.objects.research_context [req-4ec940ac-9226-4d19-924e-d5b1fe37043c req-0a902af2-2c96-4e8a-a9bf-1d33d80c9187 service placement] found 2 providers with available 1024 MEMORY_MB {{(pid=93465) get_provider_ids_matching /opt/stack/placement/placement/objects/research_context.py:549}}
Jun 15 03:32:34.247619 n-d-771362-22 devstack@placement-api.service[93465]: DEBUG placement.objects.research_context [req-4ec940ac-9226-4d19-924e-d5b1fe37043c req-0a902af2-2c96-4e8a-a9bf-1d33d80c9187 service placement] found 2 providers after filtering by previous result {{(pid=93465) get_provider_ids_matching /opt/stack/placement/placement/objects/research_context.py:580}}
Jun 15 03:32:34.248199 n-d-771362-22 devstack@placement-api.service[93465]: DEBUG placement.objects.research_context [req-4ec940ac-9226-4d19-924e-d5b1fe37043c req-0a902af2-2c96-4e8a-a9bf-1d33d80c9187 service placement] found 2 providers with available 1 VCPU {{(pid=93465) get_provider_ids_matching /opt/stack/placement/placement/objects/research_context.py:549}}
Jun 15 03:32:34.248674 n-d-771362-22 devstack@placement-api.service[93465]: DEBUG placement.objects.research_context [req-4ec940ac-9226-4d19-924e-d5b1fe37043c req-0a902af2-2c96-4e8a-a9bf-1d33d80c9187 service placement] found 2 providers after filtering by previous result {{(pid=93465) get_provider_ids_matching /opt/stack/placement/placement/objects/research_context.py:580}}
Jun 15 03:32:34.323992 n-d-771362-22 devstack@placement-api.service[93465]: DEBUG placement.objects.allocation_candidate [req-4ec940ac-9226-4d19-924e-d5b1fe37043c req-0a902af2-2c96-4e8a-a9bf-1d33d80c9187 service placement] RequestGroup(use_same_provider=False, resources={DISK_GB:1, MEMORY_MB:1024, VCPU:1}, traits=[], aggregates=[]) (suffix '') returned 2 matches {{(pid=93465) _get_by_requests /opt/stack/placement/placement/objects/allocation_candidate.py:145}}
Jun 15 03:32:34.324361 n-d-771362-22 devstack@placement-api.service[93465]: DEBUG placement.objects.allocation_candidate [req-4ec940ac-9226-4d19-924e-d5b1fe37043c req-0a902af2-2c96-4e8a-a9bf-1d33d80c9187 service placement] Merging candidates yields 2 allocation requests and 2 provider summaries {{(pid=93465) _merge_candidates /opt/stack/placement/placement/objects/allocation_candidate.py:783}}
Jun 15 03:32:34.326051 n-d-771362-22 devstack@placement-api.service[93465]: INFO placement.requestlog [req-4ec940ac-9226-4d19-924e-d5b1fe37043c req-0a902af2-2c96-4e8a-a9bf-1d33d80c9187 service placement] 10.222.0.10 "GET /placement/allocation_candidates?limit=1000&resources=DISK_GB%3A1%2CMEMORY_MB%3A1024%2CVCPU%3A1&root_required=%21COMPUTE_STATUS_DISABLED" status: 200 len: 1309 microversion: 1.35
Jun 15 03:32:34.338073 n-d-771362-22 devstack@placement-api.service[93465]: [pid: 93465|app: 0|req: 77/160] 10.222.0.10 () {60 vars in 1506 bytes} [Tue Jun 15 03:32:34 2021] GET /placement/allocation_candidates?limit=1000&resources=DISK_GB%3A1%2CMEMORY_MB%3A1024%2CVCPU%3A1&root_required=%21COMPUTE_STATUS_DISABLED => generated 1309 bytes in 144 msecs (HTTP/1.1 200) 8 headers in 297 bytes (1 switches on core 0)
Jun 15 03:32:34.384986 n-d-771362-22 devstack@placement-api.service[93464]: DEBUG placement.requestlog [req-4ec940ac-9226-4d19-924e-d5b1fe37043c req-fcb5e177-8d14-481d-99e2-8967148c42ea None None] Starting request: 10.222.0.10 "GET /placement/allocations/5db436e9-1669-4c53-946b-d423b3a620b6" {{(pid=93464) __call__ /opt/stack/placement/placement/requestlog.py:55}}
Jun 15 03:32:34.395825 n-d-771362-22 devstack@placement-api.service[93464]: INFO placement.requestlog [req-4ec940ac-9226-4d19-924e-d5b1fe37043c req-fcb5e177-8d14-481d-99e2-8967148c42ea service placement] 10.222.0.10 "GET /placement/allocations/5db436e9-1669-4c53-946b-d423b3a620b6" status: 200 len: 19 microversion: 1.28
Jun 15 03:32:34.396183 n-d-771362-22 devstack@placement-api.service[93464]: [pid: 93464|app: 0|req: 84/161] 10.222.0.10 () {60 vars in 1380 bytes} [Tue Jun 15 03:32:34 2021] GET /placement/allocations/5db436e9-1669-4c53-946b-d423b3a620b6 => generated 19 bytes in 11 msecs (HTTP/1.1 200) 8 headers in 295 bytes (1 switches on core 0)
Jun 15 03:32:34.401197 n-d-771362-22 devstack@placement-api.service[93465]: DEBUG placement.requestlog [req-4ec940ac-9226-4d19-924e-d5b1fe37043c req-69232a28-030f-45d7-b92d-e182e4e5a5ed None None] Starting request: 10.222.0.10 "PUT /placement/allocations/5db436e9-1669-4c53-946b-d423b3a620b6" {{(pid=93465) __call__ /opt/stack/placement/placement/requestlog.py:55}}
Jun 15 03:32:34.803178 n-d-771362-22 devstack@placement-api.service[93465]: DEBUG placement.handlers.allocation [req-4ec940ac-9226-4d19-924e-d5b1fe37043c req-69232a28-030f-45d7-b92d-e182e4e5a5ed service placement] Successfully wrote allocations [, , ] {{(pid=93465) _create_allocations /opt/stack/placement/placement/handlers/allocation.py:435}}
Jun 15 03:32:34.803830 n-d-771362-22 devstack@placement-api.service[93465]: INFO placement.requestlog [req-4ec940ac-9226-4d19-924e-d5b1fe37043c req-69232a28-030f-45d7-b92d-e182e4e5a5ed service placement] 10.222.0.10 "PUT /placement/allocations/5db436e9-1669-4c53-946b-d423b3a620b6" status: 204 len: 0 microversion: 1.35
Jun 15 03:32:34.804176 n-d-771362-22 devstack@placement-api.service[93465]: [pid: 93465|app: 0|req: 78/162] 10.222.0.10 () {64 vars in 1433 bytes} [Tue Jun 15 03:32:34 2021] PUT /placement/allocations/5db436e9-1669-4c53-946b-d423b3a620b6 => generated 0 bytes in 403 msecs (HTTP/1.1 204) 5 headers in 199 bytes (2 switches on core 0)
Jun 15 03:32:36.127025 n-d-771362-22 devstack@placement-api.service[93464]: DEBUG placement.requestlog [req-4ec940ac-9226-4d19-924e-d5b1fe37043c req-6464da06-19a0-406b-8538-8dfe59dd1a8e None None] Starting request: 10.222.0.30 "GET /placement/allocations/5db436e9-1669-4c53-946b-d423b3a620b6" {{(pid=93464) __call__ /opt/stack/placement/placement/requestlog.py:55}}
Jun 15 03:32:36.142736 n-d-771362-22 devstack@placement-api.service[93464]: INFO placement.requestlog [req-4ec940ac-9226-4d19-924e-d5b1fe37043c req-6464da06-19a0-406b-8538-8dfe59dd1a8e service placement] 10.222.0.30 "GET /placement/allocations/5db436e9-1669-4c53-946b-d423b3a620b6" status: 200 len: 259 microversion: 1.28
Jun 15 03:32:36.143107 n-d-771362-22 devstack@placement-api.service[93464]: [pid: 93464|app: 0|req: 85/163] 10.222.0.30 () {60 vars in 1378 bytes} [Tue Jun 15 03:32:36 2021] GET /placement/allocations/5db436e9-1669-4c53-946b-d423b3a620b6 => generated 259 bytes in 17 msecs (HTTP/1.1 200) 8 headers in 296 bytes (1 switches on core 0)
Jun 15 03:32:37.737659 n-d-771362-22 devstack@placement-api.service[93465]: DEBUG placement.requestlog [req-d3c09c59-19db-4658-b70a-44f977d35fd9 req-e5bd8df3-8508-40f1-9f4e-fdf42a8b4570 None None] Starting request: 10.222.0.48 "GET /placement/resource_providers/d38798a3-bcf0-4428-a5b8-7b9c56d0f36c/allocations" {{(pid=93465) __call__ /opt/stack/placement/placement/requestlog.py:55}}
Jun 15 03:32:37.761049 n-d-771362-22 devstack@placement-api.service[93464]: DEBUG placement.requestlog [req-02af1d83-23a2-4931-8a7e-bfdcd890888f req-679e8e28-d62d-441d-a663-2e1ef4f741a4 None None] Starting request: 10.222.0.10 "GET /placement/allocation_candidates?resources=DISK_GB%3A1%2CMEMORY_MB%3A1024%2CVCPU%3A1&root_required=%21COMPUTE_STATUS_DISABLED" {{(pid=93464) __call__ /opt/stack/placement/placement/requestlog.py:55}}
Jun 15 03:32:37.765209 n-d-771362-22 devstack@placement-api.service[93465]: INFO placement.requestlog [req-d3c09c59-19db-4658-b70a-44f977d35fd9 req-e5bd8df3-8508-40f1-9f4e-fdf42a8b4570 service placement] 10.222.0.48 "GET /placement/resource_providers/d38798a3-bcf0-4428-a5b8-7b9c56d0f36c/allocations" status: 200 len: 659 microversion: 1.0
Jun 15 03:32:37.765437 n-d-771362-22 devstack@placement-api.service[93465]: [pid: 93465|app: 0|req: 79/164] 10.222.0.48 () {58 vars in 1391 bytes} [Tue Jun 15 03:32:37 2021] GET /placement/resource_providers/d38798a3-bcf0-4428-a5b8-7b9c56d0f36c/allocations => generated 659 bytes in 28 msecs (HTTP/1.1 200) 6 headers in 224 bytes (1 switches on core 0)
Jun 15 03:32:37.804328 n-d-771362-22 devstack@placement-api.service[93464]: DEBUG placement.objects.research_context [req-02af1d83-23a2-4931-8a7e-bfdcd890888f req-679e8e28-d62d-441d-a663-2e1ef4f741a4 service placement] getting providers with 1 DISK_GB {{(pid=93464) __init__ /opt/stack/placement/placement/objects/research_context.py:126}}
Jun 15 03:32:37.812716 n-d-771362-22 devstack@placement-api.service[93464]: DEBUG placement.objects.research_context [req-02af1d83-23a2-4931-8a7e-bfdcd890888f req-679e8e28-d62d-441d-a663-2e1ef4f741a4 service placement] getting providers with 1024 MEMORY_MB {{(pid=93464) __init__ /opt/stack/placement/placement/objects/research_context.py:126}}
Jun 15 03:32:37.823236 n-d-771362-22 devstack@placement-api.service[93464]: DEBUG placement.objects.research_context [req-02af1d83-23a2-4931-8a7e-bfdcd890888f req-679e8e28-d62d-441d-a663-2e1ef4f741a4 service placement] getting providers with 1 VCPU {{(pid=93464) __init__ /opt/stack/placement/placement/objects/research_context.py:126}}
Jun 15 03:32:37.832884 n-d-771362-22 devstack@placement-api.service[93464]: DEBUG placement.objects.research_context [req-02af1d83-23a2-4931-8a7e-bfdcd890888f req-679e8e28-d62d-441d-a663-2e1ef4f741a4 service placement] found 2 providers with available 1 DISK_GB {{(pid=93464) get_provider_ids_matching /opt/stack/placement/placement/objects/research_context.py:549}}
Jun 15 03:32:37.833710 n-d-771362-22 devstack@placement-api.service[93464]: DEBUG placement.objects.research_context [req-02af1d83-23a2-4931-8a7e-bfdcd890888f req-679e8e28-d62d-441d-a663-2e1ef4f741a4 service placement] found 2 providers with available 1024 MEMORY_MB {{(pid=93464) get_provider_ids_matching /opt/stack/placement/placement/objects/research_context.py:549}}
Jun 15 03:32:37.834161 n-d-771362-22 devstack@placement-api.service[93464]: DEBUG placement.objects.research_context [req-02af1d83-23a2-4931-8a7e-bfdcd890888f req-679e8e28-d62d-441d-a663-2e1ef4f741a4 service placement] found 2 providers after filtering by previous result {{(pid=93464) get_provider_ids_matching /opt/stack/placement/placement/objects/research_context.py:580}}
Jun 15 03:32:37.834573 n-d-771362-22 devstack@placement-api.service[93464]: DEBUG placement.objects.research_context [req-02af1d83-23a2-4931-8a7e-bfdcd890888f req-679e8e28-d62d-441d-a663-2e1ef4f741a4 service placement] found 2 providers with available 1 VCPU {{(pid=93464) get_provider_ids_matching /opt/stack/placement/placement/objects/research_context.py:549}}
Jun 15 03:32:37.835008 n-d-771362-22 devstack@placement-api.service[93464]: DEBUG placement.objects.research_context [req-02af1d83-23a2-4931-8a7e-bfdcd890888f req-679e8e28-d62d-441d-a663-2e1ef4f741a4 service placement] found 2 providers after filtering by previous result {{(pid=93464) get_provider_ids_matching /opt/stack/placement/placement/objects/research_context.py:580}}
Jun 15 03:32:37.850951 n-d-771362-22 devstack@placement-api.service[93464]: DEBUG placement.objects.allocation_candidate [req-02af1d83-23a2-4931-8a7e-bfdcd890888f req-679e8e28-d62d-441d-a663-2e1ef4f741a4 service placement] RequestGroup(use_same_provider=False, resources={DISK_GB:1, MEMORY_MB:1024, VCPU:1}, traits=[], aggregates=[]) (suffix '') returned 2 matches {{(pid=93464) _get_by_requests /opt/stack/placement/placement/objects/allocation_candidate.py:145}}
Jun 15 03:32:37.851558 n-d-771362-22 devstack@placement-api.service[93464]: DEBUG placement.objects.allocation_candidate [req-02af1d83-23a2-4931-8a7e-bfdcd890888f req-679e8e28-d62d-441d-a663-2e1ef4f741a4 service placement] Merging candidates yields 2 allocation requests and 2 provider summaries {{(pid=93464) _merge_candidates /opt/stack/placement/placement/objects/allocation_candidate.py:783}}
Jun 15 03:32:37.853788 n-d-771362-22 devstack@placement-api.service[93464]: INFO placement.requestlog [req-02af1d83-23a2-4931-8a7e-bfdcd890888f req-679e8e28-d62d-441d-a663-2e1ef4f741a4 service placement] 10.222.0.10 "GET /placement/allocation_candidates?resources=DISK_GB%3A1%2CMEMORY_MB%3A1024%2CVCPU%3A1&root_required=%21COMPUTE_STATUS_DISABLED" status: 200 len: 1309 microversion: 1.35
Jun 15 03:32:37.854590 n-d-771362-22 devstack@placement-api.service[93464]: [pid: 93464|app: 0|req: 86/165] 10.222.0.10 () {60 vars in 1484 bytes} [Tue Jun 15 03:32:37 2021] GET /placement/allocation_candidates?resources=DISK_GB%3A1%2CMEMORY_MB%3A1024%2CVCPU%3A1&root_required=%21COMPUTE_STATUS_DISABLED => generated 1309 bytes in 94 msecs (HTTP/1.1 200) 8 headers in 297 bytes (2 switches on core 0)
Jun 15 03:32:37.935714 n-d-771362-22 devstack@placement-api.service[93465]: DEBUG placement.requestlog [req-02af1d83-23a2-4931-8a7e-bfdcd890888f req-5b7284d6-6c0a-453e-9e97-308356f72087 None None] Starting request: 10.222.0.10 "GET /placement/allocations/58649ad7-d6c0-4d45-8d80-57731d817999" {{(pid=93465) __call__ /opt/stack/placement/placement/requestlog.py:55}}
Jun 15 03:32:37.948636 n-d-771362-22 devstack@placement-api.service[93465]: INFO placement.requestlog [req-02af1d83-23a2-4931-8a7e-bfdcd890888f req-5b7284d6-6c0a-453e-9e97-308356f72087 service placement] 10.222.0.10 "GET /placement/allocations/58649ad7-d6c0-4d45-8d80-57731d817999" status: 200 len: 19 microversion: 1.28
Jun 15 03:32:37.949031 n-d-771362-22 devstack@placement-api.service[93465]: [pid: 93465|app: 0|req: 80/166] 10.222.0.10 () {60 vars in 1380 bytes} [Tue Jun 15 03:32:37 2021] GET /placement/allocations/58649ad7-d6c0-4d45-8d80-57731d817999 => generated 19 bytes in 14 msecs (HTTP/1.1 200) 8 headers in 295 bytes (1 switches on core 0)
Jun 15 03:32:37.955405 n-d-771362-22 devstack@placement-api.service[93464]: DEBUG placement.requestlog [req-02af1d83-23a2-4931-8a7e-bfdcd890888f req-be269474-1aa8-427b-adaf-94f814bbce86 None None] Starting request: 10.222.0.10 "PUT /placement/allocations/58649ad7-d6c0-4d45-8d80-57731d817999" {{(pid=93464) __call__ /opt/stack/placement/placement/requestlog.py:55}}
Jun 15 03:32:38.260412 n-d-771362-22 devstack@placement-api.service[93464]: DEBUG placement.handlers.allocation [req-02af1d83-23a2-4931-8a7e-bfdcd890888f req-be269474-1aa8-427b-adaf-94f814bbce86 service placement] Successfully wrote allocations [, , ] {{(pid=93464) _create_allocations /opt/stack/placement/placement/handlers/allocation.py:435}}
Jun 15 03:32:38.261047 n-d-771362-22 devstack@placement-api.service[93464]: INFO placement.requestlog [req-02af1d83-23a2-4931-8a7e-bfdcd890888f req-be269474-1aa8-427b-adaf-94f814bbce86 service placement] 10.222.0.10 "PUT /placement/allocations/58649ad7-d6c0-4d45-8d80-57731d817999" status: 204 len: 0 microversion: 1.35
Jun 15 03:32:38.261315 n-d-771362-22 devstack@placement-api.service[93464]: [pid: 93464|app: 0|req: 87/167] 10.222.0.10 () {64 vars in 1433 bytes} [Tue Jun 15 03:32:37 2021] PUT /placement/allocations/58649ad7-d6c0-4d45-8d80-57731d817999 => generated 0 bytes in 306 msecs (HTTP/1.1 204) 5 headers in 199 bytes (2 switches on core 0)
Jun 15 03:32:38.273391 n-d-771362-22 devstack@placement-api.service[93465]: DEBUG placement.requestlog [req-02af1d83-23a2-4931-8a7e-bfdcd890888f req-399b2f7e-c764-44ce-bc62-b19d4bc19e7e None None] Starting request: 10.222.0.10 "GET /placement/allocations/b7342a2d-3272-4562-94b3-52246cf61dfc" {{(pid=93465) __call__ /opt/stack/placement/placement/requestlog.py:55}}
Jun 15 03:32:38.288475 n-d-771362-22 devstack@placement-api.service[93465]: INFO placement.requestlog [req-02af1d83-23a2-4931-8a7e-bfdcd890888f req-399b2f7e-c764-44ce-bc62-b19d4bc19e7e service placement] 10.222.0.10 "GET /placement/allocations/b7342a2d-3272-4562-94b3-52246cf61dfc" status: 200 len: 19 microversion: 1.28
Jun 15 03:32:38.288940 n-d-771362-22 devstack@placement-api.service[93465]: [pid: 93465|app: 0|req: 81/168] 10.222.0.10 () {60 vars in 1380 bytes} [Tue Jun 15 03:32:38 2021] GET /placement/allocations/b7342a2d-3272-4562-94b3-52246cf61dfc => generated 19 bytes in 16 msecs (HTTP/1.1 200) 8 headers in 295 bytes (1 switches on core 0)
Jun 15 03:32:38.298450 n-d-771362-22 devstack@placement-api.service[93464]: DEBUG placement.requestlog [req-02af1d83-23a2-4931-8a7e-bfdcd890888f req-84fc5a94-0b6e-44a9-afcc-edbf3ddd3c8a None None] Starting request: 10.222.0.10 "PUT /placement/allocations/b7342a2d-3272-4562-94b3-52246cf61dfc" {{(pid=93464) __call__ /opt/stack/placement/placement/requestlog.py:55}}
Jun 15 03:32:38.390193 n-d-771362-22 devstack@placement-api.service[93465]: DEBUG placement.requestlog [req-d3c09c59-19db-4658-b70a-44f977d35fd9 req-c1cded8c-5615-45ae-8aad-ccdd3557269e None None] Starting request: 10.222.0.48 "GET /placement/allocations/6ad72fb7-579d-4d46-9bc1-9833f4f18a32" {{(pid=93465) __call__ /opt/stack/placement/placement/requestlog.py:55}}
Jun 15 03:32:38.406596 n-d-771362-22 devstack@placement-api.service[93465]: INFO placement.requestlog [req-d3c09c59-19db-4658-b70a-44f977d35fd9 req-c1cded8c-5615-45ae-8aad-ccdd3557269e service placement] 10.222.0.48 "GET /placement/allocations/6ad72fb7-579d-4d46-9bc1-9833f4f18a32" status: 200 len: 259 microversion: 1.28
Jun 15 03:32:38.407068 n-d-771362-22 devstack@placement-api.service[93465]: [pid: 93465|app: 0|req: 82/169] 10.222.0.48 () {60 vars in 1378 bytes} [Tue Jun 15 03:32:38 2021] GET /placement/allocations/6ad72fb7-579d-4d46-9bc1-9833f4f18a32 => generated 259 bytes in 17 msecs (HTTP/1.1 200) 8 headers in 296 bytes (2 switches on core 0)
Jun 15 03:32:38.424438 n-d-771362-22 devstack@placement-api.service[93465]: DEBUG placement.requestlog [req-d3c09c59-19db-4658-b70a-44f977d35fd9 req-1133152b-3625-4ef9-8b25-13180e6941f5 None None] Starting request: 10.222.0.48 "PUT /placement/allocations/6ad72fb7-579d-4d46-9bc1-9833f4f18a32" {{(pid=93465) __call__ /opt/stack/placement/placement/requestlog.py:55}}
Jun 15 03:32:38.520670 n-d-771362-22 devstack@placement-api.service[93464]: DEBUG placement.handlers.allocation [req-02af1d83-23a2-4931-8a7e-bfdcd890888f req-84fc5a94-0b6e-44a9-afcc-edbf3ddd3c8a service placement] Successfully wrote allocations [, , ] {{(pid=93464) _create_allocations /opt/stack/placement/placement/handlers/allocation.py:435}}
Jun 15 03:32:38.521644 n-d-771362-22 devstack@placement-api.service[93464]: INFO placement.requestlog [req-02af1d83-23a2-4931-8a7e-bfdcd890888f req-84fc5a94-0b6e-44a9-afcc-edbf3ddd3c8a service placement] 10.222.0.10 "PUT /placement/allocations/b7342a2d-3272-4562-94b3-52246cf61dfc" status: 204 len: 0 microversion: 1.35
Jun 15 03:32:38.529377 n-d-771362-22 devstack@placement-api.service[93464]: [pid: 93464|app: 0|req: 88/170] 10.222.0.10 () {64 vars in 1433 bytes} [Tue Jun 15 03:32:38 2021] PUT /placement/allocations/b7342a2d-3272-4562-94b3-52246cf61dfc => generated 0 bytes in 224 msecs (HTTP/1.1 204) 5 headers in 199 bytes (1 switches on core 0)
Jun 15 03:32:38.569770 n-d-771362-22 devstack@placement-api.service[93465]: DEBUG placement.handlers.allocation [req-d3c09c59-19db-4658-b70a-44f977d35fd9 req-1133152b-3625-4ef9-8b25-13180e6941f5 service placement] Successfully wrote allocations [, , ] {{(pid=93465) _create_allocations /opt/stack/placement/placement/handlers/allocation.py:435}}
Jun 15 03:32:38.570545 n-d-771362-22 devstack@placement-api.service[93465]: INFO placement.requestlog [req-d3c09c59-19db-4658-b70a-44f977d35fd9 req-1133152b-3625-4ef9-8b25-13180e6941f5 service placement] 10.222.0.48 "PUT /placement/allocations/6ad72fb7-579d-4d46-9bc1-9833f4f18a32" status: 204 len: 0 microversion: 1.28
Jun 15 03:32:38.571279 n-d-771362-22 devstack@placement-api.service[93465]: [pid: 93465|app: 0|req: 83/171] 10.222.0.48 () {64 vars in 1431 bytes} [Tue Jun 15 03:32:38 2021] PUT /placement/allocations/6ad72fb7-579d-4d46-9bc1-9833f4f18a32 => generated 0 bytes in 148 msecs (HTTP/1.1 204) 5 headers in 199 bytes (1 switches on core 0)
Jun 15 03:32:39.895110 n-d-771362-22 devstack@placement-api.service[93464]: DEBUG placement.requestlog [req-02af1d83-23a2-4931-8a7e-bfdcd890888f req-356883b1-7d5a-4bea-a1f7-63c4391bd625 None None] Starting request: 10.222.0.30 "GET /placement/allocations/58649ad7-d6c0-4d45-8d80-57731d817999" {{(pid=93464) __call__ /opt/stack/placement/placement/requestlog.py:55}}
Jun 15 03:32:39.922122 n-d-771362-22 devstack@placement-api.service[93464]: INFO placement.requestlog [req-02af1d83-23a2-4931-8a7e-bfdcd890888f req-356883b1-7d5a-4bea-a1f7-63c4391bd625 service placement] 10.222.0.30 "GET /placement/allocations/58649ad7-d6c0-4d45-8d80-57731d817999" status: 200 len: 259 microversion: 1.28
Jun 15 03:32:39.925543 n-d-771362-22 devstack@placement-api.service[93464]: [pid: 93464|app: 0|req: 89/172] 10.222.0.30 () {60 vars in 1378 bytes} [Tue Jun 15 03:32:39 2021] GET /placement/allocations/58649ad7-d6c0-4d45-8d80-57731d817999 => generated 259 bytes in 31 msecs (HTTP/1.1 200) 8 headers in 296 bytes (1 switches on core 0)
Jun 15 03:32:40.299259 n-d-771362-22 devstack@placement-api.service[93465]: DEBUG placement.requestlog [req-02af1d83-23a2-4931-8a7e-bfdcd890888f req-3cb98a9e-d603-4996-8df9-fe6268572538 None None] Starting request: 10.222.0.30 "GET /placement/allocations/b7342a2d-3272-4562-94b3-52246cf61dfc" {{(pid=93465) __call__ /opt/stack/placement/placement/requestlog.py:55}}
Jun 15 03:32:40.334270 n-d-771362-22 devstack@placement-api.service[93465]: INFO placement.requestlog [req-02af1d83-23a2-4931-8a7e-bfdcd890888f req-3cb98a9e-d603-4996-8df9-fe6268572538 service placement] 10.222.0.30 "GET /placement/allocations/b7342a2d-3272-4562-94b3-52246cf61dfc" status: 200 len: 259 microversion: 1.28
Jun 15 03:32:40.334798 n-d-771362-22 devstack@placement-api.service[93465]: [pid: 93465|app: 0|req: 84/173] 10.222.0.30 () {60 vars in 1378 bytes} [Tue Jun 15 03:32:40 2021] GET /placement/allocations/b7342a2d-3272-4562-94b3-52246cf61dfc => generated 259 bytes in 36 msecs (HTTP/1.1 200) 8 headers in 296 bytes (1 switches on core 0)
Jun 15 03:32:43.543607 n-d-771362-22 devstack@placement-api.service[93464]: DEBUG placement.requestlog [req-2870751b-591f-4d21-83c2-dcfa27b4eb88 req-9b0ed28f-b998-4570-8b3c-0834d9250a1f None None] Starting request: 10.222.0.10 "GET /placement/allocation_candidates?limit=1000&resources=DISK_GB%3A1%2CMEMORY_MB%3A1024%2CVCPU%3A1&root_required=%21COMPUTE_STATUS_DISABLED" {{(pid=93464) __call__ /opt/stack/placement/placement/requestlog.py:55}}
Jun 15 03:32:43.584793 n-d-771362-22 devstack@placement-api.service[93465]: DEBUG placement.requestlog [req-b5e10b42-347b-4149-abca-73bb74de6e1b req-6e2d8df6-3d7c-4c91-b25c-19e5b5d0cd30 None None] Starting request: 10.222.0.10 "GET /placement/allocation_candidates?limit=1000&resources=DISK_GB%3A1%2CMEMORY_MB%3A1024%2CVCPU%3A1&root_required=%21COMPUTE_STATUS_DISABLED" {{(pid=93465) __call__ /opt/stack/placement/placement/requestlog.py:55}}
Jun 15 03:32:43.605971 n-d-771362-22 devstack@placement-api.service[93464]: DEBUG placement.objects.research_context [req-2870751b-591f-4d21-83c2-dcfa27b4eb88 req-9b0ed28f-b998-4570-8b3c-0834d9250a1f service placement] getting providers with 1 DISK_GB {{(pid=93464) __init__ /opt/stack/placement/placement/objects/research_context.py:126}}
Jun 15 03:32:43.621553 n-d-771362-22 devstack@placement-api.service[93464]: DEBUG placement.objects.research_context [req-2870751b-591f-4d21-83c2-dcfa27b4eb88 req-9b0ed28f-b998-4570-8b3c-0834d9250a1f service placement] getting providers with 1024 MEMORY_MB {{(pid=93464) __init__ /opt/stack/placement/placement/objects/research_context.py:126}}
Jun 15 03:32:43.643843 n-d-771362-22 devstack@placement-api.service[93464]: DEBUG placement.objects.research_context [req-2870751b-591f-4d21-83c2-dcfa27b4eb88 req-9b0ed28f-b998-4570-8b3c-0834d9250a1f service placement] getting providers with 1 VCPU {{(pid=93464) __init__ /opt/stack/placement/placement/objects/research_context.py:126}}
Jun 15 03:32:43.647387 n-d-771362-22 devstack@placement-api.service[93465]: DEBUG placement.objects.research_context [req-b5e10b42-347b-4149-abca-73bb74de6e1b req-6e2d8df6-3d7c-4c91-b25c-19e5b5d0cd30 service placement] getting providers with 1 DISK_GB {{(pid=93465) __init__ /opt/stack/placement/placement/objects/research_context.py:126}}
Jun 15 03:32:43.653371 n-d-771362-22 devstack@placement-api.service[93465]: DEBUG placement.objects.research_context [req-b5e10b42-347b-4149-abca-73bb74de6e1b req-6e2d8df6-3d7c-4c91-b25c-19e5b5d0cd30 service placement] getting providers with 1024 MEMORY_MB {{(pid=93465) __init__ /opt/stack/placement/placement/objects/research_context.py:126}}
Jun 15 03:32:43.657800 n-d-771362-22 devstack@placement-api.service[93464]: DEBUG placement.objects.research_context [req-2870751b-591f-4d21-83c2-dcfa27b4eb88 req-9b0ed28f-b998-4570-8b3c-0834d9250a1f service placement] found 2 providers with available 1 DISK_GB {{(pid=93464) get_provider_ids_matching /opt/stack/placement/placement/objects/research_context.py:549}}
Jun 15 03:32:43.658082 n-d-771362-22 devstack@placement-api.service[93464]: DEBUG placement.objects.research_context [req-2870751b-591f-4d21-83c2-dcfa27b4eb88 req-9b0ed28f-b998-4570-8b3c-0834d9250a1f service placement] found 2 providers with available 1024 MEMORY_MB {{(pid=93464) get_provider_ids_matching /opt/stack/placement/placement/objects/research_context.py:549}}
Jun 15 03:32:43.658356 n-d-771362-22 devstack@placement-api.service[93464]: DEBUG placement.objects.research_context [req-2870751b-591f-4d21-83c2-dcfa27b4eb88 req-9b0ed28f-b998-4570-8b3c-0834d9250a1f service placement] found 2 providers after filtering by previous result {{(pid=93464) get_provider_ids_matching /opt/stack/placement/placement/objects/research_context.py:580}}
Jun 15 03:32:43.658613 n-d-771362-22 devstack@placement-api.service[93464]: DEBUG placement.objects.research_context [req-2870751b-591f-4d21-83c2-dcfa27b4eb88 req-9b0ed28f-b998-4570-8b3c-0834d9250a1f service placement] found 2 providers with available 1 VCPU {{(pid=93464) get_provider_ids_matching /opt/stack/placement/placement/objects/research_context.py:549}}
Jun 15 03:32:43.662978 n-d-771362-22 devstack@placement-api.service[93464]: DEBUG placement.objects.research_context [req-2870751b-591f-4d21-83c2-dcfa27b4eb88 req-9b0ed28f-b998-4570-8b3c-0834d9250a1f service placement] found 2 providers after filtering by previous result {{(pid=93464) get_provider_ids_matching /opt/stack/placement/placement/objects/research_context.py:580}}
Jun 15 03:32:43.664735 n-d-771362-22 devstack@placement-api.service[93465]: DEBUG placement.objects.research_context [req-b5e10b42-347b-4149-abca-73bb74de6e1b req-6e2d8df6-3d7c-4c91-b25c-19e5b5d0cd30 service placement] getting providers with 1 VCPU {{(pid=93465) __init__ /opt/stack/placement/placement/objects/research_context.py:126}}
Jun 15 03:32:43.690662 n-d-771362-22 devstack@placement-api.service[93465]: DEBUG placement.objects.research_context [req-b5e10b42-347b-4149-abca-73bb74de6e1b req-6e2d8df6-3d7c-4c91-b25c-19e5b5d0cd30 service placement] found 2 providers with available 1 DISK_GB {{(pid=93465) get_provider_ids_matching /opt/stack/placement/placement/objects/research_context.py:549}}
Jun 15 03:32:43.690947 n-d-771362-22 devstack@placement-api.service[93465]: DEBUG placement.objects.research_context [req-b5e10b42-347b-4149-abca-73bb74de6e1b req-6e2d8df6-3d7c-4c91-b25c-19e5b5d0cd30 service placement] found 2 providers with available 1024 MEMORY_MB {{(pid=93465) get_provider_ids_matching /opt/stack/placement/placement/objects/research_context.py:549}}
Jun 15 03:32:43.691235 n-d-771362-22 devstack@placement-api.service[93465]: DEBUG placement.objects.research_context [req-b5e10b42-347b-4149-abca-73bb74de6e1b req-6e2d8df6-3d7c-4c91-b25c-19e5b5d0cd30 service placement] found 2 providers after filtering by previous result {{(pid=93465) get_provider_ids_matching /opt/stack/placement/placement/objects/research_context.py:580}}
Jun 15 03:32:43.691501 n-d-771362-22 devstack@placement-api.service[93465]: DEBUG placement.objects.research_context [req-b5e10b42-347b-4149-abca-73bb74de6e1b req-6e2d8df6-3d7c-4c91-b25c-19e5b5d0cd30 service placement] found 2 providers with available 1 VCPU {{(pid=93465) get_provider_ids_matching /opt/stack/placement/placement/objects/research_context.py:549}}
Jun 15 03:32:43.691866 n-d-771362-22 devstack@placement-api.service[93465]: DEBUG placement.objects.research_context [req-b5e10b42-347b-4149-abca-73bb74de6e1b req-6e2d8df6-3d7c-4c91-b25c-19e5b5d0cd30 service placement] found 2 providers after filtering by previous result {{(pid=93465) get_provider_ids_matching /opt/stack/placement/placement/objects/research_context.py:580}}
Jun 15 03:32:43.695501 n-d-771362-22 devstack@placement-api.service[93464]: DEBUG placement.objects.allocation_candidate [req-2870751b-591f-4d21-83c2-dcfa27b4eb88 req-9b0ed28f-b998-4570-8b3c-0834d9250a1f service placement] RequestGroup(use_same_provider=False, resources={DISK_GB:1, MEMORY_MB:1024, VCPU:1}, traits=[], aggregates=[]) (suffix '') returned 2 matches {{(pid=93464) _get_by_requests /opt/stack/placement/placement/objects/allocation_candidate.py:145}}
Jun 15 03:32:43.696207 n-d-771362-22 devstack@placement-api.service[93464]: DEBUG placement.objects.allocation_candidate [req-2870751b-591f-4d21-83c2-dcfa27b4eb88 req-9b0ed28f-b998-4570-8b3c-0834d9250a1f service placement] Merging candidates yields 2 allocation requests and 2 provider summaries {{(pid=93464) _merge_candidates /opt/stack/placement/placement/objects/allocation_candidate.py:783}}
Jun 15 03:32:43.702158 n-d-771362-22 devstack@placement-api.service[93464]: INFO placement.requestlog [req-2870751b-591f-4d21-83c2-dcfa27b4eb88 req-9b0ed28f-b998-4570-8b3c-0834d9250a1f service placement] 10.222.0.10 "GET /placement/allocation_candidates?limit=1000&resources=DISK_GB%3A1%2CMEMORY_MB%3A1024%2CVCPU%3A1&root_required=%21COMPUTE_STATUS_DISABLED" status: 200 len: 1309 microversion: 1.35
Jun 15 03:32:43.711409 n-d-771362-22 devstack@placement-api.service[93464]: [pid: 93464|app: 0|req: 90/174] 10.222.0.10 () {60 vars in 1506 bytes} [Tue Jun 15 03:32:43 2021] GET /placement/allocation_candidates?limit=1000&resources=DISK_GB%3A1%2CMEMORY_MB%3A1024%2CVCPU%3A1&root_required=%21COMPUTE_STATUS_DISABLED => generated 1309 bytes in 160 msecs (HTTP/1.1 200) 8 headers in 297 bytes (1 switches on core 0)
Jun 15 03:32:43.717669 n-d-771362-22 devstack@placement-api.service[93465]: DEBUG placement.objects.allocation_candidate [req-b5e10b42-347b-4149-abca-73bb74de6e1b req-6e2d8df6-3d7c-4c91-b25c-19e5b5d0cd30 service placement] RequestGroup(use_same_provider=False, resources={DISK_GB:1, MEMORY_MB:1024, VCPU:1}, traits=[], aggregates=[]) (suffix '') returned 2 matches {{(pid=93465) _get_by_requests /opt/stack/placement/placement/objects/allocation_candidate.py:145}}
Jun 15 03:32:43.717954 n-d-771362-22 devstack@placement-api.service[93465]: DEBUG placement.objects.allocation_candidate [req-b5e10b42-347b-4149-abca-73bb74de6e1b req-6e2d8df6-3d7c-4c91-b25c-19e5b5d0cd30 service placement] Merging candidates yields 2 allocation requests and 2 provider summaries {{(pid=93465) _merge_candidates /opt/stack/placement/placement/objects/allocation_candidate.py:783}}
Jun 15 03:32:43.723707 n-d-771362-22 devstack@placement-api.service[93465]: INFO placement.requestlog [req-b5e10b42-347b-4149-abca-73bb74de6e1b req-6e2d8df6-3d7c-4c91-b25c-19e5b5d0cd30 service placement] 10.222.0.10 "GET /placement/allocation_candidates?limit=1000&resources=DISK_GB%3A1%2CMEMORY_MB%3A1024%2CVCPU%3A1&root_required=%21COMPUTE_STATUS_DISABLED" status: 200 len: 1309 microversion: 1.35
Jun 15 03:32:43.732134 n-d-771362-22 devstack@placement-api.service[93465]: [pid: 93465|app: 0|req: 85/175] 10.222.0.10 () {60 vars in 1506 bytes} [Tue Jun 15 03:32:43 2021] GET /placement/allocation_candidates?limit=1000&resources=DISK_GB%3A1%2CMEMORY_MB%3A1024%2CVCPU%3A1&root_required=%21COMPUTE_STATUS_DISABLED => generated 1309 bytes in 147 msecs (HTTP/1.1 200) 8 headers in 297 bytes (2 switches on core 0)
Jun 15 03:32:43.818996 n-d-771362-22 devstack@placement-api.service[93464]: DEBUG placement.requestlog [req-b5e10b42-347b-4149-abca-73bb74de6e1b req-072c76a1-d13b-4b61-b6c3-8388fa24be47 None None] Starting request: 10.222.0.10 "GET /placement/allocations/1aec70f5-475f-43d4-9a31-9e73d0347d03" {{(pid=93464) __call__ /opt/stack/placement/placement/requestlog.py:55}}
Jun 15 03:32:43.833139 n-d-771362-22 devstack@placement-api.service[93464]: INFO placement.requestlog [req-b5e10b42-347b-4149-abca-73bb74de6e1b req-072c76a1-d13b-4b61-b6c3-8388fa24be47 service placement] 10.222.0.10 "GET /placement/allocations/1aec70f5-475f-43d4-9a31-9e73d0347d03" status: 200 len: 19 microversion: 1.28
Jun 15 03:32:43.836180 n-d-771362-22 devstack@placement-api.service[93464]: [pid: 93464|app: 0|req: 91/176] 10.222.0.10 () {60 vars in 1380 bytes} [Tue Jun 15 03:32:43 2021] GET /placement/allocations/1aec70f5-475f-43d4-9a31-9e73d0347d03 => generated 19 bytes in 17 msecs (HTTP/1.1 200) 8 headers in 295 bytes (1 switches on core 0)
Jun 15 03:32:43.840348 n-d-771362-22 devstack@placement-api.service[93465]: DEBUG placement.requestlog [req-b5e10b42-347b-4149-abca-73bb74de6e1b req-f8f49904-fda3-47a1-a81c-29904cf2fc15 None None] Starting request: 10.222.0.10 "PUT /placement/allocations/1aec70f5-475f-43d4-9a31-9e73d0347d03" {{(pid=93465) __call__ /opt/stack/placement/placement/requestlog.py:55}}
Jun 15 03:32:43.851766 n-d-771362-22 devstack@placement-api.service[93464]: DEBUG placement.requestlog [req-2870751b-591f-4d21-83c2-dcfa27b4eb88 req-71872272-5c67-4d6b-9be8-f55ffef67e9a None None] Starting request: 10.222.0.10 "GET /placement/allocations/e728d5d9-1112-4875-9beb-52f493781020" {{(pid=93464) __call__ /opt/stack/placement/placement/requestlog.py:55}}
Jun 15 03:32:43.867399 n-d-771362-22 devstack@placement-api.service[93464]: INFO placement.requestlog [req-2870751b-591f-4d21-83c2-dcfa27b4eb88 req-71872272-5c67-4d6b-9be8-f55ffef67e9a service placement] 10.222.0.10 "GET /placement/allocations/e728d5d9-1112-4875-9beb-52f493781020" status: 200 len: 19 microversion: 1.28
Jun 15 03:32:43.868071 n-d-771362-22 devstack@placement-api.service[93464]: [pid: 93464|app: 0|req: 92/177] 10.222.0.10 () {60 vars in 1380 bytes} [Tue Jun 15 03:32:43 2021] GET /placement/allocations/e728d5d9-1112-4875-9beb-52f493781020 => generated 19 bytes in 16 msecs (HTTP/1.1 200) 8 headers in 295 bytes (1 switches on core 0)
Jun 15 03:32:43.873389 n-d-771362-22 devstack@placement-api.service[93464]: DEBUG placement.requestlog [req-2870751b-591f-4d21-83c2-dcfa27b4eb88 req-5bff895e-7bda-4131-9ffc-ef3d774e4ebf None None] Starting request: 10.222.0.10 "PUT /placement/allocations/e728d5d9-1112-4875-9beb-52f493781020" {{(pid=93464) __call__ /opt/stack/placement/placement/requestlog.py:55}}
Jun 15 03:32:44.112217 n-d-771362-22 devstack@placement-api.service[93465]: DEBUG placement.handlers.allocation [req-b5e10b42-347b-4149-abca-73bb74de6e1b req-f8f49904-fda3-47a1-a81c-29904cf2fc15 service placement] Successfully wrote allocations [, , ] {{(pid=93465) _create_allocations /opt/stack/placement/placement/handlers/allocation.py:435}}
Jun 15 03:32:44.113121 n-d-771362-22 devstack@placement-api.service[93465]: INFO placement.requestlog [req-b5e10b42-347b-4149-abca-73bb74de6e1b req-f8f49904-fda3-47a1-a81c-29904cf2fc15 service placement] 10.222.0.10 "PUT /placement/allocations/1aec70f5-475f-43d4-9a31-9e73d0347d03" status: 204 len: 0 microversion: 1.35
Jun 15 03:32:44.113628 n-d-771362-22 devstack@placement-api.service[93465]: [pid: 93465|app: 0|req: 86/178] 10.222.0.10 () {64 vars in 1433 bytes} [Tue Jun 15 03:32:43 2021] PUT /placement/allocations/1aec70f5-475f-43d4-9a31-9e73d0347d03 => generated 0 bytes in 274 msecs (HTTP/1.1 204) 5 headers in 199 bytes (1 switches on core 0)
Jun 15 03:32:44.168822 n-d-771362-22 devstack@placement-api.service[93464]: DEBUG placement.objects.allocation [req-2870751b-591f-4d21-83c2-dcfa27b4eb88 req-5bff895e-7bda-4131-9ffc-ef3d774e4ebf service placement] Retrying allocations write on resource provider generation conflict {{(pid=93464) replace_all /opt/stack/placement/placement/objects/allocation.py:505}}
Jun 15 03:32:44.284367 n-d-771362-22 devstack@placement-api.service[93464]: DEBUG placement.handlers.allocation [req-2870751b-591f-4d21-83c2-dcfa27b4eb88 req-5bff895e-7bda-4131-9ffc-ef3d774e4ebf service placement] Successfully wrote allocations [, , ] {{(pid=93464) _create_allocations /opt/stack/placement/placement/handlers/allocation.py:435}}
Jun 15 03:32:44.284896 n-d-771362-22 devstack@placement-api.service[93464]: INFO placement.requestlog [req-2870751b-591f-4d21-83c2-dcfa27b4eb88 req-5bff895e-7bda-4131-9ffc-ef3d774e4ebf service placement] 10.222.0.10 "PUT /placement/allocations/e728d5d9-1112-4875-9beb-52f493781020" status: 204 len: 0 microversion: 1.35
Jun 15 03:32:44.285483 n-d-771362-22 devstack@placement-api.service[93464]: [pid: 93464|app: 0|req: 93/179] 10.222.0.10 () {64 vars in 1433 bytes} [Tue Jun 15 03:32:43 2021] PUT /placement/allocations/e728d5d9-1112-4875-9beb-52f493781020 => generated 0 bytes in 412 msecs (HTTP/1.1 204) 5 headers in 199 bytes (1 switches on core 0)
Jun 15 03:32:45.208188 n-d-771362-22 devstack@placement-api.service[93465]: DEBUG placement.requestlog [req-b5e10b42-347b-4149-abca-73bb74de6e1b req-2178e82b-a6ef-438e-8a08-271b41a4a79f None None] Starting request: 10.222.0.48 "GET /placement/allocations/1aec70f5-475f-43d4-9a31-9e73d0347d03" {{(pid=93465) __call__ /opt/stack/placement/placement/requestlog.py:55}}
Jun 15 03:32:45.226515 n-d-771362-22 devstack@placement-api.service[93465]: INFO placement.requestlog [req-b5e10b42-347b-4149-abca-73bb74de6e1b req-2178e82b-a6ef-438e-8a08-271b41a4a79f service placement] 10.222.0.48 "GET /placement/allocations/1aec70f5-475f-43d4-9a31-9e73d0347d03" status: 200 len: 259 microversion: 1.28
Jun 15 03:32:45.226923 n-d-771362-22 devstack@placement-api.service[93465]: [pid: 93465|app: 0|req: 87/180] 10.222.0.48 () {60 vars in 1378 bytes} [Tue Jun 15 03:32:45 2021] GET /placement/allocations/1aec70f5-475f-43d4-9a31-9e73d0347d03 => generated 259 bytes in 19 msecs (HTTP/1.1 200) 8 headers in 296 bytes (1 switches on core 0)
Jun 15 03:32:45.547780 n-d-771362-22 devstack@placement-api.service[93464]: DEBUG placement.requestlog [req-2870751b-591f-4d21-83c2-dcfa27b4eb88 req-e493a5d5-d253-4c06-85db-b448fe077a0d None None] Starting request: 10.222.0.48 "GET /placement/allocations/e728d5d9-1112-4875-9beb-52f493781020" {{(pid=93464) __call__ /opt/stack/placement/placement/requestlog.py:55}}
Jun 15 03:32:45.567378 n-d-771362-22 devstack@placement-api.service[93464]: INFO placement.requestlog [req-2870751b-591f-4d21-83c2-dcfa27b4eb88 req-e493a5d5-d253-4c06-85db-b448fe077a0d service placement] 10.222.0.48 "GET /placement/allocations/e728d5d9-1112-4875-9beb-52f493781020" status: 200 len: 259 microversion: 1.28
Jun 15 03:32:45.568170 n-d-771362-22 devstack@placement-api.service[93464]: [pid: 93464|app: 0|req: 94/181] 10.222.0.48 () {60 vars in 1378 bytes} [Tue Jun 15 03:32:45 2021] GET /placement/allocations/e728d5d9-1112-4875-9beb-52f493781020 => generated 259 bytes in 21 msecs (HTTP/1.1 200) 8 headers in 296 bytes (1 switches on core 0)
Jun 15 03:32:55.004821 n-d-771362-22 devstack@placement-api.service[93465]: DEBUG placement.requestlog [req-d0a0af17-33ec-4c94-8cf1-7c9a6966fdae req-86633dff-17c2-4c99-a234-f5ef82733261 None None] Starting request: 10.222.0.30 "GET /placement/allocations/96d3c4a8-5625-49cf-b047-637265526e4e" {{(pid=93465) __call__ /opt/stack/placement/placement/requestlog.py:55}}
Jun 15 03:32:55.023781 n-d-771362-22 devstack@placement-api.service[93465]: INFO placement.requestlog [req-d0a0af17-33ec-4c94-8cf1-7c9a6966fdae req-86633dff-17c2-4c99-a234-f5ef82733261 service placement] 10.222.0.30 "GET /placement/allocations/96d3c4a8-5625-49cf-b047-637265526e4e" status: 200 len: 259 microversion: 1.28
Jun 15 03:32:55.024379 n-d-771362-22 devstack@placement-api.service[93465]: [pid: 93465|app: 0|req: 88/182] 10.222.0.30 () {60 vars in 1378 bytes} [Tue Jun 15 03:32:55 2021] GET /placement/allocations/96d3c4a8-5625-49cf-b047-637265526e4e => generated 259 bytes in 20 msecs (HTTP/1.1 200) 8 headers in 296 bytes (1 switches on core 0)
Jun 15 03:32:55.031874 n-d-771362-22 devstack@placement-api.service[93464]: DEBUG placement.requestlog [req-d0a0af17-33ec-4c94-8cf1-7c9a6966fdae req-cdfffc84-5f81-417f-8624-f647ebf909ad None None] Starting request: 10.222.0.30 "PUT /placement/allocations/96d3c4a8-5625-49cf-b047-637265526e4e" {{(pid=93464) __call__ /opt/stack/placement/placement/requestlog.py:55}}
Jun 15 03:32:55.154613 n-d-771362-22 devstack@placement-api.service[93465]: DEBUG placement.requestlog [req-c38154df-709e-4a94-8202-78dd5f8acea2 req-1d3a7cac-f01a-4788-8e3a-396624c1dec4 None None] Starting request: 10.222.0.48 "GET /placement/allocations/ed8c1c6b-e22c-4dd3-867d-aa8968e0966e" {{(pid=93465) __call__ /opt/stack/placement/placement/requestlog.py:55}}
