Jun 15 03:19:59.952589 n-d-771362-22 devstack@placement-api.service[93465]: DEBUG oslo_db.sqlalchemy.engines [-] MySQL server mode set to STRICT_TRANS_TABLES,STRICT_ALL_TABLES,NO_ZERO_IN_DATE,NO_ZERO_DATE,ERROR_FOR_DIVISION_BY_ZERO,TRADITIONAL,NO_ENGINE_SUBSTITUTION {{(pid=93465) _check_effective_sql_mode /usr/local/lib/python3.8/dist-packages/oslo_db/sqlalchemy/engines.py:314}}
Jun 15 03:19:59.988136 n-d-771362-22 devstack@placement-api.service[93464]: DEBUG placement.objects.trait [-] Synced traits from os_traits into API DB: {'HW_GPU_RESOLUTION_W1600H1200', 'HW_CPU_AARCH64_SHA1', 'HW_CPU_X86_AMD_IBPB', 'HW_NIC_OFFLOAD_RX', 'HW_CPU_X86_MMX', 'COMPUTE_GRAPHICS_MODEL_XEN', 'COMPUTE_NODE', 'HW_GPU_MAX_DISPLAY_HEADS_4', 'HW_GPU_CUDA_COMPUTE_CAPABILITY_V1_0', 'COMPUTE_IMAGE_TYPE_AKI', 'HW_GPU_API_DIRECT3D_V7_0', 'HW_GPU_API_DIRECT3D_V12_0', 'HW_GPU_RESOLUTION_W1366H768', 'HW_NIC_OFFLOAD_TXVLAN', 'HW_GPU_CUDA_COMPUTE_CAPABILITY_V2_0', 'HW_GPU_API_DIRECT3D_V9_0C', 'COMPUTE_STORAGE_BUS_LXC', 'HW_NIC_OFFLOAD_RDMA', 'HW_GPU_RESOLUTION_W1024H768', 'HW_GPU_MAX_DISPLAY_HEADS_2', 'HW_GPU_API_DIRECT3D_V8_0', 'HW_GPU_CUDA_SDK_V7_5', 'HW_GPU_CUDA_COMPUTE_CAPABILITY_V2_1', 'HW_CPU_X86_ABM', 'HW_GPU_API_DIRECT3D_V8_1', 'HW_CPU_X86_AMD_VIRT_SSBD', 'HW_GPU_API_OPENGL_V1_2', 'HW_CPU_X86_VMX', 'HW_NIC_OFFLOAD_TCS', 'HW_GPU_API_DIRECT3D_V11_2', 'HW_NIC_OFFLOAD_QINQ', 'HW_NIC_DCB_QCN', 'COMPUTE_GRAPHICS_MODEL_GOP', 'HW_CPU_X86_AVX512VNNI', 'COMPUTE_STORAGE_BUS_SCSI', 'HW_NIC_DCB_ETS', 'COMPUTE_RESCUE_BFV', 'HW_GPU_RESOLUTION_W2560H1440', 'HW_GPU_CUDA_COMPUTE_CAPABILITY_V3_5', 'HW_CPU_X86_SGX', 'HW_GPU_API_DIRECT3D_V11_3', 'COMPUTE_NET_VIF_MODEL_E1000', 'HW_CPU_AARCH64_DCPOP', 'HW_NIC_OFFLOAD_FDF', 'HW_GPU_API_OPENCL_V2_0', 'COMPUTE_IMAGE_TYPE_RAW', 'HW_CPU_X86_AVX512ER', 'HW_CPU_X86_AVX512IFMA', 'HW_CPU_AARCH64_CPUID', 'COMPUTE_IMAGE_TYPE_VHD', 'COMPUTE_VOLUME_EXTEND', 'HW_GPU_RESOLUTION_W7680H4320', 'HW_GPU_CUDA_COMPUTE_CAPABILITY_V3_7', 'COMPUTE_EPHEMERAL_ENCRYPTION_LUKSV2', 'HW_GPU_CUDA_SDK_V6_5', 'HW_CPU_AARCH64_JSCVT', 'COMPUTE_SECURITY_TPM_1_2', 'HW_GPU_CUDA_COMPUTE_CAPABILITY_V5_2', 'HW_GPU_RESOLUTION_W640H480', 'STORAGE_DISK_SSD', 'HW_GPU_API_OPENCL_V1_1', 'HW_NIC_ACCEL_DIFFIEH', 'HW_CPU_X86_AVX512CD', 'HW_CPU_X86_SSSE3', 'HW_CPU_X86_BMI', 'HW_GPU_RESOLUTION_W1280H800', 'HW_NIC_SRIOV_MULTIQUEUE', 'COMPUTE_IMAGE_TYPE_VMDK', 'COMPUTE_NET_VIF_MODEL_VMXNET3', 'HW_NIC_OFFLOAD_GSO', 'HW_CPU_PPC64LE_POWER9', 'HW_GPU_RESOLUTION_W1920H1200', 'HW_GPU_CUDA_COMPUTE_CAPABILITY_V1_3', 'HW_NIC_ACCEL_IPSEC', 'COMPUTE_IMAGE_TYPE_VHDX', 'COMPUTE_IMAGE_TYPE_VDI', 'HW_GPU_API_DIRECT3D_V6_0', 'COMPUTE_GRAPHICS_MODEL_VGA', 'HW_GPU_CUDA_COMPUTE_CAPABILITY_V3_0', 'HW_CPU_X86_3DNOW', 'HW_NIC_OFFLOAD_RXHASH', 'COMPUTE_NET_ATTACH_INTERFACE_WITH_TAG', 'STORAGE_DISK_HDD', 'COMPUTE_STORAGE_BUS_SATA', 'HW_CPU_X86_AVX512PF', 'COMPUTE_EPHEMERAL_ENCRYPTION', 'HW_CPU_X86_AVX512BW', 'HW_GPU_API_VULKAN', 'HW_GPU_API_DIRECT3D_V9_0L', 'COMPUTE_STORAGE_BUS_FDC', 'HW_GPU_MAX_DISPLAY_HEADS_8', 'COMPUTE_GRAPHICS_MODEL_CIRRUS', 'HW_GPU_RESOLUTION_W1920H1080', 'HW_GPU_RESOLUTION_W1152H864', 'HW_NIC_SRIOV_QOS_TX', 'COMPUTE_NET_VIF_MODEL_RTL8139', 'HW_GPU_RESOLUTION_W1440H900', 'HW_CPU_AARCH64_AES', 'HW_CPU_AARCH64_FPHP', 'HW_CPU_X86_SSE', 'HW_GPU_RESOLUTION_W3840H2160', 'HW_CPU_X86_AVX512BITALG', 'HW_CPU_X86_INTEL_SSBD', 'HW_CPU_AARCH64_CRC32', 'HW_NIC_ACCEL_DEFLATE', 'HW_CPU_AARCH64_LRCPC', 'COMPUTE_GRAPHICS_MODEL_VMVGA', 'HW_GPU_API_DIRECT3D_V9_0', 'HW_CPU_AARCH64_ASIMDDP', 'HW_CPU_AMD_SEV', 'COMPUTE_GRAPHICS_MODEL_VIRTIO', 'HW_NIC_ACCEL_SSL', 'HW_GPU_API_OPENGL_V4_3', 'HW_GPU_RESOLUTION_W320H240', 'HW_GPU_CUDA_COMPUTE_CAPABILITY_V5_3', 'HW_CPU_X86_AMD_SVM', 'HW_CPU_X86_FMA4', 'HW_NIC_OFFLOAD_GRE', 'COMPUTE_VOLUME_ATTACH', 'COMPUTE_NET_VIF_MODEL_SPAPR_VLAN', 'HW_GPU_MAX_DISPLAY_HEADS_6', 'HW_GPU_RESOLUTION_W1600H900', 'HW_GPU_CUDA_COMPUTE_CAPABILITY_V7_1', 'HW_CPU_AARCH64_SM4', 'HW_GPU_API_OPENGL_V4_2', 'HW_CPU_X86_SSE41', 'HW_CPU_X86_CLMUL', 'HW_CPU_X86_AVX2', 'HW_CPU_X86_TSX', 'HW_CPU_X86_SSE42', 'HW_GPU_CUDA_COMPUTE_CAPABILITY_V3_2', 'HW_NIC_OFFLOAD_GRO', 'HW_GPU_API_OPENGL_V1_4', 'HW_GPU_API_OPENCL_V1_0', 'COMPUTE_IMAGE_TYPE_PLOOP', 'HW_NIC_OFFLOAD_L2CRC', 'COMPUTE_MIGRATE_AUTO_CONVERGE', 'HW_CPU_X86_INTEL_MD_CLEAR', 'HW_CPU_AARCH64_FP', 'HW_CPU_X86_AVX512F', 'COMPUTE_GRAPHICS_MODEL_QXL', 'HW_GPU_CUDA_COMPUTE_CAPABILITY_V6_0', 'HW_CPU_AARCH64_ASIMDRDM', 'HW_CPU_X86_AVX512VAES', 'COMPUTE_EPHEMERAL_ENCRYPTION_LUKS', 'HW_GPU_CUDA_SDK_V9_2', 'HW_CPU_AARCH64_EVTSTRM', 'HW_CPU_X86_SSE2', 'COMPUTE_VOLUME_MULTI_ATTACH', 'COMPUTE_STORAGE_BUS_UML', 'COMPUTE_NET_ATTACH_INTERFACE', 'HW_CPU_X86_SVM', 'HW_NIC_OFFLOAD_RXVLAN', 'COMPUTE_DEVICE_TAGGING', 'HW_CPU_X86_INTEL_VMX', 'HW_GPU_CUDA_COMPUTE_CAPABILITY_V7_0', 'COMPUTE_NET_VIF_MODEL_E1000E', 'COMPUTE_EPHEMERAL_ENCRYPTION_PLAIN', 'HW_GPU_CUDA_SDK_V9_1', 'COMPUTE_NET_VIF_MODEL_LAN9118', 'HW_CPU_AARCH64_SVE', 'HW_NIC_DCB_PFC', 'COMPUTE_IMAGE_TYPE_ARI', 'HW_CPU_AARCH64_SM3', 'HW_GPU_API_OPENGL_V1_5', 'HW_CPU_AARCH64_FCMA', 'HW_CPU_X86_AMD_NO_SSB', 'HW_GPU_API_DIRECTX_V10', 'HW_GPU_MAX_DISPLAY_HEADS_1', 'HW_GPU_API_OPENCL_V1_2', 'HW_NIC_OFFLOAD_UCS', 'HW_NIC_OFFLOAD_GENEVE', 'COMPUTE_STATUS_DISABLED', 'HW_CPU_X86_STIBP', 'HW_GPU_RESOLUTION_W1680H1050', 'HW_GPU_RESOLUTION_W800H600', 'HW_NIC_OFFLOAD_SCS', 'HW_GPU_API_DIRECT3D_V11_1', 'HW_CPU_AARCH64_ASIMDHP', 'COMPUTE_NET_VIF_MODEL_NETFRONT', 'HW_NIC_OFFLOAD_LRO', 'COMPUTE_IMAGE_TYPE_AMI', 'HW_CPU_X86_PDPE1GB', 'HW_GPU_API_OPENGL_V4_1', 'HW_GPU_API_DXVA', 'HW_CPU_X86_AMD_SEV', 'HW_NIC_SRIOV', 'HW_GPU_API_OPENGL_V1_3', 'COMPUTE_NET_VIF_MODEL_PCNET', 'COMPUTE_SOCKET_PCI_NUMA_AFFINITY', 'HW_GPU_API_OPENGL_V4_4', 'HW_NIC_OFFLOAD_TSO', 'HW_GPU_CUDA_COMPUTE_CAPABILITY_V5_0', 'HW_NIC_OFFLOAD_SG', 'HW_CPU_AARCH64_ATOMICS', 'HW_CPU_HYPERTHREADING', 'HW_NIC_PROGRAMMABLE_PIPELINE', 'HW_GPU_API_OPENGL_V3_3', 'HW_CPU_PPC64LE_POWER8', 'HW_NIC_OFFLOAD_TX', 'HW_NIC_ACCEL_ECC', 'HW_NIC_OFFLOAD_SWITCHDEV', 'HW_GPU_CUDA_COMPUTE_CAPABILITY_V7_2', 'COMPUTE_STORAGE_BUS_XEN', 'COMPUTE_IMAGE_TYPE_ISO', 'HW_CPU_X86_AVX512DQ', 'COMPUTE_SAME_HOST_COLD_MIGRATE', 'COMPUTE_SECURITY_UEFI_SECURE_BOOT', 'HW_CPU_X86_SSE4A', 'HW_CPU_X86_AVX512VL', 'MISC_SHARES_VIA_AGGREGATE', 'HW_GPU_API_OPENCL_V2_1', 'HW_NIC_SRIOV_QOS_RX', 'HW_GPU_API_OPENGL_V4_0', 'HW_CPU_X86_TBM', 'HW_GPU_API_OPENGL_V3_2', 'HW_GPU_API_DIRECTX_V12', 'HW_NIC_OFFLOAD_TXUDP', 'HW_GPU_API_OPENGL_V1_1', 'HW_GPU_API_OPENGL_V2_1', 'HW_NIC_OFFLOAD_LSO', 'HW_GPU_RESOLUTION_W1024H600', 'HW_CPU_X86_AESNI', 'COMPUTE_NET_VIF_MODEL_VMXNET', 'COMPUTE_GRAPHICS_MODEL_NONE', 'HW_CPU_AARCH64_ASIMD', 'COMPUTE_NET_VIF_MODEL_SRIOV', 'HW_GPU_CUDA_COMPUTE_CAPABILITY_V6_1', 'HW_GPU_CUDA_COMPUTE_CAPABILITY_V1_2', 'HW_GPU_CUDA_COMPUTE_CAPABILITY_V6_2', 'HW_NIC_ACCEL_RSA', 'COMPUTE_SECURITY_TPM_2_0', 'COMPUTE_STORAGE_BUS_IDE', 'COMPUTE_MIGRATE_POST_COPY', 'HW_GPU_API_OPENGL_V3_1', 'HW_GPU_RESOLUTION_W1280H768', 'HW_GPU_API_OPENGL_V2_0', 'HW_CPU_X86_F16C', 'HW_CPU_AARCH64_SHA2', 'HW_CPU_X86_AVX', 'HW_NUMA_ROOT', 'COMPUTE_ACCELERATORS', 'HW_CPU_X86_INTEL_PCID', 'HW_CPU_X86_FMA3', 'HW_CPU_X86_SSE3', 'HW_CPU_X86_AMD_SSBD', 'HW_NIC_OFFLOAD_UFO', 'HW_GPU_RESOLUTION_W1280H720', 'COMPUTE_TRUSTED_CERTS', 'HW_GPU_CUDA_SDK_V8_0', 'HW_CPU_AARCH64_PMULL', 'HW_GPU_RESOLUTION_W1280H1024', 'COMPUTE_STORAGE_BUS_VIRTIO', 'HW_GPU_CUDA_SDK_V10_0', 'HW_GPU_API_DIRECT3D_V10_0', 'HW_CPU_X86_AVX512GFNI', 'HW_NIC_MULTIQUEUE', 'COMPUTE_STORAGE_BUS_USB', 'HW_CPU_X86_BMI2', 'HW_CPU_X86_AVX512VPOPCNTDQ', 'HW_GPU_API_DIRECTX_V11', 'COMPUTE_VOLUME_ATTACH_WITH_TAG', 'HW_CPU_AARCH64_SHA3', 'HW_NIC_ACCEL_TLS', 'HW_CPU_X86_XOP', 'HW_CPU_X86_MPX', 'COMPUTE_IMAGE_TYPE_QCOW2', 'HW_NIC_ACCEL_LZS', 'HW_CPU_X86_AVX512VBMI2', 'HW_GPU_API_DIRECT2D', 'HW_NIC_SRIOV_TRUSTED', 'HW_GPU_CUDA_SDK_V9_0', 'HW_GPU_CUDA_COMPUTE_CAPABILITY_V1_1', 'HW_GPU_API_DIRECT3D_V11_0', 'HW_GPU_API_OPENGL_V4_5', 'HW_CPU_X86_SHA', 'HW_GPU_RESOLUTION_W1360H768', 'HW_CPU_AARCH64_SHA512', 'HW_GPU_API_OPENCL_V2_2', 'HW_GPU_API_DIRECT3D_V9_0B', 'HW_CPU_X86_ASF', 'HW_GPU_RESOLUTION_W2560H1600', 'COMPUTE_NET_VIF_MODEL_VIRTIO', 'HW_CPU_X86_INTEL_SPEC_CTRL', 'COMPUTE_NET_VIF_MODEL_NE2K_PCI', 'HW_CPU_X86_AVX512VPCLMULQDQ', 'HW_NIC_VMDQ', 'HW_NIC_OFFLOAD_VXLAN', 'HW_GPU_API_OPENGL_V3_0', 'HW_CPU_X86_AVX512VBMI', 'HW_GPU_API_DIRECT3D_V10_1'} {{(pid=93464) _trait_sync /opt/stack/placement/placement/objects/trait.py:286}}
Jun 15 03:20:00.030601 n-d-771362-22 devstack@placement-api.service[93465]: DEBUG oslo_db.api [-] DB error: (pymysql.err.OperationalError) (1213, 'Deadlock found when trying to get lock; try restarting transaction')
Jun 15 03:20:00.030601 n-d-771362-22 devstack@placement-api.service[93465]: [SQL: INSERT INTO traits (created_at, name) VALUES (%(created_at)s, %(name)s)]
Jun 15 03:20:00.030601 n-d-771362-22 devstack@placement-api.service[93465]: [parameters: ({'created_at': datetime.datetime(2021, 6, 15, 3, 19, 59, 968947), 'name': 'HW_GPU_RESOLUTION_W1600H1200'}, {'created_at': datetime.datetime(2021, 6, 15, 3, 19, 59, 968955), 'name': 'HW_CPU_AARCH64_SHA1'}, {'created_at': datetime.datetime(2021, 6, 15, 3, 19, 59, 968959), 'name': 'HW_CPU_X86_AMD_IBPB'}, {'created_at': datetime.datetime(2021, 6, 15, 3, 19, 59, 968963), 'name': 'HW_NIC_OFFLOAD_RX'}, {'created_at': datetime.datetime(2021, 6, 15, 3, 19, 59, 968966), 'name': 'HW_CPU_X86_MMX'}, {'created_at': datetime.datetime(2021, 6, 15, 3, 19, 59, 968970), 'name': 'COMPUTE_GRAPHICS_MODEL_XEN'}, {'created_at': datetime.datetime(2021, 6, 15, 3, 19, 59, 968973), 'name': 'COMPUTE_NODE'}, {'created_at': datetime.datetime(2021, 6, 15, 3, 19, 59, 968976), 'name': 'HW_GPU_MAX_DISPLAY_HEADS_4'} ... displaying 10 of 291 total bound parameter sets ... {'created_at': datetime.datetime(2021, 6, 15, 3, 19, 59, 969906), 'name': 'HW_CPU_X86_AVX512VBMI'}, {'created_at': datetime.datetime(2021, 6, 15, 3, 19, 59, 969909), 'name': 'HW_GPU_API_DIRECT3D_V10_1'})]
Jun 15 03:20:00.030601 n-d-771362-22 devstack@placement-api.service[93465]: (Background on this error at: http://sqlalche.me/e/14/e3q8) {{(pid=93465) _is_exception_expected /usr/local/lib/python3.8/dist-packages/oslo_db/api.py:184}}
Jun 15 03:20:00.030982 n-d-771362-22 devstack@placement-api.service[93465]: DEBUG oslo_db.api [-] Performing DB retry for function placement.objects.trait._trait_sync {{(pid=93465) wrapper /usr/local/lib/python3.8/dist-packages/oslo_db/api.py:155}}
Jun 15 03:20:00.057527 n-d-771362-22 devstack@placement-api.service[93464]: DEBUG oslo_concurrency.lockutils [-] Releasing lock "trait_sync" {{(pid=93464) lock /usr/local/lib/python3.8/dist-packages/oslo_concurrency/lockutils.py:282}}
Jun 15 03:20:00.057777 n-d-771362-22 devstack@placement-api.service[93464]: DEBUG oslo_concurrency.lockutils [-] Acquired lock "resource_classes_sync" {{(pid=93464) lock /usr/local/lib/python3.8/dist-packages/oslo_concurrency/lockutils.py:266}}
Jun 15 03:20:00.116580 n-d-771362-22 devstack@placement-api.service[93464]: DEBUG placement.objects.resource_class [-] Found existing resource classes in db: [] {{(pid=93464) _resource_classes_sync /opt/stack/placement/placement/objects/resource_class.py:228}}
Jun 15 03:20:00.119815 n-d-771362-22 devstack@placement-api.service[93464]: DEBUG placement.objects.resource_class [-] Synced resource_classes from os_resource_classes: [{'name': 'VCPU', 'id': 0}, {'name': 'MEMORY_MB', 'id': 1}, {'name': 'DISK_GB', 'id': 2}, {'name': 'PCI_DEVICE', 'id': 3}, {'name': 'SRIOV_NET_VF', 'id': 4}, {'name': 'NUMA_SOCKET', 'id': 5}, {'name': 'NUMA_CORE', 'id': 6}, {'name': 'NUMA_THREAD', 'id': 7}, {'name': 'NUMA_MEMORY_MB', 'id': 8}, {'name': 'IPV4_ADDRESS', 'id': 9}, {'name': 'VGPU', 'id': 10}, {'name': 'VGPU_DISPLAY_HEAD', 'id': 11}, {'name': 'NET_BW_EGR_KILOBIT_PER_SEC', 'id': 12}, {'name': 'NET_BW_IGR_KILOBIT_PER_SEC', 'id': 13}, {'name': 'PCPU', 'id': 14}, {'name': 'MEM_ENCRYPTION_CONTEXT', 'id': 15}, {'name': 'FPGA', 'id': 16}, {'name': 'PGPU', 'id': 17}] {{(pid=93464) _resource_classes_sync /opt/stack/placement/placement/objects/resource_class.py:245}}
Jun 15 03:20:00.189020 n-d-771362-22 devstack@placement-api.service[93464]: DEBUG oslo_concurrency.lockutils [-] Releasing lock "resource_classes_sync" {{(pid=93464) lock /usr/local/lib/python3.8/dist-packages/oslo_concurrency/lockutils.py:282}}
Jun 15 03:20:00.189183 n-d-771362-22 devstack@placement-api.service[93464]: WSGI app 0 (mountpoint='') ready in 3 seconds on interpreter 0x56514198d9c0 pid: 93464 (default app)
Jun 15 03:20:00.190536 n-d-771362-22 devstack@placement-api.service[93464]: DEBUG placement.requestlog [None req-38b977ce-8f43-4086-af70-2e9a6309bd48 None None] Starting request: 10.222.0.10 "GET /placement/" {{(pid=93464) __call__ /opt/stack/placement/placement/requestlog.py:55}}
Jun 15 03:20:00.206455 n-d-771362-22 devstack@placement-api.service[93464]: INFO placement.requestlog [None req-38b977ce-8f43-4086-af70-2e9a6309bd48 None None] 10.222.0.10 "GET /placement/" status: 200 len: 136 microversion: 1.0
Jun 15 03:20:00.206640 n-d-771362-22 devstack@placement-api.service[93464]: [pid: 93464|app: 0|req: 1/1] 10.222.0.10 () {50 vars in 776 bytes} [Tue Jun 15 03:20:00 2021] GET /placement => generated 136 bytes in 17 msecs (HTTP/1.1 200) 6 headers in 224 bytes (1 switches on core 0)
Jun 15 03:20:01.041511 n-d-771362-22 devstack@placement-api.service[93465]: DEBUG oslo_concurrency.lockutils [-] Releasing lock "trait_sync" {{(pid=93465) lock /usr/local/lib/python3.8/dist-packages/oslo_concurrency/lockutils.py:282}}
Jun 15 03:20:01.041985 n-d-771362-22 devstack@placement-api.service[93465]: DEBUG oslo_concurrency.lockutils [-] Acquired lock "resource_classes_sync" {{(pid=93465) lock /usr/local/lib/python3.8/dist-packages/oslo_concurrency/lockutils.py:266}}
Jun 15 03:20:01.044342 n-d-771362-22 devstack@placement-api.service[93465]: DEBUG placement.objects.resource_class [-] Found existing resource classes in db: ['DISK_GB', 'FPGA', 'IPV4_ADDRESS', 'MEMORY_MB', 'MEM_ENCRYPTION_CONTEXT', 'NET_BW_EGR_KILOBIT_PER_SEC', 'NET_BW_IGR_KILOBIT_PER_SEC', 'NUMA_CORE', 'NUMA_MEMORY_MB', 'NUMA_SOCKET', 'NUMA_THREAD', 'PCI_DEVICE', 'PCPU', 'PGPU', 'SRIOV_NET_VF', 'VCPU', 'VGPU', 'VGPU_DISPLAY_HEAD'] {{(pid=93465) _resource_classes_sync /opt/stack/placement/placement/objects/resource_class.py:228}}
Jun 15 03:20:01.045113 n-d-771362-22 devstack@placement-api.service[93465]: DEBUG oslo_concurrency.lockutils [-] Releasing lock "resource_classes_sync" {{(pid=93465) lock /usr/local/lib/python3.8/dist-packages/oslo_concurrency/lockutils.py:282}}
Jun 15 03:20:01.045277 n-d-771362-22 devstack@placement-api.service[93465]: WSGI app 0 (mountpoint='') ready in 4 seconds on interpreter 0x56514198d9c0 pid: 93465 (default app)
Jun 15 03:21:00.000695 n-d-771362-22 devstack@placement-api.service[93464]: DEBUG placement.requestlog [None req-e0102007-1c53-42da-8b56-0cef092a8a8b None None] Starting request: 10.222.0.10 "GET /placement/" {{(pid=93464) __call__ /opt/stack/placement/placement/requestlog.py:55}}
Jun 15 03:21:00.002408 n-d-771362-22 devstack@placement-api.service[93464]: INFO placement.requestlog [None req-e0102007-1c53-42da-8b56-0cef092a8a8b None None] 10.222.0.10 "GET /placement/" status: 200 len: 136 microversion: 1.0
Jun 15 03:21:00.003082 n-d-771362-22 devstack@placement-api.service[93464]: [pid: 93464|app: 0|req: 2/2] 10.222.0.10 () {54 vars in 915 bytes} [Tue Jun 15 03:20:59 2021] GET /placement => generated 136 bytes in 2 msecs (HTTP/1.1 200) 6 headers in 224 bytes (1 switches on core 0)
Jun 15 03:21:00.229946 n-d-771362-22 devstack@placement-api.service[93465]: DEBUG placement.requestlog [None req-669c1c10-ca55-4790-a7f5-a4bb44b801b6 None None] Starting request: 10.222.0.10 "GET /placement/" {{(pid=93465) __call__ /opt/stack/placement/placement/requestlog.py:55}}
Jun 15 03:21:00.246825 n-d-771362-22 devstack@placement-api.service[93465]: INFO placement.requestlog [None req-669c1c10-ca55-4790-a7f5-a4bb44b801b6 None None] 10.222.0.10 "GET /placement/" status: 200 len: 136 microversion: 1.0
Jun 15 03:21:00.247551 n-d-771362-22 devstack@placement-api.service[93465]: [pid: 93465|app: 0|req: 1/3] 10.222.0.10 () {54 vars in 915 bytes} [Tue Jun 15 03:21:00 2021] GET /placement => generated 136 bytes in 18 msecs (HTTP/1.1 200) 6 headers in 224 bytes (1 switches on core 0)
Jun 15 03:21:04.453399 n-d-771362-22 devstack@placement-api.service[93464]: DEBUG placement.requestlog [None req-a76653fd-531c-4fd0-819f-17a0091c78cb None None] Starting request: 10.222.0.10 "GET /placement/" {{(pid=93464) __call__ /opt/stack/placement/placement/requestlog.py:55}}
Jun 15 03:21:04.454347 n-d-771362-22 devstack@placement-api.service[93464]: INFO placement.requestlog [None req-a76653fd-531c-4fd0-819f-17a0091c78cb None None] 10.222.0.10 "GET /placement/" status: 200 len: 136 microversion: 1.0
Jun 15 03:21:04.454720 n-d-771362-22 devstack@placement-api.service[93464]: [pid: 93464|app: 0|req: 3/4] 10.222.0.10 () {54 vars in 915 bytes} [Tue Jun 15 03:21:04 2021] GET /placement => generated 136 bytes in 1 msecs (HTTP/1.1 200) 6 headers in 224 bytes (2 switches on core 0)
Jun 15 03:21:05.870418 n-d-771362-22 devstack@placement-api.service[93465]: DEBUG placement.requestlog [None req-2e2e71d8-4e68-4128-9036-19aaa7b4d7e5 None None] Starting request: 10.222.0.10 "GET /placement/" {{(pid=93465) __call__ /opt/stack/placement/placement/requestlog.py:55}}
Jun 15 03:21:05.871377 n-d-771362-22 devstack@placement-api.service[93465]: INFO placement.requestlog [None req-2e2e71d8-4e68-4128-9036-19aaa7b4d7e5 None None] 10.222.0.10 "GET /placement/" status: 200 len: 136 microversion: 1.0
Jun 15 03:21:05.871555 n-d-771362-22 devstack@placement-api.service[93465]: [pid: 93465|app: 0|req: 2/5] 10.222.0.10 () {54 vars in 915 bytes} [Tue Jun 15 03:21:05 2021] GET /placement => generated 136 bytes in 1 msecs (HTTP/1.1 200) 6 headers in 224 bytes (1 switches on core 0)
Jun 15 03:22:18.500040 n-d-771362-22 devstack@placement-api.service[93464]: DEBUG placement.requestlog [None req-e1aac4b9-e248-4765-8c36-b1e7647cbaf2 None None] Starting request: 10.222.0.10 "GET /placement//" {{(pid=93464) __call__ /opt/stack/placement/placement/requestlog.py:55}}
Jun 15 03:22:18.501014 n-d-771362-22 devstack@placement-api.service[93464]: INFO placement.requestlog [None req-e1aac4b9-e248-4765-8c36-b1e7647cbaf2 None None] 10.222.0.10 "GET /placement//" status: 200 len: 136 microversion: 1.0
Jun 15 03:22:18.501190 n-d-771362-22 devstack@placement-api.service[93464]: [pid: 93464|app: 0|req: 4/6] 10.222.0.10 () {56 vars in 1106 bytes} [Tue Jun 15 03:22:18 2021] GET /placement/ => generated 136 bytes in 1 msecs (HTTP/1.1 200) 6 headers in 224 bytes (1 switches on core 0)
Jun 15 03:28:11.230093 n-d-771362-22 devstack@placement-api.service[93465]: DEBUG placement.requestlog [None req-b074c431-f38f-4a52-918a-50ba1ad6f5d4 None None] Starting request: 10.222.0.48 "GET /placement/" {{(pid=93465) __call__ /opt/stack/placement/placement/requestlog.py:55}}
Jun 15 03:28:11.231070 n-d-771362-22 devstack@placement-api.service[93465]: INFO placement.requestlog [None req-b074c431-f38f-4a52-918a-50ba1ad6f5d4 None None] 10.222.0.48 "GET /placement/" status: 200 len: 136 microversion: 1.0
Jun 15 03:28:11.231243 n-d-771362-22 devstack@placement-api.service[93465]: [pid: 93465|app: 0|req: 3/7] 10.222.0.48 () {54 vars in 913 bytes} [Tue Jun 15 03:28:11 2021] GET /placement => generated 136 bytes in 1 msecs (HTTP/1.1 200) 6 headers in 224 bytes (1 switches on core 0)
Jun 15 03:28:14.541268 n-d-771362-22 devstack@placement-api.service[93464]: DEBUG placement.requestlog [req-a2d4041e-f39f-41dc-8526-b15c3275f9e6 req-581f885f-98ea-44bb-8983-7fd5460c39cf None None] Starting request: 10.222.0.48 "GET /placement/resource_providers?in_tree=d38798a3-bcf0-4428-a5b8-7b9c56d0f36c" {{(pid=93464) __call__ /opt/stack/placement/placement/requestlog.py:55}}
Jun 15 03:28:14.649760 n-d-771362-22 devstack@placement-api.service[93464]: INFO placement.requestlog [req-a2d4041e-f39f-41dc-8526-b15c3275f9e6 req-581f885f-98ea-44bb-8983-7fd5460c39cf service placement] 10.222.0.48 "GET /placement/resource_providers?in_tree=d38798a3-bcf0-4428-a5b8-7b9c56d0f36c" status: 200 len: 26 microversion: 1.14
Jun 15 03:28:14.649959 n-d-771362-22 devstack@placement-api.service[93464]: [pid: 93464|app: 0|req: 5/8] 10.222.0.48 () {60 vars in 1377 bytes} [Tue Jun 15 03:28:14 2021] GET /placement/resource_providers?in_tree=d38798a3-bcf0-4428-a5b8-7b9c56d0f36c => generated 26 bytes in 109 msecs (HTTP/1.1 200) 6 headers in 224 bytes (1 switches on core 0)
Jun 15 03:28:14.656527 n-d-771362-22 devstack@placement-api.service[93465]: DEBUG placement.requestlog [req-a2d4041e-f39f-41dc-8526-b15c3275f9e6 req-5bcfb0b4-601a-457f-8476-9e4c5c432531 None None] Starting request: 10.222.0.48 "POST /placement/resource_providers" {{(pid=93465) __call__ /opt/stack/placement/placement/requestlog.py:55}}
Jun 15 03:28:14.780282 n-d-771362-22 devstack@placement-api.service[93465]: INFO placement.requestlog [req-a2d4041e-f39f-41dc-8526-b15c3275f9e6 req-5bcfb0b4-601a-457f-8476-9e4c5c432531 service placement] 10.222.0.48 "POST /placement/resource_providers" status: 200 len: 837 microversion: 1.20
Jun 15 03:28:14.780547 n-d-771362-22 devstack@placement-api.service[93465]: [pid: 93465|app: 0|req: 4/9] 10.222.0.48 () {64 vars in 1341 bytes} [Tue Jun 15 03:28:14 2021] POST /placement/resource_providers => generated 837 bytes in 124 msecs (HTTP/1.1 200) 9 headers in 392 bytes (2 switches on core 0)
Jun 15 03:28:14.991995 n-d-771362-22 devstack@placement-api.service[93464]: DEBUG placement.requestlog [req-a2d4041e-f39f-41dc-8526-b15c3275f9e6 req-2bd30e4e-ac23-42f7-858c-f6cef2cba555 None None] Starting request: 10.222.0.48 "PUT /placement/resource_providers/d38798a3-bcf0-4428-a5b8-7b9c56d0f36c/inventories" {{(pid=93464) __call__ /opt/stack/placement/placement/requestlog.py:55}}
Jun 15 03:28:15.106185 n-d-771362-22 devstack@placement-api.service[93464]: INFO placement.requestlog [req-a2d4041e-f39f-41dc-8526-b15c3275f9e6 req-2bd30e4e-ac23-42f7-858c-f6cef2cba555 service placement] 10.222.0.48 "PUT /placement/resource_providers/d38798a3-bcf0-4428-a5b8-7b9c56d0f36c/inventories" status: 200 len: 397 microversion: 1.26
Jun 15 03:28:15.106535 n-d-771362-22 devstack@placement-api.service[93464]: [pid: 93464|app: 0|req: 6/10] 10.222.0.48 () {64 vars in 1488 bytes} [Tue Jun 15 03:28:14 2021] PUT /placement/resource_providers/d38798a3-bcf0-4428-a5b8-7b9c56d0f36c/inventories => generated 397 bytes in 115 msecs (HTTP/1.1 200) 8 headers in 296 bytes (1 switches on core 0)
Jun 15 03:28:15.116097 n-d-771362-22 devstack@placement-api.service[93465]: DEBUG placement.requestlog [req-a2d4041e-f39f-41dc-8526-b15c3275f9e6 req-78a8a7fe-93bf-4697-b300-4a8aa0ecaa01 None None] Starting request: 10.222.0.48 "GET /placement/traits?name=in:COMPUTE_DEVICE_TAGGING,COMPUTE_NODE,COMPUTE_NET_ATTACH_INTERFACE,COMPUTE_IMAGE_TYPE_VHD,COMPUTE_IMAGE_TYPE_VHDX,COMPUTE_SECURITY_UEFI_SECURE_BOOT" {{(pid=93465) __call__ /opt/stack/placement/placement/requestlog.py:55}}
Jun 15 03:28:15.128686 n-d-771362-22 devstack@placement-api.service[93465]: INFO placement.requestlog [req-a2d4041e-f39f-41dc-8526-b15c3275f9e6 req-78a8a7fe-93bf-4697-b300-4a8aa0ecaa01 service placement] 10.222.0.48 "GET /placement/traits?name=in:COMPUTE_DEVICE_TAGGING,COMPUTE_NODE,COMPUTE_NET_ATTACH_INTERFACE,COMPUTE_IMAGE_TYPE_VHD,COMPUTE_IMAGE_TYPE_VHDX,COMPUTE_SECURITY_UEFI_SECURE_BOOT" status: 200 len: 176 microversion: 1.6
Jun 15 03:28:15.128894 n-d-771362-22 devstack@placement-api.service[93465]: [pid: 93465|app: 0|req: 5/11] 10.222.0.48 () {60 vars in 1558 bytes} [Tue Jun 15 03:28:15 2021] GET /placement/traits?name=in:COMPUTE_DEVICE_TAGGING,COMPUTE_NODE,COMPUTE_NET_ATTACH_INTERFACE,COMPUTE_IMAGE_TYPE_VHD,COMPUTE_IMAGE_TYPE_VHDX,COMPUTE_SECURITY_UEFI_SECURE_BOOT => generated 176 bytes in 13 msecs (HTTP/1.1 200) 6 headers in 224 bytes (2 switches on core 0)
Jun 15 03:28:15.136902 n-d-771362-22 devstack@placement-api.service[93464]: DEBUG placement.requestlog [req-a2d4041e-f39f-41dc-8526-b15c3275f9e6 req-c2e4eee7-2c2e-411e-8c0b-118fa4689e29 None None] Starting request: 10.222.0.48 "PUT /placement/resource_providers/d38798a3-bcf0-4428-a5b8-7b9c56d0f36c/traits" {{(pid=93464) __call__ /opt/stack/placement/placement/requestlog.py:55}}
Jun 15 03:28:15.236944 n-d-771362-22 devstack@placement-api.service[93464]: INFO placement.requestlog [req-a2d4041e-f39f-41dc-8526-b15c3275f9e6 req-c2e4eee7-2c2e-411e-8c0b-118fa4689e29 service placement] 10.222.0.48 "PUT /placement/resource_providers/d38798a3-bcf0-4428-a5b8-7b9c56d0f36c/traits" status: 200 len: 211 microversion: 1.6
Jun 15 03:28:15.237158 n-d-771362-22 devstack@placement-api.service[93464]: [pid: 93464|app: 0|req: 7/12] 10.222.0.48 () {64 vars in 1472 bytes} [Tue Jun 15 03:28:15 2021] PUT /placement/resource_providers/d38798a3-bcf0-4428-a5b8-7b9c56d0f36c/traits => generated 211 bytes in 101 msecs (HTTP/1.1 200) 6 headers in 224 bytes (2 switches on core 0)
Jun 15 03:28:28.060813 n-d-771362-22 devstack@placement-api.service[93465]: DEBUG placement.requestlog [None req-2c3309d1-45bc-41d1-9610-44206ca57e7c None None] Starting request: 10.222.0.30 "GET /placement/" {{(pid=93465) __call__ /opt/stack/placement/placement/requestlog.py:55}}
Jun 15 03:28:28.061815 n-d-771362-22 devstack@placement-api.service[93465]: INFO placement.requestlog [None req-2c3309d1-45bc-41d1-9610-44206ca57e7c None None] 10.222.0.30 "GET /placement/" status: 200 len: 136 microversion: 1.0
Jun 15 03:28:28.061994 n-d-771362-22 devstack@placement-api.service[93465]: [pid: 93465|app: 0|req: 6/13] 10.222.0.30 () {54 vars in 913 bytes} [Tue Jun 15 03:28:28 2021] GET /placement => generated 136 bytes in 1 msecs (HTTP/1.1 200) 6 headers in 224 bytes (1 switches on core 0)
Jun 15 03:28:36.560486 n-d-771362-22 devstack@placement-api.service[93464]: DEBUG placement.requestlog [req-0d1d8c0f-94e0-416d-8d90-f976e0ea73e3 req-bd3e45ab-74f2-4614-8172-6e79c16b69e2 None None] Starting request: 10.222.0.30 "GET /placement/resource_providers?in_tree=449ed459-0e1e-4d14-9d2c-0afe7e641e7a" {{(pid=93464) __call__ /opt/stack/placement/placement/requestlog.py:55}}
Jun 15 03:28:36.616104 n-d-771362-22 devstack@placement-api.service[93464]: INFO placement.requestlog [req-0d1d8c0f-94e0-416d-8d90-f976e0ea73e3 req-bd3e45ab-74f2-4614-8172-6e79c16b69e2 service placement] 10.222.0.30 "GET /placement/resource_providers?in_tree=449ed459-0e1e-4d14-9d2c-0afe7e641e7a" status: 200 len: 26 microversion: 1.14
Jun 15 03:28:36.616297 n-d-771362-22 devstack@placement-api.service[93464]: [pid: 93464|app: 0|req: 8/14] 10.222.0.30 () {60 vars in 1377 bytes} [Tue Jun 15 03:28:36 2021] GET /placement/resource_providers?in_tree=449ed459-0e1e-4d14-9d2c-0afe7e641e7a => generated 26 bytes in 56 msecs (HTTP/1.1 200) 6 headers in 224 bytes (1 switches on core 0)
Jun 15 03:28:36.624472 n-d-771362-22 devstack@placement-api.service[93465]: DEBUG placement.requestlog [req-0d1d8c0f-94e0-416d-8d90-f976e0ea73e3 req-a8a17dd9-da8c-42d5-8de9-0938eca8ee9f None None] Starting request: 10.222.0.30 "POST /placement/resource_providers" {{(pid=93465) __call__ /opt/stack/placement/placement/requestlog.py:55}}
Jun 15 03:28:36.687798 n-d-771362-22 devstack@placement-api.service[93465]: INFO placement.requestlog [req-0d1d8c0f-94e0-416d-8d90-f976e0ea73e3 req-a8a17dd9-da8c-42d5-8de9-0938eca8ee9f service placement] 10.222.0.30 "POST /placement/resource_providers" status: 200 len: 837 microversion: 1.20
Jun 15 03:28:36.688079 n-d-771362-22 devstack@placement-api.service[93465]: [pid: 93465|app: 0|req: 7/15] 10.222.0.30 () {64 vars in 1341 bytes} [Tue Jun 15 03:28:36 2021] POST /placement/resource_providers => generated 837 bytes in 64 msecs (HTTP/1.1 200) 9 headers in 392 bytes (2 switches on core 0)
Jun 15 03:28:36.924408 n-d-771362-22 devstack@placement-api.service[93464]: DEBUG placement.requestlog [req-0d1d8c0f-94e0-416d-8d90-f976e0ea73e3 req-f2e2cac4-7ab4-467d-8b02-9be25e0ca907 None None] Starting request: 10.222.0.30 "PUT /placement/resource_providers/449ed459-0e1e-4d14-9d2c-0afe7e641e7a/inventories" {{(pid=93464) __call__ /opt/stack/placement/placement/requestlog.py:55}}
Jun 15 03:28:37.011473 n-d-771362-22 devstack@placement-api.service[93464]: INFO placement.requestlog [req-0d1d8c0f-94e0-416d-8d90-f976e0ea73e3 req-f2e2cac4-7ab4-467d-8b02-9be25e0ca907 service placement] 10.222.0.30 "PUT /placement/resource_providers/449ed459-0e1e-4d14-9d2c-0afe7e641e7a/inventories" status: 200 len: 397 microversion: 1.26
Jun 15 03:28:37.011862 n-d-771362-22 devstack@placement-api.service[93464]: [pid: 93464|app: 0|req: 9/16] 10.222.0.30 () {64 vars in 1488 bytes} [Tue Jun 15 03:28:36 2021] PUT /placement/resource_providers/449ed459-0e1e-4d14-9d2c-0afe7e641e7a/inventories => generated 397 bytes in 88 msecs (HTTP/1.1 200) 8 headers in 296 bytes (1 switches on core 0)
Jun 15 03:28:37.039462 n-d-771362-22 devstack@placement-api.service[93465]: DEBUG placement.requestlog [req-0d1d8c0f-94e0-416d-8d90-f976e0ea73e3 req-ec64e915-530a-4403-9b03-ad35e5975711 None None] Starting request: 10.222.0.30 "GET /placement/traits?name=in:COMPUTE_IMAGE_TYPE_VHD,COMPUTE_NODE,COMPUTE_SECURITY_UEFI_SECURE_BOOT,COMPUTE_DEVICE_TAGGING,COMPUTE_NET_ATTACH_INTERFACE,COMPUTE_IMAGE_TYPE_VHDX" {{(pid=93465) __call__ /opt/stack/placement/placement/requestlog.py:55}}
Jun 15 03:28:37.049093 n-d-771362-22 devstack@placement-api.service[93465]: INFO placement.requestlog [req-0d1d8c0f-94e0-416d-8d90-f976e0ea73e3 req-ec64e915-530a-4403-9b03-ad35e5975711 service placement] 10.222.0.30 "GET /placement/traits?name=in:COMPUTE_IMAGE_TYPE_VHD,COMPUTE_NODE,COMPUTE_SECURITY_UEFI_SECURE_BOOT,COMPUTE_DEVICE_TAGGING,COMPUTE_NET_ATTACH_INTERFACE,COMPUTE_IMAGE_TYPE_VHDX" status: 200 len: 176 microversion: 1.6
Jun 15 03:28:37.049287 n-d-771362-22 devstack@placement-api.service[93465]: [pid: 93465|app: 0|req: 8/17] 10.222.0.30 () {60 vars in 1558 bytes} [Tue Jun 15 03:28:37 2021] GET /placement/traits?name=in:COMPUTE_IMAGE_TYPE_VHD,COMPUTE_NODE,COMPUTE_SECURITY_UEFI_SECURE_BOOT,COMPUTE_DEVICE_TAGGING,COMPUTE_NET_ATTACH_INTERFACE,COMPUTE_IMAGE_TYPE_VHDX => generated 176 bytes in 10 msecs (HTTP/1.1 200) 6 headers in 224 bytes (1 switches on core 0)
Jun 15 03:28:37.056163 n-d-771362-22 devstack@placement-api.service[93464]: DEBUG placement.requestlog [req-0d1d8c0f-94e0-416d-8d90-f976e0ea73e3 req-c42f4723-9024-40fc-bdb3-128f75ad2e84 None None] Starting request: 10.222.0.30 "PUT /placement/resource_providers/449ed459-0e1e-4d14-9d2c-0afe7e641e7a/traits" {{(pid=93464) __call__ /opt/stack/placement/placement/requestlog.py:55}}
Jun 15 03:28:37.208129 n-d-771362-22 devstack@placement-api.service[93464]: INFO placement.requestlog [req-0d1d8c0f-94e0-416d-8d90-f976e0ea73e3 req-c42f4723-9024-40fc-bdb3-128f75ad2e84 service placement] 10.222.0.30 "PUT /placement/resource_providers/449ed459-0e1e-4d14-9d2c-0afe7e641e7a/traits" status: 200 len: 211 microversion: 1.6
Jun 15 03:28:37.208529 n-d-771362-22 devstack@placement-api.service[93464]: [pid: 93464|app: 0|req: 10/18] 10.222.0.30 () {64 vars in 1472 bytes} [Tue Jun 15 03:28:37 2021] PUT /placement/resource_providers/449ed459-0e1e-4d14-9d2c-0afe7e641e7a/traits => generated 211 bytes in 152 msecs (HTTP/1.1 200) 6 headers in 224 bytes (2 switches on core 0)
Jun 15 03:29:11.543381 n-d-771362-22 devstack@placement-api.service[93465]: DEBUG placement.requestlog [req-3e520e5a-be98-4d41-9f5c-c67c83e1d472 req-dc7b582d-ec30-4749-ae35-4e198671af88 None None] Starting request: 10.222.0.48 "GET /placement/resource_providers/d38798a3-bcf0-4428-a5b8-7b9c56d0f36c/allocations" {{(pid=93465) __call__ /opt/stack/placement/placement/requestlog.py:55}}
Jun 15 03:29:11.567178 n-d-771362-22 devstack@placement-api.service[93465]: INFO placement.requestlog [req-3e520e5a-be98-4d41-9f5c-c67c83e1d472 req-dc7b582d-ec30-4749-ae35-4e198671af88 service placement] 10.222.0.48 "GET /placement/resource_providers/d38798a3-bcf0-4428-a5b8-7b9c56d0f36c/allocations" status: 200 len: 54 microversion: 1.0
Jun 15 03:29:11.567588 n-d-771362-22 devstack@placement-api.service[93465]: [pid: 93465|app: 0|req: 9/19] 10.222.0.48 () {58 vars in 1391 bytes} [Tue Jun 15 03:29:11 2021] GET /placement/resource_providers/d38798a3-bcf0-4428-a5b8-7b9c56d0f36c/allocations => generated 54 bytes in 24 msecs (HTTP/1.1 200) 6 headers in 223 bytes (2 switches on core 0)
Jun 15 03:29:28.414900 n-d-771362-22 devstack@placement-api.service[93464]: DEBUG placement.requestlog [req-ae6256eb-af52-4e97-890f-30b178fa4de1 req-43889826-1154-4105-97ee-3ddc74f1734f None None] Starting request: 10.222.0.30 "GET /placement/resource_providers/449ed459-0e1e-4d14-9d2c-0afe7e641e7a/allocations" {{(pid=93464) __call__ /opt/stack/placement/placement/requestlog.py:55}}
Jun 15 03:29:28.433700 n-d-771362-22 devstack@placement-api.service[93464]: INFO placement.requestlog [req-ae6256eb-af52-4e97-890f-30b178fa4de1 req-43889826-1154-4105-97ee-3ddc74f1734f service placement] 10.222.0.30 "GET /placement/resource_providers/449ed459-0e1e-4d14-9d2c-0afe7e641e7a/allocations" status: 200 len: 54 microversion: 1.0
Jun 15 03:29:28.433907 n-d-771362-22 devstack@placement-api.service[93464]: [pid: 93464|app: 0|req: 11/20] 10.222.0.30 () {58 vars in 1391 bytes} [Tue Jun 15 03:29:28 2021] GET /placement/resource_providers/449ed459-0e1e-4d14-9d2c-0afe7e641e7a/allocations => generated 54 bytes in 20 msecs (HTTP/1.1 200) 6 headers in 223 bytes (1 switches on core 0)
Jun 15 03:29:46.470669 n-d-771362-22 devstack@placement-api.service[93465]: DEBUG placement.requestlog [None req-7742eaa0-6945-4255-8667-799676fe00c4 None None] Starting request: 10.222.0.10 "GET /placement/" {{(pid=93465) __call__ /opt/stack/placement/placement/requestlog.py:55}}
Jun 15 03:29:46.471653 n-d-771362-22 devstack@placement-api.service[93465]: INFO placement.requestlog [None req-7742eaa0-6945-4255-8667-799676fe00c4 None None] 10.222.0.10 "GET /placement/" status: 200 len: 136 microversion: 1.0
Jun 15 03:29:46.472006 n-d-771362-22 devstack@placement-api.service[93465]: [pid: 93465|app: 0|req: 10/21] 10.222.0.10 () {54 vars in 915 bytes} [Tue Jun 15 03:29:46 2021] GET /placement => generated 136 bytes in 1 msecs (HTTP/1.1 200) 6 headers in 224 bytes (1 switches on core 0)
Jun 15 03:30:12.460136 n-d-771362-22 devstack@placement-api.service[93464]: DEBUG placement.requestlog [req-6e1c85c4-cc6a-44c5-ad75-615d3d08e016 req-91dc4084-0fca-4033-b51e-9824fdfa3a49 None None] Starting request: 10.222.0.48 "GET /placement/resource_providers/d38798a3-bcf0-4428-a5b8-7b9c56d0f36c/allocations" {{(pid=93464) __call__ /opt/stack/placement/placement/requestlog.py:55}}
Jun 15 03:30:12.489375 n-d-771362-22 devstack@placement-api.service[93464]: INFO placement.requestlog [req-6e1c85c4-cc6a-44c5-ad75-615d3d08e016 req-91dc4084-0fca-4033-b51e-9824fdfa3a49 service placement] 10.222.0.48 "GET /placement/resource_providers/d38798a3-bcf0-4428-a5b8-7b9c56d0f36c/allocations" status: 200 len: 54 microversion: 1.0
Jun 15 03:30:12.489940 n-d-771362-22 devstack@placement-api.service[93464]: [pid: 93464|app: 0|req: 12/22] 10.222.0.48 () {58 vars in 1391 bytes} [Tue Jun 15 03:30:12 2021] GET /placement/resource_providers/d38798a3-bcf0-4428-a5b8-7b9c56d0f36c/allocations => generated 54 bytes in 30 msecs (HTTP/1.1 200) 6 headers in 223 bytes (1 switches on core 0)
Jun 15 03:30:22.631964 n-d-771362-22 devstack@placement-api.service[93465]: DEBUG placement.requestlog [req-2f9bbaa4-7751-444c-9dbf-a4067fb16418 req-5e770be9-5377-4dca-bebb-13ca3a82b634 None None] Starting request: 10.222.0.10 "GET /placement/allocation_candidates?limit=1000&resources=DISK_GB%3A1%2CMEMORY_MB%3A1024%2CVCPU%3A1&root_required=%21COMPUTE_STATUS_DISABLED" {{(pid=93465) __call__ /opt/stack/placement/placement/requestlog.py:55}}
Jun 15 03:30:22.948091 n-d-771362-22 devstack@placement-api.service[93464]: DEBUG placement.requestlog [None req-6687624f-1dd6-49f1-b2a0-6d4c1a21d908 None None] Starting request: 10.222.0.10 "GET /placement/" {{(pid=93464) __call__ /opt/stack/placement/placement/requestlog.py:55}}
Jun 15 03:30:22.949066 n-d-771362-22 devstack@placement-api.service[93464]: INFO placement.requestlog [None req-6687624f-1dd6-49f1-b2a0-6d4c1a21d908 None None] 10.222.0.10 "GET /placement/" status: 200 len: 136 microversion: 1.0
Jun 15 03:30:22.949490 n-d-771362-22 devstack@placement-api.service[93464]: [pid: 93464|app: 0|req: 13/23] 10.222.0.10 () {54 vars in 906 bytes} [Tue Jun 15 03:30:22 2021] GET /placement => generated 136 bytes in 1 msecs (HTTP/1.1 200) 6 headers in 224 bytes (1 switches on core 0)
Jun 15 03:30:22.988117 n-d-771362-22 devstack@placement-api.service[93464]: DEBUG placement.requestlog [req-134ddfc5-3e1c-418d-aa8f-e749f6cfebdf req-726c5300-3d78-47d5-bfb0-2d93d6f7ad7b None None] Starting request: 10.222.0.10 "GET /placement/resource_providers?name=n-h2-771362-22" {{(pid=93464) __call__ /opt/stack/placement/placement/requestlog.py:55}}
Jun 15 03:30:23.090773 n-d-771362-22 devstack@placement-api.service[93465]: DEBUG placement.objects.research_context [req-2f9bbaa4-7751-444c-9dbf-a4067fb16418 req-5e770be9-5377-4dca-bebb-13ca3a82b634 service placement] getting providers with 1 DISK_GB {{(pid=93465) __init__ /opt/stack/placement/placement/objects/research_context.py:126}}
Jun 15 03:30:23.117534 n-d-771362-22 devstack@placement-api.service[93465]: DEBUG placement.objects.research_context [req-2f9bbaa4-7751-444c-9dbf-a4067fb16418 req-5e770be9-5377-4dca-bebb-13ca3a82b634 service placement] getting providers with 1024 MEMORY_MB {{(pid=93465) __init__ /opt/stack/placement/placement/objects/research_context.py:126}}
Jun 15 03:30:23.128864 n-d-771362-22 devstack@placement-api.service[93465]: DEBUG placement.objects.research_context [req-2f9bbaa4-7751-444c-9dbf-a4067fb16418 req-5e770be9-5377-4dca-bebb-13ca3a82b634 service placement] getting providers with 1 VCPU {{(pid=93465) __init__ /opt/stack/placement/placement/objects/research_context.py:126}}
Jun 15 03:30:23.159908 n-d-771362-22 devstack@placement-api.service[93464]: INFO placement.requestlog [req-134ddfc5-3e1c-418d-aa8f-e749f6cfebdf req-726c5300-3d78-47d5-bfb0-2d93d6f7ad7b service placement] 10.222.0.10 "GET /placement/resource_providers?name=n-h2-771362-22" status: 200 len: 441 microversion: 1.0
Jun 15 03:30:23.160671 n-d-771362-22 devstack@placement-api.service[93464]: [pid: 93464|app: 0|req: 14/24] 10.222.0.10 () {58 vars in 1276 bytes} [Tue Jun 15 03:30:22 2021] GET /placement/resource_providers?name=n-h2-771362-22 => generated 441 bytes in 173 msecs (HTTP/1.1 200) 6 headers in 224 bytes (2 switches on core 0)
Jun 15 03:30:23.160955 n-d-771362-22 devstack@placement-api.service[93465]: DEBUG placement.objects.research_context [req-2f9bbaa4-7751-444c-9dbf-a4067fb16418 req-5e770be9-5377-4dca-bebb-13ca3a82b634 service placement] found 2 providers with available 1 DISK_GB {{(pid=93465) get_provider_ids_matching /opt/stack/placement/placement/objects/research_context.py:549}}
Jun 15 03:30:23.161486 n-d-771362-22 devstack@placement-api.service[93465]: DEBUG placement.objects.research_context [req-2f9bbaa4-7751-444c-9dbf-a4067fb16418 req-5e770be9-5377-4dca-bebb-13ca3a82b634 service placement] found 2 providers with available 1024 MEMORY_MB {{(pid=93465) get_provider_ids_matching /opt/stack/placement/placement/objects/research_context.py:549}}
Jun 15 03:30:23.162402 n-d-771362-22 devstack@placement-api.service[93465]: DEBUG placement.objects.research_context [req-2f9bbaa4-7751-444c-9dbf-a4067fb16418 req-5e770be9-5377-4dca-bebb-13ca3a82b634 service placement] found 2 providers after filtering by previous result {{(pid=93465) get_provider_ids_matching /opt/stack/placement/placement/objects/research_context.py:580}}
Jun 15 03:30:23.162702 n-d-771362-22 devstack@placement-api.service[93465]: DEBUG placement.objects.research_context [req-2f9bbaa4-7751-444c-9dbf-a4067fb16418 req-5e770be9-5377-4dca-bebb-13ca3a82b634 service placement] found 2 providers with available 1 VCPU {{(pid=93465) get_provider_ids_matching /opt/stack/placement/placement/objects/research_context.py:549}}
Jun 15 03:30:23.163003 n-d-771362-22 devstack@placement-api.service[93465]: DEBUG placement.objects.research_context [req-2f9bbaa4-7751-444c-9dbf-a4067fb16418 req-5e770be9-5377-4dca-bebb-13ca3a82b634 service placement] found 2 providers after filtering by previous result {{(pid=93465) get_provider_ids_matching /opt/stack/placement/placement/objects/research_context.py:580}}
Jun 15 03:30:23.169266 n-d-771362-22 devstack@placement-api.service[93464]: DEBUG placement.requestlog [req-134ddfc5-3e1c-418d-aa8f-e749f6cfebdf req-ee6e3d96-fad2-48d7-a947-b67dff998a2e None None] Starting request: 10.222.0.10 "GET /placement/resource_providers/d38798a3-bcf0-4428-a5b8-7b9c56d0f36c/aggregates" {{(pid=93464) __call__ /opt/stack/placement/placement/requestlog.py:55}}
Jun 15 03:30:23.186310 n-d-771362-22 devstack@placement-api.service[93464]: INFO placement.requestlog [req-134ddfc5-3e1c-418d-aa8f-e749f6cfebdf req-ee6e3d96-fad2-48d7-a947-b67dff998a2e service placement] 10.222.0.10 "GET /placement/resource_providers/d38798a3-bcf0-4428-a5b8-7b9c56d0f36c/aggregates" status: 200 len: 53 microversion: 1.19
Jun 15 03:30:23.196463 n-d-771362-22 devstack@placement-api.service[93464]: [pid: 93464|app: 0|req: 15/25] 10.222.0.10 () {60 vars in 1425 bytes} [Tue Jun 15 03:30:23 2021] GET /placement/resource_providers/d38798a3-bcf0-4428-a5b8-7b9c56d0f36c/aggregates => generated 53 bytes in 27 msecs (HTTP/1.1 200) 8 headers in 295 bytes (2 switches on core 0)
Jun 15 03:30:23.197486 n-d-771362-22 devstack@placement-api.service[93464]: DEBUG placement.requestlog [req-134ddfc5-3e1c-418d-aa8f-e749f6cfebdf req-7d855dbc-ed05-4b8f-96fb-4d387dd4f233 None None] Starting request: 10.222.0.10 "PUT /placement/resource_providers/d38798a3-bcf0-4428-a5b8-7b9c56d0f36c/aggregates" {{(pid=93464) __call__ /opt/stack/placement/placement/requestlog.py:55}}
Jun 15 03:30:23.204125 n-d-771362-22 devstack@placement-api.service[93465]: DEBUG placement.objects.allocation_candidate [req-2f9bbaa4-7751-444c-9dbf-a4067fb16418 req-5e770be9-5377-4dca-bebb-13ca3a82b634 service placement] RequestGroup(use_same_provider=False, resources={DISK_GB:1, MEMORY_MB:1024, VCPU:1}, traits=[], aggregates=[]) (suffix '') returned 2 matches {{(pid=93465) _get_by_requests /opt/stack/placement/placement/objects/allocation_candidate.py:145}}
Jun 15 03:30:23.204504 n-d-771362-22 devstack@placement-api.service[93465]: DEBUG placement.objects.allocation_candidate [req-2f9bbaa4-7751-444c-9dbf-a4067fb16418 req-5e770be9-5377-4dca-bebb-13ca3a82b634 service placement] Merging candidates yields 2 allocation requests and 2 provider summaries {{(pid=93465) _merge_candidates /opt/stack/placement/placement/objects/allocation_candidate.py:783}}
Jun 15 03:30:23.215888 n-d-771362-22 devstack@placement-api.service[93464]: DEBUG placement.objects.resource_provider [req-134ddfc5-3e1c-418d-aa8f-e749f6cfebdf req-7d855dbc-ed05-4b8f-96fb-4d387dd4f233 service placement] _ensure_aggregate() did not find aggregate 941406e4-fdcd-469d-819f-5565e498c2b2. Attempting to create it. {{(pid=93464) _ensure_aggregate /opt/stack/placement/placement/objects/resource_provider.py:319}}
Jun 15 03:30:23.217898 n-d-771362-22 devstack@placement-api.service[93464]: DEBUG placement.objects.resource_provider [req-134ddfc5-3e1c-418d-aa8f-e749f6cfebdf req-7d855dbc-ed05-4b8f-96fb-4d387dd4f233 service placement] _ensure_aggregate() created new aggregate 941406e4-fdcd-469d-819f-5565e498c2b2 (id=1). {{(pid=93464) _ensure_aggregate /opt/stack/placement/placement/objects/resource_provider.py:325}}
Jun 15 03:30:23.219471 n-d-771362-22 devstack@placement-api.service[93465]: INFO placement.requestlog [req-2f9bbaa4-7751-444c-9dbf-a4067fb16418 req-5e770be9-5377-4dca-bebb-13ca3a82b634 service placement] 10.222.0.10 "GET /placement/allocation_candidates?limit=1000&resources=DISK_GB%3A1%2CMEMORY_MB%3A1024%2CVCPU%3A1&root_required=%21COMPUTE_STATUS_DISABLED" status: 200 len: 1303 microversion: 1.35
Jun 15 03:30:23.226371 n-d-771362-22 devstack@placement-api.service[93464]: DEBUG placement.objects.resource_provider [req-134ddfc5-3e1c-418d-aa8f-e749f6cfebdf req-7d855dbc-ed05-4b8f-96fb-4d387dd4f233 service placement] Setting aggregates for provider d38798a3-bcf0-4428-a5b8-7b9c56d0f36c. Successfully associated aggregate 941406e4-fdcd-469d-819f-5565e498c2b2. {{(pid=93464) _set_aggregates /opt/stack/placement/placement/objects/resource_provider.py:387}}
Jun 15 03:30:23.229794 n-d-771362-22 devstack@placement-api.service[93465]: [pid: 93465|app: 0|req: 11/26] 10.222.0.10 () {60 vars in 1506 bytes} [Tue Jun 15 03:30:22 2021] GET /placement/allocation_candidates?limit=1000&resources=DISK_GB%3A1%2CMEMORY_MB%3A1024%2CVCPU%3A1&root_required=%21COMPUTE_STATUS_DISABLED => generated 1303 bytes in 599 msecs (HTTP/1.1 200) 8 headers in 297 bytes (1 switches on core 0)
Jun 15 03:30:23.291875 n-d-771362-22 devstack@placement-api.service[93464]: INFO placement.requestlog [req-134ddfc5-3e1c-418d-aa8f-e749f6cfebdf req-7d855dbc-ed05-4b8f-96fb-4d387dd4f233 service placement] 10.222.0.10 "PUT /placement/resource_providers/d38798a3-bcf0-4428-a5b8-7b9c56d0f36c/aggregates" status: 200 len: 91 microversion: 1.19
Jun 15 03:30:23.296228 n-d-771362-22 devstack@placement-api.service[93464]: [pid: 93464|app: 0|req: 16/27] 10.222.0.10 () {64 vars in 1477 bytes} [Tue Jun 15 03:30:23 2021] PUT /placement/resource_providers/d38798a3-bcf0-4428-a5b8-7b9c56d0f36c/aggregates => generated 91 bytes in 99 msecs (HTTP/1.1 200) 8 headers in 295 bytes (1 switches on core 0)
Jun 15 03:30:23.469988 n-d-771362-22 devstack@placement-api.service[93465]: DEBUG placement.requestlog [req-2f9bbaa4-7751-444c-9dbf-a4067fb16418 req-2f3005d8-afa1-457d-8a06-92d7e90daf0e None None] Starting request: 10.222.0.10 "GET /placement/allocations/9ff33938-bc91-412b-9dce-cfbd98d1db9a" {{(pid=93465) __call__ /opt/stack/placement/placement/requestlog.py:55}}
Jun 15 03:30:23.698503 n-d-771362-22 devstack@placement-api.service[93465]: INFO placement.requestlog [req-2f9bbaa4-7751-444c-9dbf-a4067fb16418 req-2f3005d8-afa1-457d-8a06-92d7e90daf0e service placement] 10.222.0.10 "GET /placement/allocations/9ff33938-bc91-412b-9dce-cfbd98d1db9a" status: 200 len: 19 microversion: 1.28
Jun 15 03:30:23.721611 n-d-771362-22 devstack@placement-api.service[93465]: [pid: 93465|app: 0|req: 12/28] 10.222.0.10 () {60 vars in 1380 bytes} [Tue Jun 15 03:30:23 2021] GET /placement/allocations/9ff33938-bc91-412b-9dce-cfbd98d1db9a => generated 19 bytes in 252 msecs (HTTP/1.1 200) 8 headers in 295 bytes (2 switches on core 0)
Jun 15 03:30:23.726607 n-d-771362-22 devstack@placement-api.service[93464]: DEBUG placement.requestlog [req-2f9bbaa4-7751-444c-9dbf-a4067fb16418 req-8aaaef24-4b75-4bb8-8e77-5de876ad578d None None] Starting request: 10.222.0.10 "PUT /placement/allocations/9ff33938-bc91-412b-9dce-cfbd98d1db9a" {{(pid=93464) __call__ /opt/stack/placement/placement/requestlog.py:55}}
Jun 15 03:30:24.064072 n-d-771362-22 devstack@placement-api.service[93465]: DEBUG placement.requestlog [req-6b518010-da63-4ae3-8f02-504c673b2c44 req-fac4307a-1283-4c8f-ab5c-744b730f639b None None] Starting request: 10.222.0.10 "GET /placement/resource_providers?name=n-h2-771362-22" {{(pid=93465) __call__ /opt/stack/placement/placement/requestlog.py:55}}
Jun 15 03:30:24.088039 n-d-771362-22 devstack@placement-api.service[93465]: INFO placement.requestlog [req-6b518010-da63-4ae3-8f02-504c673b2c44 req-fac4307a-1283-4c8f-ab5c-744b730f639b service placement] 10.222.0.10 "GET /placement/resource_providers?name=n-h2-771362-22" status: 200 len: 441 microversion: 1.0
Jun 15 03:30:24.096293 n-d-771362-22 devstack@placement-api.service[93465]: [pid: 93465|app: 0|req: 13/29] 10.222.0.10 () {58 vars in 1276 bytes} [Tue Jun 15 03:30:24 2021] GET /placement/resource_providers?name=n-h2-771362-22 => generated 441 bytes in 31 msecs (HTTP/1.1 200) 6 headers in 224 bytes (1 switches on core 0)
Jun 15 03:30:24.097208 n-d-771362-22 devstack@placement-api.service[93465]: DEBUG placement.requestlog [req-6b518010-da63-4ae3-8f02-504c673b2c44 req-c7f97871-89c2-4d8d-8a34-ac09ac9d50fd None None] Starting request: 10.222.0.10 "GET /placement/resource_providers/d38798a3-bcf0-4428-a5b8-7b9c56d0f36c/aggregates" {{(pid=93465) __call__ /opt/stack/placement/placement/requestlog.py:55}}
Jun 15 03:30:24.114108 n-d-771362-22 devstack@placement-api.service[93465]: INFO placement.requestlog [req-6b518010-da63-4ae3-8f02-504c673b2c44 req-c7f97871-89c2-4d8d-8a34-ac09ac9d50fd service placement] 10.222.0.10 "GET /placement/resource_providers/d38798a3-bcf0-4428-a5b8-7b9c56d0f36c/aggregates" status: 200 len: 91 microversion: 1.19
Jun 15 03:30:24.121266 n-d-771362-22 devstack@placement-api.service[93465]: [pid: 93465|app: 0|req: 14/30] 10.222.0.10 () {60 vars in 1425 bytes} [Tue Jun 15 03:30:24 2021] GET /placement/resource_providers/d38798a3-bcf0-4428-a5b8-7b9c56d0f36c/aggregates => generated 91 bytes in 24 msecs (HTTP/1.1 200) 8 headers in 295 bytes (1 switches on core 0)
Jun 15 03:30:24.122548 n-d-771362-22 devstack@placement-api.service[93465]: DEBUG placement.requestlog [req-6b518010-da63-4ae3-8f02-504c673b2c44 req-c8386e35-b043-473d-a243-c9fc04ede5ce None None] Starting request: 10.222.0.10 "PUT /placement/resource_providers/d38798a3-bcf0-4428-a5b8-7b9c56d0f36c/aggregates" {{(pid=93465) __call__ /opt/stack/placement/placement/requestlog.py:55}}
Jun 15 03:30:24.142480 n-d-771362-22 devstack@placement-api.service[93465]: DEBUG placement.objects.resource_provider [req-6b518010-da63-4ae3-8f02-504c673b2c44 req-c8386e35-b043-473d-a243-c9fc04ede5ce service placement] Setting aggregates for provider d38798a3-bcf0-4428-a5b8-7b9c56d0f36c. Successfully disassociated aggregate 941406e4-fdcd-469d-819f-5565e498c2b2. {{(pid=93465) _set_aggregates /opt/stack/placement/placement/objects/resource_provider.py:402}}
