Jun 08 08:26:01.378985 n-d-771362-19 devstack@placement-api.service[93279]: [pid: 93279|app: 0|req: 263/522] 10.222.0.42 () {64 vars in 1433 bytes} [Tue Jun 8 08:26:01 2021] PUT /placement/allocations/5c98d831-d736-4caf-80de-f287afe28cab => generated 0 bytes in 78 msecs (HTTP/1.1 204) 5 headers in 199 bytes (1 switches on core 0)
Jun 08 08:26:01.709851 n-d-771362-19 devstack@placement-api.service[93280]: DEBUG placement.requestlog [req-28205328-1387-457c-b9e2-d05ea3814257 req-01855644-5d11-41a8-87c2-0b5ca13a4942 None None] Starting request: 10.222.0.37 "GET /placement/allocations/5c98d831-d736-4caf-80de-f287afe28cab" {{(pid=93280) __call__ /opt/stack/placement/placement/requestlog.py:55}}
Jun 08 08:26:01.725156 n-d-771362-19 devstack@placement-api.service[93280]: INFO placement.requestlog [req-28205328-1387-457c-b9e2-d05ea3814257 req-01855644-5d11-41a8-87c2-0b5ca13a4942 service placement] 10.222.0.37 "GET /placement/allocations/5c98d831-d736-4caf-80de-f287afe28cab" status: 200 len: 245 microversion: 1.28
Jun 08 08:26:01.725523 n-d-771362-19 devstack@placement-api.service[93280]: [pid: 93280|app: 0|req: 260/523] 10.222.0.37 () {60 vars in 1378 bytes} [Tue Jun 8 08:26:01 2021] GET /placement/allocations/5c98d831-d736-4caf-80de-f287afe28cab => generated 245 bytes in 16 msecs (HTTP/1.1 200) 8 headers in 296 bytes (1 switches on core 0)
Jun 08 08:26:09.913127 n-d-771362-19 devstack@placement-api.service[93279]: DEBUG placement.requestlog [req-81f050d4-c587-4651-a264-87d7cfe2814f req-115163a7-b368-496b-8b2a-d643dcfa035b None None] Starting request: 10.222.0.42 "GET /placement/allocation_candidates?limit=1000&resources=MEMORY_MB%3A1024%2CVCPU%3A1&root_required=%21COMPUTE_STATUS_DISABLED" {{(pid=93279) __call__ /opt/stack/placement/placement/requestlog.py:55}}
Jun 08 08:26:09.943425 n-d-771362-19 devstack@placement-api.service[93279]: DEBUG placement.objects.research_context [req-81f050d4-c587-4651-a264-87d7cfe2814f req-115163a7-b368-496b-8b2a-d643dcfa035b service placement] getting providers with 1024 MEMORY_MB {{(pid=93279) __init__ /opt/stack/placement/placement/objects/research_context.py:126}}
Jun 08 08:26:09.949269 n-d-771362-19 devstack@placement-api.service[93279]: DEBUG placement.objects.research_context [req-81f050d4-c587-4651-a264-87d7cfe2814f req-115163a7-b368-496b-8b2a-d643dcfa035b service placement] getting providers with 1 VCPU {{(pid=93279) __init__ /opt/stack/placement/placement/objects/research_context.py:126}}
Jun 08 08:26:09.957647 n-d-771362-19 devstack@placement-api.service[93279]: DEBUG placement.objects.research_context [req-81f050d4-c587-4651-a264-87d7cfe2814f req-115163a7-b368-496b-8b2a-d643dcfa035b service placement] found 2 providers with available 1024 MEMORY_MB {{(pid=93279) get_provider_ids_matching /opt/stack/placement/placement/objects/research_context.py:549}}
Jun 08 08:26:09.957984 n-d-771362-19 devstack@placement-api.service[93279]: DEBUG placement.objects.research_context [req-81f050d4-c587-4651-a264-87d7cfe2814f req-115163a7-b368-496b-8b2a-d643dcfa035b service placement] found 2 providers with available 1 VCPU {{(pid=93279) get_provider_ids_matching /opt/stack/placement/placement/objects/research_context.py:549}}
Jun 08 08:26:09.958369 n-d-771362-19 devstack@placement-api.service[93279]: DEBUG placement.objects.research_context [req-81f050d4-c587-4651-a264-87d7cfe2814f req-115163a7-b368-496b-8b2a-d643dcfa035b service placement] found 2 providers after filtering by previous result {{(pid=93279) get_provider_ids_matching /opt/stack/placement/placement/objects/research_context.py:580}}
Jun 08 08:26:09.971641 n-d-771362-19 devstack@placement-api.service[93279]: DEBUG placement.objects.allocation_candidate [req-81f050d4-c587-4651-a264-87d7cfe2814f req-115163a7-b368-496b-8b2a-d643dcfa035b service placement] RequestGroup(use_same_provider=False, resources={MEMORY_MB:1024, VCPU:1}, traits=[], aggregates=[]) (suffix '') returned 2 matches {{(pid=93279) _get_by_requests /opt/stack/placement/placement/objects/allocation_candidate.py:145}}
Jun 08 08:26:09.972143 n-d-771362-19 devstack@placement-api.service[93279]: DEBUG placement.objects.allocation_candidate [req-81f050d4-c587-4651-a264-87d7cfe2814f req-115163a7-b368-496b-8b2a-d643dcfa035b service placement] Merging candidates yields 2 allocation requests and 2 provider summaries {{(pid=93279) _merge_candidates /opt/stack/placement/placement/objects/allocation_candidate.py:783}}
Jun 08 08:26:09.973639 n-d-771362-19 devstack@placement-api.service[93279]: INFO placement.requestlog [req-81f050d4-c587-4651-a264-87d7cfe2814f req-115163a7-b368-496b-8b2a-d643dcfa035b service placement] 10.222.0.42 "GET /placement/allocation_candidates?limit=1000&resources=MEMORY_MB%3A1024%2CVCPU%3A1&root_required=%21COMPUTE_STATUS_DISABLED" status: 200 len: 1281 microversion: 1.35
Jun 08 08:26:09.974287 n-d-771362-19 devstack@placement-api.service[93279]: [pid: 93279|app: 0|req: 264/524] 10.222.0.42 () {60 vars in 1478 bytes} [Tue Jun 8 08:26:09 2021] GET /placement/allocation_candidates?limit=1000&resources=MEMORY_MB%3A1024%2CVCPU%3A1&root_required=%21COMPUTE_STATUS_DISABLED => generated 1281 bytes in 61 msecs (HTTP/1.1 200) 8 headers in 297 bytes (1 switches on core 0)
Jun 08 08:26:10.029828 n-d-771362-19 devstack@placement-api.service[93280]: DEBUG placement.requestlog [req-81f050d4-c587-4651-a264-87d7cfe2814f req-70e62eb4-594e-4f87-a5d6-70cda84ea27a None None] Starting request: 10.222.0.42 "GET /placement/allocations/944d75e8-9637-4f38-b836-b203abb58bc0" {{(pid=93280) __call__ /opt/stack/placement/placement/requestlog.py:55}}
Jun 08 08:26:10.041544 n-d-771362-19 devstack@placement-api.service[93280]: INFO placement.requestlog [req-81f050d4-c587-4651-a264-87d7cfe2814f req-70e62eb4-594e-4f87-a5d6-70cda84ea27a service placement] 10.222.0.42 "GET /placement/allocations/944d75e8-9637-4f38-b836-b203abb58bc0" status: 200 len: 19 microversion: 1.28
Jun 08 08:26:10.042110 n-d-771362-19 devstack@placement-api.service[93280]: [pid: 93280|app: 0|req: 261/525] 10.222.0.42 () {60 vars in 1380 bytes} [Tue Jun 8 08:26:10 2021] GET /placement/allocations/944d75e8-9637-4f38-b836-b203abb58bc0 => generated 19 bytes in 13 msecs (HTTP/1.1 200) 8 headers in 295 bytes (1 switches on core 0)
Jun 08 08:26:10.048024 n-d-771362-19 devstack@placement-api.service[93279]: DEBUG placement.requestlog [req-81f050d4-c587-4651-a264-87d7cfe2814f req-65bf8afd-50a3-4fcf-bf35-1fef34c15af6 None None] Starting request: 10.222.0.42 "PUT /placement/allocations/944d75e8-9637-4f38-b836-b203abb58bc0" {{(pid=93279) __call__ /opt/stack/placement/placement/requestlog.py:55}}
Jun 08 08:26:10.120507 n-d-771362-19 devstack@placement-api.service[93279]: DEBUG placement.handlers.allocation [req-81f050d4-c587-4651-a264-87d7cfe2814f req-65bf8afd-50a3-4fcf-bf35-1fef34c15af6 service placement] Successfully wrote allocations [<placement.objects.allocation.Allocation object at 0x7fd3aca26fa0>, <placement.objects.allocation.Allocation object at 0x7fd3af804ac0>] {{(pid=93279) _create_allocations /opt/stack/placement/placement/handlers/allocation.py:435}}
Jun 08 08:26:10.121162 n-d-771362-19 devstack@placement-api.service[93279]: INFO placement.requestlog [req-81f050d4-c587-4651-a264-87d7cfe2814f req-65bf8afd-50a3-4fcf-bf35-1fef34c15af6 service placement] 10.222.0.42 "PUT /placement/allocations/944d75e8-9637-4f38-b836-b203abb58bc0" status: 204 len: 0 microversion: 1.35
Jun 08 08:26:10.121999 n-d-771362-19 devstack@placement-api.service[93279]: [pid: 93279|app: 0|req: 265/526] 10.222.0.42 () {64 vars in 1433 bytes} [Tue Jun 8 08:26:10 2021] PUT /placement/allocations/944d75e8-9637-4f38-b836-b203abb58bc0 => generated 0 bytes in 74 msecs (HTTP/1.1 204) 5 headers in 199 bytes (1 switches on core 0)
Jun 08 08:26:10.484810 n-d-771362-19 devstack@placement-api.service[93280]: DEBUG placement.requestlog [req-81f050d4-c587-4651-a264-87d7cfe2814f req-9b5c07e6-16bb-4f49-8315-748d4fdfb663 None None] Starting request: 10.222.0.37 "GET /placement/allocations/944d75e8-9637-4f38-b836-b203abb58bc0" {{(pid=93280) __call__ /opt/stack/placement/placement/requestlog.py:55}}
Jun 08 08:26:10.505889 n-d-771362-19 devstack@placement-api.service[93280]: INFO placement.requestlog [req-81f050d4-c587-4651-a264-87d7cfe2814f req-9b5c07e6-16bb-4f49-8315-748d4fdfb663 service placement] 10.222.0.37 "GET /placement/allocations/944d75e8-9637-4f38-b836-b203abb58bc0" status: 200 len: 245 microversion: 1.28
Jun 08 08:26:10.506639 n-d-771362-19 devstack@placement-api.service[93280]: [pid: 93280|app: 0|req: 262/527] 10.222.0.37 () {60 vars in 1378 bytes} [Tue Jun 8 08:26:10 2021] GET /placement/allocations/944d75e8-9637-4f38-b836-b203abb58bc0 => generated 245 bytes in 22 msecs (HTTP/1.1 200) 8 headers in 296 bytes (2 switches on core 0)
Jun 08 08:26:19.068998 n-d-771362-19 devstack@placement-api.service[93279]: DEBUG placement.requestlog [None req-e8b3bbe2-8a47-4cc3-9081-4d42a4739e82 None None] Starting request: 10.222.0.42 "GET /placement/" {{(pid=93279) __call__ /opt/stack/placement/placement/requestlog.py:55}}
Jun 08 08:26:19.069982 n-d-771362-19 devstack@placement-api.service[93279]: INFO placement.requestlog [None req-e8b3bbe2-8a47-4cc3-9081-4d42a4739e82 None None] 10.222.0.42 "GET /placement/" status: 200 len: 136 microversion: 1.0
Jun 08 08:26:19.070425 n-d-771362-19 devstack@placement-api.service[93279]: [pid: 93279|app: 0|req: 266/528] 10.222.0.42 () {54 vars in 915 bytes} [Tue Jun 8 08:26:19 2021] GET /placement => generated 136 bytes in 1 msecs (HTTP/1.1 200) 6 headers in 224 bytes (1 switches on core 0)
Jun 08 08:26:19.084331 n-d-771362-19 devstack@placement-api.service[93280]: DEBUG placement.requestlog [req-f57de014-9de4-46cb-b754-69239cc591f6 req-15f29081-ecc2-4ab0-b7f7-948d50b9301e None None] Starting request: 10.222.0.42 "GET /placement/allocations/92adf5cd-0497-4efa-9c0f-e65f95a590eb" {{(pid=93280) __call__ /opt/stack/placement/placement/requestlog.py:55}}
Jun 08 08:26:19.173443 n-d-771362-19 devstack@placement-api.service[93280]: INFO placement.requestlog [req-f57de014-9de4-46cb-b754-69239cc591f6 req-15f29081-ecc2-4ab0-b7f7-948d50b9301e service placement] 10.222.0.42 "GET /placement/allocations/92adf5cd-0497-4efa-9c0f-e65f95a590eb" status: 200 len: 259 microversion: 1.28
Jun 08 08:26:19.173912 n-d-771362-19 devstack@placement-api.service[93280]: [pid: 93280|app: 0|req: 263/529] 10.222.0.42 () {60 vars in 1380 bytes} [Tue Jun 8 08:26:19 2021] GET /placement/allocations/92adf5cd-0497-4efa-9c0f-e65f95a590eb => generated 259 bytes in 90 msecs (HTTP/1.1 200) 8 headers in 296 bytes (1 switches on core 0)
Jun 08 08:26:19.179421 n-d-771362-19 devstack@placement-api.service[93279]: DEBUG placement.requestlog [req-f57de014-9de4-46cb-b754-69239cc591f6 req-f8fc35bb-a850-416b-80f5-188c1a472d4d None None] Starting request: 10.222.0.42 "GET /placement/allocations/92adf5cd-0497-4efa-9c0f-e65f95a590eb" {{(pid=93279) __call__ /opt/stack/placement/placement/requestlog.py:55}}
Jun 08 08:26:19.214124 n-d-771362-19 devstack@placement-api.service[93279]: INFO placement.requestlog [req-f57de014-9de4-46cb-b754-69239cc591f6 req-f8fc35bb-a850-416b-80f5-188c1a472d4d service placement] 10.222.0.42 "GET /placement/allocations/92adf5cd-0497-4efa-9c0f-e65f95a590eb" status: 200 len: 259 microversion: 1.28
Jun 08 08:26:19.222024 n-d-771362-19 devstack@placement-api.service[93280]: DEBUG placement.requestlog [req-f57de014-9de4-46cb-b754-69239cc591f6 req-12dc82e3-be8f-4d8a-9068-7cdc732d8c8d None None] Starting request: 10.222.0.42 "GET /placement/allocations/8c9596ca-f3b6-4d3c-bee8-92d7f98b72bb" {{(pid=93280) __call__ /opt/stack/placement/placement/requestlog.py:55}}
Jun 08 08:26:19.230133 n-d-771362-19 devstack@placement-api.service[93279]: [pid: 93279|app: 0|req: 267/530] 10.222.0.42 () {60 vars in 1380 bytes} [Tue Jun 8 08:26:19 2021] GET /placement/allocations/92adf5cd-0497-4efa-9c0f-e65f95a590eb => generated 259 bytes in 44 msecs (HTTP/1.1 200) 8 headers in 296 bytes (1 switches on core 0)
Jun 08 08:26:19.239983 n-d-771362-19 devstack@placement-api.service[93280]: INFO placement.requestlog [req-f57de014-9de4-46cb-b754-69239cc591f6 req-12dc82e3-be8f-4d8a-9068-7cdc732d8c8d service placement] 10.222.0.42 "GET /placement/allocations/8c9596ca-f3b6-4d3c-bee8-92d7f98b72bb" status: 200 len: 19 microversion: 1.28
Jun 08 08:26:19.240773 n-d-771362-19 devstack@placement-api.service[93280]: [pid: 93280|app: 0|req: 264/531] 10.222.0.42 () {60 vars in 1380 bytes} [Tue Jun 8 08:26:19 2021] GET /placement/allocations/8c9596ca-f3b6-4d3c-bee8-92d7f98b72bb => generated 19 bytes in 19 msecs (HTTP/1.1 200) 8 headers in 295 bytes (2 switches on core 0)
Jun 08 08:26:19.252692 n-d-771362-19 devstack@placement-api.service[93279]: DEBUG placement.requestlog [req-f57de014-9de4-46cb-b754-69239cc591f6 req-42dd8e4f-4c07-4021-a04d-bd39a07334b6 None None] Starting request: 10.222.0.42 "POST /placement/allocations" {{(pid=93279) __call__ /opt/stack/placement/placement/requestlog.py:55}}
Jun 08 08:26:19.376298 n-d-771362-19 devstack@placement-api.service[93279]: DEBUG placement.handlers.allocation [req-f57de014-9de4-46cb-b754-69239cc591f6 req-42dd8e4f-4c07-4021-a04d-bd39a07334b6 service placement] Successfully wrote allocations [<placement.objects.allocation.Allocation object at 0x7fd3ac9f0520>, <placement.objects.allocation.Allocation object at 0x7fd3ac9f0670>, <placement.objects.allocation.Allocation object at 0x7fd3ac9f0d60>, <placement.objects.allocation.Allocation object at 0x7fd3af804a90>, <placement.objects.allocation.Allocation object at 0x7fd3ac9f0040>, <placement.objects.allocation.Allocation object at 0x7fd3ac9f06a0>] {{(pid=93279) _create_allocations /opt/stack/placement/placement/handlers/allocation.py:524}}
Jun 08 08:26:19.377179 n-d-771362-19 devstack@placement-api.service[93279]: INFO placement.requestlog [req-f57de014-9de4-46cb-b754-69239cc591f6 req-42dd8e4f-4c07-4021-a04d-bd39a07334b6 service placement] 10.222.0.42 "POST /placement/allocations" status: 204 len: 0 microversion: 1.28
Jun 08 08:26:19.377876 n-d-771362-19 devstack@placement-api.service[93279]: [pid: 93279|app: 0|req: 268/532] 10.222.0.42 () {64 vars in 1323 bytes} [Tue Jun 8 08:26:19 2021] POST /placement/allocations => generated 0 bytes in 125 msecs (HTTP/1.1 204) 5 headers in 199 bytes (1 switches on core 0)
Jun 08 08:26:19.398640 n-d-771362-19 devstack@placement-api.service[93280]: DEBUG placement.requestlog [req-f57de014-9de4-46cb-b754-69239cc591f6 req-77b9d544-b425-4669-a9a1-738e0d801ad1 None None] Starting request: 10.222.0.42 "GET /placement/allocation_candidates?limit=1000&resources=DISK_GB%3A1%2CMEMORY_MB%3A512%2CVCPU%3A1&root_required=%21COMPUTE_STATUS_DISABLED" {{(pid=93280) __call__ /opt/stack/placement/placement/requestlog.py:55}}
Jun 08 08:26:19.428158 n-d-771362-19 devstack@placement-api.service[93280]: DEBUG placement.objects.research_context [req-f57de014-9de4-46cb-b754-69239cc591f6 req-77b9d544-b425-4669-a9a1-738e0d801ad1 service placement] getting providers with 1 DISK_GB {{(pid=93280) __init__ /opt/stack/placement/placement/objects/research_context.py:126}}
Jun 08 08:26:19.434171 n-d-771362-19 devstack@placement-api.service[93280]: DEBUG placement.objects.research_context [req-f57de014-9de4-46cb-b754-69239cc591f6 req-77b9d544-b425-4669-a9a1-738e0d801ad1 service placement] getting providers with 512 MEMORY_MB {{(pid=93280) __init__ /opt/stack/placement/placement/objects/research_context.py:126}}
Jun 08 08:26:19.440612 n-d-771362-19 devstack@placement-api.service[93280]: DEBUG placement.objects.research_context [req-f57de014-9de4-46cb-b754-69239cc591f6 req-77b9d544-b425-4669-a9a1-738e0d801ad1 service placement] getting providers with 1 VCPU {{(pid=93280) __init__ /opt/stack/placement/placement/objects/research_context.py:126}}
Jun 08 08:26:19.447270 n-d-771362-19 devstack@placement-api.service[93280]: DEBUG placement.objects.research_context [req-f57de014-9de4-46cb-b754-69239cc591f6 req-77b9d544-b425-4669-a9a1-738e0d801ad1 service placement] found 2 providers with available 1 DISK_GB {{(pid=93280) get_provider_ids_matching /opt/stack/placement/placement/objects/research_context.py:549}}
Jun 08 08:26:19.447712 n-d-771362-19 devstack@placement-api.service[93280]: DEBUG placement.objects.research_context [req-f57de014-9de4-46cb-b754-69239cc591f6 req-77b9d544-b425-4669-a9a1-738e0d801ad1 service placement] found 2 providers with available 512 MEMORY_MB {{(pid=93280) get_provider_ids_matching /opt/stack/placement/placement/objects/research_context.py:549}}
Jun 08 08:26:19.448140 n-d-771362-19 devstack@placement-api.service[93280]: DEBUG placement.objects.research_context [req-f57de014-9de4-46cb-b754-69239cc591f6 req-77b9d544-b425-4669-a9a1-738e0d801ad1 service placement] found 2 providers after filtering by previous result {{(pid=93280) get_provider_ids_matching /opt/stack/placement/placement/objects/research_context.py:580}}
Jun 08 08:26:19.448556 n-d-771362-19 devstack@placement-api.service[93280]: DEBUG placement.objects.research_context [req-f57de014-9de4-46cb-b754-69239cc591f6 req-77b9d544-b425-4669-a9a1-738e0d801ad1 service placement] found 2 providers with available 1 VCPU {{(pid=93280) get_provider_ids_matching /opt/stack/placement/placement/objects/research_context.py:549}}
Jun 08 08:26:19.448963 n-d-771362-19 devstack@placement-api.service[93280]: DEBUG placement.objects.research_context [req-f57de014-9de4-46cb-b754-69239cc591f6 req-77b9d544-b425-4669-a9a1-738e0d801ad1 service placement] found 2 providers after filtering by previous result {{(pid=93280) get_provider_ids_matching /opt/stack/placement/placement/objects/research_context.py:580}}
Jun 08 08:26:19.462871 n-d-771362-19 devstack@placement-api.service[93280]: DEBUG placement.objects.allocation_candidate [req-f57de014-9de4-46cb-b754-69239cc591f6 req-77b9d544-b425-4669-a9a1-738e0d801ad1 service placement] RequestGroup(use_same_provider=False, resources={DISK_GB:1, MEMORY_MB:512, VCPU:1}, traits=[], aggregates=[]) (suffix '') returned 2 matches {{(pid=93280) _get_by_requests /opt/stack/placement/placement/objects/allocation_candidate.py:145}}
Jun 08 08:26:19.463631 n-d-771362-19 devstack@placement-api.service[93280]: DEBUG placement.objects.allocation_candidate [req-f57de014-9de4-46cb-b754-69239cc591f6 req-77b9d544-b425-4669-a9a1-738e0d801ad1 service placement] Merging candidates yields 2 allocation requests and 2 provider summaries {{(pid=93280) _merge_candidates /opt/stack/placement/placement/objects/allocation_candidate.py:783}}
Jun 08 08:26:19.465266 n-d-771362-19 devstack@placement-api.service[93280]: INFO placement.requestlog [req-f57de014-9de4-46cb-b754-69239cc591f6 req-77b9d544-b425-4669-a9a1-738e0d801ad1 service placement] 10.222.0.42 "GET /placement/allocation_candidates?limit=1000&resources=DISK_GB%3A1%2CMEMORY_MB%3A512%2CVCPU%3A1&root_required=%21COMPUTE_STATUS_DISABLED" status: 200 len: 1307 microversion: 1.35
Jun 08 08:26:19.470315 n-d-771362-19 devstack@placement-api.service[93280]: [pid: 93280|app: 0|req: 265/533] 10.222.0.42 () {60 vars in 1504 bytes} [Tue Jun 8 08:26:19 2021] GET /placement/allocation_candidates?limit=1000&resources=DISK_GB%3A1%2CMEMORY_MB%3A512%2CVCPU%3A1&root_required=%21COMPUTE_STATUS_DISABLED => generated 1307 bytes in 72 msecs (HTTP/1.1 200) 8 headers in 297 bytes (1 switches on core 0)
Jun 08 08:26:19.524246 n-d-771362-19 devstack@placement-api.service[93279]: DEBUG placement.requestlog [req-f57de014-9de4-46cb-b754-69239cc591f6 req-1796d79a-bce2-4d94-82b7-2e5a916bdb0d None None] Starting request: 10.222.0.42 "GET /placement/allocations/92adf5cd-0497-4efa-9c0f-e65f95a590eb" {{(pid=93279) __call__ /opt/stack/placement/placement/requestlog.py:55}}
Jun 08 08:26:19.536612 n-d-771362-19 devstack@placement-api.service[93279]: INFO placement.requestlog [req-f57de014-9de4-46cb-b754-69239cc591f6 req-1796d79a-bce2-4d94-82b7-2e5a916bdb0d service placement] 10.222.0.42 "GET /placement/allocations/92adf5cd-0497-4efa-9c0f-e65f95a590eb" status: 200 len: 19 microversion: 1.28
Jun 08 08:26:19.541510 n-d-771362-19 devstack@placement-api.service[93279]: [pid: 93279|app: 0|req: 269/534] 10.222.0.42 () {60 vars in 1380 bytes} [Tue Jun 8 08:26:19 2021] GET /placement/allocations/92adf5cd-0497-4efa-9c0f-e65f95a590eb => generated 19 bytes in 17 msecs (HTTP/1.1 200) 8 headers in 295 bytes (1 switches on core 0)
Jun 08 08:26:19.543237 n-d-771362-19 devstack@placement-api.service[93280]: DEBUG placement.requestlog [req-f57de014-9de4-46cb-b754-69239cc591f6 req-21f24460-84f8-45cb-949e-f410ce6f32cd None None] Starting request: 10.222.0.42 "PUT /placement/allocations/92adf5cd-0497-4efa-9c0f-e65f95a590eb" {{(pid=93280) __call__ /opt/stack/placement/placement/requestlog.py:55}}
Jun 08 08:26:19.608874 n-d-771362-19 devstack@placement-api.service[93280]: DEBUG placement.handlers.allocation [req-f57de014-9de4-46cb-b754-69239cc591f6 req-21f24460-84f8-45cb-949e-f410ce6f32cd service placement] Successfully wrote allocations [<placement.objects.allocation.Allocation object at 0x7fd3aca5e2b0>, <placement.objects.allocation.Allocation object at 0x7fd3aca5e970>, <placement.objects.allocation.Allocation object at 0x7fd3aca5e6d0>] {{(pid=93280) _create_allocations /opt/stack/placement/placement/handlers/allocation.py:435}}
Jun 08 08:26:19.610653 n-d-771362-19 devstack@placement-api.service[93280]: INFO placement.requestlog [req-f57de014-9de4-46cb-b754-69239cc591f6 req-21f24460-84f8-45cb-949e-f410ce6f32cd service placement] 10.222.0.42 "PUT /placement/allocations/92adf5cd-0497-4efa-9c0f-e65f95a590eb" status: 204 len: 0 microversion: 1.35
Jun 08 08:26:19.618356 n-d-771362-19 devstack@placement-api.service[93280]: [pid: 93280|app: 0|req: 266/535] 10.222.0.42 () {64 vars in 1433 bytes} [Tue Jun 8 08:26:19 2021] PUT /placement/allocations/92adf5cd-0497-4efa-9c0f-e65f95a590eb => generated 0 bytes in 68 msecs (HTTP/1.1 204) 5 headers in 199 bytes (2 switches on core 0)
Jun 08 08:26:19.799936 n-d-771362-19 devstack@placement-api.service[93279]: DEBUG placement.requestlog [req-f57de014-9de4-46cb-b754-69239cc591f6 req-b978a771-0754-49a1-8b54-31d34e55ee24 None None] Starting request: 10.222.0.37 "GET /placement/allocations/92adf5cd-0497-4efa-9c0f-e65f95a590eb" {{(pid=93279) __call__ /opt/stack/placement/placement/requestlog.py:55}}
Jun 08 08:26:19.815193 n-d-771362-19 devstack@placement-api.service[93279]: INFO placement.requestlog [req-f57de014-9de4-46cb-b754-69239cc591f6 req-b978a771-0754-49a1-8b54-31d34e55ee24 service placement] 10.222.0.37 "GET /placement/allocations/92adf5cd-0497-4efa-9c0f-e65f95a590eb" status: 200 len: 258 microversion: 1.28
Jun 08 08:26:19.815714 n-d-771362-19 devstack@placement-api.service[93279]: [pid: 93279|app: 0|req: 270/536] 10.222.0.37 () {60 vars in 1378 bytes} [Tue Jun 8 08:26:19 2021] GET /placement/allocations/92adf5cd-0497-4efa-9c0f-e65f95a590eb => generated 258 bytes in 16 msecs (HTTP/1.1 200) 8 headers in 296 bytes (2 switches on core 0)
Jun 08 08:26:20.863469 n-d-771362-19 devstack@placement-api.service[93280]: DEBUG placement.requestlog [req-dd86df7f-0dd5-4e0b-88db-bdb975aa01f9 req-872b06e0-127e-4dba-9370-d1d35106b119 None None] Starting request: 10.222.0.15 "GET /placement/allocations/f120c10d-d2b6-464f-9c84-b0b120631533" {{(pid=93280) __call__ /opt/stack/placement/placement/requestlog.py:55}}
Jun 08 08:26:20.887921 n-d-771362-19 devstack@placement-api.service[93280]: INFO placement.requestlog [req-dd86df7f-0dd5-4e0b-88db-bdb975aa01f9 req-872b06e0-127e-4dba-9370-d1d35106b119 service placement] 10.222.0.15 "GET /placement/allocations/f120c10d-d2b6-464f-9c84-b0b120631533" status: 200 len: 259 microversion: 1.28
Jun 08 08:26:20.888451 n-d-771362-19 devstack@placement-api.service[93280]: [pid: 93280|app: 0|req: 267/537] 10.222.0.15 () {60 vars in 1378 bytes} [Tue Jun 8 08:26:20 2021] GET /placement/allocations/f120c10d-d2b6-464f-9c84-b0b120631533 => generated 259 bytes in 25 msecs (HTTP/1.1 200) 8 headers in 296 bytes (1 switches on core 0)
Jun 08 08:26:20.896608 n-d-771362-19 devstack@placement-api.service[93279]: DEBUG placement.requestlog [req-dd86df7f-0dd5-4e0b-88db-bdb975aa01f9 req-ed59e476-20f3-40fe-863c-f0f5bd92d033 None None] Starting request: 10.222.0.15 "PUT /placement/allocations/f120c10d-d2b6-464f-9c84-b0b120631533" {{(pid=93279) __call__ /opt/stack/placement/placement/requestlog.py:55}}
Jun 08 08:26:21.011093 n-d-771362-19 devstack@placement-api.service[93279]: DEBUG placement.handlers.allocation [req-dd86df7f-0dd5-4e0b-88db-bdb975aa01f9 req-ed59e476-20f3-40fe-863c-f0f5bd92d033 service placement] Successfully wrote allocations [<placement.objects.allocation.Allocation object at 0x7fd3aca58c10>, <placement.objects.allocation.Allocation object at 0x7fd3aca20a30>, <placement.objects.allocation.Allocation object at 0x7fd3aca20340>] {{(pid=93279) _create_allocations /opt/stack/placement/placement/handlers/allocation.py:435}}
Jun 08 08:26:21.011752 n-d-771362-19 devstack@placement-api.service[93279]: INFO placement.requestlog [req-dd86df7f-0dd5-4e0b-88db-bdb975aa01f9 req-ed59e476-20f3-40fe-863c-f0f5bd92d033 service placement] 10.222.0.15 "PUT /placement/allocations/f120c10d-d2b6-464f-9c84-b0b120631533" status: 204 len: 0 microversion: 1.28
Jun 08 08:26:21.012358 n-d-771362-19 devstack@placement-api.service[93279]: [pid: 93279|app: 0|req: 271/538] 10.222.0.15 () {64 vars in 1431 bytes} [Tue Jun 8 08:26:20 2021] PUT /placement/allocations/f120c10d-d2b6-464f-9c84-b0b120631533 => generated 0 bytes in 116 msecs (HTTP/1.1 204) 5 headers in 199 bytes (1 switches on core 0)
Jun 08 08:26:31.463016 n-d-771362-19 devstack@placement-api.service[93280]: DEBUG placement.requestlog [req-2f74b6bb-8626-4b37-bfd2-6f837cbcc3b7 req-60872a2b-42ff-4592-8751-7b19eb590619 None None] Starting request: 10.222.0.37 "GET /placement/allocations/e112c39f-0bb5-4587-8b39-039892d7613e" {{(pid=93280) __call__ /opt/stack/placement/placement/requestlog.py:55}}
Jun 08 08:26:31.483157 n-d-771362-19 devstack@placement-api.service[93280]: INFO placement.requestlog [req-2f74b6bb-8626-4b37-bfd2-6f837cbcc3b7 req-60872a2b-42ff-4592-8751-7b19eb590619 service placement] 10.222.0.37 "GET /placement/allocations/e112c39f-0bb5-4587-8b39-039892d7613e" status: 200 len: 259 microversion: 1.28
Jun 08 08:26:31.483806 n-d-771362-19 devstack@placement-api.service[93280]: [pid: 93280|app: 0|req: 268/539] 10.222.0.37 () {60 vars in 1378 bytes} [Tue Jun 8 08:26:31 2021] GET /placement/allocations/e112c39f-0bb5-4587-8b39-039892d7613e => generated 259 bytes in 21 msecs (HTTP/1.1 200) 8 headers in 296 bytes (1 switches on core 0)
Jun 08 08:26:31.490583 n-d-771362-19 devstack@placement-api.service[93279]: DEBUG placement.requestlog [req-2f74b6bb-8626-4b37-bfd2-6f837cbcc3b7 req-9220ea7f-53c3-45f4-94e4-e8bcc4620e85 None None] Starting request: 10.222.0.37 "PUT /placement/allocations/e112c39f-0bb5-4587-8b39-039892d7613e" {{(pid=93279) __call__ /opt/stack/placement/placement/requestlog.py:55}}
Jun 08 08:26:31.553472 n-d-771362-19 devstack@placement-api.service[93279]: DEBUG placement.handlers.allocation [req-2f74b6bb-8626-4b37-bfd2-6f837cbcc3b7 req-9220ea7f-53c3-45f4-94e4-e8bcc4620e85 service placement] Successfully wrote allocations [<placement.objects.allocation.Allocation object at 0x7fd3acb51d00>, <placement.objects.allocation.Allocation object at 0x7fd3acb51b80>, <placement.objects.allocation.Allocation object at 0x7fd3acb51070>] {{(pid=93279) _create_allocations /opt/stack/placement/placement/handlers/allocation.py:435}}
Jun 08 08:26:31.553974 n-d-771362-19 devstack@placement-api.service[93279]: INFO placement.requestlog [req-2f74b6bb-8626-4b37-bfd2-6f837cbcc3b7 req-9220ea7f-53c3-45f4-94e4-e8bcc4620e85 service placement] 10.222.0.37 "PUT /placement/allocations/e112c39f-0bb5-4587-8b39-039892d7613e" status: 204 len: 0 microversion: 1.28
Jun 08 08:26:31.557872 n-d-771362-19 devstack@placement-api.service[93279]: [pid: 93279|app: 0|req: 272/540] 10.222.0.37 () {64 vars in 1431 bytes} [Tue Jun 8 08:26:31 2021] PUT /placement/allocations/e112c39f-0bb5-4587-8b39-039892d7613e => generated 0 bytes in 68 msecs (HTTP/1.1 204) 5 headers in 199 bytes (1 switches on core 0)
Jun 08 08:26:38.961864 n-d-771362-19 devstack@placement-api.service[93280]: DEBUG placement.requestlog [req-f57de014-9de4-46cb-b754-69239cc591f6 req-52cd76c4-dc9c-45a9-b347-75612573d065 None None] Starting request: 10.222.0.37 "GET /placement/allocations/92adf5cd-0497-4efa-9c0f-e65f95a590eb" {{(pid=93280) __call__ /opt/stack/placement/placement/requestlog.py:55}}
Jun 08 08:26:38.985307 n-d-771362-19 devstack@placement-api.service[93280]: INFO placement.requestlog [req-f57de014-9de4-46cb-b754-69239cc591f6 req-52cd76c4-dc9c-45a9-b347-75612573d065 service placement] 10.222.0.37 "GET /placement/allocations/92adf5cd-0497-4efa-9c0f-e65f95a590eb" status: 200 len: 258 microversion: 1.28
Jun 08 08:26:38.986542 n-d-771362-19 devstack@placement-api.service[93280]: [pid: 93280|app: 0|req: 269/541] 10.222.0.37 () {60 vars in 1378 bytes} [Tue Jun 8 08:26:38 2021] GET /placement/allocations/92adf5cd-0497-4efa-9c0f-e65f95a590eb => generated 258 bytes in 24 msecs (HTTP/1.1 200) 8 headers in 296 bytes (1 switches on core 0)
Jun 08 08:26:42.454991 n-d-771362-19 devstack@placement-api.service[93279]: DEBUG placement.requestlog [req-8dc55cc6-f2f9-442f-94f6-f6978d555f91 req-375daa8b-f693-4195-88f6-d38a78d1332f None None] Starting request: 10.222.0.37 "GET /placement/allocations/11e1a67f-7939-4a92-9f24-c0a8828f2f72" {{(pid=93279) __call__ /opt/stack/placement/placement/requestlog.py:55}}
Jun 08 08:26:42.483944 n-d-771362-19 devstack@placement-api.service[93279]: INFO placement.requestlog [req-8dc55cc6-f2f9-442f-94f6-f6978d555f91 req-375daa8b-f693-4195-88f6-d38a78d1332f service placement] 10.222.0.37 "GET /placement/allocations/11e1a67f-7939-4a92-9f24-c0a8828f2f72" status: 200 len: 259 microversion: 1.28
Jun 08 08:26:42.485117 n-d-771362-19 devstack@placement-api.service[93279]: [pid: 93279|app: 0|req: 273/542] 10.222.0.37 () {60 vars in 1378 bytes} [Tue Jun 8 08:26:42 2021] GET /placement/allocations/11e1a67f-7939-4a92-9f24-c0a8828f2f72 => generated 259 bytes in 30 msecs (HTTP/1.1 200) 8 headers in 296 bytes (1 switches on core 0)
Jun 08 08:26:42.493543 n-d-771362-19 devstack@placement-api.service[93280]: DEBUG placement.requestlog [req-8dc55cc6-f2f9-442f-94f6-f6978d555f91 req-1881f26e-b4ea-46da-b781-617965b0b474 None None] Starting request: 10.222.0.37 "PUT /placement/allocations/11e1a67f-7939-4a92-9f24-c0a8828f2f72" {{(pid=93280) __call__ /opt/stack/placement/placement/requestlog.py:55}}
Jun 08 08:26:42.553515 n-d-771362-19 devstack@placement-api.service[93280]: DEBUG placement.handlers.allocation [req-8dc55cc6-f2f9-442f-94f6-f6978d555f91 req-1881f26e-b4ea-46da-b781-617965b0b474 service placement] Successfully wrote allocations [<placement.objects.allocation.Allocation object at 0x7fd3aca62310>, <placement.objects.allocation.Allocation object at 0x7fd3aca62a90>, <placement.objects.allocation.Allocation object at 0x7fd3aca62a60>] {{(pid=93280) _create_allocations /opt/stack/placement/placement/handlers/allocation.py:435}}
Jun 08 08:26:42.555228 n-d-771362-19 devstack@placement-api.service[93280]: INFO placement.requestlog [req-8dc55cc6-f2f9-442f-94f6-f6978d555f91 req-1881f26e-b4ea-46da-b781-617965b0b474 service placement] 10.222.0.37 "PUT /placement/allocations/11e1a67f-7939-4a92-9f24-c0a8828f2f72" status: 204 len: 0 microversion: 1.28
Jun 08 08:26:42.556794 n-d-771362-19 devstack@placement-api.service[93280]: [pid: 93280|app: 0|req: 270/543] 10.222.0.37 () {64 vars in 1431 bytes} [Tue Jun 8 08:26:42 2021] PUT /placement/allocations/11e1a67f-7939-4a92-9f24-c0a8828f2f72 => generated 0 bytes in 63 msecs (HTTP/1.1 204) 5 headers in 199 bytes (1 switches on core 0)
Jun 08 08:26:48.106230 n-d-771362-19 devstack@placement-api.service[93279]: DEBUG placement.requestlog [req-a06fa6f8-54ff-4e39-a12f-0c2cba76f684 req-68e2373c-394b-4c8f-aff1-41dec873006b None None] Starting request: 10.222.0.15 "GET /placement/allocations/100ac7df-d321-49ba-94b4-59be2e569a93" {{(pid=93279) __call__ /opt/stack/placement/placement/requestlog.py:55}}
Jun 08 08:26:48.123055 n-d-771362-19 devstack@placement-api.service[93279]: INFO placement.requestlog [req-a06fa6f8-54ff-4e39-a12f-0c2cba76f684 req-68e2373c-394b-4c8f-aff1-41dec873006b service placement] 10.222.0.15 "GET /placement/allocations/100ac7df-d321-49ba-94b4-59be2e569a93" status: 200 len: 259 microversion: 1.28
Jun 08 08:26:48.123438 n-d-771362-19 devstack@placement-api.service[93279]: [pid: 93279|app: 0|req: 274/544] 10.222.0.15 () {60 vars in 1378 bytes} [Tue Jun 8 08:26:48 2021] GET /placement/allocations/100ac7df-d321-49ba-94b4-59be2e569a93 => generated 259 bytes in 18 msecs (HTTP/1.1 200) 8 headers in 296 bytes (1 switches on core 0)
Jun 08 08:26:48.158341 n-d-771362-19 devstack@placement-api.service[93280]: DEBUG placement.requestlog [req-a06fa6f8-54ff-4e39-a12f-0c2cba76f684 req-54cf6b6a-f85d-42b4-ace8-277139baa866 None None] Starting request: 10.222.0.15 "PUT /placement/allocations/100ac7df-d321-49ba-94b4-59be2e569a93" {{(pid=93280) __call__ /opt/stack/placement/placement/requestlog.py:55}}
Jun 08 08:26:48.220302 n-d-771362-19 devstack@placement-api.service[93280]: DEBUG placement.handlers.allocation [req-a06fa6f8-54ff-4e39-a12f-0c2cba76f684 req-54cf6b6a-f85d-42b4-ace8-277139baa866 service placement] Successfully wrote allocations [<placement.objects.allocation.Allocation object at 0x7fd3acad78b0>, <placement.objects.allocation.Allocation object at 0x7fd3acad7fd0>, <placement.objects.allocation.Allocation object at 0x7fd3acad7220>] {{(pid=93280) _create_allocations /opt/stack/placement/placement/handlers/allocation.py:435}}
Jun 08 08:26:48.220944 n-d-771362-19 devstack@placement-api.service[93280]: INFO placement.requestlog [req-a06fa6f8-54ff-4e39-a12f-0c2cba76f684 req-54cf6b6a-f85d-42b4-ace8-277139baa866 service placement] 10.222.0.15 "PUT /placement/allocations/100ac7df-d321-49ba-94b4-59be2e569a93" status: 204 len: 0 microversion: 1.28
Jun 08 08:26:48.221318 n-d-771362-19 devstack@placement-api.service[93280]: [pid: 93280|app: 0|req: 271/545] 10.222.0.15 () {64 vars in 1431 bytes} [Tue Jun 8 08:26:48 2021] PUT /placement/allocations/100ac7df-d321-49ba-94b4-59be2e569a93 => generated 0 bytes in 63 msecs (HTTP/1.1 204) 5 headers in 199 bytes (1 switches on core 0)
Jun 08 08:26:48.957606 n-d-771362-19 devstack@placement-api.service[93279]: DEBUG placement.requestlog [req-140443b1-d644-4b4c-8077-f41bb056b13d req-89c40dee-1282-4fb8-8013-6c49208dce3e None None] Starting request: 10.222.0.37 "GET /placement/resource_providers/e77ef622-dd52-4e8e-8fe1-0b4b237714c6/allocations" {{(pid=93279) __call__ /opt/stack/placement/placement/requestlog.py:55}}
Jun 08 08:26:48.986889 n-d-771362-19 devstack@placement-api.service[93279]: INFO placement.requestlog [req-140443b1-d644-4b4c-8077-f41bb056b13d req-89c40dee-1282-4fb8-8013-6c49208dce3e service placement] 10.222.0.37 "GET /placement/resource_providers/e77ef622-dd52-4e8e-8fe1-0b4b237714c6/allocations" status: 200 len: 831 microversion: 1.0
Jun 08 08:26:48.987511 n-d-771362-19 devstack@placement-api.service[93279]: [pid: 93279|app: 0|req: 275/546] 10.222.0.37 () {58 vars in 1391 bytes} [Tue Jun 8 08:26:48 2021] GET /placement/resource_providers/e77ef622-dd52-4e8e-8fe1-0b4b237714c6/allocations => generated 831 bytes in 30 msecs (HTTP/1.1 200) 6 headers in 224 bytes (1 switches on core 0)
Jun 08 08:26:50.018951 n-d-771362-19 devstack@placement-api.service[93280]: DEBUG placement.requestlog [None req-b7fb94a9-bda6-46fc-93fd-428064fbf00f None None] Starting request: 10.222.0.42 "GET /placement/" {{(pid=93280) __call__ /opt/stack/placement/placement/requestlog.py:55}}
Jun 08 08:26:50.019932 n-d-771362-19 devstack@placement-api.service[93280]: INFO placement.requestlog [None req-b7fb94a9-bda6-46fc-93fd-428064fbf00f None None] 10.222.0.42 "GET /placement/" status: 200 len: 136 microversion: 1.0
Jun 08 08:26:50.020396 n-d-771362-19 devstack@placement-api.service[93280]: [pid: 93280|app: 0|req: 272/547] 10.222.0.42 () {54 vars in 915 bytes} [Tue Jun 8 08:26:50 2021] GET /placement => generated 136 bytes in 2 msecs (HTTP/1.1 200) 6 headers in 224 bytes (1 switches on core 0)
Jun 08 08:26:50.036079 n-d-771362-19 devstack@placement-api.service[93279]: DEBUG placement.requestlog [req-38e81584-a2c0-47f1-9df1-b4c40e3ec81a req-6eab98b5-e28d-4b6c-9a7b-3f80cdc52dc3 None None] Starting request: 10.222.0.42 "GET /placement/allocations/5c98d831-d736-4caf-80de-f287afe28cab" {{(pid=93279) __call__ /opt/stack/placement/placement/requestlog.py:55}}
Jun 08 08:26:50.135066 n-d-771362-19 devstack@placement-api.service[93279]: INFO placement.requestlog [req-38e81584-a2c0-47f1-9df1-b4c40e3ec81a req-6eab98b5-e28d-4b6c-9a7b-3f80cdc52dc3 service placement] 10.222.0.42 "GET /placement/allocations/5c98d831-d736-4caf-80de-f287afe28cab" status: 200 len: 245 microversion: 1.28
Jun 08 08:26:50.136183 n-d-771362-19 devstack@placement-api.service[93279]: [pid: 93279|app: 0|req: 276/548] 10.222.0.42 () {60 vars in 1380 bytes} [Tue Jun 8 08:26:50 2021] GET /placement/allocations/5c98d831-d736-4caf-80de-f287afe28cab => generated 245 bytes in 100 msecs (HTTP/1.1 200) 8 headers in 296 bytes (1 switches on core 0)
Jun 08 08:26:50.142702 n-d-771362-19 devstack@placement-api.service[93280]: DEBUG placement.requestlog [req-38e81584-a2c0-47f1-9df1-b4c40e3ec81a req-a23d59fe-ec97-40a3-a3af-c26ae02f620b None None] Starting request: 10.222.0.42 "GET /placement/allocations/5c98d831-d736-4caf-80de-f287afe28cab" {{(pid=93280) __call__ /opt/stack/placement/placement/requestlog.py:55}}
Jun 08 08:26:50.164662 n-d-771362-19 devstack@placement-api.service[93280]: INFO placement.requestlog [req-38e81584-a2c0-47f1-9df1-b4c40e3ec81a req-a23d59fe-ec97-40a3-a3af-c26ae02f620b service placement] 10.222.0.42 "GET /placement/allocations/5c98d831-d736-4caf-80de-f287afe28cab" status: 200 len: 245 microversion: 1.28
Jun 08 08:26:50.169469 n-d-771362-19 devstack@placement-api.service[93280]: [pid: 93280|app: 0|req: 273/549] 10.222.0.42 () {60 vars in 1380 bytes} [Tue Jun 8 08:26:50 2021] GET /placement/allocations/5c98d831-d736-4caf-80de-f287afe28cab => generated 245 bytes in 26 msecs (HTTP/1.1 200) 8 headers in 296 bytes (1 switches on core 0)
Jun 08 08:26:50.174757 n-d-771362-19 devstack@placement-api.service[93279]: DEBUG placement.requestlog [req-38e81584-a2c0-47f1-9df1-b4c40e3ec81a req-a25fec14-2e85-41fc-9cfc-7263a10bf05f None None] Starting request: 10.222.0.42 "GET /placement/allocations/5ac5706a-9328-4153-93a2-b68395a01df0" {{(pid=93279) __call__ /opt/stack/placement/placement/requestlog.py:55}}
Jun 08 08:26:50.197798 n-d-771362-19 devstack@placement-api.service[93279]: INFO placement.requestlog [req-38e81584-a2c0-47f1-9df1-b4c40e3ec81a req-a25fec14-2e85-41fc-9cfc-7263a10bf05f service placement] 10.222.0.42 "GET /placement/allocations/5ac5706a-9328-4153-93a2-b68395a01df0" status: 200 len: 19 microversion: 1.28
Jun 08 08:26:50.199643 n-d-771362-19 devstack@placement-api.service[93279]: [pid: 93279|app: 0|req: 277/550] 10.222.0.42 () {60 vars in 1380 bytes} [Tue Jun 8 08:26:50 2021] GET /placement/allocations/5ac5706a-9328-4153-93a2-b68395a01df0 => generated 19 bytes in 25 msecs (HTTP/1.1 200) 8 headers in 295 bytes (1 switches on core 0)
Jun 08 08:26:50.204675 n-d-771362-19 devstack@placement-api.service[93280]: DEBUG placement.requestlog [req-38e81584-a2c0-47f1-9df1-b4c40e3ec81a req-3b300b18-818e-4534-bf05-4cb020e43284 None None] Starting request: 10.222.0.42 "POST /placement/allocations" {{(pid=93280) __call__ /opt/stack/placement/placement/requestlog.py:55}}
Jun 08 08:26:50.369723 n-d-771362-19 devstack@placement-api.service[93279]: DEBUG placement.requestlog [req-93eb0561-d502-45c3-b4e3-74f488dbd8dc req-340b55c5-f9d0-4fd7-ad4f-70c2e0b51ce2 None None] Starting request: 10.222.0.15 "GET /placement/resource_providers/19cb8663-99ac-4119-8a28-2b3f47acb9d3/allocations" {{(pid=93279) __call__ /opt/stack/placement/placement/requestlog.py:55}}
Jun 08 08:26:50.380037 n-d-771362-19 devstack@placement-api.service[93280]: DEBUG placement.handlers.allocation [req-38e81584-a2c0-47f1-9df1-b4c40e3ec81a req-3b300b18-818e-4534-bf05-4cb020e43284 service placement] Successfully wrote allocations [<placement.objects.allocation.Allocation object at 0x7fd3aca58670>, <placement.objects.allocation.Allocation object at 0x7fd3aca58b80>, <placement.objects.allocation.Allocation object at 0x7fd3aca58580>, <placement.objects.allocation.Allocation object at 0x7fd3aca58a60>] {{(pid=93280) _create_allocations /opt/stack/placement/placement/handlers/allocation.py:524}}
Jun 08 08:26:50.380882 n-d-771362-19 devstack@placement-api.service[93280]: INFO placement.requestlog [req-38e81584-a2c0-47f1-9df1-b4c40e3ec81a req-3b300b18-818e-4534-bf05-4cb020e43284 service placement] 10.222.0.42 "POST /placement/allocations" status: 204 len: 0 microversion: 1.28
Jun 08 08:26:50.382085 n-d-771362-19 devstack@placement-api.service[93280]: [pid: 93280|app: 0|req: 274/551] 10.222.0.42 () {64 vars in 1323 bytes} [Tue Jun 8 08:26:50 2021] POST /placement/allocations => generated 0 bytes in 177 msecs (HTTP/1.1 204) 5 headers in 199 bytes (1 switches on core 0)
Jun 08 08:26:50.400739 n-d-771362-19 devstack@placement-api.service[93279]: INFO placement.requestlog [req-93eb0561-d502-45c3-b4e3-74f488dbd8dc req-340b55c5-f9d0-4fd7-ad4f-70c2e0b51ce2 service placement] 10.222.0.15 "GET /placement/resource_providers/19cb8663-99ac-4119-8a28-2b3f47acb9d3/allocations" status: 200 len: 760 microversion: 1.0
Jun 08 08:26:50.401076 n-d-771362-19 devstack@placement-api.service[93279]: [pid: 93279|app: 0|req: 278/552] 10.222.0.15 () {58 vars in 1391 bytes} [Tue Jun 8 08:26:50 2021] GET /placement/resource_providers/19cb8663-99ac-4119-8a28-2b3f47acb9d3/allocations => generated 760 bytes in 32 msecs (HTTP/1.1 200) 6 headers in 224 bytes (2 switches on core 0)
Jun 08 08:26:50.451394 n-d-771362-19 devstack@placement-api.service[93280]: DEBUG placement.requestlog [req-38e81584-a2c0-47f1-9df1-b4c40e3ec81a req-1e6ed243-6784-4e68-a006-d7ae287a5152 None None] Starting request: 10.222.0.42 "GET /placement/allocations/5c98d831-d736-4caf-80de-f287afe28cab" {{(pid=93280) __call__ /opt/stack/placement/placement/requestlog.py:55}}
Jun 08 08:26:50.514986 n-d-771362-19 devstack@placement-api.service[93279]: DEBUG placement.requestlog [req-d21f2d52-64f9-42de-b740-cb976eaef2a9 req-f809f55f-a415-4172-880e-eb900f27b181 None None] Starting request: 10.222.0.37 "GET /placement/allocations/b7605f60-c282-4765-baea-8e03b8943dcc" {{(pid=93279) __call__ /opt/stack/placement/placement/requestlog.py:55}}
Jun 08 08:26:50.539390 n-d-771362-19 devstack@placement-api.service[93279]: INFO placement.requestlog [req-d21f2d52-64f9-42de-b740-cb976eaef2a9 req-f809f55f-a415-4172-880e-eb900f27b181 service placement] 10.222.0.37 "GET /placement/allocations/b7605f60-c282-4765-baea-8e03b8943dcc" status: 200 len: 259 microversion: 1.28
Jun 08 08:26:50.545676 n-d-771362-19 devstack@placement-api.service[93279]: [pid: 93279|app: 0|req: 279/553] 10.222.0.37 () {60 vars in 1378 bytes} [Tue Jun 8 08:26:50 2021] GET /placement/allocations/b7605f60-c282-4765-baea-8e03b8943dcc => generated 259 bytes in 31 msecs (HTTP/1.1 200) 8 headers in 296 bytes (2 switches on core 0)
Jun 08 08:26:50.581580 n-d-771362-19 devstack@placement-api.service[93279]: DEBUG placement.requestlog [req-d21f2d52-64f9-42de-b740-cb976eaef2a9 req-a13fbbdb-f475-4252-bffe-e652764e615c None None] Starting request: 10.222.0.37 "PUT /placement/allocations/b7605f60-c282-4765-baea-8e03b8943dcc" {{(pid=93279) __call__ /opt/stack/placement/placement/requestlog.py:55}}
Jun 08 08:26:50.644763 n-d-771362-19 devstack@placement-api.service[93280]: INFO placement.requestlog [req-38e81584-a2c0-47f1-9df1-b4c40e3ec81a req-1e6ed243-6784-4e68-a006-d7ae287a5152 service placement] 10.222.0.42 "GET /placement/allocations/5c98d831-d736-4caf-80de-f287afe28cab" status: 200 len: 19 microversion: 1.28
Jun 08 08:26:50.645918 n-d-771362-19 devstack@placement-api.service[93280]: [pid: 93280|app: 0|req: 275/554] 10.222.0.42 () {60 vars in 1380 bytes} [Tue Jun 8 08:26:50 2021] GET /placement/allocations/5c98d831-d736-4caf-80de-f287afe28cab => generated 19 bytes in 196 msecs (HTTP/1.1 200) 8 headers in 295 bytes (1 switches on core 0)
Jun 08 08:26:50.652942 n-d-771362-19 devstack@placement-api.service[93280]: DEBUG placement.requestlog [req-38e81584-a2c0-47f1-9df1-b4c40e3ec81a req-a1d60a6f-e9b8-42e7-a34e-8332254db4c1 None None] Starting request: 10.222.0.42 "PUT /placement/allocations/5c98d831-d736-4caf-80de-f287afe28cab" {{(pid=93280) __call__ /opt/stack/placement/placement/requestlog.py:55}}
Jun 08 08:26:50.691877 n-d-771362-19 devstack@placement-api.service[93279]: DEBUG placement.handlers.allocation [req-d21f2d52-64f9-42de-b740-cb976eaef2a9 req-a13fbbdb-f475-4252-bffe-e652764e615c service placement] Successfully wrote allocations [<placement.objects.allocation.Allocation object at 0x7fd3acad72e0>, <placement.objects.allocation.Allocation object at 0x7fd3acad74c0>, <placement.objects.allocation.Allocation object at 0x7fd3acad70d0>] {{(pid=93279) _create_allocations /opt/stack/placement/placement/handlers/allocation.py:435}}
Jun 08 08:26:50.692937 n-d-771362-19 devstack@placement-api.service[93279]: INFO placement.requestlog [req-d21f2d52-64f9-42de-b740-cb976eaef2a9 req-a13fbbdb-f475-4252-bffe-e652764e615c service placement] 10.222.0.37 "PUT /placement/allocations/b7605f60-c282-4765-baea-8e03b8943dcc" status: 204 len: 0 microversion: 1.28
Jun 08 08:26:50.693810 n-d-771362-19 devstack@placement-api.service[93279]: [pid: 93279|app: 0|req: 280/555] 10.222.0.37 () {64 vars in 1431 bytes} [Tue Jun 8 08:26:50 2021] PUT /placement/allocations/b7605f60-c282-4765-baea-8e03b8943dcc => generated 0 bytes in 112 msecs (HTTP/1.1 204) 5 headers in 199 bytes (2 switches on core 0)
Jun 08 08:26:50.754071 n-d-771362-19 devstack@placement-api.service[93280]: DEBUG placement.handlers.allocation [req-38e81584-a2c0-47f1-9df1-b4c40e3ec81a req-a1d60a6f-e9b8-42e7-a34e-8332254db4c1 service placement] Successfully wrote allocations [<placement.objects.allocation.Allocation object at 0x7fd3aca3dd00>, <placement.objects.allocation.Allocation object at 0x7fd3aca3d3a0>] {{(pid=93280) _create_allocations /opt/stack/placement/placement/handlers/allocation.py:435}}
Jun 08 08:26:50.754681 n-d-771362-19 devstack@placement-api.service[93280]: INFO placement.requestlog [req-38e81584-a2c0-47f1-9df1-b4c40e3ec81a req-a1d60a6f-e9b8-42e7-a34e-8332254db4c1 service placement] 10.222.0.42 "PUT /placement/allocations/5c98d831-d736-4caf-80de-f287afe28cab" status: 204 len: 0 microversion: 1.28
Jun 08 08:26:50.755211 n-d-771362-19 devstack@placement-api.service[93280]: [pid: 93280|app: 0|req: 276/556] 10.222.0.42 () {64 vars in 1433 bytes} [Tue Jun 8 08:26:50 2021] PUT /placement/allocations/5c98d831-d736-4caf-80de-f287afe28cab => generated 0 bytes in 103 msecs (HTTP/1.1 204) 5 headers in 199 bytes (1 switches on core 0)
Jun 08 08:26:50.941765 n-d-771362-19 devstack@placement-api.service[93279]: DEBUG placement.requestlog [req-38e81584-a2c0-47f1-9df1-b4c40e3ec81a req-20e68ac8-5ddb-4091-8afa-7afb21dff117 None None] Starting request: 10.222.0.15 "GET /placement/allocations/5c98d831-d736-4caf-80de-f287afe28cab" {{(pid=93279) __call__ /opt/stack/placement/placement/requestlog.py:55}}
Jun 08 08:26:50.962496 n-d-771362-19 devstack@placement-api.service[93279]: INFO placement.requestlog [req-38e81584-a2c0-47f1-9df1-b4c40e3ec81a req-20e68ac8-5ddb-4091-8afa-7afb21dff117 service placement] 10.222.0.15 "GET /placement/allocations/5c98d831-d736-4caf-80de-f287afe28cab" status: 200 len: 245 microversion: 1.28
Jun 08 08:26:50.963807 n-d-771362-19 devstack@placement-api.service[93279]: [pid: 93279|app: 0|req: 281/557] 10.222.0.15 () {60 vars in 1378 bytes} [Tue Jun 8 08:26:50 2021] GET /placement/allocations/5c98d831-d736-4caf-80de-f287afe28cab => generated 245 bytes in 22 msecs (HTTP/1.1 200) 8 headers in 296 bytes (1 switches on core 0)
Jun 08 08:26:53.172968 n-d-771362-19 devstack@placement-api.service[93280]: DEBUG placement.requestlog [req-1c093fe5-aeb4-4139-97e2-1cc6760b9f2b req-f149861e-0468-43db-996d-08b66da07f0f None None] Starting request: 10.222.0.15 "GET /placement/allocations/8c9596ca-f3b6-4d3c-bee8-92d7f98b72bb" {{(pid=93280) __call__ /opt/stack/placement/placement/requestlog.py:55}}
Jun 08 08:26:53.206562 n-d-771362-19 devstack@placement-api.service[93280]: INFO placement.requestlog [req-1c093fe5-aeb4-4139-97e2-1cc6760b9f2b req-f149861e-0468-43db-996d-08b66da07f0f service placement] 10.222.0.15 "GET /placement/allocations/8c9596ca-f3b6-4d3c-bee8-92d7f98b72bb" status: 200 len: 259 microversion: 1.28
Jun 08 08:26:53.209020 n-d-771362-19 devstack@placement-api.service[93280]: [pid: 93280|app: 0|req: 277/558] 10.222.0.15 () {60 vars in 1378 bytes} [Tue Jun 8 08:26:53 2021] GET /placement/allocations/8c9596ca-f3b6-4d3c-bee8-92d7f98b72bb => generated 259 bytes in 36 msecs (HTTP/1.1 200) 8 headers in 296 bytes (1 switches on core 0)
Jun 08 08:26:53.219359 n-d-771362-19 devstack@placement-api.service[93279]: DEBUG placement.requestlog [req-1c093fe5-aeb4-4139-97e2-1cc6760b9f2b req-ed283f84-4187-4fe0-ac19-cd0654939dd1 None None] Starting request: 10.222.0.15 "GET /placement/allocations/8c9596ca-f3b6-4d3c-bee8-92d7f98b72bb" {{(pid=93279) __call__ /opt/stack/placement/placement/requestlog.py:55}}
Jun 08 08:26:53.256985 n-d-771362-19 devstack@placement-api.service[93279]: INFO placement.requestlog [req-1c093fe5-aeb4-4139-97e2-1cc6760b9f2b req-ed283f84-4187-4fe0-ac19-cd0654939dd1 service placement] 10.222.0.15 "GET /placement/allocations/8c9596ca-f3b6-4d3c-bee8-92d7f98b72bb" status: 200 len: 259 microversion: 1.28
Jun 08 08:26:53.257893 n-d-771362-19 devstack@placement-api.service[93279]: [pid: 93279|app: 0|req: 282/559] 10.222.0.15 () {60 vars in 1378 bytes} [Tue Jun 8 08:26:53 2021] GET /placement/allocations/8c9596ca-f3b6-4d3c-bee8-92d7f98b72bb => generated 259 bytes in 39 msecs (HTTP/1.1 200) 8 headers in 296 bytes (1 switches on core 0)
