May 24 03:34:30.620537 n-d-771362-17 devstack@placement-api.service[92833]: [pid: 92833|app: 0|req: 18/34] 10.222.0.22 () {58 vars in 1276 bytes} [Mon May 24 03:34:30 2021] GET /placement/resource_providers?name=n-h2-771362-17 => generated 441 bytes in 21 msecs (HTTP/1.1 200) 6 headers in 224 bytes (1 switches on core 0)
May 24 03:34:30.628061 n-d-771362-17 devstack@placement-api.service[92834]: DEBUG placement.requestlog [req-215e1abb-ea5c-4d37-8593-81646480fa0a req-6494cfed-e8f6-4005-9d27-9096994067b5 None None] Starting request: 10.222.0.22 "GET /placement/resource_providers/fdc1fb8b-1b13-43ef-82ae-0b6052e251ad/aggregates" {{(pid=92834) __call__ /opt/stack/placement/placement/requestlog.py:55}}
May 24 03:34:30.644614 n-d-771362-17 devstack@placement-api.service[92834]: INFO placement.requestlog [req-215e1abb-ea5c-4d37-8593-81646480fa0a req-6494cfed-e8f6-4005-9d27-9096994067b5 service placement] 10.222.0.22 "GET /placement/resource_providers/fdc1fb8b-1b13-43ef-82ae-0b6052e251ad/aggregates" status: 200 len: 91 microversion: 1.19
May 24 03:34:30.652639 n-d-771362-17 devstack@placement-api.service[92833]: DEBUG placement.requestlog [req-215e1abb-ea5c-4d37-8593-81646480fa0a req-3f03e2db-020a-4d99-965e-02d2fc5c936d None None] Starting request: 10.222.0.22 "PUT /placement/resource_providers/fdc1fb8b-1b13-43ef-82ae-0b6052e251ad/aggregates" {{(pid=92833) __call__ /opt/stack/placement/placement/requestlog.py:55}}
May 24 03:34:30.662101 n-d-771362-17 devstack@placement-api.service[92834]: [pid: 92834|app: 0|req: 17/35] 10.222.0.22 () {60 vars in 1425 bytes} [Mon May 24 03:34:30 2021] GET /placement/resource_providers/fdc1fb8b-1b13-43ef-82ae-0b6052e251ad/aggregates => generated 91 bytes in 33 msecs (HTTP/1.1 200) 8 headers in 295 bytes (1 switches on core 0)
May 24 03:34:30.670138 n-d-771362-17 devstack@placement-api.service[92833]: DEBUG placement.objects.resource_provider [req-215e1abb-ea5c-4d37-8593-81646480fa0a req-3f03e2db-020a-4d99-965e-02d2fc5c936d service placement] Setting aggregates for provider fdc1fb8b-1b13-43ef-82ae-0b6052e251ad. Successfully disassociated aggregate db3c1631-5925-444c-bade-72c86120a139. {{(pid=92833) _set_aggregates /opt/stack/placement/placement/objects/resource_provider.py:402}}
May 24 03:34:30.683589 n-d-771362-17 devstack@placement-api.service[92833]: INFO placement.requestlog [req-215e1abb-ea5c-4d37-8593-81646480fa0a req-3f03e2db-020a-4d99-965e-02d2fc5c936d service placement] 10.222.0.22 "PUT /placement/resource_providers/fdc1fb8b-1b13-43ef-82ae-0b6052e251ad/aggregates" status: 200 len: 53 microversion: 1.19
May 24 03:34:30.685082 n-d-771362-17 devstack@placement-api.service[92833]: [pid: 92833|app: 0|req: 19/36] 10.222.0.22 () {64 vars in 1477 bytes} [Mon May 24 03:34:30 2021] PUT /placement/resource_providers/fdc1fb8b-1b13-43ef-82ae-0b6052e251ad/aggregates => generated 53 bytes in 33 msecs (HTTP/1.1 200) 8 headers in 295 bytes (2 switches on core 0)
May 24 03:34:31.087750 n-d-771362-17 devstack@placement-api.service[92834]: DEBUG placement.requestlog [req-7af6016d-fa5e-466a-a2e2-5550ecf73e2f req-11427022-1315-482d-af1c-54f41f82e2bd None None] Starting request: 10.222.0.22 "GET /placement/resource_providers?name=n-h2-771362-17" {{(pid=92834) __call__ /opt/stack/placement/placement/requestlog.py:55}}
May 24 03:34:31.103950 n-d-771362-17 devstack@placement-api.service[92834]: INFO placement.requestlog [req-7af6016d-fa5e-466a-a2e2-5550ecf73e2f req-11427022-1315-482d-af1c-54f41f82e2bd service placement] 10.222.0.22 "GET /placement/resource_providers?name=n-h2-771362-17" status: 200 len: 441 microversion: 1.0
May 24 03:34:31.106557 n-d-771362-17 devstack@placement-api.service[92834]: [pid: 92834|app: 0|req: 18/37] 10.222.0.22 () {58 vars in 1276 bytes} [Mon May 24 03:34:31 2021] GET /placement/resource_providers?name=n-h2-771362-17 => generated 441 bytes in 19 msecs (HTTP/1.1 200) 6 headers in 224 bytes (1 switches on core 0)
May 24 03:34:31.113597 n-d-771362-17 devstack@placement-api.service[92833]: DEBUG placement.requestlog [req-7af6016d-fa5e-466a-a2e2-5550ecf73e2f req-74cedf8c-bbae-46c3-a682-0d5def06a700 None None] Starting request: 10.222.0.22 "GET /placement/resource_providers/fdc1fb8b-1b13-43ef-82ae-0b6052e251ad/aggregates" {{(pid=92833) __call__ /opt/stack/placement/placement/requestlog.py:55}}
May 24 03:34:31.137528 n-d-771362-17 devstack@placement-api.service[92833]: INFO placement.requestlog [req-7af6016d-fa5e-466a-a2e2-5550ecf73e2f req-74cedf8c-bbae-46c3-a682-0d5def06a700 service placement] 10.222.0.22 "GET /placement/resource_providers/fdc1fb8b-1b13-43ef-82ae-0b6052e251ad/aggregates" status: 200 len: 53 microversion: 1.19
May 24 03:34:31.139296 n-d-771362-17 devstack@placement-api.service[92833]: [pid: 92833|app: 0|req: 20/38] 10.222.0.22 () {60 vars in 1425 bytes} [Mon May 24 03:34:31 2021] GET /placement/resource_providers/fdc1fb8b-1b13-43ef-82ae-0b6052e251ad/aggregates => generated 53 bytes in 26 msecs (HTTP/1.1 200) 8 headers in 295 bytes (1 switches on core 0)
May 24 03:34:31.148060 n-d-771362-17 devstack@placement-api.service[92834]: DEBUG placement.requestlog [req-7af6016d-fa5e-466a-a2e2-5550ecf73e2f req-c5648443-7ab9-4142-98f0-cd785c014274 None None] Starting request: 10.222.0.22 "PUT /placement/resource_providers/fdc1fb8b-1b13-43ef-82ae-0b6052e251ad/aggregates" {{(pid=92834) __call__ /opt/stack/placement/placement/requestlog.py:55}}
May 24 03:34:31.180198 n-d-771362-17 devstack@placement-api.service[92834]: DEBUG placement.objects.resource_provider [req-7af6016d-fa5e-466a-a2e2-5550ecf73e2f req-c5648443-7ab9-4142-98f0-cd785c014274 service placement] _ensure_aggregate() did not find aggregate 8d143c54-5dc2-4891-9b11-14f070f88bdc. Attempting to create it. {{(pid=92834) _ensure_aggregate /opt/stack/placement/placement/objects/resource_provider.py:319}}
May 24 03:34:31.182922 n-d-771362-17 devstack@placement-api.service[92834]: DEBUG placement.objects.resource_provider [req-7af6016d-fa5e-466a-a2e2-5550ecf73e2f req-c5648443-7ab9-4142-98f0-cd785c014274 service placement] _ensure_aggregate() created new aggregate 8d143c54-5dc2-4891-9b11-14f070f88bdc (id=3). {{(pid=92834) _ensure_aggregate /opt/stack/placement/placement/objects/resource_provider.py:325}}
May 24 03:34:31.184759 n-d-771362-17 devstack@placement-api.service[92834]: DEBUG placement.objects.resource_provider [req-7af6016d-fa5e-466a-a2e2-5550ecf73e2f req-c5648443-7ab9-4142-98f0-cd785c014274 service placement] Setting aggregates for provider fdc1fb8b-1b13-43ef-82ae-0b6052e251ad. Successfully associated aggregate 8d143c54-5dc2-4891-9b11-14f070f88bdc. {{(pid=92834) _set_aggregates /opt/stack/placement/placement/objects/resource_provider.py:387}}
May 24 03:34:31.196320 n-d-771362-17 devstack@placement-api.service[92834]: INFO placement.requestlog [req-7af6016d-fa5e-466a-a2e2-5550ecf73e2f req-c5648443-7ab9-4142-98f0-cd785c014274 service placement] 10.222.0.22 "PUT /placement/resource_providers/fdc1fb8b-1b13-43ef-82ae-0b6052e251ad/aggregates" status: 200 len: 91 microversion: 1.19
May 24 03:34:31.197388 n-d-771362-17 devstack@placement-api.service[92834]: [pid: 92834|app: 0|req: 19/39] 10.222.0.22 () {64 vars in 1477 bytes} [Mon May 24 03:34:31 2021] PUT /placement/resource_providers/fdc1fb8b-1b13-43ef-82ae-0b6052e251ad/aggregates => generated 91 bytes in 49 msecs (HTTP/1.1 200) 8 headers in 295 bytes (1 switches on core 0)
May 24 03:34:34.581299 n-d-771362-17 devstack@placement-api.service[92833]: DEBUG placement.requestlog [req-d6d65fdc-20ee-4774-82e9-23a2e1f6da66 req-c952036c-aab9-4845-bed8-774663fcedce None None] Starting request: 10.222.0.22 "GET /placement/allocation_candidates?limit=1000&resources=DISK_GB%3A1%2CMEMORY_MB%3A1024%2CVCPU%3A1&root_required=%21COMPUTE_STATUS_DISABLED" {{(pid=92833) __call__ /opt/stack/placement/placement/requestlog.py:55}}
May 24 03:34:35.158259 n-d-771362-17 devstack@placement-api.service[92833]: DEBUG placement.objects.research_context [req-d6d65fdc-20ee-4774-82e9-23a2e1f6da66 req-c952036c-aab9-4845-bed8-774663fcedce service placement] getting providers with 1 DISK_GB {{(pid=92833) __init__ /opt/stack/placement/placement/objects/research_context.py:126}}
May 24 03:34:35.170628 n-d-771362-17 devstack@placement-api.service[92833]: DEBUG placement.objects.research_context [req-d6d65fdc-20ee-4774-82e9-23a2e1f6da66 req-c952036c-aab9-4845-bed8-774663fcedce service placement] getting providers with 1024 MEMORY_MB {{(pid=92833) __init__ /opt/stack/placement/placement/objects/research_context.py:126}}
May 24 03:34:35.185019 n-d-771362-17 devstack@placement-api.service[92833]: DEBUG placement.objects.research_context [req-d6d65fdc-20ee-4774-82e9-23a2e1f6da66 req-c952036c-aab9-4845-bed8-774663fcedce service placement] getting providers with 1 VCPU {{(pid=92833) __init__ /opt/stack/placement/placement/objects/research_context.py:126}}
May 24 03:34:35.197952 n-d-771362-17 devstack@placement-api.service[92833]: DEBUG placement.objects.research_context [req-d6d65fdc-20ee-4774-82e9-23a2e1f6da66 req-c952036c-aab9-4845-bed8-774663fcedce service placement] found 2 providers with available 1 DISK_GB {{(pid=92833) get_provider_ids_matching /opt/stack/placement/placement/objects/research_context.py:549}}
May 24 03:34:35.198851 n-d-771362-17 devstack@placement-api.service[92833]: DEBUG placement.objects.research_context [req-d6d65fdc-20ee-4774-82e9-23a2e1f6da66 req-c952036c-aab9-4845-bed8-774663fcedce service placement] found 2 providers with available 1024 MEMORY_MB {{(pid=92833) get_provider_ids_matching /opt/stack/placement/placement/objects/research_context.py:549}}
May 24 03:34:35.200150 n-d-771362-17 devstack@placement-api.service[92833]: DEBUG placement.objects.research_context [req-d6d65fdc-20ee-4774-82e9-23a2e1f6da66 req-c952036c-aab9-4845-bed8-774663fcedce service placement] found 2 providers after filtering by previous result {{(pid=92833) get_provider_ids_matching /opt/stack/placement/placement/objects/research_context.py:580}}
May 24 03:34:35.200710 n-d-771362-17 devstack@placement-api.service[92833]: DEBUG placement.objects.research_context [req-d6d65fdc-20ee-4774-82e9-23a2e1f6da66 req-c952036c-aab9-4845-bed8-774663fcedce service placement] found 2 providers with available 1 VCPU {{(pid=92833) get_provider_ids_matching /opt/stack/placement/placement/objects/research_context.py:549}}
May 24 03:34:35.201126 n-d-771362-17 devstack@placement-api.service[92833]: DEBUG placement.objects.research_context [req-d6d65fdc-20ee-4774-82e9-23a2e1f6da66 req-c952036c-aab9-4845-bed8-774663fcedce service placement] found 2 providers after filtering by previous result {{(pid=92833) get_provider_ids_matching /opt/stack/placement/placement/objects/research_context.py:580}}
May 24 03:34:35.216130 n-d-771362-17 devstack@placement-api.service[92833]: DEBUG placement.objects.allocation_candidate [req-d6d65fdc-20ee-4774-82e9-23a2e1f6da66 req-c952036c-aab9-4845-bed8-774663fcedce service placement] RequestGroup(use_same_provider=False, resources={DISK_GB:1, MEMORY_MB:1024, VCPU:1}, traits=[], aggregates=[]) (suffix '') returned 2 matches {{(pid=92833) _get_by_requests /opt/stack/placement/placement/objects/allocation_candidate.py:145}}
May 24 03:34:35.216736 n-d-771362-17 devstack@placement-api.service[92833]: DEBUG placement.objects.allocation_candidate [req-d6d65fdc-20ee-4774-82e9-23a2e1f6da66 req-c952036c-aab9-4845-bed8-774663fcedce service placement] Merging candidates yields 2 allocation requests and 2 provider summaries {{(pid=92833) _merge_candidates /opt/stack/placement/placement/objects/allocation_candidate.py:783}}
May 24 03:34:35.218556 n-d-771362-17 devstack@placement-api.service[92833]: INFO placement.requestlog [req-d6d65fdc-20ee-4774-82e9-23a2e1f6da66 req-c952036c-aab9-4845-bed8-774663fcedce service placement] 10.222.0.22 "GET /placement/allocation_candidates?limit=1000&resources=DISK_GB%3A1%2CMEMORY_MB%3A1024%2CVCPU%3A1&root_required=%21COMPUTE_STATUS_DISABLED" status: 200 len: 1303 microversion: 1.35
May 24 03:34:35.219319 n-d-771362-17 devstack@placement-api.service[92833]: [pid: 92833|app: 0|req: 21/40] 10.222.0.22 () {60 vars in 1506 bytes} [Mon May 24 03:34:34 2021] GET /placement/allocation_candidates?limit=1000&resources=DISK_GB%3A1%2CMEMORY_MB%3A1024%2CVCPU%3A1&root_required=%21COMPUTE_STATUS_DISABLED => generated 1303 bytes in 638 msecs (HTTP/1.1 200) 8 headers in 297 bytes (1 switches on core 0)
May 24 03:34:35.409455 n-d-771362-17 devstack@placement-api.service[92834]: DEBUG placement.requestlog [req-d6d65fdc-20ee-4774-82e9-23a2e1f6da66 req-fe6a353e-e2bf-4d96-9d35-263abd674469 None None] Starting request: 10.222.0.22 "GET /placement/allocations/c00d7598-242a-45f9-a50d-e7abfc40e819" {{(pid=92834) __call__ /opt/stack/placement/placement/requestlog.py:55}}
May 24 03:34:35.764812 n-d-771362-17 devstack@placement-api.service[92834]: INFO placement.requestlog [req-d6d65fdc-20ee-4774-82e9-23a2e1f6da66 req-fe6a353e-e2bf-4d96-9d35-263abd674469 service placement] 10.222.0.22 "GET /placement/allocations/c00d7598-242a-45f9-a50d-e7abfc40e819" status: 200 len: 19 microversion: 1.28
May 24 03:34:35.770454 n-d-771362-17 devstack@placement-api.service[92834]: [pid: 92834|app: 0|req: 20/41] 10.222.0.22 () {60 vars in 1380 bytes} [Mon May 24 03:34:35 2021] GET /placement/allocations/c00d7598-242a-45f9-a50d-e7abfc40e819 => generated 19 bytes in 361 msecs (HTTP/1.1 200) 8 headers in 295 bytes (1 switches on core 0)
May 24 03:34:35.771233 n-d-771362-17 devstack@placement-api.service[92833]: DEBUG placement.requestlog [req-d6d65fdc-20ee-4774-82e9-23a2e1f6da66 req-78363860-dad3-410d-96b7-d10529b7cd03 None None] Starting request: 10.222.0.22 "PUT /placement/allocations/c00d7598-242a-45f9-a50d-e7abfc40e819" {{(pid=92833) __call__ /opt/stack/placement/placement/requestlog.py:55}}
May 24 03:34:35.954877 n-d-771362-17 devstack@placement-api.service[92833]: DEBUG placement.handlers.allocation [req-d6d65fdc-20ee-4774-82e9-23a2e1f6da66 req-78363860-dad3-410d-96b7-d10529b7cd03 service placement] Successfully wrote allocations [, , ] {{(pid=92833) _create_allocations /opt/stack/placement/placement/handlers/allocation.py:435}}
May 24 03:34:35.955807 n-d-771362-17 devstack@placement-api.service[92833]: INFO placement.requestlog [req-d6d65fdc-20ee-4774-82e9-23a2e1f6da66 req-78363860-dad3-410d-96b7-d10529b7cd03 service placement] 10.222.0.22 "PUT /placement/allocations/c00d7598-242a-45f9-a50d-e7abfc40e819" status: 204 len: 0 microversion: 1.35
May 24 03:34:35.956547 n-d-771362-17 devstack@placement-api.service[92833]: [pid: 92833|app: 0|req: 22/42] 10.222.0.22 () {64 vars in 1433 bytes} [Mon May 24 03:34:35 2021] PUT /placement/allocations/c00d7598-242a-45f9-a50d-e7abfc40e819 => generated 0 bytes in 185 msecs (HTTP/1.1 204) 5 headers in 199 bytes (1 switches on core 0)
May 24 03:34:36.902456 n-d-771362-17 devstack@placement-api.service[92834]: DEBUG placement.requestlog [req-d6d65fdc-20ee-4774-82e9-23a2e1f6da66 req-98505f42-add3-4d21-a77e-0600c2f89fa5 None None] Starting request: 10.222.0.26 "GET /placement/allocations/c00d7598-242a-45f9-a50d-e7abfc40e819" {{(pid=92834) __call__ /opt/stack/placement/placement/requestlog.py:55}}
May 24 03:34:36.928795 n-d-771362-17 devstack@placement-api.service[92834]: INFO placement.requestlog [req-d6d65fdc-20ee-4774-82e9-23a2e1f6da66 req-98505f42-add3-4d21-a77e-0600c2f89fa5 service placement] 10.222.0.26 "GET /placement/allocations/c00d7598-242a-45f9-a50d-e7abfc40e819" status: 200 len: 258 microversion: 1.28
May 24 03:34:36.929584 n-d-771362-17 devstack@placement-api.service[92834]: [pid: 92834|app: 0|req: 21/43] 10.222.0.26 () {60 vars in 1378 bytes} [Mon May 24 03:34:36 2021] GET /placement/allocations/c00d7598-242a-45f9-a50d-e7abfc40e819 => generated 258 bytes in 27 msecs (HTTP/1.1 200) 8 headers in 296 bytes (2 switches on core 0)
May 24 03:34:37.699805 n-d-771362-17 devstack@placement-api.service[92833]: DEBUG placement.requestlog [req-d9c4462d-71c6-4327-86b8-5d83e9c912b4 req-12df89fa-d4cf-4a34-aa19-9ba33ba0d81a None None] Starting request: 10.222.0.47 "GET /placement/resource_providers/5e4cc304-2191-4016-886e-9aa63aa3a860/allocations" {{(pid=92833) __call__ /opt/stack/placement/placement/requestlog.py:55}}
May 24 03:34:37.726852 n-d-771362-17 devstack@placement-api.service[92833]: INFO placement.requestlog [req-d9c4462d-71c6-4327-86b8-5d83e9c912b4 req-12df89fa-d4cf-4a34-aa19-9ba33ba0d81a service placement] 10.222.0.47 "GET /placement/resource_providers/5e4cc304-2191-4016-886e-9aa63aa3a860/allocations" status: 200 len: 54 microversion: 1.0
May 24 03:34:37.727408 n-d-771362-17 devstack@placement-api.service[92833]: [pid: 92833|app: 0|req: 23/44] 10.222.0.47 () {58 vars in 1391 bytes} [Mon May 24 03:34:37 2021] GET /placement/resource_providers/5e4cc304-2191-4016-886e-9aa63aa3a860/allocations => generated 54 bytes in 28 msecs (HTTP/1.1 200) 6 headers in 223 bytes (1 switches on core 0)
May 24 03:34:43.718093 n-d-771362-17 devstack@placement-api.service[92834]: DEBUG placement.requestlog [req-a3b27d0c-e2b3-4740-a3e7-8a25ab59199d req-56833640-01a3-4eca-a4b2-42972d89ea15 None None] Starting request: 10.222.0.22 "GET /placement/allocation_candidates?limit=1000&resources=DISK_GB%3A1%2CMEMORY_MB%3A1024%2CVCPU%3A1&root_required=%21COMPUTE_STATUS_DISABLED" {{(pid=92834) __call__ /opt/stack/placement/placement/requestlog.py:55}}
May 24 03:34:43.790151 n-d-771362-17 devstack@placement-api.service[92834]: DEBUG placement.objects.research_context [req-a3b27d0c-e2b3-4740-a3e7-8a25ab59199d req-56833640-01a3-4eca-a4b2-42972d89ea15 service placement] getting providers with 1 DISK_GB {{(pid=92834) __init__ /opt/stack/placement/placement/objects/research_context.py:126}}
May 24 03:34:43.809273 n-d-771362-17 devstack@placement-api.service[92834]: DEBUG placement.objects.research_context [req-a3b27d0c-e2b3-4740-a3e7-8a25ab59199d req-56833640-01a3-4eca-a4b2-42972d89ea15 service placement] getting providers with 1024 MEMORY_MB {{(pid=92834) __init__ /opt/stack/placement/placement/objects/research_context.py:126}}
May 24 03:34:43.831288 n-d-771362-17 devstack@placement-api.service[92834]: DEBUG placement.objects.research_context [req-a3b27d0c-e2b3-4740-a3e7-8a25ab59199d req-56833640-01a3-4eca-a4b2-42972d89ea15 service placement] getting providers with 1 VCPU {{(pid=92834) __init__ /opt/stack/placement/placement/objects/research_context.py:126}}
May 24 03:34:43.848713 n-d-771362-17 devstack@placement-api.service[92834]: DEBUG placement.objects.research_context [req-a3b27d0c-e2b3-4740-a3e7-8a25ab59199d req-56833640-01a3-4eca-a4b2-42972d89ea15 service placement] found 2 providers with available 1 DISK_GB {{(pid=92834) get_provider_ids_matching /opt/stack/placement/placement/objects/research_context.py:549}}
May 24 03:34:43.849166 n-d-771362-17 devstack@placement-api.service[92834]: DEBUG placement.objects.research_context [req-a3b27d0c-e2b3-4740-a3e7-8a25ab59199d req-56833640-01a3-4eca-a4b2-42972d89ea15 service placement] found 2 providers with available 1024 MEMORY_MB {{(pid=92834) get_provider_ids_matching /opt/stack/placement/placement/objects/research_context.py:549}}
May 24 03:34:43.849843 n-d-771362-17 devstack@placement-api.service[92834]: DEBUG placement.objects.research_context [req-a3b27d0c-e2b3-4740-a3e7-8a25ab59199d req-56833640-01a3-4eca-a4b2-42972d89ea15 service placement] found 2 providers after filtering by previous result {{(pid=92834) get_provider_ids_matching /opt/stack/placement/placement/objects/research_context.py:580}}
May 24 03:34:43.850302 n-d-771362-17 devstack@placement-api.service[92834]: DEBUG placement.objects.research_context [req-a3b27d0c-e2b3-4740-a3e7-8a25ab59199d req-56833640-01a3-4eca-a4b2-42972d89ea15 service placement] found 2 providers with available 1 VCPU {{(pid=92834) get_provider_ids_matching /opt/stack/placement/placement/objects/research_context.py:549}}
May 24 03:34:43.850766 n-d-771362-17 devstack@placement-api.service[92834]: DEBUG placement.objects.research_context [req-a3b27d0c-e2b3-4740-a3e7-8a25ab59199d req-56833640-01a3-4eca-a4b2-42972d89ea15 service placement] found 2 providers after filtering by previous result {{(pid=92834) get_provider_ids_matching /opt/stack/placement/placement/objects/research_context.py:580}}
May 24 03:34:43.902562 n-d-771362-17 devstack@placement-api.service[92834]: DEBUG placement.objects.allocation_candidate [req-a3b27d0c-e2b3-4740-a3e7-8a25ab59199d req-56833640-01a3-4eca-a4b2-42972d89ea15 service placement] RequestGroup(use_same_provider=False, resources={DISK_GB:1, MEMORY_MB:1024, VCPU:1}, traits=[], aggregates=[]) (suffix '') returned 2 matches {{(pid=92834) _get_by_requests /opt/stack/placement/placement/objects/allocation_candidate.py:145}}
May 24 03:34:43.903254 n-d-771362-17 devstack@placement-api.service[92834]: DEBUG placement.objects.allocation_candidate [req-a3b27d0c-e2b3-4740-a3e7-8a25ab59199d req-56833640-01a3-4eca-a4b2-42972d89ea15 service placement] Merging candidates yields 2 allocation requests and 2 provider summaries {{(pid=92834) _merge_candidates /opt/stack/placement/placement/objects/allocation_candidate.py:783}}
May 24 03:34:43.913724 n-d-771362-17 devstack@placement-api.service[92834]: INFO placement.requestlog [req-a3b27d0c-e2b3-4740-a3e7-8a25ab59199d req-56833640-01a3-4eca-a4b2-42972d89ea15 service placement] 10.222.0.22 "GET /placement/allocation_candidates?limit=1000&resources=DISK_GB%3A1%2CMEMORY_MB%3A1024%2CVCPU%3A1&root_required=%21COMPUTE_STATUS_DISABLED" status: 200 len: 1306 microversion: 1.35
May 24 03:34:43.914757 n-d-771362-17 devstack@placement-api.service[92834]: [pid: 92834|app: 0|req: 22/45] 10.222.0.22 () {60 vars in 1506 bytes} [Mon May 24 03:34:43 2021] GET /placement/allocation_candidates?limit=1000&resources=DISK_GB%3A1%2CMEMORY_MB%3A1024%2CVCPU%3A1&root_required=%21COMPUTE_STATUS_DISABLED => generated 1306 bytes in 197 msecs (HTTP/1.1 200) 8 headers in 297 bytes (1 switches on core 0)
May 24 03:34:44.348466 n-d-771362-17 devstack@placement-api.service[92833]: DEBUG placement.requestlog [req-a3b27d0c-e2b3-4740-a3e7-8a25ab59199d req-01d09a23-e1b2-42f1-bfbd-19c6bc308fa1 None None] Starting request: 10.222.0.22 "GET /placement/allocations/34a27901-5403-41cd-b470-19cefbd1a9cc" {{(pid=92833) __call__ /opt/stack/placement/placement/requestlog.py:55}}
May 24 03:34:44.367114 n-d-771362-17 devstack@placement-api.service[92833]: INFO placement.requestlog [req-a3b27d0c-e2b3-4740-a3e7-8a25ab59199d req-01d09a23-e1b2-42f1-bfbd-19c6bc308fa1 service placement] 10.222.0.22 "GET /placement/allocations/34a27901-5403-41cd-b470-19cefbd1a9cc" status: 200 len: 19 microversion: 1.28
May 24 03:34:44.367826 n-d-771362-17 devstack@placement-api.service[92833]: [pid: 92833|app: 0|req: 24/46] 10.222.0.22 () {60 vars in 1380 bytes} [Mon May 24 03:34:44 2021] GET /placement/allocations/34a27901-5403-41cd-b470-19cefbd1a9cc => generated 19 bytes in 20 msecs (HTTP/1.1 200) 8 headers in 295 bytes (1 switches on core 0)
May 24 03:34:44.375506 n-d-771362-17 devstack@placement-api.service[92834]: DEBUG placement.requestlog [req-a3b27d0c-e2b3-4740-a3e7-8a25ab59199d req-66a24524-197c-4920-b947-5cb883a2b631 None None] Starting request: 10.222.0.22 "PUT /placement/allocations/34a27901-5403-41cd-b470-19cefbd1a9cc" {{(pid=92834) __call__ /opt/stack/placement/placement/requestlog.py:55}}
May 24 03:34:44.531620 n-d-771362-17 devstack@placement-api.service[92834]: DEBUG placement.handlers.allocation [req-a3b27d0c-e2b3-4740-a3e7-8a25ab59199d req-66a24524-197c-4920-b947-5cb883a2b631 service placement] Successfully wrote allocations [, , ] {{(pid=92834) _create_allocations /opt/stack/placement/placement/handlers/allocation.py:435}}
May 24 03:34:44.532369 n-d-771362-17 devstack@placement-api.service[92834]: INFO placement.requestlog [req-a3b27d0c-e2b3-4740-a3e7-8a25ab59199d req-66a24524-197c-4920-b947-5cb883a2b631 service placement] 10.222.0.22 "PUT /placement/allocations/34a27901-5403-41cd-b470-19cefbd1a9cc" status: 204 len: 0 microversion: 1.35
May 24 03:34:44.532718 n-d-771362-17 devstack@placement-api.service[92834]: [pid: 92834|app: 0|req: 23/47] 10.222.0.22 () {64 vars in 1433 bytes} [Mon May 24 03:34:44 2021] PUT /placement/allocations/34a27901-5403-41cd-b470-19cefbd1a9cc => generated 0 bytes in 158 msecs (HTTP/1.1 204) 5 headers in 199 bytes (2 switches on core 0)
May 24 03:34:45.707307 n-d-771362-17 devstack@placement-api.service[92833]: DEBUG placement.requestlog [req-a3b27d0c-e2b3-4740-a3e7-8a25ab59199d req-54530594-a843-471f-a194-62d682c38361 None None] Starting request: 10.222.0.47 "GET /placement/allocations/34a27901-5403-41cd-b470-19cefbd1a9cc" {{(pid=92833) __call__ /opt/stack/placement/placement/requestlog.py:55}}
May 24 03:34:45.772390 n-d-771362-17 devstack@placement-api.service[92833]: INFO placement.requestlog [req-a3b27d0c-e2b3-4740-a3e7-8a25ab59199d req-54530594-a843-471f-a194-62d682c38361 service placement] 10.222.0.47 "GET /placement/allocations/34a27901-5403-41cd-b470-19cefbd1a9cc" status: 200 len: 258 microversion: 1.28
May 24 03:34:45.772620 n-d-771362-17 devstack@placement-api.service[92833]: [pid: 92833|app: 0|req: 25/48] 10.222.0.47 () {60 vars in 1378 bytes} [Mon May 24 03:34:45 2021] GET /placement/allocations/34a27901-5403-41cd-b470-19cefbd1a9cc => generated 258 bytes in 66 msecs (HTTP/1.1 200) 8 headers in 296 bytes (1 switches on core 0)
May 24 03:34:49.541093 n-d-771362-17 devstack@placement-api.service[92834]: DEBUG placement.requestlog [req-2f364b52-4da8-42c3-9052-f1017afee3b3 req-dbad85ba-371f-4fc4-87f3-754faddabde2 None None] Starting request: 10.222.0.22 "GET /placement/allocation_candidates?limit=1000&resources=DISK_GB%3A1%2CMEMORY_MB%3A1024%2CVCPU%3A1&root_required=%21COMPUTE_STATUS_DISABLED" {{(pid=92834) __call__ /opt/stack/placement/placement/requestlog.py:55}}
May 24 03:34:49.617450 n-d-771362-17 devstack@placement-api.service[92834]: DEBUG placement.objects.research_context [req-2f364b52-4da8-42c3-9052-f1017afee3b3 req-dbad85ba-371f-4fc4-87f3-754faddabde2 service placement] getting providers with 1 DISK_GB {{(pid=92834) __init__ /opt/stack/placement/placement/objects/research_context.py:126}}
May 24 03:34:49.632397 n-d-771362-17 devstack@placement-api.service[92834]: DEBUG placement.objects.research_context [req-2f364b52-4da8-42c3-9052-f1017afee3b3 req-dbad85ba-371f-4fc4-87f3-754faddabde2 service placement] getting providers with 1024 MEMORY_MB {{(pid=92834) __init__ /opt/stack/placement/placement/objects/research_context.py:126}}
May 24 03:34:49.668610 n-d-771362-17 devstack@placement-api.service[92834]: DEBUG placement.objects.research_context [req-2f364b52-4da8-42c3-9052-f1017afee3b3 req-dbad85ba-371f-4fc4-87f3-754faddabde2 service placement] getting providers with 1 VCPU {{(pid=92834) __init__ /opt/stack/placement/placement/objects/research_context.py:126}}
May 24 03:34:49.679844 n-d-771362-17 devstack@placement-api.service[92834]: DEBUG placement.objects.research_context [req-2f364b52-4da8-42c3-9052-f1017afee3b3 req-dbad85ba-371f-4fc4-87f3-754faddabde2 service placement] found 2 providers with available 1 DISK_GB {{(pid=92834) get_provider_ids_matching /opt/stack/placement/placement/objects/research_context.py:549}}
May 24 03:34:49.680812 n-d-771362-17 devstack@placement-api.service[92834]: DEBUG placement.objects.research_context [req-2f364b52-4da8-42c3-9052-f1017afee3b3 req-dbad85ba-371f-4fc4-87f3-754faddabde2 service placement] found 2 providers with available 1024 MEMORY_MB {{(pid=92834) get_provider_ids_matching /opt/stack/placement/placement/objects/research_context.py:549}}
May 24 03:34:49.681278 n-d-771362-17 devstack@placement-api.service[92834]: DEBUG placement.objects.research_context [req-2f364b52-4da8-42c3-9052-f1017afee3b3 req-dbad85ba-371f-4fc4-87f3-754faddabde2 service placement] found 2 providers after filtering by previous result {{(pid=92834) get_provider_ids_matching /opt/stack/placement/placement/objects/research_context.py:580}}
May 24 03:34:49.682623 n-d-771362-17 devstack@placement-api.service[92834]: DEBUG placement.objects.research_context [req-2f364b52-4da8-42c3-9052-f1017afee3b3 req-dbad85ba-371f-4fc4-87f3-754faddabde2 service placement] found 2 providers with available 1 VCPU {{(pid=92834) get_provider_ids_matching /opt/stack/placement/placement/objects/research_context.py:549}}
May 24 03:34:49.683449 n-d-771362-17 devstack@placement-api.service[92834]: DEBUG placement.objects.research_context [req-2f364b52-4da8-42c3-9052-f1017afee3b3 req-dbad85ba-371f-4fc4-87f3-754faddabde2 service placement] found 2 providers after filtering by previous result {{(pid=92834) get_provider_ids_matching /opt/stack/placement/placement/objects/research_context.py:580}}
May 24 03:34:49.701580 n-d-771362-17 devstack@placement-api.service[92834]: DEBUG placement.objects.allocation_candidate [req-2f364b52-4da8-42c3-9052-f1017afee3b3 req-dbad85ba-371f-4fc4-87f3-754faddabde2 service placement] RequestGroup(use_same_provider=False, resources={DISK_GB:1, MEMORY_MB:1024, VCPU:1}, traits=[], aggregates=[]) (suffix '') returned 2 matches {{(pid=92834) _get_by_requests /opt/stack/placement/placement/objects/allocation_candidate.py:145}}
May 24 03:34:49.702624 n-d-771362-17 devstack@placement-api.service[92834]: DEBUG placement.objects.allocation_candidate [req-2f364b52-4da8-42c3-9052-f1017afee3b3 req-dbad85ba-371f-4fc4-87f3-754faddabde2 service placement] Merging candidates yields 2 allocation requests and 2 provider summaries {{(pid=92834) _merge_candidates /opt/stack/placement/placement/objects/allocation_candidate.py:783}}
May 24 03:34:49.704785 n-d-771362-17 devstack@placement-api.service[92834]: INFO placement.requestlog [req-2f364b52-4da8-42c3-9052-f1017afee3b3 req-dbad85ba-371f-4fc4-87f3-754faddabde2 service placement] 10.222.0.22 "GET /placement/allocation_candidates?limit=1000&resources=DISK_GB%3A1%2CMEMORY_MB%3A1024%2CVCPU%3A1&root_required=%21COMPUTE_STATUS_DISABLED" status: 200 len: 1309 microversion: 1.35
May 24 03:34:49.705535 n-d-771362-17 devstack@placement-api.service[92834]: [pid: 92834|app: 0|req: 24/49] 10.222.0.22 () {60 vars in 1506 bytes} [Mon May 24 03:34:49 2021] GET /placement/allocation_candidates?limit=1000&resources=DISK_GB%3A1%2CMEMORY_MB%3A1024%2CVCPU%3A1&root_required=%21COMPUTE_STATUS_DISABLED => generated 1309 bytes in 165 msecs (HTTP/1.1 200) 8 headers in 297 bytes (1 switches on core 0)
May 24 03:34:49.848803 n-d-771362-17 devstack@placement-api.service[92833]: DEBUG placement.requestlog [req-2f364b52-4da8-42c3-9052-f1017afee3b3 req-fe17f6c6-e248-43e7-beb5-22e599bb5f99 None None] Starting request: 10.222.0.22 "GET /placement/allocations/0ec4b3a5-78d6-4043-b1e3-1c6d1d1a0a8a" {{(pid=92833) __call__ /opt/stack/placement/placement/requestlog.py:55}}
May 24 03:34:49.877638 n-d-771362-17 devstack@placement-api.service[92833]: INFO placement.requestlog [req-2f364b52-4da8-42c3-9052-f1017afee3b3 req-fe17f6c6-e248-43e7-beb5-22e599bb5f99 service placement] 10.222.0.22 "GET /placement/allocations/0ec4b3a5-78d6-4043-b1e3-1c6d1d1a0a8a" status: 200 len: 19 microversion: 1.28
May 24 03:34:49.878821 n-d-771362-17 devstack@placement-api.service[92833]: [pid: 92833|app: 0|req: 26/50] 10.222.0.22 () {60 vars in 1380 bytes} [Mon May 24 03:34:49 2021] GET /placement/allocations/0ec4b3a5-78d6-4043-b1e3-1c6d1d1a0a8a => generated 19 bytes in 30 msecs (HTTP/1.1 200) 8 headers in 295 bytes (1 switches on core 0)
May 24 03:34:49.897472 n-d-771362-17 devstack@placement-api.service[92834]: DEBUG placement.requestlog [req-2f364b52-4da8-42c3-9052-f1017afee3b3 req-d43f6154-17e4-4090-a03b-394c4abb1fa0 None None] Starting request: 10.222.0.22 "PUT /placement/allocations/0ec4b3a5-78d6-4043-b1e3-1c6d1d1a0a8a" {{(pid=92834) __call__ /opt/stack/placement/placement/requestlog.py:55}}
May 24 03:34:50.101398 n-d-771362-17 devstack@placement-api.service[92834]: DEBUG placement.handlers.allocation [req-2f364b52-4da8-42c3-9052-f1017afee3b3 req-d43f6154-17e4-4090-a03b-394c4abb1fa0 service placement] Successfully wrote allocations [, , ] {{(pid=92834) _create_allocations /opt/stack/placement/placement/handlers/allocation.py:435}}
May 24 03:34:50.102243 n-d-771362-17 devstack@placement-api.service[92834]: INFO placement.requestlog [req-2f364b52-4da8-42c3-9052-f1017afee3b3 req-d43f6154-17e4-4090-a03b-394c4abb1fa0 service placement] 10.222.0.22 "PUT /placement/allocations/0ec4b3a5-78d6-4043-b1e3-1c6d1d1a0a8a" status: 204 len: 0 microversion: 1.35
May 24 03:34:50.109376 n-d-771362-17 devstack@placement-api.service[92834]: [pid: 92834|app: 0|req: 25/51] 10.222.0.22 () {64 vars in 1433 bytes} [Mon May 24 03:34:49 2021] PUT /placement/allocations/0ec4b3a5-78d6-4043-b1e3-1c6d1d1a0a8a => generated 0 bytes in 210 msecs (HTTP/1.1 204) 5 headers in 199 bytes (2 switches on core 0)
May 24 03:34:51.054315 n-d-771362-17 devstack@placement-api.service[92833]: DEBUG placement.requestlog [req-2f364b52-4da8-42c3-9052-f1017afee3b3 req-1ee66d5f-fcaf-4545-9294-02d8e2b97771 None None] Starting request: 10.222.0.47 "GET /placement/allocations/0ec4b3a5-78d6-4043-b1e3-1c6d1d1a0a8a" {{(pid=92833) __call__ /opt/stack/placement/placement/requestlog.py:55}}
May 24 03:34:51.095219 n-d-771362-17 devstack@placement-api.service[92833]: INFO placement.requestlog [req-2f364b52-4da8-42c3-9052-f1017afee3b3 req-1ee66d5f-fcaf-4545-9294-02d8e2b97771 service placement] 10.222.0.47 "GET /placement/allocations/0ec4b3a5-78d6-4043-b1e3-1c6d1d1a0a8a" status: 200 len: 258 microversion: 1.28
May 24 03:34:51.100783 n-d-771362-17 devstack@placement-api.service[92833]: [pid: 92833|app: 0|req: 27/52] 10.222.0.47 () {60 vars in 1378 bytes} [Mon May 24 03:34:51 2021] GET /placement/allocations/0ec4b3a5-78d6-4043-b1e3-1c6d1d1a0a8a => generated 258 bytes in 47 msecs (HTTP/1.1 200) 8 headers in 296 bytes (1 switches on core 0)
May 24 03:35:00.028109 n-d-771362-17 devstack@placement-api.service[92834]: DEBUG placement.requestlog [req-db333985-2fd7-4691-9a1f-bbd75e222762 req-597b8792-ada5-48f4-9917-0028ee0b90df None None] Starting request: 10.222.0.22 "GET /placement/allocation_candidates?limit=1000&resources=DISK_GB%3A1%2CMEMORY_MB%3A1024%2CVCPU%3A1&root_required=%21COMPUTE_STATUS_DISABLED" {{(pid=92834) __call__ /opt/stack/placement/placement/requestlog.py:55}}
May 24 03:35:00.086327 n-d-771362-17 devstack@placement-api.service[92834]: DEBUG placement.objects.research_context [req-db333985-2fd7-4691-9a1f-bbd75e222762 req-597b8792-ada5-48f4-9917-0028ee0b90df service placement] getting providers with 1 DISK_GB {{(pid=92834) __init__ /opt/stack/placement/placement/objects/research_context.py:126}}
May 24 03:35:00.093691 n-d-771362-17 devstack@placement-api.service[92834]: DEBUG placement.objects.research_context [req-db333985-2fd7-4691-9a1f-bbd75e222762 req-597b8792-ada5-48f4-9917-0028ee0b90df service placement] getting providers with 1024 MEMORY_MB {{(pid=92834) __init__ /opt/stack/placement/placement/objects/research_context.py:126}}
May 24 03:35:00.115295 n-d-771362-17 devstack@placement-api.service[92834]: DEBUG placement.objects.research_context [req-db333985-2fd7-4691-9a1f-bbd75e222762 req-597b8792-ada5-48f4-9917-0028ee0b90df service placement] getting providers with 1 VCPU {{(pid=92834) __init__ /opt/stack/placement/placement/objects/research_context.py:126}}
May 24 03:35:00.123728 n-d-771362-17 devstack@placement-api.service[92834]: DEBUG placement.objects.research_context [req-db333985-2fd7-4691-9a1f-bbd75e222762 req-597b8792-ada5-48f4-9917-0028ee0b90df service placement] found 2 providers with available 1 DISK_GB {{(pid=92834) get_provider_ids_matching /opt/stack/placement/placement/objects/research_context.py:549}}
May 24 03:35:00.124009 n-d-771362-17 devstack@placement-api.service[92834]: DEBUG placement.objects.research_context [req-db333985-2fd7-4691-9a1f-bbd75e222762 req-597b8792-ada5-48f4-9917-0028ee0b90df service placement] found 2 providers with available 1024 MEMORY_MB {{(pid=92834) get_provider_ids_matching /opt/stack/placement/placement/objects/research_context.py:549}}
May 24 03:35:00.124291 n-d-771362-17 devstack@placement-api.service[92834]: DEBUG placement.objects.research_context [req-db333985-2fd7-4691-9a1f-bbd75e222762 req-597b8792-ada5-48f4-9917-0028ee0b90df service placement] found 2 providers after filtering by previous result {{(pid=92834) get_provider_ids_matching /opt/stack/placement/placement/objects/research_context.py:580}}
May 24 03:35:00.124552 n-d-771362-17 devstack@placement-api.service[92834]: DEBUG placement.objects.research_context [req-db333985-2fd7-4691-9a1f-bbd75e222762 req-597b8792-ada5-48f4-9917-0028ee0b90df service placement] found 2 providers with available 1 VCPU {{(pid=92834) get_provider_ids_matching /opt/stack/placement/placement/objects/research_context.py:549}}
May 24 03:35:00.124817 n-d-771362-17 devstack@placement-api.service[92834]: DEBUG placement.objects.research_context [req-db333985-2fd7-4691-9a1f-bbd75e222762 req-597b8792-ada5-48f4-9917-0028ee0b90df service placement] found 2 providers after filtering by previous result {{(pid=92834) get_provider_ids_matching /opt/stack/placement/placement/objects/research_context.py:580}}
May 24 03:35:00.148659 n-d-771362-17 devstack@placement-api.service[92834]: DEBUG placement.objects.allocation_candidate [req-db333985-2fd7-4691-9a1f-bbd75e222762 req-597b8792-ada5-48f4-9917-0028ee0b90df service placement] RequestGroup(use_same_provider=False, resources={DISK_GB:1, MEMORY_MB:1024, VCPU:1}, traits=[], aggregates=[]) (suffix '') returned 2 matches {{(pid=92834) _get_by_requests /opt/stack/placement/placement/objects/allocation_candidate.py:145}}
May 24 03:35:00.149466 n-d-771362-17 devstack@placement-api.service[92834]: DEBUG placement.objects.allocation_candidate [req-db333985-2fd7-4691-9a1f-bbd75e222762 req-597b8792-ada5-48f4-9917-0028ee0b90df service placement] Merging candidates yields 2 allocation requests and 2 provider summaries {{(pid=92834) _merge_candidates /opt/stack/placement/placement/objects/allocation_candidate.py:783}}
May 24 03:35:00.151239 n-d-771362-17 devstack@placement-api.service[92834]: INFO placement.requestlog [req-db333985-2fd7-4691-9a1f-bbd75e222762 req-597b8792-ada5-48f4-9917-0028ee0b90df service placement] 10.222.0.22 "GET /placement/allocation_candidates?limit=1000&resources=DISK_GB%3A1%2CMEMORY_MB%3A1024%2CVCPU%3A1&root_required=%21COMPUTE_STATUS_DISABLED" status: 200 len: 1309 microversion: 1.35
May 24 03:35:00.152034 n-d-771362-17 devstack@placement-api.service[92834]: [pid: 92834|app: 0|req: 26/53] 10.222.0.22 () {60 vars in 1506 bytes} [Mon May 24 03:35:00 2021] GET /placement/allocation_candidates?limit=1000&resources=DISK_GB%3A1%2CMEMORY_MB%3A1024%2CVCPU%3A1&root_required=%21COMPUTE_STATUS_DISABLED => generated 1309 bytes in 124 msecs (HTTP/1.1 200) 8 headers in 297 bytes (1 switches on core 0)
May 24 03:35:00.237449 n-d-771362-17 devstack@placement-api.service[92833]: DEBUG placement.requestlog [req-db333985-2fd7-4691-9a1f-bbd75e222762 req-7485f873-31cc-4434-94af-dba537802de6 None None] Starting request: 10.222.0.22 "GET /placement/allocations/3c89005a-9097-4645-a006-cb8589830e97" {{(pid=92833) __call__ /opt/stack/placement/placement/requestlog.py:55}}
May 24 03:35:00.259094 n-d-771362-17 devstack@placement-api.service[92833]: INFO placement.requestlog [req-db333985-2fd7-4691-9a1f-bbd75e222762 req-7485f873-31cc-4434-94af-dba537802de6 service placement] 10.222.0.22 "GET /placement/allocations/3c89005a-9097-4645-a006-cb8589830e97" status: 200 len: 19 microversion: 1.28
May 24 03:35:00.260280 n-d-771362-17 devstack@placement-api.service[92833]: [pid: 92833|app: 0|req: 28/54] 10.222.0.22 () {60 vars in 1380 bytes} [Mon May 24 03:35:00 2021] GET /placement/allocations/3c89005a-9097-4645-a006-cb8589830e97 => generated 19 bytes in 23 msecs (HTTP/1.1 200) 8 headers in 295 bytes (1 switches on core 0)
May 24 03:35:00.265759 n-d-771362-17 devstack@placement-api.service[92834]: DEBUG placement.requestlog [req-db333985-2fd7-4691-9a1f-bbd75e222762 req-e8df39ed-1dee-4f53-9711-740e24272e76 None None] Starting request: 10.222.0.22 "PUT /placement/allocations/3c89005a-9097-4645-a006-cb8589830e97" {{(pid=92834) __call__ /opt/stack/placement/placement/requestlog.py:55}}
May 24 03:35:00.391264 n-d-771362-17 devstack@placement-api.service[92834]: DEBUG placement.handlers.allocation [req-db333985-2fd7-4691-9a1f-bbd75e222762 req-e8df39ed-1dee-4f53-9711-740e24272e76 service placement] Successfully wrote allocations [, , ] {{(pid=92834) _create_allocations /opt/stack/placement/placement/handlers/allocation.py:435}}
May 24 03:35:00.391667 n-d-771362-17 devstack@placement-api.service[92834]: INFO placement.requestlog [req-db333985-2fd7-4691-9a1f-bbd75e222762 req-e8df39ed-1dee-4f53-9711-740e24272e76 service placement] 10.222.0.22 "PUT /placement/allocations/3c89005a-9097-4645-a006-cb8589830e97" status: 204 len: 0 microversion: 1.35
May 24 03:35:00.392105 n-d-771362-17 devstack@placement-api.service[92834]: [pid: 92834|app: 0|req: 27/55] 10.222.0.22 () {64 vars in 1433 bytes} [Mon May 24 03:35:00 2021] PUT /placement/allocations/3c89005a-9097-4645-a006-cb8589830e97 => generated 0 bytes in 127 msecs (HTTP/1.1 204) 5 headers in 199 bytes (1 switches on core 0)
May 24 03:35:00.991471 n-d-771362-17 devstack@placement-api.service[92833]: DEBUG placement.requestlog [req-db333985-2fd7-4691-9a1f-bbd75e222762 req-6c3281f8-512a-4b8f-9f1e-11d7cf4b1f25 None None] Starting request: 10.222.0.26 "GET /placement/allocations/3c89005a-9097-4645-a006-cb8589830e97" {{(pid=92833) __call__ /opt/stack/placement/placement/requestlog.py:55}}
May 24 03:35:01.012966 n-d-771362-17 devstack@placement-api.service[92833]: INFO placement.requestlog [req-db333985-2fd7-4691-9a1f-bbd75e222762 req-6c3281f8-512a-4b8f-9f1e-11d7cf4b1f25 service placement] 10.222.0.26 "GET /placement/allocations/3c89005a-9097-4645-a006-cb8589830e97" status: 200 len: 258 microversion: 1.28
May 24 03:35:01.013648 n-d-771362-17 devstack@placement-api.service[92833]: [pid: 92833|app: 0|req: 29/56] 10.222.0.26 () {60 vars in 1378 bytes} [Mon May 24 03:35:00 2021] GET /placement/allocations/3c89005a-9097-4645-a006-cb8589830e97 => generated 258 bytes in 23 msecs (HTTP/1.1 200) 8 headers in 296 bytes (2 switches on core 0)
May 24 03:35:06.538643 n-d-771362-17 devstack@placement-api.service[92834]: DEBUG placement.requestlog [req-41094920-adbd-4da3-a95a-92b152252092 req-598bbc02-afa8-4d1e-8e96-efc2f83260b6 None None] Starting request: 10.222.0.22 "GET /placement/resource_providers?name=n-h2-771362-17" {{(pid=92834) __call__ /opt/stack/placement/placement/requestlog.py:55}}
May 24 03:35:06.552811 n-d-771362-17 devstack@placement-api.service[92834]: INFO placement.requestlog [req-41094920-adbd-4da3-a95a-92b152252092 req-598bbc02-afa8-4d1e-8e96-efc2f83260b6 service placement] 10.222.0.22 "GET /placement/resource_providers?name=n-h2-771362-17" status: 200 len: 441 microversion: 1.0
May 24 03:35:06.558744 n-d-771362-17 devstack@placement-api.service[92834]: [pid: 92834|app: 0|req: 28/57] 10.222.0.22 () {58 vars in 1276 bytes} [Mon May 24 03:35:06 2021] GET /placement/resource_providers?name=n-h2-771362-17 => generated 441 bytes in 20 msecs (HTTP/1.1 200) 6 headers in 224 bytes (1 switches on core 0)
May 24 03:35:06.567754 n-d-771362-17 devstack@placement-api.service[92833]: DEBUG placement.requestlog [req-41094920-adbd-4da3-a95a-92b152252092 req-b0bbab2f-14bc-4ec4-9fd3-2e7c898ffc02 None None] Starting request: 10.222.0.22 "GET /placement/resource_providers/fdc1fb8b-1b13-43ef-82ae-0b6052e251ad/aggregates" {{(pid=92833) __call__ /opt/stack/placement/placement/requestlog.py:55}}
May 24 03:35:06.586139 n-d-771362-17 devstack@placement-api.service[92833]: INFO placement.requestlog [req-41094920-adbd-4da3-a95a-92b152252092 req-b0bbab2f-14bc-4ec4-9fd3-2e7c898ffc02 service placement] 10.222.0.22 "GET /placement/resource_providers/fdc1fb8b-1b13-43ef-82ae-0b6052e251ad/aggregates" status: 200 len: 91 microversion: 1.19
May 24 03:35:06.586738 n-d-771362-17 devstack@placement-api.service[92833]: [pid: 92833|app: 0|req: 30/58] 10.222.0.22 () {60 vars in 1425 bytes} [Mon May 24 03:35:06 2021] GET /placement/resource_providers/fdc1fb8b-1b13-43ef-82ae-0b6052e251ad/aggregates => generated 91 bytes in 19 msecs (HTTP/1.1 200) 8 headers in 295 bytes (1 switches on core 0)
May 24 03:35:06.594904 n-d-771362-17 devstack@placement-api.service[92834]: DEBUG placement.requestlog [req-41094920-adbd-4da3-a95a-92b152252092 req-a8e5b9bb-4e70-4e9d-9f4b-5d21be94095a None None] Starting request: 10.222.0.22 "PUT /placement/resource_providers/fdc1fb8b-1b13-43ef-82ae-0b6052e251ad/aggregates" {{(pid=92834) __call__ /opt/stack/placement/placement/requestlog.py:55}}
May 24 03:35:06.610192 n-d-771362-17 devstack@placement-api.service[92834]: DEBUG placement.objects.resource_provider [req-41094920-adbd-4da3-a95a-92b152252092 req-a8e5b9bb-4e70-4e9d-9f4b-5d21be94095a service placement] Setting aggregates for provider fdc1fb8b-1b13-43ef-82ae-0b6052e251ad. Successfully disassociated aggregate 8d143c54-5dc2-4891-9b11-14f070f88bdc. {{(pid=92834) _set_aggregates /opt/stack/placement/placement/objects/resource_provider.py:402}}
May 24 03:35:06.618647 n-d-771362-17 devstack@placement-api.service[92834]: INFO placement.requestlog [req-41094920-adbd-4da3-a95a-92b152252092 req-a8e5b9bb-4e70-4e9d-9f4b-5d21be94095a service placement] 10.222.0.22 "PUT /placement/resource_providers/fdc1fb8b-1b13-43ef-82ae-0b6052e251ad/aggregates" status: 200 len: 54 microversion: 1.19
May 24 03:35:06.619635 n-d-771362-17 devstack@placement-api.service[92834]: [pid: 92834|app: 0|req: 29/59] 10.222.0.22 () {64 vars in 1477 bytes} [Mon May 24 03:35:06 2021] PUT /placement/resource_providers/fdc1fb8b-1b13-43ef-82ae-0b6052e251ad/aggregates => generated 54 bytes in 25 msecs (HTTP/1.1 200) 8 headers in 295 bytes (1 switches on core 0)
May 24 03:35:07.251030 n-d-771362-17 devstack@placement-api.service[92833]: DEBUG placement.requestlog [req-9338a371-f81f-4f75-a530-9bac5f54244c req-4f11dc3b-9455-4261-92ca-f048b1e4015c None None] Starting request: 10.222.0.22 "GET /placement/resource_providers?name=n-h2-771362-17" {{(pid=92833) __call__ /opt/stack/placement/placement/requestlog.py:55}}
May 24 03:35:07.263291 n-d-771362-17 devstack@placement-api.service[92833]: INFO placement.requestlog [req-9338a371-f81f-4f75-a530-9bac5f54244c req-4f11dc3b-9455-4261-92ca-f048b1e4015c service placement] 10.222.0.22 "GET /placement/resource_providers?name=n-h2-771362-17" status: 200 len: 442 microversion: 1.0
May 24 03:35:07.267552 n-d-771362-17 devstack@placement-api.service[92833]: [pid: 92833|app: 0|req: 31/60] 10.222.0.22 () {58 vars in 1276 bytes} [Mon May 24 03:35:07 2021] GET /placement/resource_providers?name=n-h2-771362-17 => generated 442 bytes in 17 msecs (HTTP/1.1 200) 6 headers in 224 bytes (1 switches on core 0)
May 24 03:35:07.288156 n-d-771362-17 devstack@placement-api.service[92834]: DEBUG placement.requestlog [req-9338a371-f81f-4f75-a530-9bac5f54244c req-d67a35c8-3535-46bf-bd94-2cc35a53e45a None None] Starting request: 10.222.0.22 "GET /placement/resource_providers/fdc1fb8b-1b13-43ef-82ae-0b6052e251ad/aggregates" {{(pid=92834) __call__ /opt/stack/placement/placement/requestlog.py:55}}
May 24 03:35:07.309524 n-d-771362-17 devstack@placement-api.service[92834]: INFO placement.requestlog [req-9338a371-f81f-4f75-a530-9bac5f54244c req-d67a35c8-3535-46bf-bd94-2cc35a53e45a service placement] 10.222.0.22 "GET /placement/resource_providers/fdc1fb8b-1b13-43ef-82ae-0b6052e251ad/aggregates" status: 200 len: 54 microversion: 1.19
May 24 03:35:07.310247 n-d-771362-17 devstack@placement-api.service[92834]: [pid: 92834|app: 0|req: 30/61] 10.222.0.22 () {60 vars in 1425 bytes} [Mon May 24 03:35:07 2021] GET /placement/resource_providers/fdc1fb8b-1b13-43ef-82ae-0b6052e251ad/aggregates => generated 54 bytes in 22 msecs (HTTP/1.1 200) 8 headers in 295 bytes (2 switches on core 0)
May 24 03:35:07.318878 n-d-771362-17 devstack@placement-api.service[92833]: DEBUG placement.requestlog [req-9338a371-f81f-4f75-a530-9bac5f54244c req-05181760-2920-4679-989e-f51511a142e2 None None] Starting request: 10.222.0.22 "PUT /placement/resource_providers/fdc1fb8b-1b13-43ef-82ae-0b6052e251ad/aggregates" {{(pid=92833) __call__ /opt/stack/placement/placement/requestlog.py:55}}
May 24 03:35:07.336812 n-d-771362-17 devstack@placement-api.service[92833]: DEBUG placement.objects.resource_provider [req-9338a371-f81f-4f75-a530-9bac5f54244c req-05181760-2920-4679-989e-f51511a142e2 service placement] _ensure_aggregate() did not find aggregate 0b033b79-fe4d-4c3b-ae89-5b8d0b890ecc. Attempting to create it. {{(pid=92833) _ensure_aggregate /opt/stack/placement/placement/objects/resource_provider.py:319}}
May 24 03:35:07.339340 n-d-771362-17 devstack@placement-api.service[92833]: DEBUG placement.objects.resource_provider [req-9338a371-f81f-4f75-a530-9bac5f54244c req-05181760-2920-4679-989e-f51511a142e2 service placement] _ensure_aggregate() created new aggregate 0b033b79-fe4d-4c3b-ae89-5b8d0b890ecc (id=4). {{(pid=92833) _ensure_aggregate /opt/stack/placement/placement/objects/resource_provider.py:325}}
May 24 03:35:07.341175 n-d-771362-17 devstack@placement-api.service[92833]: DEBUG placement.objects.resource_provider [req-9338a371-f81f-4f75-a530-9bac5f54244c req-05181760-2920-4679-989e-f51511a142e2 service placement] Setting aggregates for provider fdc1fb8b-1b13-43ef-82ae-0b6052e251ad. Successfully associated aggregate 0b033b79-fe4d-4c3b-ae89-5b8d0b890ecc. {{(pid=92833) _set_aggregates /opt/stack/placement/placement/objects/resource_provider.py:387}}
May 24 03:35:07.349892 n-d-771362-17 devstack@placement-api.service[92833]: INFO placement.requestlog [req-9338a371-f81f-4f75-a530-9bac5f54244c req-05181760-2920-4679-989e-f51511a142e2 service placement] 10.222.0.22 "PUT /placement/resource_providers/fdc1fb8b-1b13-43ef-82ae-0b6052e251ad/aggregates" status: 200 len: 92 microversion: 1.19
