May 28 09:29:54.808809 n-d-769329-12 devstack@n-api.service[107661]: DEBUG oslo_concurrency.lockutils [None req-0df83190-fa2c-4634-b19e-dbb915362847 tempest-DeleteServersAdminTestJSON-932197998 tempest-DeleteServersAdminTestJSON-932197998-project] Lock "dec81204-f6fa-43d7-846b-bf417b4a0e1b" released by "nova.context.set_target_cell..get_or_set_cached_cell_and_set_connections" :: held 0.001s {{(pid=107661) inner /usr/local/lib/python3.8/dist-packages/oslo_concurrency/lockutils.py:367}}
May 28 09:29:54.809765 n-d-769329-12 devstack@n-api.service[107661]: DEBUG oslo_concurrency.lockutils [None req-0df83190-fa2c-4634-b19e-dbb915362847 tempest-DeleteServersAdminTestJSON-932197998 tempest-DeleteServersAdminTestJSON-932197998-project] Lock "dec81204-f6fa-43d7-846b-bf417b4a0e1b" acquired by "nova.context.set_target_cell..get_or_set_cached_cell_and_set_connections" :: waited 0.000s {{(pid=107661) inner /usr/local/lib/python3.8/dist-packages/oslo_concurrency/lockutils.py:355}}
May 28 09:29:54.810513 n-d-769329-12 devstack@n-api.service[107661]: DEBUG oslo_concurrency.lockutils [None req-0df83190-fa2c-4634-b19e-dbb915362847 tempest-DeleteServersAdminTestJSON-932197998 tempest-DeleteServersAdminTestJSON-932197998-project] Lock "dec81204-f6fa-43d7-846b-bf417b4a0e1b" released by "nova.context.set_target_cell..get_or_set_cached_cell_and_set_connections" :: held 0.001s {{(pid=107661) inner /usr/local/lib/python3.8/dist-packages/oslo_concurrency/lockutils.py:367}}
May 28 09:29:54.861316 n-d-769329-12 devstack@n-api.service[107660]: DEBUG nova.api.openstack.wsgi [None req-cd6a8167-2f51-4205-a456-c29fea3b5476 tempest-LiveMigrationTest-1727912739 tempest-LiveMigrationTest-1727912739-project-admin] Calling method '>' {{(pid=107660) _process_stack /opt/stack/nova/nova/api/openstack/wsgi.py:513}}
May 28 09:29:54.861930 n-d-769329-12 devstack@n-api.service[107660]: DEBUG nova.compute.api [None req-cd6a8167-2f51-4205-a456-c29fea3b5476 tempest-LiveMigrationTest-1727912739 tempest-LiveMigrationTest-1727912739-project-admin] [instance: f20bfdbe-3770-4f50-a645-7390c10382e1] Fetching instance by UUID {{(pid=107660) get /opt/stack/nova/nova/compute/api.py:2790}}
May 28 09:29:54.874286 n-d-769329-12 devstack@n-api.service[107660]: DEBUG oslo_concurrency.lockutils [None req-cd6a8167-2f51-4205-a456-c29fea3b5476 tempest-LiveMigrationTest-1727912739 tempest-LiveMigrationTest-1727912739-project-admin] Lock "dec81204-f6fa-43d7-846b-bf417b4a0e1b" acquired by "nova.context.set_target_cell..get_or_set_cached_cell_and_set_connections" :: waited 0.000s {{(pid=107660) inner /usr/local/lib/python3.8/dist-packages/oslo_concurrency/lockutils.py:355}}
May 28 09:29:54.877494 n-d-769329-12 devstack@n-api.service[107660]: DEBUG oslo_concurrency.lockutils [None req-cd6a8167-2f51-4205-a456-c29fea3b5476 tempest-LiveMigrationTest-1727912739 tempest-LiveMigrationTest-1727912739-project-admin] Lock "dec81204-f6fa-43d7-846b-bf417b4a0e1b" released by "nova.context.set_target_cell..get_or_set_cached_cell_and_set_connections" :: held 0.001s {{(pid=107660) inner /usr/local/lib/python3.8/dist-packages/oslo_concurrency/lockutils.py:367}}
May 28 09:29:54.878408 n-d-769329-12 devstack@n-api.service[107660]: DEBUG oslo_concurrency.lockutils [None req-cd6a8167-2f51-4205-a456-c29fea3b5476 tempest-LiveMigrationTest-1727912739 tempest-LiveMigrationTest-1727912739-project-admin] Lock "dec81204-f6fa-43d7-846b-bf417b4a0e1b" acquired by "nova.context.set_target_cell..get_or_set_cached_cell_and_set_connections" :: waited 0.000s {{(pid=107660) inner /usr/local/lib/python3.8/dist-packages/oslo_concurrency/lockutils.py:355}}
May 28 09:29:54.879352 n-d-769329-12 devstack@n-api.service[107660]: DEBUG oslo_concurrency.lockutils [None req-cd6a8167-2f51-4205-a456-c29fea3b5476 tempest-LiveMigrationTest-1727912739 tempest-LiveMigrationTest-1727912739-project-admin] Lock "dec81204-f6fa-43d7-846b-bf417b4a0e1b" released by "nova.context.set_target_cell..get_or_set_cached_cell_and_set_connections" :: held 0.001s {{(pid=107660) inner /usr/local/lib/python3.8/dist-packages/oslo_concurrency/lockutils.py:367}}
May 28 09:29:54.928858 n-d-769329-12 devstack@n-api.service[107661]: DEBUG oslo_concurrency.lockutils [None req-0df83190-fa2c-4634-b19e-dbb915362847 tempest-DeleteServersAdminTestJSON-932197998 tempest-DeleteServersAdminTestJSON-932197998-project] Lock "dec81204-f6fa-43d7-846b-bf417b4a0e1b" acquired by "nova.context.set_target_cell..get_or_set_cached_cell_and_set_connections" :: waited 0.000s {{(pid=107661) inner /usr/local/lib/python3.8/dist-packages/oslo_concurrency/lockutils.py:355}}
May 28 09:29:54.929319 n-d-769329-12 devstack@n-api.service[107661]: DEBUG oslo_concurrency.lockutils [None req-0df83190-fa2c-4634-b19e-dbb915362847 tempest-DeleteServersAdminTestJSON-932197998 tempest-DeleteServersAdminTestJSON-932197998-project] Lock "dec81204-f6fa-43d7-846b-bf417b4a0e1b" released by "nova.context.set_target_cell..get_or_set_cached_cell_and_set_connections" :: held 0.001s {{(pid=107661) inner /usr/local/lib/python3.8/dist-packages/oslo_concurrency/lockutils.py:367}}
May 28 09:29:54.929882 n-d-769329-12 devstack@n-api.service[107661]: DEBUG nova.objects.instance [None req-0df83190-fa2c-4634-b19e-dbb915362847 tempest-DeleteServersAdminTestJSON-932197998 tempest-DeleteServersAdminTestJSON-932197998-project] Lazy-loading 'fault' on Instance uuid ffb583ce-6dc6-4d6e-8677-b783b54093e2 {{(pid=107661) obj_load_attr /opt/stack/nova/nova/objects/instance.py:1098}}
May 28 09:29:55.353695 n-d-769329-12 devstack@n-api.service[107661]: DEBUG nova.policy [None req-0df83190-fa2c-4634-b19e-dbb915362847 tempest-DeleteServersAdminTestJSON-932197998 tempest-DeleteServersAdminTestJSON-932197998-project] Policy check for os_compute_api:os-extended-server-attributes failed with credentials {'is_admin': False, 'user_id': '9c2b39a0a8654018ba1e71cf74fc03f6', 'user_domain_id': 'default', 'system_scope': None, 'domain_id': None, 'project_id': 'ea58e5744ea14eecb6197c53e645ae0d', 'project_domain_id': 'default', 'roles': ['member', 'reader'], 'is_admin_project': True, 'service_user_id': None, 'service_user_domain_id': None, 'service_project_id': None, 'service_project_domain_id': None, 'service_roles': []} {{(pid=107661) authorize /opt/stack/nova/nova/policy.py:199}}
May 28 09:29:55.364188 n-d-769329-12 devstack@n-api.service[107661]: INFO nova.api.openstack.requestlog [None req-0df83190-fa2c-4634-b19e-dbb915362847 tempest-DeleteServersAdminTestJSON-932197998 tempest-DeleteServersAdminTestJSON-932197998-project] 10.222.0.21 "GET /compute/v2.1/servers/ffb583ce-6dc6-4d6e-8677-b783b54093e2" status: 200 len: 1457 microversion: 2.1 time: 0.575561
May 28 09:29:55.372019 n-d-769329-12 devstack@n-api.service[107661]: [pid: 107661|app: 0|req: 171/389] 10.222.0.21 () {58 vars in 1236 bytes} [Fri May 28 09:29:54 2021] GET /compute/v2.1/servers/ffb583ce-6dc6-4d6e-8677-b783b54093e2 => generated 1457 bytes in 584 msecs (HTTP/1.1 200) 9 headers in 358 bytes (1 switches on core 0)
May 28 09:29:55.377181 n-d-769329-12 devstack@n-api.service[107661]: DEBUG nova.api.openstack.wsgi [None req-aa803698-0013-43da-9604-1ace2b043483 tempest-MigrationsAdminTest-1802564480 tempest-MigrationsAdminTest-1802564480-project] Calling method '>' {{(pid=107661) _process_stack /opt/stack/nova/nova/api/openstack/wsgi.py:513}}
May 28 09:29:55.382391 n-d-769329-12 devstack@n-api.service[107661]: DEBUG nova.compute.api [None req-aa803698-0013-43da-9604-1ace2b043483 tempest-MigrationsAdminTest-1802564480 tempest-MigrationsAdminTest-1802564480-project] [instance: a5154144-8f2b-4269-b0b9-30285c839f4b] Fetching instance by UUID {{(pid=107661) get /opt/stack/nova/nova/compute/api.py:2790}}
May 28 09:29:55.399508 n-d-769329-12 devstack@n-api.service[107661]: DEBUG oslo_concurrency.lockutils [None req-aa803698-0013-43da-9604-1ace2b043483 tempest-MigrationsAdminTest-1802564480 tempest-MigrationsAdminTest-1802564480-project] Lock "dec81204-f6fa-43d7-846b-bf417b4a0e1b" acquired by "nova.context.set_target_cell..get_or_set_cached_cell_and_set_connections" :: waited 0.000s {{(pid=107661) inner /usr/local/lib/python3.8/dist-packages/oslo_concurrency/lockutils.py:355}}
May 28 09:29:55.401956 n-d-769329-12 devstack@n-api.service[107661]: DEBUG oslo_concurrency.lockutils [None req-aa803698-0013-43da-9604-1ace2b043483 tempest-MigrationsAdminTest-1802564480 tempest-MigrationsAdminTest-1802564480-project] Lock "dec81204-f6fa-43d7-846b-bf417b4a0e1b" released by "nova.context.set_target_cell..get_or_set_cached_cell_and_set_connections" :: held 0.003s {{(pid=107661) inner /usr/local/lib/python3.8/dist-packages/oslo_concurrency/lockutils.py:367}}
May 28 09:29:55.403004 n-d-769329-12 devstack@n-api.service[107661]: DEBUG oslo_concurrency.lockutils [None req-aa803698-0013-43da-9604-1ace2b043483 tempest-MigrationsAdminTest-1802564480 tempest-MigrationsAdminTest-1802564480-project] Lock "dec81204-f6fa-43d7-846b-bf417b4a0e1b" acquired by "nova.context.set_target_cell..get_or_set_cached_cell_and_set_connections" :: waited 0.000s {{(pid=107661) inner /usr/local/lib/python3.8/dist-packages/oslo_concurrency/lockutils.py:355}}
May 28 09:29:55.405063 n-d-769329-12 devstack@n-api.service[107661]: DEBUG oslo_concurrency.lockutils [None req-aa803698-0013-43da-9604-1ace2b043483 tempest-MigrationsAdminTest-1802564480 tempest-MigrationsAdminTest-1802564480-project] Lock "dec81204-f6fa-43d7-846b-bf417b4a0e1b" released by "nova.context.set_target_cell..get_or_set_cached_cell_and_set_connections" :: held 0.001s {{(pid=107661) inner /usr/local/lib/python3.8/dist-packages/oslo_concurrency/lockutils.py:367}}
May 28 09:29:55.424121 n-d-769329-12 devstack@n-api.service[107660]: INFO nova.api.openstack.requestlog [None req-cd6a8167-2f51-4205-a456-c29fea3b5476 tempest-LiveMigrationTest-1727912739 tempest-LiveMigrationTest-1727912739-project-admin] 10.222.0.21 "GET /compute/v2.1/servers/f20bfdbe-3770-4f50-a645-7390c10382e1" status: 200 len: 1646 microversion: 2.1 time: 1.128823
May 28 09:29:55.425783 n-d-769329-12 devstack@n-api.service[107660]: [pid: 107660|app: 0|req: 219/390] 10.222.0.21 () {58 vars in 1236 bytes} [Fri May 28 09:29:54 2021] GET /compute/v2.1/servers/f20bfdbe-3770-4f50-a645-7390c10382e1 => generated 1646 bytes in 1135 msecs (HTTP/1.1 200) 9 headers in 358 bytes (1 switches on core 0)
May 28 09:29:55.430931 n-d-769329-12 devstack@n-api.service[107660]: DEBUG nova.api.openstack.wsgi [req-16e065a6-6088-46c3-9edd-9f3f5cdd4434 req-fcedc46e-810b-46d5-875d-39941d06c130 service nova] Action: 'create', calling method: >, body: {"events": [{"server_uuid": "fd53870e-0cf0-4492-ae49-4deb2bc49c8f", "name": "network-vif-plugged", "status": "completed", "tag": "0ff5f457-9ec8-4e15-ae65-5c6da48ee61f"}]} {{(pid=107660) _process_stack /opt/stack/nova/nova/api/openstack/wsgi.py:511}}
May 28 09:29:55.432837 n-d-769329-12 devstack@n-api.service[107660]: /usr/local/lib/python3.8/dist-packages/oslo_policy/policy.py:1064: UserWarning: Policy os_compute_api:os-server-external-events:create failed scope check. The token used to make the request was project scoped but the policy requires ['system'] scope. This behavior may change in the future where using the intended scope is required
May 28 09:29:55.432837 n-d-769329-12 devstack@n-api.service[107660]: warnings.warn(msg)
May 28 09:29:55.444939 n-d-769329-12 devstack@n-api.service[107660]: DEBUG oslo_concurrency.lockutils [req-16e065a6-6088-46c3-9edd-9f3f5cdd4434 req-fcedc46e-810b-46d5-875d-39941d06c130 service nova] Lock "dec81204-f6fa-43d7-846b-bf417b4a0e1b" acquired by "nova.context.set_target_cell..get_or_set_cached_cell_and_set_connections" :: waited 0.000s {{(pid=107660) inner /usr/local/lib/python3.8/dist-packages/oslo_concurrency/lockutils.py:355}}
May 28 09:29:55.445706 n-d-769329-12 devstack@n-api.service[107660]: DEBUG oslo_concurrency.lockutils [req-16e065a6-6088-46c3-9edd-9f3f5cdd4434 req-fcedc46e-810b-46d5-875d-39941d06c130 service nova] Lock "dec81204-f6fa-43d7-846b-bf417b4a0e1b" released by "nova.context.set_target_cell..get_or_set_cached_cell_and_set_connections" :: held 0.001s {{(pid=107660) inner /usr/local/lib/python3.8/dist-packages/oslo_concurrency/lockutils.py:367}}
May 28 09:29:55.478465 n-d-769329-12 devstack@n-api.service[107660]: INFO nova.api.openstack.compute.server_external_events [req-16e065a6-6088-46c3-9edd-9f3f5cdd4434 req-fcedc46e-810b-46d5-875d-39941d06c130 service nova] Creating event network-vif-plugged:0ff5f457-9ec8-4e15-ae65-5c6da48ee61f for instance fd53870e-0cf0-4492-ae49-4deb2bc49c8f on n-h2-769329-12
May 28 09:29:55.484510 n-d-769329-12 devstack@n-api.service[107660]: INFO nova.api.openstack.requestlog [req-16e065a6-6088-46c3-9edd-9f3f5cdd4434 req-fcedc46e-810b-46d5-875d-39941d06c130 service nova] 10.222.0.21 "POST /compute/v2.1/os-server-external-events" status: 200 len: 183 microversion: 2.1 time: 0.057224
May 28 09:29:55.485687 n-d-769329-12 devstack@n-api.service[107660]: [pid: 107660|app: 0|req: 220/391] 10.222.0.21 () {64 vars in 1318 bytes} [Fri May 28 09:29:55 2021] POST /compute/v2.1/os-server-external-events => generated 183 bytes in 59 msecs (HTTP/1.1 200) 9 headers in 357 bytes (1 switches on core 0)
May 28 09:29:55.491895 n-d-769329-12 devstack@n-api.service[107660]: DEBUG nova.api.openstack.wsgi [None req-c8978f9b-4ec3-4e8d-8660-d20072d03938 tempest-HostsAdminNegativeTestJSON-209300981 tempest-HostsAdminNegativeTestJSON-209300981-project-admin] Action: 'update', calling method: .version_select at 0x7fb953df4af0>, body: {"status": "enable", "maintenance_mode": "invalid"} {{(pid=107660) _process_stack /opt/stack/nova/nova/api/openstack/wsgi.py:511}}
May 28 09:29:55.493749 n-d-769329-12 devstack@n-api.service[107660]: DEBUG nova.api.openstack.wsgi [None req-c8978f9b-4ec3-4e8d-8660-d20072d03938 tempest-HostsAdminNegativeTestJSON-209300981 tempest-HostsAdminNegativeTestJSON-209300981-project-admin] Returning 400 to user: Invalid input for field/attribute maintenance_mode. Value: invalid. 'invalid' is not one of ['enable', 'disable', 'Enable', 'Disable', 'ENABLE', 'DISABLE'] {{(pid=107660) __call__ /opt/stack/nova/nova/api/openstack/wsgi.py:927}}
May 28 09:29:55.495074 n-d-769329-12 devstack@n-api.service[107660]: INFO nova.api.openstack.requestlog [None req-c8978f9b-4ec3-4e8d-8660-d20072d03938 tempest-HostsAdminNegativeTestJSON-209300981 tempest-HostsAdminNegativeTestJSON-209300981-project-admin] 10.222.0.21 "PUT /compute/v2.1/os-hosts/n-d-769329-12" status: 400 len: 199 microversion: 2.1 time: 0.008013
May 28 09:29:55.496209 n-d-769329-12 devstack@n-api.service[107660]: [pid: 107660|app: 0|req: 221/392] 10.222.0.21 () {60 vars in 1190 bytes} [Fri May 28 09:29:55 2021] PUT /compute/v2.1/os-hosts/n-d-769329-12 => generated 199 bytes in 10 msecs (HTTP/1.1 400) 9 headers in 381 bytes (1 switches on core 0)
May 28 09:29:55.502947 n-d-769329-12 devstack@n-api.service[107660]: DEBUG nova.api.openstack.wsgi [None req-d4ccb569-837b-44bf-8ec1-4dd8714abfd5 tempest-ImagesTestJSON-1714129880 tempest-ImagesTestJSON-1714129880-project] Calling method '>' {{(pid=107660) _process_stack /opt/stack/nova/nova/api/openstack/wsgi.py:513}}
May 28 09:29:55.505440 n-d-769329-12 devstack@n-api.service[107660]: DEBUG nova.compute.api [None req-d4ccb569-837b-44bf-8ec1-4dd8714abfd5 tempest-ImagesTestJSON-1714129880 tempest-ImagesTestJSON-1714129880-project] [instance: fd53870e-0cf0-4492-ae49-4deb2bc49c8f] Fetching instance by UUID {{(pid=107660) get /opt/stack/nova/nova/compute/api.py:2790}}
May 28 09:29:55.525231 n-d-769329-12 devstack@n-api.service[107660]: DEBUG oslo_concurrency.lockutils [None req-d4ccb569-837b-44bf-8ec1-4dd8714abfd5 tempest-ImagesTestJSON-1714129880 tempest-ImagesTestJSON-1714129880-project] Lock "dec81204-f6fa-43d7-846b-bf417b4a0e1b" acquired by "nova.context.set_target_cell..get_or_set_cached_cell_and_set_connections" :: waited 0.000s {{(pid=107660) inner /usr/local/lib/python3.8/dist-packages/oslo_concurrency/lockutils.py:355}}
May 28 09:29:55.525842 n-d-769329-12 devstack@n-api.service[107660]: DEBUG oslo_concurrency.lockutils [None req-d4ccb569-837b-44bf-8ec1-4dd8714abfd5 tempest-ImagesTestJSON-1714129880 tempest-ImagesTestJSON-1714129880-project] Lock "dec81204-f6fa-43d7-846b-bf417b4a0e1b" released by "nova.context.set_target_cell..get_or_set_cached_cell_and_set_connections" :: held 0.001s {{(pid=107660) inner /usr/local/lib/python3.8/dist-packages/oslo_concurrency/lockutils.py:367}}
May 28 09:29:55.528287 n-d-769329-12 devstack@n-api.service[107660]: DEBUG oslo_concurrency.lockutils [None req-d4ccb569-837b-44bf-8ec1-4dd8714abfd5 tempest-ImagesTestJSON-1714129880 tempest-ImagesTestJSON-1714129880-project] Lock "dec81204-f6fa-43d7-846b-bf417b4a0e1b" acquired by "nova.context.set_target_cell..get_or_set_cached_cell_and_set_connections" :: waited 0.000s {{(pid=107660) inner /usr/local/lib/python3.8/dist-packages/oslo_concurrency/lockutils.py:355}}
May 28 09:29:55.529173 n-d-769329-12 devstack@n-api.service[107660]: DEBUG oslo_concurrency.lockutils [None req-d4ccb569-837b-44bf-8ec1-4dd8714abfd5 tempest-ImagesTestJSON-1714129880 tempest-ImagesTestJSON-1714129880-project] Lock "dec81204-f6fa-43d7-846b-bf417b4a0e1b" released by "nova.context.set_target_cell..get_or_set_cached_cell_and_set_connections" :: held 0.002s {{(pid=107660) inner /usr/local/lib/python3.8/dist-packages/oslo_concurrency/lockutils.py:367}}
May 28 09:29:56.268440 n-d-769329-12 devstack@n-api.service[107661]: DEBUG nova.policy [None req-aa803698-0013-43da-9604-1ace2b043483 tempest-MigrationsAdminTest-1802564480 tempest-MigrationsAdminTest-1802564480-project] Policy check for os_compute_api:os-extended-server-attributes failed with credentials {'is_admin': False, 'user_id': '8cd00873438a4ff9ac889ebb7a8cd0ed', 'user_domain_id': 'default', 'system_scope': None, 'domain_id': None, 'project_id': '39bf29238b5543f4a2d3bb2bf2c77436', 'project_domain_id': 'default', 'roles': ['member', 'reader'], 'is_admin_project': True, 'service_user_id': None, 'service_user_domain_id': None, 'service_project_id': None, 'service_project_domain_id': None, 'service_roles': []} {{(pid=107661) authorize /opt/stack/nova/nova/policy.py:199}}
May 28 09:29:56.274237 n-d-769329-12 devstack@n-api.service[107660]: DEBUG nova.policy [None req-d4ccb569-837b-44bf-8ec1-4dd8714abfd5 tempest-ImagesTestJSON-1714129880 tempest-ImagesTestJSON-1714129880-project] Policy check for os_compute_api:os-extended-server-attributes failed with credentials {'is_admin': False, 'user_id': 'e32d4c74fccf4638843d94c951f6a420', 'user_domain_id': 'default', 'system_scope': None, 'domain_id': None, 'project_id': 'b08a86909e194b71a6ccef7a6bd4547e', 'project_domain_id': 'default', 'roles': ['member', 'reader'], 'is_admin_project': True, 'service_user_id': None, 'service_user_domain_id': None, 'service_project_id': None, 'service_project_domain_id': None, 'service_roles': []} {{(pid=107660) authorize /opt/stack/nova/nova/policy.py:199}}
May 28 09:29:56.280617 n-d-769329-12 devstack@n-api.service[107661]: INFO nova.api.openstack.requestlog [None req-aa803698-0013-43da-9604-1ace2b043483 tempest-MigrationsAdminTest-1802564480 tempest-MigrationsAdminTest-1802564480-project] 10.222.0.21 "GET /compute/v2.1/servers/a5154144-8f2b-4269-b0b9-30285c839f4b" status: 200 len: 1477 microversion: 2.1 time: 0.906688
May 28 09:29:56.282951 n-d-769329-12 devstack@n-api.service[107661]: [pid: 107661|app: 0|req: 172/393] 10.222.0.21 () {58 vars in 1236 bytes} [Fri May 28 09:29:55 2021] GET /compute/v2.1/servers/a5154144-8f2b-4269-b0b9-30285c839f4b => generated 1477 bytes in 910 msecs (HTTP/1.1 200) 9 headers in 358 bytes (1 switches on core 0)
May 28 09:29:56.285505 n-d-769329-12 devstack@n-api.service[107660]: INFO nova.api.openstack.requestlog [None req-d4ccb569-837b-44bf-8ec1-4dd8714abfd5 tempest-ImagesTestJSON-1714129880 tempest-ImagesTestJSON-1714129880-project] 10.222.0.21 "GET /compute/v2.1/servers/fd53870e-0cf0-4492-ae49-4deb2bc49c8f" status: 200 len: 1308 microversion: 2.1 time: 0.787556
May 28 09:29:56.286570 n-d-769329-12 devstack@n-api.service[107660]: [pid: 107660|app: 0|req: 222/394] 10.222.0.21 () {58 vars in 1236 bytes} [Fri May 28 09:29:55 2021] GET /compute/v2.1/servers/fd53870e-0cf0-4492-ae49-4deb2bc49c8f => generated 1308 bytes in 790 msecs (HTTP/1.1 200) 9 headers in 358 bytes (1 switches on core 0)
May 28 09:29:56.289526 n-d-769329-12 devstack@n-api.service[107661]: DEBUG nova.api.openstack.wsgi [None req-b58e81b9-8550-4635-9dcf-2a5d67099792 tempest-LiveMigrationTest-1727912739 tempest-LiveMigrationTest-1727912739-project-admin] Calling method '>' {{(pid=107661) _process_stack /opt/stack/nova/nova/api/openstack/wsgi.py:513}}
May 28 09:29:56.290149 n-d-769329-12 devstack@n-api.service[107661]: DEBUG nova.compute.api [None req-b58e81b9-8550-4635-9dcf-2a5d67099792 tempest-LiveMigrationTest-1727912739 tempest-LiveMigrationTest-1727912739-project-admin] [instance: f20bfdbe-3770-4f50-a645-7390c10382e1] Fetching instance by UUID {{(pid=107661) get /opt/stack/nova/nova/compute/api.py:2790}}
May 28 09:29:56.291672 n-d-769329-12 devstack@n-api.service[107660]: DEBUG nova.api.openstack.wsgi [None req-2f24fbc9-889b-47c7-86fb-589eada7756c tempest-HostsAdminNegativeTestJSON-209300981 tempest-HostsAdminNegativeTestJSON-209300981-project-admin] Action: 'update', calling method: .version_select at 0x7fb953df4af0>, body: {"status": "invalid", "maintenance_mode": "enable"} {{(pid=107660) _process_stack /opt/stack/nova/nova/api/openstack/wsgi.py:511}}
May 28 09:29:56.292986 n-d-769329-12 devstack@n-api.service[107660]: DEBUG nova.api.openstack.wsgi [None req-2f24fbc9-889b-47c7-86fb-589eada7756c tempest-HostsAdminNegativeTestJSON-209300981 tempest-HostsAdminNegativeTestJSON-209300981-project-admin] Returning 400 to user: Invalid input for field/attribute status. Value: invalid. 'invalid' is not one of ['enable', 'disable', 'Enable', 'Disable', 'ENABLE', 'DISABLE'] {{(pid=107660) __call__ /opt/stack/nova/nova/api/openstack/wsgi.py:927}}
May 28 09:29:56.293940 n-d-769329-12 devstack@n-api.service[107660]: INFO nova.api.openstack.requestlog [None req-2f24fbc9-889b-47c7-86fb-589eada7756c tempest-HostsAdminNegativeTestJSON-209300981 tempest-HostsAdminNegativeTestJSON-209300981-project-admin] 10.222.0.21 "PUT /compute/v2.1/os-hosts/n-d-769329-12" status: 400 len: 189 microversion: 2.1 time: 0.006203
May 28 09:29:56.294875 n-d-769329-12 devstack@n-api.service[107660]: [pid: 107660|app: 0|req: 223/395] 10.222.0.21 () {60 vars in 1190 bytes} [Fri May 28 09:29:56 2021] PUT /compute/v2.1/os-hosts/n-d-769329-12 => generated 189 bytes in 8 msecs (HTTP/1.1 400) 9 headers in 381 bytes (1 switches on core 0)
May 28 09:29:56.299797 n-d-769329-12 devstack@n-api.service[107660]: DEBUG nova.api.openstack.wsgi [None req-7d1c1c29-ea61-4253-855d-de70df2aec5e tempest-LiveMigrationNegativeTest-1514998907 tempest-LiveMigrationNegativeTest-1514998907-project] Calling method '>' {{(pid=107660) _process_stack /opt/stack/nova/nova/api/openstack/wsgi.py:513}}
May 28 09:29:56.301141 n-d-769329-12 devstack@n-api.service[107660]: DEBUG nova.compute.api [None req-7d1c1c29-ea61-4253-855d-de70df2aec5e tempest-LiveMigrationNegativeTest-1514998907 tempest-LiveMigrationNegativeTest-1514998907-project] [instance: e36a1535-0435-45fb-8aa0-58c13b2e2140] Fetching instance by UUID {{(pid=107660) get /opt/stack/nova/nova/compute/api.py:2790}}
May 28 09:29:56.309989 n-d-769329-12 devstack@n-api.service[107660]: DEBUG oslo_concurrency.lockutils [None req-7d1c1c29-ea61-4253-855d-de70df2aec5e tempest-LiveMigrationNegativeTest-1514998907 tempest-LiveMigrationNegativeTest-1514998907-project] Lock "dec81204-f6fa-43d7-846b-bf417b4a0e1b" acquired by "nova.context.set_target_cell..get_or_set_cached_cell_and_set_connections" :: waited 0.000s {{(pid=107660) inner /usr/local/lib/python3.8/dist-packages/oslo_concurrency/lockutils.py:355}}
May 28 09:29:56.310684 n-d-769329-12 devstack@n-api.service[107660]: DEBUG oslo_concurrency.lockutils [None req-7d1c1c29-ea61-4253-855d-de70df2aec5e tempest-LiveMigrationNegativeTest-1514998907 tempest-LiveMigrationNegativeTest-1514998907-project] Lock "dec81204-f6fa-43d7-846b-bf417b4a0e1b" released by "nova.context.set_target_cell..get_or_set_cached_cell_and_set_connections" :: held 0.001s {{(pid=107660) inner /usr/local/lib/python3.8/dist-packages/oslo_concurrency/lockutils.py:367}}
May 28 09:29:56.312392 n-d-769329-12 devstack@n-api.service[107660]: DEBUG oslo_concurrency.lockutils [None req-7d1c1c29-ea61-4253-855d-de70df2aec5e tempest-LiveMigrationNegativeTest-1514998907 tempest-LiveMigrationNegativeTest-1514998907-project] Lock "dec81204-f6fa-43d7-846b-bf417b4a0e1b" acquired by "nova.context.set_target_cell..get_or_set_cached_cell_and_set_connections" :: waited 0.001s {{(pid=107660) inner /usr/local/lib/python3.8/dist-packages/oslo_concurrency/lockutils.py:355}}
May 28 09:29:56.313022 n-d-769329-12 devstack@n-api.service[107660]: DEBUG oslo_concurrency.lockutils [None req-7d1c1c29-ea61-4253-855d-de70df2aec5e tempest-LiveMigrationNegativeTest-1514998907 tempest-LiveMigrationNegativeTest-1514998907-project] Lock "dec81204-f6fa-43d7-846b-bf417b4a0e1b" released by "nova.context.set_target_cell..get_or_set_cached_cell_and_set_connections" :: held 0.001s {{(pid=107660) inner /usr/local/lib/python3.8/dist-packages/oslo_concurrency/lockutils.py:367}}
May 28 09:29:56.316529 n-d-769329-12 devstack@n-api.service[107661]: DEBUG oslo_concurrency.lockutils [None req-b58e81b9-8550-4635-9dcf-2a5d67099792 tempest-LiveMigrationTest-1727912739 tempest-LiveMigrationTest-1727912739-project-admin] Lock "dec81204-f6fa-43d7-846b-bf417b4a0e1b" acquired by "nova.context.set_target_cell..get_or_set_cached_cell_and_set_connections" :: waited 0.000s {{(pid=107661) inner /usr/local/lib/python3.8/dist-packages/oslo_concurrency/lockutils.py:355}}
May 28 09:29:56.316990 n-d-769329-12 devstack@n-api.service[107661]: DEBUG oslo_concurrency.lockutils [None req-b58e81b9-8550-4635-9dcf-2a5d67099792 tempest-LiveMigrationTest-1727912739 tempest-LiveMigrationTest-1727912739-project-admin] Lock "dec81204-f6fa-43d7-846b-bf417b4a0e1b" released by "nova.context.set_target_cell..get_or_set_cached_cell_and_set_connections" :: held 0.001s {{(pid=107661) inner /usr/local/lib/python3.8/dist-packages/oslo_concurrency/lockutils.py:367}}
May 28 09:29:56.317785 n-d-769329-12 devstack@n-api.service[107661]: DEBUG oslo_concurrency.lockutils [None req-b58e81b9-8550-4635-9dcf-2a5d67099792 tempest-LiveMigrationTest-1727912739 tempest-LiveMigrationTest-1727912739-project-admin] Lock "dec81204-f6fa-43d7-846b-bf417b4a0e1b" acquired by "nova.context.set_target_cell..get_or_set_cached_cell_and_set_connections" :: waited 0.000s {{(pid=107661) inner /usr/local/lib/python3.8/dist-packages/oslo_concurrency/lockutils.py:355}}
May 28 09:29:56.318229 n-d-769329-12 devstack@n-api.service[107661]: DEBUG oslo_concurrency.lockutils [None req-b58e81b9-8550-4635-9dcf-2a5d67099792 tempest-LiveMigrationTest-1727912739 tempest-LiveMigrationTest-1727912739-project-admin] Lock "dec81204-f6fa-43d7-846b-bf417b4a0e1b" released by "nova.context.set_target_cell..get_or_set_cached_cell_and_set_connections" :: held 0.000s {{(pid=107661) inner /usr/local/lib/python3.8/dist-packages/oslo_concurrency/lockutils.py:367}}
May 28 09:29:56.723646 n-d-769329-12 devstack@n-api.service[107660]: DEBUG nova.policy [None req-7d1c1c29-ea61-4253-855d-de70df2aec5e tempest-LiveMigrationNegativeTest-1514998907 tempest-LiveMigrationNegativeTest-1514998907-project] Policy check for os_compute_api:os-extended-server-attributes failed with credentials {'is_admin': False, 'user_id': '2ebfab6b28804b1a995e8d1015d6a7bd', 'user_domain_id': 'default', 'system_scope': None, 'domain_id': None, 'project_id': 'a8901a19d64743229e2c240c37fd9bfc', 'project_domain_id': 'default', 'roles': ['member', 'reader'], 'is_admin_project': True, 'service_user_id': None, 'service_user_domain_id': None, 'service_project_id': None, 'service_project_domain_id': None, 'service_roles': []} {{(pid=107660) authorize /opt/stack/nova/nova/policy.py:199}}
May 28 09:29:56.734730 n-d-769329-12 devstack@n-api.service[107660]: INFO nova.api.openstack.requestlog [None req-7d1c1c29-ea61-4253-855d-de70df2aec5e tempest-LiveMigrationNegativeTest-1514998907 tempest-LiveMigrationNegativeTest-1514998907-project] 10.222.0.21 "GET /compute/v2.1/servers/e36a1535-0435-45fb-8aa0-58c13b2e2140" status: 200 len: 1318 microversion: 2.1 time: 0.438487
May 28 09:29:56.735310 n-d-769329-12 devstack@n-api.service[107660]: [pid: 107660|app: 0|req: 224/396] 10.222.0.21 () {58 vars in 1236 bytes} [Fri May 28 09:29:56 2021] GET /compute/v2.1/servers/e36a1535-0435-45fb-8aa0-58c13b2e2140 => generated 1318 bytes in 440 msecs (HTTP/1.1 200) 9 headers in 358 bytes (1 switches on core 0)
May 28 09:29:56.759441 n-d-769329-12 devstack@n-api.service[107660]: DEBUG nova.api.openstack.wsgi [req-2dfbd234-a782-4e83-90ae-a02c8f0a3003 req-94acb9e1-4316-4529-a5f4-d1b8d77df4e4 service nova] Action: 'create', calling method: >, body: {"events": [{"server_uuid": "ffb583ce-6dc6-4d6e-8677-b783b54093e2", "name": "network-vif-deleted", "tag": "ddf9954c-95d3-44c4-aa02-99f4d77516b1"}]} {{(pid=107660) _process_stack /opt/stack/nova/nova/api/openstack/wsgi.py:511}}
May 28 09:29:56.760967 n-d-769329-12 devstack@n-api.service[107660]: /usr/local/lib/python3.8/dist-packages/oslo_policy/policy.py:1064: UserWarning: Policy os_compute_api:os-server-external-events:create failed scope check. The token used to make the request was project scoped but the policy requires ['system'] scope. This behavior may change in the future where using the intended scope is required
May 28 09:29:56.760967 n-d-769329-12 devstack@n-api.service[107660]: warnings.warn(msg)
May 28 09:29:56.796376 n-d-769329-12 devstack@n-api.service[107660]: DEBUG oslo_concurrency.lockutils [req-2dfbd234-a782-4e83-90ae-a02c8f0a3003 req-94acb9e1-4316-4529-a5f4-d1b8d77df4e4 service nova] Lock "dec81204-f6fa-43d7-846b-bf417b4a0e1b" acquired by "nova.context.set_target_cell..get_or_set_cached_cell_and_set_connections" :: waited 0.000s {{(pid=107660) inner /usr/local/lib/python3.8/dist-packages/oslo_concurrency/lockutils.py:355}}
May 28 09:29:56.801382 n-d-769329-12 devstack@n-api.service[107660]: DEBUG oslo_concurrency.lockutils [req-2dfbd234-a782-4e83-90ae-a02c8f0a3003 req-94acb9e1-4316-4529-a5f4-d1b8d77df4e4 service nova] Lock "dec81204-f6fa-43d7-846b-bf417b4a0e1b" released by "nova.context.set_target_cell..get_or_set_cached_cell_and_set_connections" :: held 0.004s {{(pid=107660) inner /usr/local/lib/python3.8/dist-packages/oslo_concurrency/lockutils.py:367}}
May 28 09:29:56.832097 n-d-769329-12 devstack@n-api.service[107660]: INFO nova.api.openstack.compute.server_external_events [req-2dfbd234-a782-4e83-90ae-a02c8f0a3003 req-94acb9e1-4316-4529-a5f4-d1b8d77df4e4 service nova] Creating event network-vif-deleted:ddf9954c-95d3-44c4-aa02-99f4d77516b1 for instance ffb583ce-6dc6-4d6e-8677-b783b54093e2 on n-h1-769329-12
May 28 09:29:56.846521 n-d-769329-12 devstack@n-api.service[107660]: INFO nova.api.openstack.requestlog [req-2dfbd234-a782-4e83-90ae-a02c8f0a3003 req-94acb9e1-4316-4529-a5f4-d1b8d77df4e4 service nova] 10.222.0.21 "POST /compute/v2.1/os-server-external-events" status: 200 len: 183 microversion: 2.1 time: 0.090591
May 28 09:29:56.849496 n-d-769329-12 devstack@n-api.service[107660]: [pid: 107660|app: 0|req: 225/397] 10.222.0.21 () {64 vars in 1318 bytes} [Fri May 28 09:29:56 2021] POST /compute/v2.1/os-server-external-events => generated 183 bytes in 113 msecs (HTTP/1.1 200) 9 headers in 357 bytes (1 switches on core 0)
May 28 09:29:56.858155 n-d-769329-12 devstack@n-api.service[107660]: DEBUG nova.api.openstack.wsgi [None req-d4df685b-f672-4584-8cc2-d2353eed5b13 tempest-HostsAdminNegativeTestJSON-978448282 tempest-HostsAdminNegativeTestJSON-978448282-project] Action: 'update', calling method: .version_select at 0x7fb953e95c10>, body: {"status": "enable", "maintenance_mode": "enable"} {{(pid=107660) _process_stack /opt/stack/nova/nova/api/openstack/wsgi.py:511}}
May 28 09:29:56.861417 n-d-769329-12 devstack@n-api.service[107660]: /usr/local/lib/python3.8/dist-packages/oslo_policy/policy.py:1064: UserWarning: Policy os_compute_api:os-hosts:update failed scope check. The token used to make the request was project scoped but the policy requires ['system'] scope. This behavior may change in the future where using the intended scope is required
May 28 09:29:56.861417 n-d-769329-12 devstack@n-api.service[107660]: warnings.warn(msg)
May 28 09:29:56.874797 n-d-769329-12 devstack@n-api.service[107660]: DEBUG nova.policy [None req-d4df685b-f672-4584-8cc2-d2353eed5b13 tempest-HostsAdminNegativeTestJSON-978448282 tempest-HostsAdminNegativeTestJSON-978448282-project] Policy check for os_compute_api:os-hosts:update failed with credentials {'is_admin': False, 'user_id': 'c5138e88cb7044ed8b88a4cc9ced0ee3', 'user_domain_id': 'default', 'system_scope': None, 'domain_id': None, 'project_id': '22341a864ef14753858d0ddf0e57bed2', 'project_domain_id': 'default', 'roles': ['member', 'reader'], 'is_admin_project': True, 'service_user_id': None, 'service_user_domain_id': None, 'service_project_id': None, 'service_project_domain_id': None, 'service_roles': []} {{(pid=107660) authorize /opt/stack/nova/nova/policy.py:199}}
May 28 09:29:56.879914 n-d-769329-12 devstack@n-api.service[107661]: INFO nova.api.openstack.requestlog [None req-b58e81b9-8550-4635-9dcf-2a5d67099792 tempest-LiveMigrationTest-1727912739 tempest-LiveMigrationTest-1727912739-project-admin] 10.222.0.21 "GET /compute/v2.1/servers/f20bfdbe-3770-4f50-a645-7390c10382e1" status: 200 len: 1646 microversion: 2.1 time: 0.595557
May 28 09:29:56.881618 n-d-769329-12 devstack@n-api.service[107660]: DEBUG nova.api.openstack.wsgi [None req-d4df685b-f672-4584-8cc2-d2353eed5b13 tempest-HostsAdminNegativeTestJSON-978448282 tempest-HostsAdminNegativeTestJSON-978448282-project] Returning 403 to user: Policy doesn't allow os_compute_api:os-hosts:update to be performed. {{(pid=107660) __call__ /opt/stack/nova/nova/api/openstack/wsgi.py:927}}
May 28 09:29:56.883218 n-d-769329-12 devstack@n-api.service[107661]: [pid: 107661|app: 0|req: 173/398] 10.222.0.21 () {58 vars in 1236 bytes} [Fri May 28 09:29:56 2021] GET /compute/v2.1/servers/f20bfdbe-3770-4f50-a645-7390c10382e1 => generated 1646 bytes in 600 msecs (HTTP/1.1 200) 9 headers in 358 bytes (1 switches on core 0)
May 28 09:29:56.884037 n-d-769329-12 devstack@n-api.service[107660]: INFO nova.api.openstack.requestlog [None req-d4df685b-f672-4584-8cc2-d2353eed5b13 tempest-HostsAdminNegativeTestJSON-978448282 tempest-HostsAdminNegativeTestJSON-978448282-project] 10.222.0.21 "PUT /compute/v2.1/os-hosts/n-d-769329-12" status: 403 len: 111 microversion: 2.1 time: 0.031758
May 28 09:29:56.884755 n-d-769329-12 devstack@n-api.service[107660]: [pid: 107660|app: 0|req: 226/399] 10.222.0.21 () {60 vars in 1190 bytes} [Fri May 28 09:29:56 2021] PUT /compute/v2.1/os-hosts/n-d-769329-12 => generated 111 bytes in 35 msecs (HTTP/1.1 403) 9 headers in 379 bytes (1 switches on core 0)
May 28 09:29:56.891911 n-d-769329-12 devstack@n-api.service[107661]: DEBUG nova.api.openstack.wsgi [None req-c05df7e7-e8e9-4ae7-84dc-ad7d0ad0dda2 tempest-DeleteServersAdminTestJSON-932197998 tempest-DeleteServersAdminTestJSON-932197998-project] Calling method '>' {{(pid=107661) _process_stack /opt/stack/nova/nova/api/openstack/wsgi.py:513}}
May 28 09:29:56.897870 n-d-769329-12 devstack@n-api.service[107660]: DEBUG nova.api.openstack.wsgi [None req-7b55f958-7abe-4acc-8408-f0c2c6f8a633 tempest-HostsAdminNegativeTestJSON-209300981 tempest-HostsAdminNegativeTestJSON-209300981-project-admin] Action: 'update', calling method: .version_select at 0x7fb953df4040>, body: {"status": null, "maintenance_mode": null} {{(pid=107660) _process_stack /opt/stack/nova/nova/api/openstack/wsgi.py:511}}
May 28 09:29:56.898798 n-d-769329-12 devstack@n-api.service[107661]: DEBUG nova.compute.api [None req-c05df7e7-e8e9-4ae7-84dc-ad7d0ad0dda2 tempest-DeleteServersAdminTestJSON-932197998 tempest-DeleteServersAdminTestJSON-932197998-project] [instance: ffb583ce-6dc6-4d6e-8677-b783b54093e2] Fetching instance by UUID {{(pid=107661) get /opt/stack/nova/nova/compute/api.py:2790}}
May 28 09:29:56.902476 n-d-769329-12 devstack@n-api.service[107660]: DEBUG nova.api.openstack.wsgi [None req-7b55f958-7abe-4acc-8408-f0c2c6f8a633 tempest-HostsAdminNegativeTestJSON-209300981 tempest-HostsAdminNegativeTestJSON-209300981-project-admin] Returning 400 to user: Invalid input for field/attribute status. Value: None. None is not of type 'string' {{(pid=107660) __call__ /opt/stack/nova/nova/api/openstack/wsgi.py:927}}
May 28 09:29:56.903366 n-d-769329-12 devstack@n-api.service[107660]: INFO nova.api.openstack.requestlog [None req-7b55f958-7abe-4acc-8408-f0c2c6f8a633 tempest-HostsAdminNegativeTestJSON-209300981 tempest-HostsAdminNegativeTestJSON-209300981-project-admin] 10.222.0.21 "PUT /compute/v2.1/os-hosts/n-d-769329-12" status: 400 len: 127 microversion: 2.1 time: 0.010254
May 28 09:29:56.904029 n-d-769329-12 devstack@n-api.service[107660]: [pid: 107660|app: 0|req: 227/400] 10.222.0.21 () {60 vars in 1190 bytes} [Fri May 28 09:29:56 2021] PUT /compute/v2.1/os-hosts/n-d-769329-12 => generated 127 bytes in 11 msecs (HTTP/1.1 400) 9 headers in 381 bytes (1 switches on core 0)
May 28 09:29:56.913379 n-d-769329-12 devstack@n-api.service[107660]: DEBUG nova.api.openstack.wsgi [None req-455992d6-bcd6-4067-87bd-739aec4d1359 tempest-LiveMigrationTest-1727912739 tempest-LiveMigrationTest-1727912739-project-admin] Calling method '>' {{(pid=107660) _process_stack /opt/stack/nova/nova/api/openstack/wsgi.py:513}}
May 28 09:29:56.917398 n-d-769329-12 devstack@n-api.service[107661]: DEBUG oslo_concurrency.lockutils [None req-c05df7e7-e8e9-4ae7-84dc-ad7d0ad0dda2 tempest-DeleteServersAdminTestJSON-932197998 tempest-DeleteServersAdminTestJSON-932197998-project] Lock "dec81204-f6fa-43d7-846b-bf417b4a0e1b" acquired by "nova.context.set_target_cell..get_or_set_cached_cell_and_set_connections" :: waited 0.000s {{(pid=107661) inner /usr/local/lib/python3.8/dist-packages/oslo_concurrency/lockutils.py:355}}
May 28 09:29:56.917846 n-d-769329-12 devstack@n-api.service[107661]: DEBUG oslo_concurrency.lockutils [None req-c05df7e7-e8e9-4ae7-84dc-ad7d0ad0dda2 tempest-DeleteServersAdminTestJSON-932197998 tempest-DeleteServersAdminTestJSON-932197998-project] Lock "dec81204-f6fa-43d7-846b-bf417b4a0e1b" released by "nova.context.set_target_cell..get_or_set_cached_cell_and_set_connections" :: held 0.001s {{(pid=107661) inner /usr/local/lib/python3.8/dist-packages/oslo_concurrency/lockutils.py:367}}
May 28 09:29:56.918676 n-d-769329-12 devstack@n-api.service[107661]: DEBUG oslo_concurrency.lockutils [None req-c05df7e7-e8e9-4ae7-84dc-ad7d0ad0dda2 tempest-DeleteServersAdminTestJSON-932197998 tempest-DeleteServersAdminTestJSON-932197998-project] Lock "dec81204-f6fa-43d7-846b-bf417b4a0e1b" acquired by "nova.context.set_target_cell..get_or_set_cached_cell_and_set_connections" :: waited 0.000s {{(pid=107661) inner /usr/local/lib/python3.8/dist-packages/oslo_concurrency/lockutils.py:355}}
May 28 09:29:56.919117 n-d-769329-12 devstack@n-api.service[107661]: DEBUG oslo_concurrency.lockutils [None req-c05df7e7-e8e9-4ae7-84dc-ad7d0ad0dda2 tempest-DeleteServersAdminTestJSON-932197998 tempest-DeleteServersAdminTestJSON-932197998-project] Lock "dec81204-f6fa-43d7-846b-bf417b4a0e1b" released by "nova.context.set_target_cell..get_or_set_cached_cell_and_set_connections" :: held 0.000s {{(pid=107661) inner /usr/local/lib/python3.8/dist-packages/oslo_concurrency/lockutils.py:367}}
May 28 09:29:56.928612 n-d-769329-12 devstack@n-api.service[107660]: /usr/local/lib/python3.8/dist-packages/oslo_policy/policy.py:1064: UserWarning: Policy os_compute_api:os-services:list failed scope check. The token used to make the request was project scoped but the policy requires ['system'] scope. This behavior may change in the future where using the intended scope is required
May 28 09:29:56.928612 n-d-769329-12 devstack@n-api.service[107660]: warnings.warn(msg)
May 28 09:29:56.930707 n-d-769329-12 devstack@n-api.service[107660]: DEBUG oslo_concurrency.lockutils [None req-455992d6-bcd6-4067-87bd-739aec4d1359 tempest-LiveMigrationTest-1727912739 tempest-LiveMigrationTest-1727912739-project-admin] Lock "00000000-0000-0000-0000-000000000000" acquired by "nova.context.set_target_cell..get_or_set_cached_cell_and_set_connections" :: waited 0.000s {{(pid=107660) inner /usr/local/lib/python3.8/dist-packages/oslo_concurrency/lockutils.py:355}}
May 28 09:29:56.931180 n-d-769329-12 devstack@n-api.service[107660]: DEBUG oslo_concurrency.lockutils [None req-455992d6-bcd6-4067-87bd-739aec4d1359 tempest-LiveMigrationTest-1727912739 tempest-LiveMigrationTest-1727912739-project-admin] Lock "00000000-0000-0000-0000-000000000000" released by "nova.context.set_target_cell..get_or_set_cached_cell_and_set_connections" :: held 0.001s {{(pid=107660) inner /usr/local/lib/python3.8/dist-packages/oslo_concurrency/lockutils.py:367}}
May 28 09:29:56.932002 n-d-769329-12 devstack@n-api.service[107660]: DEBUG oslo_concurrency.lockutils [None req-455992d6-bcd6-4067-87bd-739aec4d1359 tempest-LiveMigrationTest-1727912739 tempest-LiveMigrationTest-1727912739-project-admin] Lock "dec81204-f6fa-43d7-846b-bf417b4a0e1b" acquired by "nova.context.set_target_cell..get_or_set_cached_cell_and_set_connections" :: waited 0.000s {{(pid=107660) inner /usr/local/lib/python3.8/dist-packages/oslo_concurrency/lockutils.py:355}}
May 28 09:29:56.932456 n-d-769329-12 devstack@n-api.service[107660]: DEBUG oslo_concurrency.lockutils [None req-455992d6-bcd6-4067-87bd-739aec4d1359 tempest-LiveMigrationTest-1727912739 tempest-LiveMigrationTest-1727912739-project-admin] Lock "dec81204-f6fa-43d7-846b-bf417b4a0e1b" released by "nova.context.set_target_cell..get_or_set_cached_cell_and_set_connections" :: held 0.000s {{(pid=107660) inner /usr/local/lib/python3.8/dist-packages/oslo_concurrency/lockutils.py:367}}
May 28 09:29:56.975594 n-d-769329-12 devstack@n-api.service[107660]: INFO nova.api.openstack.requestlog [None req-455992d6-bcd6-4067-87bd-739aec4d1359 tempest-LiveMigrationTest-1727912739 tempest-LiveMigrationTest-1727912739-project-admin] 10.222.0.21 "GET /compute/v2.1/os-services?binary=nova-compute" status: 200 len: 382 microversion: 2.1 time: 0.070274
May 28 09:29:56.976703 n-d-769329-12 devstack@n-api.service[107660]: [pid: 107660|app: 0|req: 228/401] 10.222.0.21 () {58 vars in 1176 bytes} [Fri May 28 09:29:56 2021] GET /compute/v2.1/os-services?binary=nova-compute => generated 382 bytes in 72 msecs (HTTP/1.1 200) 9 headers in 357 bytes (1 switches on core 0)
May 28 09:29:56.981228 n-d-769329-12 devstack@n-api.service[107660]: DEBUG nova.api.openstack.wsgi [None req-06e3658d-1498-4f08-b034-8fbe97032752 tempest-HostsAdminNegativeTestJSON-209300981 tempest-HostsAdminNegativeTestJSON-209300981-project-admin] Action: 'update', calling method: .version_select at 0x7fb953e95940>, body: {"status": "enable", "maintenance_mode": "enable"} {{(pid=107660) _process_stack /opt/stack/nova/nova/api/openstack/wsgi.py:511}}
May 28 09:29:56.982713 n-d-769329-12 devstack@n-api.service[107660]: /usr/local/lib/python3.8/dist-packages/oslo_policy/policy.py:1064: UserWarning: Policy os_compute_api:os-hosts:update failed scope check. The token used to make the request was project scoped but the policy requires ['system'] scope. This behavior may change in the future where using the intended scope is required
May 28 09:29:56.982713 n-d-769329-12 devstack@n-api.service[107660]: warnings.warn(msg)
May 28 09:29:56.984040 n-d-769329-12 devstack@n-api.service[107660]: INFO nova.api.openstack.compute.hosts [None req-06e3658d-1498-4f08-b034-8fbe97032752 tempest-HostsAdminNegativeTestJSON-209300981 tempest-HostsAdminNegativeTestJSON-209300981-project-admin] Enabling host nonexistent_hostname.
May 28 09:29:56.993492 n-d-769329-12 devstack@n-api.service[107660]: INFO nova.api.openstack.wsgi [None req-06e3658d-1498-4f08-b034-8fbe97032752 tempest-HostsAdminNegativeTestJSON-209300981 tempest-HostsAdminNegativeTestJSON-209300981-project-admin] HTTP exception thrown: Host 'nonexistent_hostname' is not mapped to any cell
May 28 09:29:56.994337 n-d-769329-12 devstack@n-api.service[107660]: DEBUG nova.api.openstack.wsgi [None req-06e3658d-1498-4f08-b034-8fbe97032752 tempest-HostsAdminNegativeTestJSON-209300981 tempest-HostsAdminNegativeTestJSON-209300981-project-admin] Returning 404 to user: Host 'nonexistent_hostname' is not mapped to any cell {{(pid=107660) __call__ /opt/stack/nova/nova/api/openstack/wsgi.py:927}}
May 28 09:29:56.995396 n-d-769329-12 devstack@n-api.service[107660]: INFO nova.api.openstack.requestlog [None req-06e3658d-1498-4f08-b034-8fbe97032752 tempest-HostsAdminNegativeTestJSON-209300981 tempest-HostsAdminNegativeTestJSON-209300981-project-admin] 10.222.0.21 "PUT /compute/v2.1/os-hosts/nonexistent_hostname" status: 404 len: 99 microversion: 2.1 time: 0.017619
May 28 09:29:56.996437 n-d-769329-12 devstack@n-api.service[107660]: [pid: 107660|app: 0|req: 229/402] 10.222.0.21 () {60 vars in 1211 bytes} [Fri May 28 09:29:56 2021] PUT /compute/v2.1/os-hosts/nonexistent_hostname => generated 99 bytes in 19 msecs (HTTP/1.1 404) 9 headers in 378 bytes (1 switches on core 0)
May 28 09:29:57.001050 n-d-769329-12 devstack@n-api.service[107660]: DEBUG nova.api.openstack.wsgi [None req-a0be1480-0ea6-47fd-b09e-8f642ea4b7a4 tempest-LiveMigrationTest-1727912739 tempest-LiveMigrationTest-1727912739-project-admin] Action: 'action', calling method: >, body: {"os-migrateLive": {"host": "n-h2-769329-12", "block_migration": true, "disk_over_commit": false}} {{(pid=107660) _process_stack /opt/stack/nova/nova/api/openstack/wsgi.py:511}}
May 28 09:29:57.002693 n-d-769329-12 devstack@n-api.service[107660]: DEBUG nova.compute.api [None req-a0be1480-0ea6-47fd-b09e-8f642ea4b7a4 tempest-LiveMigrationTest-1727912739 tempest-LiveMigrationTest-1727912739-project-admin] [instance: f20bfdbe-3770-4f50-a645-7390c10382e1] Fetching instance by UUID {{(pid=107660) get /opt/stack/nova/nova/compute/api.py:2790}}
May 28 09:29:57.013457 n-d-769329-12 devstack@n-api.service[107660]: DEBUG oslo_concurrency.lockutils [None req-a0be1480-0ea6-47fd-b09e-8f642ea4b7a4 tempest-LiveMigrationTest-1727912739 tempest-LiveMigrationTest-1727912739-project-admin] Lock "dec81204-f6fa-43d7-846b-bf417b4a0e1b" acquired by "nova.context.set_target_cell..get_or_set_cached_cell_and_set_connections" :: waited 0.000s {{(pid=107660) inner /usr/local/lib/python3.8/dist-packages/oslo_concurrency/lockutils.py:355}}
May 28 09:29:57.014238 n-d-769329-12 devstack@n-api.service[107660]: DEBUG oslo_concurrency.lockutils [None req-a0be1480-0ea6-47fd-b09e-8f642ea4b7a4 tempest-LiveMigrationTest-1727912739 tempest-LiveMigrationTest-1727912739-project-admin] Lock "dec81204-f6fa-43d7-846b-bf417b4a0e1b" released by "nova.context.set_target_cell..get_or_set_cached_cell_and_set_connections" :: held 0.001s {{(pid=107660) inner /usr/local/lib/python3.8/dist-packages/oslo_concurrency/lockutils.py:367}}
May 28 09:29:57.015449 n-d-769329-12 devstack@n-api.service[107660]: DEBUG oslo_concurrency.lockutils [None req-a0be1480-0ea6-47fd-b09e-8f642ea4b7a4 tempest-LiveMigrationTest-1727912739 tempest-LiveMigrationTest-1727912739-project-admin] Lock "dec81204-f6fa-43d7-846b-bf417b4a0e1b" acquired by "nova.context.set_target_cell..get_or_set_cached_cell_and_set_connections" :: waited 0.000s {{(pid=107660) inner /usr/local/lib/python3.8/dist-packages/oslo_concurrency/lockutils.py:355}}
May 28 09:29:57.016071 n-d-769329-12 devstack@n-api.service[107660]: DEBUG oslo_concurrency.lockutils [None req-a0be1480-0ea6-47fd-b09e-8f642ea4b7a4 tempest-LiveMigrationTest-1727912739 tempest-LiveMigrationTest-1727912739-project-admin] Lock "dec81204-f6fa-43d7-846b-bf417b4a0e1b" released by "nova.context.set_target_cell..get_or_set_cached_cell_and_set_connections" :: held 0.001s {{(pid=107660) inner /usr/local/lib/python3.8/dist-packages/oslo_concurrency/lockutils.py:367}}
May 28 09:29:57.026650 n-d-769329-12 devstack@n-api.service[107661]: INFO nova.api.openstack.wsgi [None req-c05df7e7-e8e9-4ae7-84dc-ad7d0ad0dda2 tempest-DeleteServersAdminTestJSON-932197998 tempest-DeleteServersAdminTestJSON-932197998-project] HTTP exception thrown: Instance ffb583ce-6dc6-4d6e-8677-b783b54093e2 could not be found.
May 28 09:29:57.028667 n-d-769329-12 devstack@n-api.service[107661]: DEBUG nova.api.openstack.wsgi [None req-c05df7e7-e8e9-4ae7-84dc-ad7d0ad0dda2 tempest-DeleteServersAdminTestJSON-932197998 tempest-DeleteServersAdminTestJSON-932197998-project] Returning 404 to user: Instance ffb583ce-6dc6-4d6e-8677-b783b54093e2 could not be found. {{(pid=107661) __call__ /opt/stack/nova/nova/api/openstack/wsgi.py:927}}
May 28 09:29:57.029956 n-d-769329-12 devstack@n-api.service[107661]: INFO nova.api.openstack.requestlog [None req-c05df7e7-e8e9-4ae7-84dc-ad7d0ad0dda2 tempest-DeleteServersAdminTestJSON-932197998 tempest-DeleteServersAdminTestJSON-932197998-project] 10.222.0.21 "GET /compute/v2.1/servers/ffb583ce-6dc6-4d6e-8677-b783b54093e2" status: 404 len: 111 microversion: 2.1 time: 0.144103
May 28 09:29:57.033629 n-d-769329-12 devstack@n-api.service[107661]: [pid: 107661|app: 0|req: 174/403] 10.222.0.21 () {58 vars in 1236 bytes} [Fri May 28 09:29:56 2021] GET /compute/v2.1/servers/ffb583ce-6dc6-4d6e-8677-b783b54093e2 => generated 111 bytes in 148 msecs (HTTP/1.1 404) 9 headers in 379 bytes (1 switches on core 0)
May 28 09:29:57.046459 n-d-769329-12 devstack@n-api.service[107661]: DEBUG nova.api.openstack.wsgi [None req-afd0fd53-6694-4572-b99d-200902f39a09 tempest-DeleteServersAdminTestJSON-932197998 tempest-DeleteServersAdminTestJSON-932197998-project] Calling method '>' {{(pid=107661) _process_stack /opt/stack/nova/nova/api/openstack/wsgi.py:513}}
