May 03 03:55:22.608367 n-d-768862-7 devstack@placement-api.service[75094]: [pid: 75094|app: 0|req: 164/329] 10.222.0.54 () {60 vars in 1380 bytes} [Mon May 3 03:55:22 2021] GET /placement/allocations/dcc2f3cb-e392-4b44-9470-3b4d2f3bf281 => generated 259 bytes in 51 msecs (HTTP/1.1 200) 8 headers in 296 bytes (1 switches on core 0)
May 03 03:55:22.613237 n-d-768862-7 devstack@placement-api.service[75093]: DEBUG placement.requestlog [req-6876fde2-8fb5-4f4a-8b06-a7a954f2cbdd req-16bc2bb5-6f3d-4030-95c2-6eaca355ef96 None None] Starting request: 10.222.0.54 "GET /placement/allocations/6502f327-ac63-4d19-ac95-019048bf8fba" {{(pid=75093) __call__ /opt/stack/placement/placement/requestlog.py:55}}
May 03 03:55:22.661213 n-d-768862-7 devstack@placement-api.service[75093]: INFO placement.requestlog [req-6876fde2-8fb5-4f4a-8b06-a7a954f2cbdd req-16bc2bb5-6f3d-4030-95c2-6eaca355ef96 service placement] 10.222.0.54 "GET /placement/allocations/6502f327-ac63-4d19-ac95-019048bf8fba" status: 200 len: 19 microversion: 1.28
May 03 03:55:22.664162 n-d-768862-7 devstack@placement-api.service[75093]: [pid: 75093|app: 0|req: 166/330] 10.222.0.54 () {60 vars in 1380 bytes} [Mon May 3 03:55:22 2021] GET /placement/allocations/6502f327-ac63-4d19-ac95-019048bf8fba => generated 19 bytes in 52 msecs (HTTP/1.1 200) 8 headers in 295 bytes (1 switches on core 0)
May 03 03:55:22.673404 n-d-768862-7 devstack@placement-api.service[75094]: DEBUG placement.requestlog [req-6876fde2-8fb5-4f4a-8b06-a7a954f2cbdd req-e8ebbaa1-b31d-4dee-8295-9c7037d59178 None None] Starting request: 10.222.0.54 "POST /placement/allocations" {{(pid=75094) __call__ /opt/stack/placement/placement/requestlog.py:55}}
May 03 03:55:22.902607 n-d-768862-7 devstack@placement-api.service[75094]: DEBUG placement.handlers.allocation [req-6876fde2-8fb5-4f4a-8b06-a7a954f2cbdd req-e8ebbaa1-b31d-4dee-8295-9c7037d59178 service placement] Successfully wrote allocations [, , , , , ] {{(pid=75094) _create_allocations /opt/stack/placement/placement/handlers/allocation.py:524}}
May 03 03:55:22.903234 n-d-768862-7 devstack@placement-api.service[75094]: INFO placement.requestlog [req-6876fde2-8fb5-4f4a-8b06-a7a954f2cbdd req-e8ebbaa1-b31d-4dee-8295-9c7037d59178 service placement] 10.222.0.54 "POST /placement/allocations" status: 204 len: 0 microversion: 1.28
May 03 03:55:22.904456 n-d-768862-7 devstack@placement-api.service[75094]: [pid: 75094|app: 0|req: 165/331] 10.222.0.54 () {64 vars in 1323 bytes} [Mon May 3 03:55:22 2021] POST /placement/allocations => generated 0 bytes in 232 msecs (HTTP/1.1 204) 5 headers in 199 bytes (1 switches on core 0)
May 03 03:55:22.935510 n-d-768862-7 devstack@placement-api.service[75093]: DEBUG placement.requestlog [req-6876fde2-8fb5-4f4a-8b06-a7a954f2cbdd req-9a3b1863-69c6-40f5-9c59-e538377e01b4 None None] Starting request: 10.222.0.54 "GET /placement/allocation_candidates?limit=1000&resources=DISK_GB%3A1%2CMEMORY_MB%3A1024%2CVCPU%3A1&root_required=%21COMPUTE_STATUS_DISABLED" {{(pid=75093) __call__ /opt/stack/placement/placement/requestlog.py:55}}
May 03 03:55:22.997020 n-d-768862-7 devstack@placement-api.service[75093]: DEBUG placement.objects.research_context [req-6876fde2-8fb5-4f4a-8b06-a7a954f2cbdd req-9a3b1863-69c6-40f5-9c59-e538377e01b4 service placement] getting providers with 1 DISK_GB {{(pid=75093) __init__ /opt/stack/placement/placement/objects/research_context.py:126}}
May 03 03:55:23.012268 n-d-768862-7 devstack@placement-api.service[75093]: DEBUG placement.objects.research_context [req-6876fde2-8fb5-4f4a-8b06-a7a954f2cbdd req-9a3b1863-69c6-40f5-9c59-e538377e01b4 service placement] getting providers with 1024 MEMORY_MB {{(pid=75093) __init__ /opt/stack/placement/placement/objects/research_context.py:126}}
May 03 03:55:23.027530 n-d-768862-7 devstack@placement-api.service[75093]: DEBUG placement.objects.research_context [req-6876fde2-8fb5-4f4a-8b06-a7a954f2cbdd req-9a3b1863-69c6-40f5-9c59-e538377e01b4 service placement] getting providers with 1 VCPU {{(pid=75093) __init__ /opt/stack/placement/placement/objects/research_context.py:126}}
May 03 03:55:23.050763 n-d-768862-7 devstack@placement-api.service[75093]: DEBUG placement.objects.research_context [req-6876fde2-8fb5-4f4a-8b06-a7a954f2cbdd req-9a3b1863-69c6-40f5-9c59-e538377e01b4 service placement] found 2 providers with available 1 DISK_GB {{(pid=75093) get_provider_ids_matching /opt/stack/placement/placement/objects/research_context.py:549}}
May 03 03:55:23.051291 n-d-768862-7 devstack@placement-api.service[75093]: DEBUG placement.objects.research_context [req-6876fde2-8fb5-4f4a-8b06-a7a954f2cbdd req-9a3b1863-69c6-40f5-9c59-e538377e01b4 service placement] found 2 providers with available 1024 MEMORY_MB {{(pid=75093) get_provider_ids_matching /opt/stack/placement/placement/objects/research_context.py:549}}
May 03 03:55:23.051776 n-d-768862-7 devstack@placement-api.service[75093]: DEBUG placement.objects.research_context [req-6876fde2-8fb5-4f4a-8b06-a7a954f2cbdd req-9a3b1863-69c6-40f5-9c59-e538377e01b4 service placement] found 2 providers after filtering by previous result {{(pid=75093) get_provider_ids_matching /opt/stack/placement/placement/objects/research_context.py:580}}
May 03 03:55:23.052255 n-d-768862-7 devstack@placement-api.service[75093]: DEBUG placement.objects.research_context [req-6876fde2-8fb5-4f4a-8b06-a7a954f2cbdd req-9a3b1863-69c6-40f5-9c59-e538377e01b4 service placement] found 2 providers with available 1 VCPU {{(pid=75093) get_provider_ids_matching /opt/stack/placement/placement/objects/research_context.py:549}}
May 03 03:55:23.054788 n-d-768862-7 devstack@placement-api.service[75093]: DEBUG placement.objects.research_context [req-6876fde2-8fb5-4f4a-8b06-a7a954f2cbdd req-9a3b1863-69c6-40f5-9c59-e538377e01b4 service placement] found 2 providers after filtering by previous result {{(pid=75093) get_provider_ids_matching /opt/stack/placement/placement/objects/research_context.py:580}}
May 03 03:55:23.084803 n-d-768862-7 devstack@placement-api.service[75093]: DEBUG placement.objects.allocation_candidate [req-6876fde2-8fb5-4f4a-8b06-a7a954f2cbdd req-9a3b1863-69c6-40f5-9c59-e538377e01b4 service placement] RequestGroup(use_same_provider=False, resources={DISK_GB:1, MEMORY_MB:1024, VCPU:1}, traits=[], aggregates=[]) (suffix '') returned 2 matches {{(pid=75093) _get_by_requests /opt/stack/placement/placement/objects/allocation_candidate.py:145}}
May 03 03:55:23.085432 n-d-768862-7 devstack@placement-api.service[75093]: DEBUG placement.objects.allocation_candidate [req-6876fde2-8fb5-4f4a-8b06-a7a954f2cbdd req-9a3b1863-69c6-40f5-9c59-e538377e01b4 service placement] Merging candidates yields 2 allocation requests and 2 provider summaries {{(pid=75093) _merge_candidates /opt/stack/placement/placement/objects/allocation_candidate.py:783}}
May 03 03:55:23.088629 n-d-768862-7 devstack@placement-api.service[75093]: INFO placement.requestlog [req-6876fde2-8fb5-4f4a-8b06-a7a954f2cbdd req-9a3b1863-69c6-40f5-9c59-e538377e01b4 service placement] 10.222.0.54 "GET /placement/allocation_candidates?limit=1000&resources=DISK_GB%3A1%2CMEMORY_MB%3A1024%2CVCPU%3A1&root_required=%21COMPUTE_STATUS_DISABLED" status: 200 len: 1309 microversion: 1.35
May 03 03:55:23.090550 n-d-768862-7 devstack@placement-api.service[75093]: [pid: 75093|app: 0|req: 167/332] 10.222.0.54 () {60 vars in 1506 bytes} [Mon May 3 03:55:22 2021] GET /placement/allocation_candidates?limit=1000&resources=DISK_GB%3A1%2CMEMORY_MB%3A1024%2CVCPU%3A1&root_required=%21COMPUTE_STATUS_DISABLED => generated 1309 bytes in 155 msecs (HTTP/1.1 200) 8 headers in 297 bytes (1 switches on core 0)
May 03 03:55:23.199999 n-d-768862-7 devstack@placement-api.service[75094]: DEBUG placement.requestlog [req-6876fde2-8fb5-4f4a-8b06-a7a954f2cbdd req-648575a8-903e-44bd-ac65-0be0556eae66 None None] Starting request: 10.222.0.54 "GET /placement/allocations/dcc2f3cb-e392-4b44-9470-3b4d2f3bf281" {{(pid=75094) __call__ /opt/stack/placement/placement/requestlog.py:55}}
May 03 03:55:23.214008 n-d-768862-7 devstack@placement-api.service[75094]: INFO placement.requestlog [req-6876fde2-8fb5-4f4a-8b06-a7a954f2cbdd req-648575a8-903e-44bd-ac65-0be0556eae66 service placement] 10.222.0.54 "GET /placement/allocations/dcc2f3cb-e392-4b44-9470-3b4d2f3bf281" status: 200 len: 19 microversion: 1.28
May 03 03:55:23.214853 n-d-768862-7 devstack@placement-api.service[75094]: [pid: 75094|app: 0|req: 166/333] 10.222.0.54 () {60 vars in 1380 bytes} [Mon May 3 03:55:23 2021] GET /placement/allocations/dcc2f3cb-e392-4b44-9470-3b4d2f3bf281 => generated 19 bytes in 15 msecs (HTTP/1.1 200) 8 headers in 295 bytes (1 switches on core 0)
May 03 03:55:23.221005 n-d-768862-7 devstack@placement-api.service[75093]: DEBUG placement.requestlog [req-6876fde2-8fb5-4f4a-8b06-a7a954f2cbdd req-6d5501c8-d02c-47a5-a662-933b73eff06d None None] Starting request: 10.222.0.54 "PUT /placement/allocations/dcc2f3cb-e392-4b44-9470-3b4d2f3bf281" {{(pid=75093) __call__ /opt/stack/placement/placement/requestlog.py:55}}
May 03 03:55:23.334040 n-d-768862-7 devstack@placement-api.service[75093]: DEBUG placement.handlers.allocation [req-6876fde2-8fb5-4f4a-8b06-a7a954f2cbdd req-6d5501c8-d02c-47a5-a662-933b73eff06d service placement] Successfully wrote allocations [, , ] {{(pid=75093) _create_allocations /opt/stack/placement/placement/handlers/allocation.py:435}}
May 03 03:55:23.335199 n-d-768862-7 devstack@placement-api.service[75093]: INFO placement.requestlog [req-6876fde2-8fb5-4f4a-8b06-a7a954f2cbdd req-6d5501c8-d02c-47a5-a662-933b73eff06d service placement] 10.222.0.54 "PUT /placement/allocations/dcc2f3cb-e392-4b44-9470-3b4d2f3bf281" status: 204 len: 0 microversion: 1.35
May 03 03:55:23.336252 n-d-768862-7 devstack@placement-api.service[75093]: [pid: 75093|app: 0|req: 168/334] 10.222.0.54 () {64 vars in 1433 bytes} [Mon May 3 03:55:23 2021] PUT /placement/allocations/dcc2f3cb-e392-4b44-9470-3b4d2f3bf281 => generated 0 bytes in 115 msecs (HTTP/1.1 204) 5 headers in 199 bytes (2 switches on core 0)
May 03 03:55:23.641883 n-d-768862-7 devstack@placement-api.service[75094]: DEBUG placement.requestlog [req-6876fde2-8fb5-4f4a-8b06-a7a954f2cbdd req-e72dd889-18b0-4205-a1be-7a1522e0f728 None None] Starting request: 10.222.0.64 "GET /placement/allocations/dcc2f3cb-e392-4b44-9470-3b4d2f3bf281" {{(pid=75094) __call__ /opt/stack/placement/placement/requestlog.py:55}}
May 03 03:55:23.670624 n-d-768862-7 devstack@placement-api.service[75094]: INFO placement.requestlog [req-6876fde2-8fb5-4f4a-8b06-a7a954f2cbdd req-e72dd889-18b0-4205-a1be-7a1522e0f728 service placement] 10.222.0.64 "GET /placement/allocations/dcc2f3cb-e392-4b44-9470-3b4d2f3bf281" status: 200 len: 259 microversion: 1.28
May 03 03:55:23.671603 n-d-768862-7 devstack@placement-api.service[75094]: [pid: 75094|app: 0|req: 167/335] 10.222.0.64 () {60 vars in 1378 bytes} [Mon May 3 03:55:23 2021] GET /placement/allocations/dcc2f3cb-e392-4b44-9470-3b4d2f3bf281 => generated 259 bytes in 30 msecs (HTTP/1.1 200) 8 headers in 296 bytes (1 switches on core 0)
May 03 03:55:31.879660 n-d-768862-7 devstack@placement-api.service[75093]: DEBUG placement.requestlog [req-efa7a8c1-19ac-4201-84bb-27088c9ec02e req-d5e1d962-a256-4f90-81d2-c1ce5cfa227c None None] Starting request: 10.222.0.64 "GET /placement/resource_providers/8cf60c6b-78c3-4a8f-8d33-0ab5ff973907/allocations" {{(pid=75093) __call__ /opt/stack/placement/placement/requestlog.py:55}}
May 03 03:55:31.984347 n-d-768862-7 devstack@placement-api.service[75093]: INFO placement.requestlog [req-efa7a8c1-19ac-4201-84bb-27088c9ec02e req-d5e1d962-a256-4f90-81d2-c1ce5cfa227c service placement] 10.222.0.64 "GET /placement/resource_providers/8cf60c6b-78c3-4a8f-8d33-0ab5ff973907/allocations" status: 200 len: 947 microversion: 1.0
May 03 03:55:31.984347 n-d-768862-7 devstack@placement-api.service[75093]: [pid: 75093|app: 0|req: 169/336] 10.222.0.64 () {58 vars in 1391 bytes} [Mon May 3 03:55:31 2021] GET /placement/resource_providers/8cf60c6b-78c3-4a8f-8d33-0ab5ff973907/allocations => generated 947 bytes in 104 msecs (HTTP/1.1 200) 6 headers in 224 bytes (1 switches on core 0)
May 03 03:55:32.509265 n-d-768862-7 devstack@placement-api.service[75094]: DEBUG placement.requestlog [req-efa7a8c1-19ac-4201-84bb-27088c9ec02e req-214dd32e-bed4-46f6-a7fa-9af1f5710f5f None None] Starting request: 10.222.0.64 "GET /placement/allocations/ea5f2d33-327f-45a3-9ced-2edc87935d85" {{(pid=75094) __call__ /opt/stack/placement/placement/requestlog.py:55}}
May 03 03:55:32.561266 n-d-768862-7 devstack@placement-api.service[75094]: INFO placement.requestlog [req-efa7a8c1-19ac-4201-84bb-27088c9ec02e req-214dd32e-bed4-46f6-a7fa-9af1f5710f5f service placement] 10.222.0.64 "GET /placement/allocations/ea5f2d33-327f-45a3-9ced-2edc87935d85" status: 200 len: 259 microversion: 1.28
May 03 03:55:32.562798 n-d-768862-7 devstack@placement-api.service[75094]: [pid: 75094|app: 0|req: 168/337] 10.222.0.64 () {60 vars in 1378 bytes} [Mon May 3 03:55:32 2021] GET /placement/allocations/ea5f2d33-327f-45a3-9ced-2edc87935d85 => generated 259 bytes in 55 msecs (HTTP/1.1 200) 8 headers in 296 bytes (1 switches on core 0)
May 03 03:55:32.575812 n-d-768862-7 devstack@placement-api.service[75093]: DEBUG placement.requestlog [req-efa7a8c1-19ac-4201-84bb-27088c9ec02e req-35906d24-12c7-45fe-9172-ca3bd527d5f3 None None] Starting request: 10.222.0.64 "PUT /placement/allocations/ea5f2d33-327f-45a3-9ced-2edc87935d85" {{(pid=75093) __call__ /opt/stack/placement/placement/requestlog.py:55}}
May 03 03:55:32.687758 n-d-768862-7 devstack@placement-api.service[75093]: DEBUG placement.handlers.allocation [req-efa7a8c1-19ac-4201-84bb-27088c9ec02e req-35906d24-12c7-45fe-9172-ca3bd527d5f3 service placement] Successfully wrote allocations [, , ] {{(pid=75093) _create_allocations /opt/stack/placement/placement/handlers/allocation.py:435}}
May 03 03:55:32.688712 n-d-768862-7 devstack@placement-api.service[75093]: INFO placement.requestlog [req-efa7a8c1-19ac-4201-84bb-27088c9ec02e req-35906d24-12c7-45fe-9172-ca3bd527d5f3 service placement] 10.222.0.64 "PUT /placement/allocations/ea5f2d33-327f-45a3-9ced-2edc87935d85" status: 204 len: 0 microversion: 1.28
May 03 03:55:32.689316 n-d-768862-7 devstack@placement-api.service[75093]: [pid: 75093|app: 0|req: 170/338] 10.222.0.64 () {64 vars in 1431 bytes} [Mon May 3 03:55:32 2021] PUT /placement/allocations/ea5f2d33-327f-45a3-9ced-2edc87935d85 => generated 0 bytes in 115 msecs (HTTP/1.1 204) 5 headers in 199 bytes (1 switches on core 0)
May 03 03:55:34.993186 n-d-768862-7 devstack@placement-api.service[75094]: DEBUG placement.requestlog [req-fcc7ab0f-4568-44a6-8cde-5e8294ae6641 req-54fd2887-bda6-4fdb-82ec-3265c4220eaf None None] Starting request: 10.222.0.62 "GET /placement/allocations/b9e8cdf9-7338-4aa2-b05e-666d82543014" {{(pid=75094) __call__ /opt/stack/placement/placement/requestlog.py:55}}
May 03 03:55:35.013322 n-d-768862-7 devstack@placement-api.service[75094]: INFO placement.requestlog [req-fcc7ab0f-4568-44a6-8cde-5e8294ae6641 req-54fd2887-bda6-4fdb-82ec-3265c4220eaf service placement] 10.222.0.62 "GET /placement/allocations/b9e8cdf9-7338-4aa2-b05e-666d82543014" status: 200 len: 259 microversion: 1.28
May 03 03:55:35.014445 n-d-768862-7 devstack@placement-api.service[75094]: [pid: 75094|app: 0|req: 169/339] 10.222.0.62 () {60 vars in 1378 bytes} [Mon May 3 03:55:34 2021] GET /placement/allocations/b9e8cdf9-7338-4aa2-b05e-666d82543014 => generated 259 bytes in 21 msecs (HTTP/1.1 200) 8 headers in 296 bytes (1 switches on core 0)
May 03 03:55:35.022787 n-d-768862-7 devstack@placement-api.service[75093]: DEBUG placement.requestlog [req-fcc7ab0f-4568-44a6-8cde-5e8294ae6641 req-e6f302f9-1ed7-407f-8d3c-8763de93ae1d None None] Starting request: 10.222.0.62 "PUT /placement/allocations/b9e8cdf9-7338-4aa2-b05e-666d82543014" {{(pid=75093) __call__ /opt/stack/placement/placement/requestlog.py:55}}
May 03 03:55:35.088893 n-d-768862-7 devstack@placement-api.service[75093]: DEBUG placement.handlers.allocation [req-fcc7ab0f-4568-44a6-8cde-5e8294ae6641 req-e6f302f9-1ed7-407f-8d3c-8763de93ae1d service placement] Successfully wrote allocations [, , ] {{(pid=75093) _create_allocations /opt/stack/placement/placement/handlers/allocation.py:435}}
May 03 03:55:35.089669 n-d-768862-7 devstack@placement-api.service[75093]: INFO placement.requestlog [req-fcc7ab0f-4568-44a6-8cde-5e8294ae6641 req-e6f302f9-1ed7-407f-8d3c-8763de93ae1d service placement] 10.222.0.62 "PUT /placement/allocations/b9e8cdf9-7338-4aa2-b05e-666d82543014" status: 204 len: 0 microversion: 1.28
May 03 03:55:35.090327 n-d-768862-7 devstack@placement-api.service[75093]: [pid: 75093|app: 0|req: 171/340] 10.222.0.62 () {64 vars in 1431 bytes} [Mon May 3 03:55:35 2021] PUT /placement/allocations/b9e8cdf9-7338-4aa2-b05e-666d82543014 => generated 0 bytes in 68 msecs (HTTP/1.1 204) 5 headers in 199 bytes (2 switches on core 0)
May 03 03:55:45.615054 n-d-768862-7 devstack@placement-api.service[75094]: DEBUG placement.requestlog [req-a10efc2b-3b24-4c56-a8f1-760666ad6f7d req-4b94e5e1-ab2a-408b-910a-fdf114874147 None None] Starting request: 10.222.0.64 "GET /placement/allocations/8117c376-855f-498c-b12d-e4d0c2a35bbb" {{(pid=75094) __call__ /opt/stack/placement/placement/requestlog.py:55}}
May 03 03:55:45.645996 n-d-768862-7 devstack@placement-api.service[75094]: INFO placement.requestlog [req-a10efc2b-3b24-4c56-a8f1-760666ad6f7d req-4b94e5e1-ab2a-408b-910a-fdf114874147 service placement] 10.222.0.64 "GET /placement/allocations/8117c376-855f-498c-b12d-e4d0c2a35bbb" status: 200 len: 259 microversion: 1.28
May 03 03:55:45.646939 n-d-768862-7 devstack@placement-api.service[75094]: [pid: 75094|app: 0|req: 170/341] 10.222.0.64 () {60 vars in 1378 bytes} [Mon May 3 03:55:45 2021] GET /placement/allocations/8117c376-855f-498c-b12d-e4d0c2a35bbb => generated 259 bytes in 32 msecs (HTTP/1.1 200) 8 headers in 296 bytes (1 switches on core 0)
May 03 03:55:45.654243 n-d-768862-7 devstack@placement-api.service[75093]: DEBUG placement.requestlog [req-a10efc2b-3b24-4c56-a8f1-760666ad6f7d req-2812647d-d90b-41c4-8bd7-9bc410eb1aba None None] Starting request: 10.222.0.64 "PUT /placement/allocations/8117c376-855f-498c-b12d-e4d0c2a35bbb" {{(pid=75093) __call__ /opt/stack/placement/placement/requestlog.py:55}}
May 03 03:55:45.755829 n-d-768862-7 devstack@placement-api.service[75093]: DEBUG placement.handlers.allocation [req-a10efc2b-3b24-4c56-a8f1-760666ad6f7d req-2812647d-d90b-41c4-8bd7-9bc410eb1aba service placement] Successfully wrote allocations [, , ] {{(pid=75093) _create_allocations /opt/stack/placement/placement/handlers/allocation.py:435}}
May 03 03:55:45.756875 n-d-768862-7 devstack@placement-api.service[75093]: INFO placement.requestlog [req-a10efc2b-3b24-4c56-a8f1-760666ad6f7d req-2812647d-d90b-41c4-8bd7-9bc410eb1aba service placement] 10.222.0.64 "PUT /placement/allocations/8117c376-855f-498c-b12d-e4d0c2a35bbb" status: 204 len: 0 microversion: 1.28
May 03 03:55:45.758197 n-d-768862-7 devstack@placement-api.service[75093]: [pid: 75093|app: 0|req: 172/342] 10.222.0.64 () {64 vars in 1431 bytes} [Mon May 3 03:55:45 2021] PUT /placement/allocations/8117c376-855f-498c-b12d-e4d0c2a35bbb => generated 0 bytes in 104 msecs (HTTP/1.1 204) 5 headers in 199 bytes (1 switches on core 0)
May 03 03:55:49.116282 n-d-768862-7 devstack@placement-api.service[75094]: DEBUG placement.requestlog [req-01d07f4e-0d6f-4ff4-9f21-c7c966f9eac6 req-9a590ea2-8011-4034-9a2e-0e65a19a2270 None None] Starting request: 10.222.0.62 "GET /placement/resource_providers/7b7df26b-5968-41d2-b243-4102cf4d19ec/allocations" {{(pid=75094) __call__ /opt/stack/placement/placement/requestlog.py:55}}
May 03 03:55:49.164079 n-d-768862-7 devstack@placement-api.service[75094]: INFO placement.requestlog [req-01d07f4e-0d6f-4ff4-9f21-c7c966f9eac6 req-9a590ea2-8011-4034-9a2e-0e65a19a2270 service placement] 10.222.0.62 "GET /placement/resource_providers/7b7df26b-5968-41d2-b243-4102cf4d19ec/allocations" status: 200 len: 558 microversion: 1.0
May 03 03:55:49.164633 n-d-768862-7 devstack@placement-api.service[75094]: [pid: 75094|app: 0|req: 171/343] 10.222.0.62 () {58 vars in 1391 bytes} [Mon May 3 03:55:49 2021] GET /placement/resource_providers/7b7df26b-5968-41d2-b243-4102cf4d19ec/allocations => generated 558 bytes in 48 msecs (HTTP/1.1 200) 6 headers in 224 bytes (1 switches on core 0)
May 03 03:55:50.237617 n-d-768862-7 devstack@placement-api.service[75093]: DEBUG placement.requestlog [req-12a88cc6-72ef-4166-b26f-a3bb904e6f64 req-1207268a-300c-4a26-b69d-d0e6b8dd6152 None None] Starting request: 10.222.0.54 "GET /placement/allocation_candidates?limit=1000&resources=DISK_GB%3A1%2CMEMORY_MB%3A1024%2CVCPU%3A1&root_required=%21COMPUTE_STATUS_DISABLED" {{(pid=75093) __call__ /opt/stack/placement/placement/requestlog.py:55}}
May 03 03:55:50.299742 n-d-768862-7 devstack@placement-api.service[75093]: DEBUG placement.objects.research_context [req-12a88cc6-72ef-4166-b26f-a3bb904e6f64 req-1207268a-300c-4a26-b69d-d0e6b8dd6152 service placement] getting providers with 1 DISK_GB {{(pid=75093) __init__ /opt/stack/placement/placement/objects/research_context.py:126}}
May 03 03:55:50.317010 n-d-768862-7 devstack@placement-api.service[75093]: DEBUG placement.objects.research_context [req-12a88cc6-72ef-4166-b26f-a3bb904e6f64 req-1207268a-300c-4a26-b69d-d0e6b8dd6152 service placement] getting providers with 1024 MEMORY_MB {{(pid=75093) __init__ /opt/stack/placement/placement/objects/research_context.py:126}}
May 03 03:55:50.340441 n-d-768862-7 devstack@placement-api.service[75093]: DEBUG placement.objects.research_context [req-12a88cc6-72ef-4166-b26f-a3bb904e6f64 req-1207268a-300c-4a26-b69d-d0e6b8dd6152 service placement] getting providers with 1 VCPU {{(pid=75093) __init__ /opt/stack/placement/placement/objects/research_context.py:126}}
May 03 03:55:50.368641 n-d-768862-7 devstack@placement-api.service[75093]: DEBUG placement.objects.research_context [req-12a88cc6-72ef-4166-b26f-a3bb904e6f64 req-1207268a-300c-4a26-b69d-d0e6b8dd6152 service placement] found 2 providers with available 1 DISK_GB {{(pid=75093) get_provider_ids_matching /opt/stack/placement/placement/objects/research_context.py:549}}
May 03 03:55:50.370232 n-d-768862-7 devstack@placement-api.service[75093]: DEBUG placement.objects.research_context [req-12a88cc6-72ef-4166-b26f-a3bb904e6f64 req-1207268a-300c-4a26-b69d-d0e6b8dd6152 service placement] found 2 providers with available 1024 MEMORY_MB {{(pid=75093) get_provider_ids_matching /opt/stack/placement/placement/objects/research_context.py:549}}
May 03 03:55:50.371638 n-d-768862-7 devstack@placement-api.service[75093]: DEBUG placement.objects.research_context [req-12a88cc6-72ef-4166-b26f-a3bb904e6f64 req-1207268a-300c-4a26-b69d-d0e6b8dd6152 service placement] found 2 providers after filtering by previous result {{(pid=75093) get_provider_ids_matching /opt/stack/placement/placement/objects/research_context.py:580}}
May 03 03:55:50.374409 n-d-768862-7 devstack@placement-api.service[75093]: DEBUG placement.objects.research_context [req-12a88cc6-72ef-4166-b26f-a3bb904e6f64 req-1207268a-300c-4a26-b69d-d0e6b8dd6152 service placement] found 2 providers with available 1 VCPU {{(pid=75093) get_provider_ids_matching /opt/stack/placement/placement/objects/research_context.py:549}}
May 03 03:55:50.376564 n-d-768862-7 devstack@placement-api.service[75093]: DEBUG placement.objects.research_context [req-12a88cc6-72ef-4166-b26f-a3bb904e6f64 req-1207268a-300c-4a26-b69d-d0e6b8dd6152 service placement] found 2 providers after filtering by previous result {{(pid=75093) get_provider_ids_matching /opt/stack/placement/placement/objects/research_context.py:580}}
May 03 03:55:50.425743 n-d-768862-7 devstack@placement-api.service[75093]: DEBUG placement.objects.allocation_candidate [req-12a88cc6-72ef-4166-b26f-a3bb904e6f64 req-1207268a-300c-4a26-b69d-d0e6b8dd6152 service placement] RequestGroup(use_same_provider=False, resources={DISK_GB:1, MEMORY_MB:1024, VCPU:1}, traits=[], aggregates=[]) (suffix '') returned 2 matches {{(pid=75093) _get_by_requests /opt/stack/placement/placement/objects/allocation_candidate.py:145}}
May 03 03:55:50.428170 n-d-768862-7 devstack@placement-api.service[75093]: DEBUG placement.objects.allocation_candidate [req-12a88cc6-72ef-4166-b26f-a3bb904e6f64 req-1207268a-300c-4a26-b69d-d0e6b8dd6152 service placement] Merging candidates yields 2 allocation requests and 2 provider summaries {{(pid=75093) _merge_candidates /opt/stack/placement/placement/objects/allocation_candidate.py:783}}
May 03 03:55:50.432460 n-d-768862-7 devstack@placement-api.service[75093]: INFO placement.requestlog [req-12a88cc6-72ef-4166-b26f-a3bb904e6f64 req-1207268a-300c-4a26-b69d-d0e6b8dd6152 service placement] 10.222.0.54 "GET /placement/allocation_candidates?limit=1000&resources=DISK_GB%3A1%2CMEMORY_MB%3A1024%2CVCPU%3A1&root_required=%21COMPUTE_STATUS_DISABLED" status: 200 len: 1309 microversion: 1.35
May 03 03:55:50.435401 n-d-768862-7 devstack@placement-api.service[75093]: [pid: 75093|app: 0|req: 173/344] 10.222.0.54 () {60 vars in 1506 bytes} [Mon May 3 03:55:50 2021] GET /placement/allocation_candidates?limit=1000&resources=DISK_GB%3A1%2CMEMORY_MB%3A1024%2CVCPU%3A1&root_required=%21COMPUTE_STATUS_DISABLED => generated 1309 bytes in 199 msecs (HTTP/1.1 200) 8 headers in 297 bytes (2 switches on core 0)
May 03 03:55:50.565572 n-d-768862-7 devstack@placement-api.service[75094]: DEBUG placement.requestlog [req-12a88cc6-72ef-4166-b26f-a3bb904e6f64 req-0489fa8c-10fc-4c14-a1f2-676946298492 None None] Starting request: 10.222.0.54 "GET /placement/allocations/15f351ce-a815-4e4d-a465-4b616e385850" {{(pid=75094) __call__ /opt/stack/placement/placement/requestlog.py:55}}
May 03 03:55:50.583526 n-d-768862-7 devstack@placement-api.service[75094]: INFO placement.requestlog [req-12a88cc6-72ef-4166-b26f-a3bb904e6f64 req-0489fa8c-10fc-4c14-a1f2-676946298492 service placement] 10.222.0.54 "GET /placement/allocations/15f351ce-a815-4e4d-a465-4b616e385850" status: 200 len: 19 microversion: 1.28
May 03 03:55:50.590334 n-d-768862-7 devstack@placement-api.service[75094]: [pid: 75094|app: 0|req: 172/345] 10.222.0.54 () {60 vars in 1380 bytes} [Mon May 3 03:55:50 2021] GET /placement/allocations/15f351ce-a815-4e4d-a465-4b616e385850 => generated 19 bytes in 24 msecs (HTTP/1.1 200) 8 headers in 295 bytes (1 switches on core 0)
May 03 03:55:50.593611 n-d-768862-7 devstack@placement-api.service[75093]: DEBUG placement.requestlog [req-12a88cc6-72ef-4166-b26f-a3bb904e6f64 req-05306383-1a7f-4a41-82b4-4aaaf4bd2117 None None] Starting request: 10.222.0.54 "PUT /placement/allocations/15f351ce-a815-4e4d-a465-4b616e385850" {{(pid=75093) __call__ /opt/stack/placement/placement/requestlog.py:55}}
May 03 03:55:50.612582 n-d-768862-7 devstack@placement-api.service[75094]: DEBUG placement.requestlog [req-72a7f2b4-b009-4b56-8f20-64a10a3fadcb req-d02370b4-b000-4920-a8ad-62e419c1d204 None None] Starting request: 10.222.0.64 "GET /placement/resource_providers/8cf60c6b-78c3-4a8f-8d33-0ab5ff973907/allocations" {{(pid=75094) __call__ /opt/stack/placement/placement/requestlog.py:55}}
May 03 03:55:50.681566 n-d-768862-7 devstack@placement-api.service[75094]: INFO placement.requestlog [req-72a7f2b4-b009-4b56-8f20-64a10a3fadcb req-d02370b4-b000-4920-a8ad-62e419c1d204 service placement] 10.222.0.64 "GET /placement/resource_providers/8cf60c6b-78c3-4a8f-8d33-0ab5ff973907/allocations" status: 200 len: 745 microversion: 1.0
May 03 03:55:50.682107 n-d-768862-7 devstack@placement-api.service[75094]: [pid: 75094|app: 0|req: 173/346] 10.222.0.64 () {58 vars in 1391 bytes} [Mon May 3 03:55:50 2021] GET /placement/resource_providers/8cf60c6b-78c3-4a8f-8d33-0ab5ff973907/allocations => generated 745 bytes in 80 msecs (HTTP/1.1 200) 6 headers in 224 bytes (1 switches on core 0)
May 03 03:55:50.781540 n-d-768862-7 devstack@placement-api.service[75093]: DEBUG placement.handlers.allocation [req-12a88cc6-72ef-4166-b26f-a3bb904e6f64 req-05306383-1a7f-4a41-82b4-4aaaf4bd2117 service placement] Successfully wrote allocations [, , ] {{(pid=75093) _create_allocations /opt/stack/placement/placement/handlers/allocation.py:435}}
May 03 03:55:50.782267 n-d-768862-7 devstack@placement-api.service[75093]: INFO placement.requestlog [req-12a88cc6-72ef-4166-b26f-a3bb904e6f64 req-05306383-1a7f-4a41-82b4-4aaaf4bd2117 service placement] 10.222.0.54 "PUT /placement/allocations/15f351ce-a815-4e4d-a465-4b616e385850" status: 204 len: 0 microversion: 1.35
May 03 03:55:50.782665 n-d-768862-7 devstack@placement-api.service[75093]: [pid: 75093|app: 0|req: 174/347] 10.222.0.54 () {64 vars in 1433 bytes} [Mon May 3 03:55:50 2021] PUT /placement/allocations/15f351ce-a815-4e4d-a465-4b616e385850 => generated 0 bytes in 189 msecs (HTTP/1.1 204) 5 headers in 199 bytes (2 switches on core 0)
May 03 03:55:51.375520 n-d-768862-7 devstack@placement-api.service[75094]: DEBUG placement.requestlog [req-12a88cc6-72ef-4166-b26f-a3bb904e6f64 req-713a96f4-cba2-43f0-b53c-00bd7d371989 None None] Starting request: 10.222.0.62 "GET /placement/allocations/15f351ce-a815-4e4d-a465-4b616e385850" {{(pid=75094) __call__ /opt/stack/placement/placement/requestlog.py:55}}
May 03 03:55:51.402627 n-d-768862-7 devstack@placement-api.service[75094]: INFO placement.requestlog [req-12a88cc6-72ef-4166-b26f-a3bb904e6f64 req-713a96f4-cba2-43f0-b53c-00bd7d371989 service placement] 10.222.0.62 "GET /placement/allocations/15f351ce-a815-4e4d-a465-4b616e385850" status: 200 len: 259 microversion: 1.28
May 03 03:55:51.403148 n-d-768862-7 devstack@placement-api.service[75094]: [pid: 75094|app: 0|req: 174/348] 10.222.0.62 () {60 vars in 1378 bytes} [Mon May 3 03:55:51 2021] GET /placement/allocations/15f351ce-a815-4e4d-a465-4b616e385850 => generated 259 bytes in 28 msecs (HTTP/1.1 200) 8 headers in 296 bytes (2 switches on core 0)
May 03 03:55:54.284924 n-d-768862-7 devstack@placement-api.service[75093]: DEBUG placement.requestlog [req-6876fde2-8fb5-4f4a-8b06-a7a954f2cbdd req-2337be97-7e91-40ca-aa23-58a03fa921ec None None] Starting request: 10.222.0.64 "GET /placement/allocations/dcc2f3cb-e392-4b44-9470-3b4d2f3bf281" {{(pid=75093) __call__ /opt/stack/placement/placement/requestlog.py:55}}
May 03 03:55:54.313480 n-d-768862-7 devstack@placement-api.service[75093]: INFO placement.requestlog [req-6876fde2-8fb5-4f4a-8b06-a7a954f2cbdd req-2337be97-7e91-40ca-aa23-58a03fa921ec service placement] 10.222.0.64 "GET /placement/allocations/dcc2f3cb-e392-4b44-9470-3b4d2f3bf281" status: 200 len: 259 microversion: 1.28
May 03 03:55:54.314407 n-d-768862-7 devstack@placement-api.service[75093]: [pid: 75093|app: 0|req: 175/349] 10.222.0.64 () {60 vars in 1378 bytes} [Mon May 3 03:55:54 2021] GET /placement/allocations/dcc2f3cb-e392-4b44-9470-3b4d2f3bf281 => generated 259 bytes in 30 msecs (HTTP/1.1 200) 8 headers in 296 bytes (1 switches on core 0)
May 03 03:55:54.342698 n-d-768862-7 devstack@placement-api.service[75094]: DEBUG placement.requestlog [None req-fce78ebf-f1f4-47a2-9c96-de76f49519de None None] Starting request: 10.222.0.54 "GET /placement/" {{(pid=75094) __call__ /opt/stack/placement/placement/requestlog.py:55}}
May 03 03:55:54.344343 n-d-768862-7 devstack@placement-api.service[75094]: INFO placement.requestlog [None req-fce78ebf-f1f4-47a2-9c96-de76f49519de None None] 10.222.0.54 "GET /placement/" status: 200 len: 136 microversion: 1.0
May 03 03:55:54.345818 n-d-768862-7 devstack@placement-api.service[75094]: [pid: 75094|app: 0|req: 175/350] 10.222.0.54 () {54 vars in 915 bytes} [Mon May 3 03:55:54 2021] GET /placement => generated 136 bytes in 3 msecs (HTTP/1.1 200) 6 headers in 224 bytes (1 switches on core 0)
May 03 03:55:54.357479 n-d-768862-7 devstack@placement-api.service[75093]: DEBUG placement.requestlog [req-7afd5680-6a57-466c-8a1f-61553a225576 req-6302ae52-1b13-4d13-a1dd-d7b6a2250746 None None] Starting request: 10.222.0.54 "GET /placement/allocations/e852b559-07c0-41a0-a9de-089913458166" {{(pid=75093) __call__ /opt/stack/placement/placement/requestlog.py:55}}
May 03 03:55:54.563202 n-d-768862-7 devstack@placement-api.service[75093]: INFO placement.requestlog [req-7afd5680-6a57-466c-8a1f-61553a225576 req-6302ae52-1b13-4d13-a1dd-d7b6a2250746 service placement] 10.222.0.54 "GET /placement/allocations/e852b559-07c0-41a0-a9de-089913458166" status: 200 len: 245 microversion: 1.28
May 03 03:55:54.569915 n-d-768862-7 devstack@placement-api.service[75094]: DEBUG placement.requestlog [req-7afd5680-6a57-466c-8a1f-61553a225576 req-62c90102-abf2-4645-8d26-db89da28848b None None] Starting request: 10.222.0.54 "GET /placement/allocations/e852b559-07c0-41a0-a9de-089913458166" {{(pid=75094) __call__ /opt/stack/placement/placement/requestlog.py:55}}
May 03 03:55:54.580986 n-d-768862-7 devstack@placement-api.service[75093]: [pid: 75093|app: 0|req: 176/351] 10.222.0.54 () {60 vars in 1380 bytes} [Mon May 3 03:55:54 2021] GET /placement/allocations/e852b559-07c0-41a0-a9de-089913458166 => generated 245 bytes in 224 msecs (HTTP/1.1 200) 8 headers in 296 bytes (1 switches on core 0)
May 03 03:55:54.589541 n-d-768862-7 devstack@placement-api.service[75094]: INFO placement.requestlog [req-7afd5680-6a57-466c-8a1f-61553a225576 req-62c90102-abf2-4645-8d26-db89da28848b service placement] 10.222.0.54 "GET /placement/allocations/e852b559-07c0-41a0-a9de-089913458166" status: 200 len: 245 microversion: 1.28
May 03 03:55:54.597450 n-d-768862-7 devstack@placement-api.service[75093]: DEBUG placement.requestlog [req-7afd5680-6a57-466c-8a1f-61553a225576 req-dc708c6d-1a68-42b8-9313-31a4306dfb58 None None] Starting request: 10.222.0.54 "GET /placement/allocations/47cbc73a-47b2-4f9a-aa5d-d5ed6f29b159" {{(pid=75093) __call__ /opt/stack/placement/placement/requestlog.py:55}}
May 03 03:55:54.604673 n-d-768862-7 devstack@placement-api.service[75094]: [pid: 75094|app: 0|req: 176/352] 10.222.0.54 () {60 vars in 1380 bytes} [Mon May 3 03:55:54 2021] GET /placement/allocations/e852b559-07c0-41a0-a9de-089913458166 => generated 245 bytes in 35 msecs (HTTP/1.1 200) 8 headers in 296 bytes (1 switches on core 0)
May 03 03:55:54.612287 n-d-768862-7 devstack@placement-api.service[75093]: INFO placement.requestlog [req-7afd5680-6a57-466c-8a1f-61553a225576 req-dc708c6d-1a68-42b8-9313-31a4306dfb58 service placement] 10.222.0.54 "GET /placement/allocations/47cbc73a-47b2-4f9a-aa5d-d5ed6f29b159" status: 200 len: 19 microversion: 1.28
May 03 03:55:54.622751 n-d-768862-7 devstack@placement-api.service[75094]: DEBUG placement.requestlog [req-7afd5680-6a57-466c-8a1f-61553a225576 req-c3eeccee-becc-4903-840c-722302a83373 None None] Starting request: 10.222.0.54 "POST /placement/allocations" {{(pid=75094) __call__ /opt/stack/placement/placement/requestlog.py:55}}
May 03 03:55:54.631632 n-d-768862-7 devstack@placement-api.service[75093]: [pid: 75093|app: 0|req: 177/353] 10.222.0.54 () {60 vars in 1380 bytes} [Mon May 3 03:55:54 2021] GET /placement/allocations/47cbc73a-47b2-4f9a-aa5d-d5ed6f29b159 => generated 19 bytes in 35 msecs (HTTP/1.1 200) 8 headers in 295 bytes (1 switches on core 0)
May 03 03:55:54.755339 n-d-768862-7 devstack@placement-api.service[75094]: DEBUG placement.handlers.allocation [req-7afd5680-6a57-466c-8a1f-61553a225576 req-c3eeccee-becc-4903-840c-722302a83373 service placement] Successfully wrote allocations [, , , ] {{(pid=75094) _create_allocations /opt/stack/placement/placement/handlers/allocation.py:524}}
May 03 03:55:54.756820 n-d-768862-7 devstack@placement-api.service[75094]: INFO placement.requestlog [req-7afd5680-6a57-466c-8a1f-61553a225576 req-c3eeccee-becc-4903-840c-722302a83373 service placement] 10.222.0.54 "POST /placement/allocations" status: 204 len: 0 microversion: 1.28
May 03 03:55:54.757640 n-d-768862-7 devstack@placement-api.service[75094]: [pid: 75094|app: 0|req: 177/354] 10.222.0.54 () {64 vars in 1323 bytes} [Mon May 3 03:55:54 2021] POST /placement/allocations => generated 0 bytes in 135 msecs (HTTP/1.1 204) 5 headers in 199 bytes (1 switches on core 0)
May 03 03:55:54.828156 n-d-768862-7 devstack@placement-api.service[75093]: DEBUG placement.requestlog [req-7afd5680-6a57-466c-8a1f-61553a225576 req-730ac13a-28e3-4e5c-8a88-8e19e3c4aab9 None None] Starting request: 10.222.0.54 "GET /placement/allocations/e852b559-07c0-41a0-a9de-089913458166" {{(pid=75093) __call__ /opt/stack/placement/placement/requestlog.py:55}}
May 03 03:55:54.861251 n-d-768862-7 devstack@placement-api.service[75093]: INFO placement.requestlog [req-7afd5680-6a57-466c-8a1f-61553a225576 req-730ac13a-28e3-4e5c-8a88-8e19e3c4aab9 service placement] 10.222.0.54 "GET /placement/allocations/e852b559-07c0-41a0-a9de-089913458166" status: 200 len: 19 microversion: 1.28
May 03 03:55:54.865839 n-d-768862-7 devstack@placement-api.service[75093]: [pid: 75093|app: 0|req: 178/355] 10.222.0.54 () {60 vars in 1380 bytes} [Mon May 3 03:55:54 2021] GET /placement/allocations/e852b559-07c0-41a0-a9de-089913458166 => generated 19 bytes in 38 msecs (HTTP/1.1 200) 8 headers in 295 bytes (1 switches on core 0)
May 03 03:55:54.871380 n-d-768862-7 devstack@placement-api.service[75094]: DEBUG placement.requestlog [req-7afd5680-6a57-466c-8a1f-61553a225576 req-53c7fb2e-c712-499e-a368-de2afd71b6b6 None None] Starting request: 10.222.0.54 "PUT /placement/allocations/e852b559-07c0-41a0-a9de-089913458166" {{(pid=75094) __call__ /opt/stack/placement/placement/requestlog.py:55}}
May 03 03:55:55.005375 n-d-768862-7 devstack@placement-api.service[75094]: DEBUG placement.handlers.allocation [req-7afd5680-6a57-466c-8a1f-61553a225576 req-53c7fb2e-c712-499e-a368-de2afd71b6b6 service placement] Successfully wrote allocations [, ] {{(pid=75094) _create_allocations /opt/stack/placement/placement/handlers/allocation.py:435}}
May 03 03:55:55.005911 n-d-768862-7 devstack@placement-api.service[75094]: INFO placement.requestlog [req-7afd5680-6a57-466c-8a1f-61553a225576 req-53c7fb2e-c712-499e-a368-de2afd71b6b6 service placement] 10.222.0.54 "PUT /placement/allocations/e852b559-07c0-41a0-a9de-089913458166" status: 204 len: 0 microversion: 1.28
May 03 03:55:55.008170 n-d-768862-7 devstack@placement-api.service[75094]: [pid: 75094|app: 0|req: 178/356] 10.222.0.54 () {64 vars in 1433 bytes} [Mon May 3 03:55:54 2021] PUT /placement/allocations/e852b559-07c0-41a0-a9de-089913458166 => generated 0 bytes in 137 msecs (HTTP/1.1 204) 5 headers in 199 bytes (1 switches on core 0)
May 03 03:55:55.131095 n-d-768862-7 devstack@placement-api.service[75093]: DEBUG placement.requestlog [req-7afd5680-6a57-466c-8a1f-61553a225576 req-27d4f68b-56b1-4667-9ef4-7d10e7362ac7 None None] Starting request: 10.222.0.62 "GET /placement/allocations/e852b559-07c0-41a0-a9de-089913458166" {{(pid=75093) __call__ /opt/stack/placement/placement/requestlog.py:55}}
May 03 03:55:55.164678 n-d-768862-7 devstack@placement-api.service[75093]: INFO placement.requestlog [req-7afd5680-6a57-466c-8a1f-61553a225576 req-27d4f68b-56b1-4667-9ef4-7d10e7362ac7 service placement] 10.222.0.62 "GET /placement/allocations/e852b559-07c0-41a0-a9de-089913458166" status: 200 len: 245 microversion: 1.28
May 03 03:55:55.165327 n-d-768862-7 devstack@placement-api.service[75093]: [pid: 75093|app: 0|req: 179/357] 10.222.0.62 () {60 vars in 1378 bytes} [Mon May 3 03:55:55 2021] GET /placement/allocations/e852b559-07c0-41a0-a9de-089913458166 => generated 245 bytes in 35 msecs (HTTP/1.1 200) 8 headers in 296 bytes (2 switches on core 0)
May 03 03:56:00.250539 n-d-768862-7 devstack@placement-api.service[75094]: DEBUG placement.requestlog [req-21038dd8-aa8c-4872-a507-aee86fd0bf6c req-72251068-d300-4473-91ab-378df6827d99 None None] Starting request: 10.222.0.54 "GET /placement/allocation_candidates?limit=1000&resources=DISK_GB%3A1%2CMEMORY_MB%3A1024%2CVCPU%3A1&root_required=%21COMPUTE_STATUS_DISABLED" {{(pid=75094) __call__ /opt/stack/placement/placement/requestlog.py:55}}
May 03 03:56:00.334990 n-d-768862-7 devstack@placement-api.service[75094]: DEBUG placement.objects.research_context [req-21038dd8-aa8c-4872-a507-aee86fd0bf6c req-72251068-d300-4473-91ab-378df6827d99 service placement] getting providers with 1 DISK_GB {{(pid=75094) __init__ /opt/stack/placement/placement/objects/research_context.py:126}}
May 03 03:56:00.349285 n-d-768862-7 devstack@placement-api.service[75094]: DEBUG placement.objects.research_context [req-21038dd8-aa8c-4872-a507-aee86fd0bf6c req-72251068-d300-4473-91ab-378df6827d99 service placement] getting providers with 1024 MEMORY_MB {{(pid=75094) __init__ /opt/stack/placement/placement/objects/research_context.py:126}}
May 03 03:56:00.356268 n-d-768862-7 devstack@placement-api.service[75094]: DEBUG placement.objects.research_context [req-21038dd8-aa8c-4872-a507-aee86fd0bf6c req-72251068-d300-4473-91ab-378df6827d99 service placement] getting providers with 1 VCPU {{(pid=75094) __init__ /opt/stack/placement/placement/objects/research_context.py:126}}
May 03 03:56:00.366735 n-d-768862-7 devstack@placement-api.service[75094]: DEBUG placement.objects.research_context [req-21038dd8-aa8c-4872-a507-aee86fd0bf6c req-72251068-d300-4473-91ab-378df6827d99 service placement] found 2 providers with available 1 DISK_GB {{(pid=75094) get_provider_ids_matching /opt/stack/placement/placement/objects/research_context.py:549}}
May 03 03:56:00.367369 n-d-768862-7 devstack@placement-api.service[75094]: DEBUG placement.objects.research_context [req-21038dd8-aa8c-4872-a507-aee86fd0bf6c req-72251068-d300-4473-91ab-378df6827d99 service placement] found 2 providers with available 1024 MEMORY_MB {{(pid=75094) get_provider_ids_matching /opt/stack/placement/placement/objects/research_context.py:549}}
May 03 03:56:00.367865 n-d-768862-7 devstack@placement-api.service[75094]: DEBUG placement.objects.research_context [req-21038dd8-aa8c-4872-a507-aee86fd0bf6c req-72251068-d300-4473-91ab-378df6827d99 service placement] found 2 providers after filtering by previous result {{(pid=75094) get_provider_ids_matching /opt/stack/placement/placement/objects/research_context.py:580}}
May 03 03:56:00.380577 n-d-768862-7 devstack@placement-api.service[75094]: DEBUG placement.objects.research_context [req-21038dd8-aa8c-4872-a507-aee86fd0bf6c req-72251068-d300-4473-91ab-378df6827d99 service placement] found 2 providers with available 1 VCPU {{(pid=75094) get_provider_ids_matching /opt/stack/placement/placement/objects/research_context.py:549}}
May 03 03:56:00.381238 n-d-768862-7 devstack@placement-api.service[75094]: DEBUG placement.objects.research_context [req-21038dd8-aa8c-4872-a507-aee86fd0bf6c req-72251068-d300-4473-91ab-378df6827d99 service placement] found 2 providers after filtering by previous result {{(pid=75094) get_provider_ids_matching /opt/stack/placement/placement/objects/research_context.py:580}}
May 03 03:56:00.398918 n-d-768862-7 devstack@placement-api.service[75094]: DEBUG placement.objects.allocation_candidate [req-21038dd8-aa8c-4872-a507-aee86fd0bf6c req-72251068-d300-4473-91ab-378df6827d99 service placement] RequestGroup(use_same_provider=False, resources={DISK_GB:1, MEMORY_MB:1024, VCPU:1}, traits=[], aggregates=[]) (suffix '') returned 2 matches {{(pid=75094) _get_by_requests /opt/stack/placement/placement/objects/allocation_candidate.py:145}}
May 03 03:56:00.399680 n-d-768862-7 devstack@placement-api.service[75094]: DEBUG placement.objects.allocation_candidate [req-21038dd8-aa8c-4872-a507-aee86fd0bf6c req-72251068-d300-4473-91ab-378df6827d99 service placement] Merging candidates yields 2 allocation requests and 2 provider summaries {{(pid=75094) _merge_candidates /opt/stack/placement/placement/objects/allocation_candidate.py:783}}
May 03 03:56:00.401381 n-d-768862-7 devstack@placement-api.service[75094]: INFO placement.requestlog [req-21038dd8-aa8c-4872-a507-aee86fd0bf6c req-72251068-d300-4473-91ab-378df6827d99 service placement] 10.222.0.54 "GET /placement/allocation_candidates?limit=1000&resources=DISK_GB%3A1%2CMEMORY_MB%3A1024%2CVCPU%3A1&root_required=%21COMPUTE_STATUS_DISABLED" status: 200 len: 1309 microversion: 1.35
May 03 03:56:00.402221 n-d-768862-7 devstack@placement-api.service[75094]: [pid: 75094|app: 0|req: 179/358] 10.222.0.54 () {60 vars in 1506 bytes} [Mon May 3 03:56:00 2021] GET /placement/allocation_candidates?limit=1000&resources=DISK_GB%3A1%2CMEMORY_MB%3A1024%2CVCPU%3A1&root_required=%21COMPUTE_STATUS_DISABLED => generated 1309 bytes in 152 msecs (HTTP/1.1 200) 8 headers in 297 bytes (1 switches on core 0)
May 03 03:56:00.521834 n-d-768862-7 devstack@placement-api.service[75093]: DEBUG placement.requestlog [req-21038dd8-aa8c-4872-a507-aee86fd0bf6c req-8f6b23b8-4955-4602-bd68-66b42e610ef8 None None] Starting request: 10.222.0.54 "GET /placement/allocations/8a4bbb3c-2c13-4726-bc51-28cb9565ba77" {{(pid=75093) __call__ /opt/stack/placement/placement/requestlog.py:55}}
May 03 03:56:00.537333 n-d-768862-7 devstack@placement-api.service[75093]: INFO placement.requestlog [req-21038dd8-aa8c-4872-a507-aee86fd0bf6c req-8f6b23b8-4955-4602-bd68-66b42e610ef8 service placement] 10.222.0.54 "GET /placement/allocations/8a4bbb3c-2c13-4726-bc51-28cb9565ba77" status: 200 len: 19 microversion: 1.28
May 03 03:56:00.538783 n-d-768862-7 devstack@placement-api.service[75093]: [pid: 75093|app: 0|req: 180/359] 10.222.0.54 () {60 vars in 1380 bytes} [Mon May 3 03:56:00 2021] GET /placement/allocations/8a4bbb3c-2c13-4726-bc51-28cb9565ba77 => generated 19 bytes in 18 msecs (HTTP/1.1 200) 8 headers in 295 bytes (1 switches on core 0)
May 03 03:56:00.549252 n-d-768862-7 devstack@placement-api.service[75094]: DEBUG placement.requestlog [req-21038dd8-aa8c-4872-a507-aee86fd0bf6c req-b5b5b4d1-892d-42db-8daa-9e0994bd8458 None None] Starting request: 10.222.0.54 "PUT /placement/allocations/8a4bbb3c-2c13-4726-bc51-28cb9565ba77" {{(pid=75094) __call__ /opt/stack/placement/placement/requestlog.py:55}}
May 03 03:56:00.658832 n-d-768862-7 devstack@placement-api.service[75094]: DEBUG placement.handlers.allocation [req-21038dd8-aa8c-4872-a507-aee86fd0bf6c req-b5b5b4d1-892d-42db-8daa-9e0994bd8458 service placement] Successfully wrote allocations [, , ] {{(pid=75094) _create_allocations /opt/stack/placement/placement/handlers/allocation.py:435}}
May 03 03:56:00.661251 n-d-768862-7 devstack@placement-api.service[75094]: INFO placement.requestlog [req-21038dd8-aa8c-4872-a507-aee86fd0bf6c req-b5b5b4d1-892d-42db-8daa-9e0994bd8458 service placement] 10.222.0.54 "PUT /placement/allocations/8a4bbb3c-2c13-4726-bc51-28cb9565ba77" status: 204 len: 0 microversion: 1.35
May 03 03:56:00.662086 n-d-768862-7 devstack@placement-api.service[75094]: [pid: 75094|app: 0|req: 180/360] 10.222.0.54 () {64 vars in 1433 bytes} [Mon May 3 03:56:00 2021] PUT /placement/allocations/8a4bbb3c-2c13-4726-bc51-28cb9565ba77 => generated 0 bytes in 113 msecs (HTTP/1.1 204) 5 headers in 199 bytes (1 switches on core 0)
May 03 03:56:01.134421 n-d-768862-7 devstack@placement-api.service[75093]: DEBUG placement.requestlog [req-21038dd8-aa8c-4872-a507-aee86fd0bf6c req-04b35db6-c650-488d-925b-b148e6014a55 None None] Starting request: 10.222.0.64 "GET /placement/allocations/8a4bbb3c-2c13-4726-bc51-28cb9565ba77" {{(pid=75093) __call__ /opt/stack/placement/placement/requestlog.py:55}}
May 03 03:56:01.162672 n-d-768862-7 devstack@placement-api.service[75093]: INFO placement.requestlog [req-21038dd8-aa8c-4872-a507-aee86fd0bf6c req-04b35db6-c650-488d-925b-b148e6014a55 service placement] 10.222.0.64 "GET /placement/allocations/8a4bbb3c-2c13-4726-bc51-28cb9565ba77" status: 200 len: 259 microversion: 1.28
May 03 03:56:01.163444 n-d-768862-7 devstack@placement-api.service[75093]: [pid: 75093|app: 0|req: 181/361] 10.222.0.64 () {60 vars in 1378 bytes} [Mon May 3 03:56:01 2021] GET /placement/allocations/8a4bbb3c-2c13-4726-bc51-28cb9565ba77 => generated 259 bytes in 29 msecs (HTTP/1.1 200) 8 headers in 296 bytes (1 switches on core 0)
May 03 03:56:03.279005 n-d-768862-7 devstack@placement-api.service[75094]: DEBUG placement.requestlog [req-70e4a2e2-8d2e-43ff-9d52-5b286fed0ccc req-0639d929-a1d3-456e-87c5-90bf12101d91 None None] Starting request: 10.222.0.62 "GET /placement/allocations/6502f327-ac63-4d19-ac95-019048bf8fba" {{(pid=75094) __call__ /opt/stack/placement/placement/requestlog.py:55}}
May 03 03:56:03.316643 n-d-768862-7 devstack@placement-api.service[75094]: INFO placement.requestlog [req-70e4a2e2-8d2e-43ff-9d52-5b286fed0ccc req-0639d929-a1d3-456e-87c5-90bf12101d91 service placement] 10.222.0.62 "GET /placement/allocations/6502f327-ac63-4d19-ac95-019048bf8fba" status: 200 len: 259 microversion: 1.28
May 03 03:56:03.320522 n-d-768862-7 devstack@placement-api.service[75094]: [pid: 75094|app: 0|req: 181/362] 10.222.0.62 () {60 vars in 1378 bytes} [Mon May 3 03:56:03 2021] GET /placement/allocations/6502f327-ac63-4d19-ac95-019048bf8fba => generated 259 bytes in 41 msecs (HTTP/1.1 200) 8 headers in 296 bytes (1 switches on core 0)
May 03 03:56:03.326080 n-d-768862-7 devstack@placement-api.service[75093]: DEBUG placement.requestlog [req-70e4a2e2-8d2e-43ff-9d52-5b286fed0ccc req-63f8acba-da21-49a3-8252-f8b10133779c None None] Starting request: 10.222.0.62 "GET /placement/allocations/6502f327-ac63-4d19-ac95-019048bf8fba" {{(pid=75093) __call__ /opt/stack/placement/placement/requestlog.py:55}}
May 03 03:56:03.362165 n-d-768862-7 devstack@placement-api.service[75093]: INFO placement.requestlog [req-70e4a2e2-8d2e-43ff-9d52-5b286fed0ccc req-63f8acba-da21-49a3-8252-f8b10133779c service placement] 10.222.0.62 "GET /placement/allocations/6502f327-ac63-4d19-ac95-019048bf8fba" status: 200 len: 259 microversion: 1.28
May 03 03:56:03.363492 n-d-768862-7 devstack@placement-api.service[75093]: [pid: 75093|app: 0|req: 182/363] 10.222.0.62 () {60 vars in 1378 bytes} [Mon May 3 03:56:03 2021] GET /placement/allocations/6502f327-ac63-4d19-ac95-019048bf8fba => generated 259 bytes in 38 msecs (HTTP/1.1 200) 8 headers in 296 bytes (1 switches on core 0)
