Nov 12 10:56:41.761479 n-d-768862-17 neutron-server[102491]: DEBUG neutron.plugins.ml2.plugin [None req-7baa6714-46c3-4244-a829-4e7670dc9fb9 None None] Port 110e4260-7ba0-4cc8-b71b-d22973188867 cannot update to ACTIVE because it is not bound. {{(pid=102491) _port_provisioned /opt/stack/neutron/neutron/plugins/ml2/plugin.py:342}}
Nov 12 10:56:41.813899 n-d-768862-17 neutron-server[102490]: DEBUG neutron_lib.callbacks.manager [req-adaf7981-d16d-4812-9216-d5ac96ce405a req-5002079c-335a-48a6-8501-befe222e1cc3 tempest-DeleteServersAdminTestJSON-1529326096 tempest-DeleteServersAdminTestJSON-1529326096-project] Publish callbacks ['neutron.plugins.ml2.plugin.SecurityGroupServerNotifierRpcMixin._notify_sg_on_port_change-561881', 'neutron.plugins.ml2.ovo_rpc._ObjectChangeHandler.handle_event-236693', 'neutron.api.rpc.agentnotifiers.dhcp_rpc_agent_api.DhcpAgentNotifyAPI._native_event_send_dhcp_notification-16315538', 'neutron.db.l3_dvrscheduler_db._notify_l3_agent_new_port-8734864229524', 'neutron.services.segments.plugin.NovaSegmentNotifier._notify_port_created_or_deleted-12916627'] for port, after_create {{(pid=102490) _notify_loop /usr/local/lib/python3.8/dist-packages/neutron_lib/callbacks/manager.py:175}}
Nov 12 10:56:41.873267 n-d-768862-17 neutron-server[102489]: DEBUG neutron.plugins.ml2.db [req-36514d5f-faff-4ed6-bf9a-b5cdcba490f6 req-712ca185-79da-4716-943c-7a0986e4d013 service neutron] For port ff0cb347-f713-4304-9a6e-0ec38db7ac02, host n-h2-768862-17, cleared binding levels {{(pid=102489) clear_binding_levels /opt/stack/neutron/neutron/plugins/ml2/db.py:87}}
Nov 12 10:56:41.895751 n-d-768862-17 neutron-server[102490]: DEBUG neutron.scheduler.dhcp_agent_scheduler [req-adaf7981-d16d-4812-9216-d5ac96ce405a req-5002079c-335a-48a6-8501-befe222e1cc3 tempest-DeleteServersAdminTestJSON-1529326096 tempest-DeleteServersAdminTestJSON-1529326096-project] Network ea3da6e8-bc1a-4e02-a84f-600dd92219e9 is already hosted by enough agents. {{(pid=102490) _get_dhcp_agents_hosting_network /opt/stack/neutron/neutron/scheduler/dhcp_agent_scheduler.py:275}}
Nov 12 10:56:41.896740 n-d-768862-17 neutron-server[102489]: DEBUG neutron.plugins.ml2.db [req-36514d5f-faff-4ed6-bf9a-b5cdcba490f6 req-712ca185-79da-4716-943c-7a0986e4d013 service neutron] For port ff0cb347-f713-4304-9a6e-0ec38db7ac02, host n-h2-768862-17, set binding levels [PortBindingLevel(driver='hyperv',host='n-h2-768862-17',level=0,port_id=ff0cb347-f713-4304-9a6e-0ec38db7ac02,segment=NetworkSegment(86f11806-a81f-42ff-9eb6-662019809a5c),segment_id=86f11806-a81f-42ff-9eb6-662019809a5c)] {{(pid=102489) set_binding_levels /opt/stack/neutron/neutron/plugins/ml2/db.py:59}}
Nov 12 10:56:41.902903 n-d-768862-17 neutron-server[102490]: DEBUG neutron.scheduler.base_scheduler [req-adaf7981-d16d-4812-9216-d5ac96ce405a req-5002079c-335a-48a6-8501-befe222e1cc3 tempest-DeleteServersAdminTestJSON-1529326096 tempest-DeleteServersAdminTestJSON-1529326096-project] Resources bound (agent type, host, resource id): {{(pid=102490) schedule /opt/stack/neutron/neutron/scheduler/base_scheduler.py:57}}
Nov 12 10:56:41.911941 n-d-768862-17 neutron-server[102490]: DEBUG neutron.pecan_wsgi.hooks.policy_enforcement [req-70add099-0e1c-4584-a825-7da6a9ad7c77 req-16677580-b93a-48ff-b22c-f500cb2d2fe3 tempest-LiveMigrationNegativeTest-1426294895 tempest-LiveMigrationNegativeTest-1426294895-project] Attributes excluded by policy engine: ['standard_attr_id', 'binding:profile', 'binding:host_id', 'binding:vif_type', 'binding:vif_details'] {{(pid=102490) _exclude_attributes_by_policy /opt/stack/neutron/neutron/pecan_wsgi/hooks/policy_enforcement.py:255}}
Nov 12 10:56:41.912839 n-d-768862-17 neutron-server[102489]: DEBUG neutron_lib.callbacks.manager [req-36514d5f-faff-4ed6-bf9a-b5cdcba490f6 req-712ca185-79da-4716-943c-7a0986e4d013 service neutron] Publish callbacks ['neutron.plugins.ml2.plugin.SecurityGroupServerNotifierRpcMixin._notify_sg_on_port_change-561881', 'neutron.plugins.ml2.ovo_rpc._ObjectChangeHandler.handle_event-236693', 'neutron.api.rpc.agentnotifiers.dhcp_rpc_agent_api.DhcpAgentNotifyAPI._native_event_send_dhcp_notification-16315538', 'neutron.db.l3_db.L3RpcNotifierMixin._notify_gateway_port_ip_changed-8734864690068', 'neutron.db.l3_dvrscheduler_db._notify_l3_agent_port_update-8734864229542', 'neutron.db.l3_hascheduler_db._notify_l3_agent_ha_port_update-8734864229560', 'neutron.services.segments.plugin.NovaSegmentNotifier._notify_port_updated-14017764'] for port, after_update {{(pid=102489) _notify_loop /usr/local/lib/python3.8/dist-packages/neutron_lib/callbacks/manager.py:175}}
Nov 12 10:56:41.914306 n-d-768862-17 neutron-server[102490]: INFO neutron.wsgi [req-70add099-0e1c-4584-a825-7da6a9ad7c77 req-16677580-b93a-48ff-b22c-f500cb2d2fe3 tempest-LiveMigrationNegativeTest-1426294895 tempest-LiveMigrationNegativeTest-1426294895-project] 10.222.0.13 "GET /v2.0/ports?device_id=442477e1-07f8-4be7-a531-e8e7238b364f HTTP/1.1" status: 200 len: 935 time: 0.1148918
Nov 12 10:56:41.915311 n-d-768862-17 neutron-server[102490]: DEBUG neutron.db.l3_dvrscheduler_db [req-adaf7981-d16d-4812-9216-d5ac96ce405a req-5002079c-335a-48a6-8501-befe222e1cc3 tempest-DeleteServersAdminTestJSON-1529326096 tempest-DeleteServersAdminTestJSON-1529326096-project] Received port after_create {{(pid=102490) _notify_l3_agent_new_port /opt/stack/neutron/neutron/db/l3_dvrscheduler_db.py:535}}
Nov 12 10:56:41.918177 n-d-768862-17 neutron-server[102490]: DEBUG neutron.api.rpc.handlers.resources_rpc [None req-5002079c-335a-48a6-8501-befe222e1cc3 tempest-DeleteServersAdminTestJSON-1529326096 tempest-DeleteServersAdminTestJSON-1529326096-project] Pushing event updated for resources: {'Port': ['ID=bc11c959-823e-4a92-a542-ecadce805603,revision_number=1']} {{(pid=102490) push /opt/stack/neutron/neutron/api/rpc/handlers/resources_rpc.py:237}}
Nov 12 10:56:42.007335 n-d-768862-17 neutron-server[102490]: INFO neutron.wsgi [req-70add099-0e1c-4584-a825-7da6a9ad7c77 req-d26f8aad-a1c1-410c-95e3-227b9df83999 tempest-LiveMigrationNegativeTest-1426294895 tempest-LiveMigrationNegativeTest-1426294895-project] 10.222.0.13 "GET /v2.0/security-groups?id=7b9cd190-cb75-478b-8df1-479329d4e553&fields=id&fields=name HTTP/1.1" status: 200 len: 286 time: 0.0652187
Nov 12 10:56:42.036737 n-d-768862-17 neutron-server[102490]: DEBUG neutron.pecan_wsgi.hooks.policy_enforcement [req-adaf7981-d16d-4812-9216-d5ac96ce405a req-5002079c-335a-48a6-8501-befe222e1cc3 tempest-DeleteServersAdminTestJSON-1529326096 tempest-DeleteServersAdminTestJSON-1529326096-project] Attributes excluded by policy engine: ['standard_attr_id', 'binding:profile', 'binding:host_id', 'binding:vif_type', 'binding:vif_details', 'network'] {{(pid=102490) _exclude_attributes_by_policy /opt/stack/neutron/neutron/pecan_wsgi/hooks/policy_enforcement.py:255}}
Nov 12 10:56:42.037413 n-d-768862-17 neutron-server[102490]: DEBUG neutron_lib.callbacks.manager [req-adaf7981-d16d-4812-9216-d5ac96ce405a req-5002079c-335a-48a6-8501-befe222e1cc3 tempest-DeleteServersAdminTestJSON-1529326096 tempest-DeleteServersAdminTestJSON-1529326096-project] Publish callbacks ['neutron.notifiers.nova.Notifier._send_nova_notification-23756', 'neutron.api.rpc.agentnotifiers.dhcp_rpc_agent_api.DhcpAgentNotifyAPI._send_dhcp_notification-16315524'] for port, before_response {{(pid=102490) _notify_loop /usr/local/lib/python3.8/dist-packages/neutron_lib/callbacks/manager.py:175}}
Nov 12 10:56:42.054966 n-d-768862-17 neutron-server[102489]: DEBUG neutron.pecan_wsgi.hooks.policy_enforcement [req-36514d5f-faff-4ed6-bf9a-b5cdcba490f6 req-712ca185-79da-4716-943c-7a0986e4d013 service neutron] Attributes excluded by policy engine: ['standard_attr_id'] {{(pid=102489) _exclude_attributes_by_policy /opt/stack/neutron/neutron/pecan_wsgi/hooks/policy_enforcement.py:255}}
Nov 12 10:56:42.055597 n-d-768862-17 neutron-server[102489]: DEBUG neutron_lib.callbacks.manager [req-36514d5f-faff-4ed6-bf9a-b5cdcba490f6 req-712ca185-79da-4716-943c-7a0986e4d013 service neutron] Publish callbacks ['neutron.notifiers.nova.Notifier._send_nova_notification-23756'] for port, before_response {{(pid=102489) _notify_loop /usr/local/lib/python3.8/dist-packages/neutron_lib/callbacks/manager.py:175}}
Nov 12 10:56:42.057038 n-d-768862-17 neutron-server[102489]: INFO neutron.wsgi [req-36514d5f-faff-4ed6-bf9a-b5cdcba490f6 req-712ca185-79da-4716-943c-7a0986e4d013 service neutron] 10.222.0.39 "PUT /v2.0/ports/ff0cb347-f713-4304-9a6e-0ec38db7ac02 HTTP/1.1" status: 200 len: 1093 time: 2.3672283
Nov 12 10:56:42.061748 n-d-768862-17 neutron-server[102489]: DEBUG neutron.notifiers.nova [-] Sending events: [{'name': 'network-changed', 'server_uuid': 'bcc80773-8924-45c8-bba7-654f2480cfa0', 'tag': 'ff0cb347-f713-4304-9a6e-0ec38db7ac02'}] {{(pid=102489) send_events /opt/stack/neutron/neutron/notifiers/nova.py:262}}
Nov 12 10:56:42.063366 n-d-768862-17 neutron-server[102490]: INFO neutron.wsgi [req-adaf7981-d16d-4812-9216-d5ac96ce405a req-5002079c-335a-48a6-8501-befe222e1cc3 tempest-DeleteServersAdminTestJSON-1529326096 tempest-DeleteServersAdminTestJSON-1529326096-project] 10.222.0.39 "POST /v2.0/ports HTTP/1.1" status: 201 len: 937 time: 1.3146288
Nov 12 10:56:42.064086 n-d-768862-17 neutron-server[102489]: DEBUG novaclient.v2.client [-] REQ: curl -g -i --cacert "/opt/stack/data/ca-bundle.pem" -X POST http://10.222.0.13/compute/v2.1/os-server-external-events -H "Accept: application/json" -H "Content-Type: application/json" -H "User-Agent: python-novaclient" -H "X-Auth-Token: {SHA256}2f362f66e20d2229db576cd552462e3e0ebdd20b379bc4063e5b69759a885d1b" -H "X-OpenStack-Nova-API-Version: 2.1" -H "X-OpenStack-Request-ID: req-076902d0-ab9c-4285-88a8-2069f415236f" -d '{"events": [{"name": "network-changed", "server_uuid": "bcc80773-8924-45c8-bba7-654f2480cfa0", "tag": "ff0cb347-f713-4304-9a6e-0ec38db7ac02"}]}' {{(pid=102489) _http_log_request /usr/local/lib/python3.8/dist-packages/keystoneauth1/session.py:519}}
Nov 12 10:56:42.076584 n-d-768862-17 neutron-server[102490]: DEBUG neutron.api.v2.base [req-adaf7981-d16d-4812-9216-d5ac96ce405a req-36c26ae9-c3ce-421c-9534-7be559475b05 service neutron] Request body: {'port': {'device_id': '1eebfc71-51b6-446a-840d-1d9ede5ff639', 'device_owner': 'compute:nova', 'binding:host_id': 'n-h2-768862-17'}} {{(pid=102490) prepare_request_body /opt/stack/neutron/neutron/api/v2/base.py:729}}
Nov 12 10:56:42.109597 n-d-768862-17 neutron-server[102489]: DEBUG neutron.pecan_wsgi.hooks.policy_enforcement [req-9da14c88-a483-4de2-95f8-b9715c398d8f req-65b8102f-81d2-463a-8515-b7be6f4e3654 tempest-DeleteServersAdminTestJSON-1529326096 tempest-DeleteServersAdminTestJSON-1529326096-project] Attributes excluded by policy engine: ['standard_attr_id', 'binding:profile', 'binding:host_id', 'binding:vif_type', 'binding:vif_details'] {{(pid=102489) _exclude_attributes_by_policy /opt/stack/neutron/neutron/pecan_wsgi/hooks/policy_enforcement.py:255}}
Nov 12 10:56:42.117505 n-d-768862-17 neutron-server[102489]: INFO neutron.wsgi [req-9da14c88-a483-4de2-95f8-b9715c398d8f req-65b8102f-81d2-463a-8515-b7be6f4e3654 tempest-DeleteServersAdminTestJSON-1529326096 tempest-DeleteServersAdminTestJSON-1529326096-project] 10.222.0.13 "GET /v2.0/ports?device_id=1eebfc71-51b6-446a-840d-1d9ede5ff639 HTTP/1.1" status: 200 len: 935 time: 0.2161059
Nov 12 10:56:42.144742 n-d-768862-17 neutron-server[102489]: DEBUG neutron.api.rpc.handlers.resources_rpc [None req-712ca185-79da-4716-943c-7a0986e4d013 service neutron] Pushing event updated for resources: {'Port': ['ID=ff0cb347-f713-4304-9a6e-0ec38db7ac02,revision_number=3']} {{(pid=102489) push /opt/stack/neutron/neutron/api/rpc/handlers/resources_rpc.py:237}}
Nov 12 10:56:42.160345 n-d-768862-17 neutron-server[102490]: DEBUG neutron_lib.callbacks.manager [req-adaf7981-d16d-4812-9216-d5ac96ce405a req-36c26ae9-c3ce-421c-9534-7be559475b05 service neutron] Publish callbacks ['neutron.plugins.ml2.plugin.SecurityGroupDbMixin._ensure_default_security_group_handler-537973'] for port, before_update {{(pid=102490) _notify_loop /usr/local/lib/python3.8/dist-packages/neutron_lib/callbacks/manager.py:175}}
Nov 12 10:56:42.161140 n-d-768862-17 neutron-server[102490]: DEBUG neutron.wsgi [-] (102490) accepted ('10.222.0.13', 58216) {{(pid=102490) server /usr/local/lib/python3.8/dist-packages/eventlet/wsgi.py:982}}
Nov 12 10:56:42.193247 n-d-768862-17 neutron-server[102490]: DEBUG neutron_lib.callbacks.manager [None req-de7eeee6-8d23-41ab-989f-60af4aaf1ad8 admin admin] Publish callbacks [] for security_group, before_create {{(pid=102490) _notify_loop /usr/local/lib/python3.8/dist-packages/neutron_lib/callbacks/manager.py:175}}
Nov 12 10:56:42.310763 n-d-768862-17 neutron-server[102491]: DEBUG neutron.db.provisioning_blocks [None req-ec295d36-36ca-4f25-b15d-c38128e74801 None None] Provisioning complete for port bc11c959-823e-4a92-a542-ecadce805603 triggered by entity DHCP. {{(pid=102491) provisioning_complete /opt/stack/neutron/neutron/db/provisioning_blocks.py:139}}
Nov 12 10:56:42.311381 n-d-768862-17 neutron-server[102491]: DEBUG neutron_lib.callbacks.manager [None req-ec295d36-36ca-4f25-b15d-c38128e74801 None None] Publish callbacks ['neutron.plugins.ml2.plugin.Ml2Plugin._port_provisioned-590388'] for port, provisioning_complete {{(pid=102491) _notify_loop /usr/local/lib/python3.8/dist-packages/neutron_lib/callbacks/manager.py:175}}
Nov 12 10:56:42.370801 n-d-768862-17 neutron-server[102491]: DEBUG neutron.plugins.ml2.plugin [None req-ec295d36-36ca-4f25-b15d-c38128e74801 None None] Port bc11c959-823e-4a92-a542-ecadce805603 cannot update to ACTIVE because it is not bound. {{(pid=102491) _port_provisioned /opt/stack/neutron/neutron/plugins/ml2/plugin.py:342}}
Nov 12 10:56:42.423729 n-d-768862-17 neutron-server[102490]: DEBUG neutron_lib.callbacks.manager [None req-de7eeee6-8d23-41ab-989f-60af4aaf1ad8 admin admin] Publish callbacks [] for security_group, precommit_create {{(pid=102490) _notify_loop /usr/local/lib/python3.8/dist-packages/neutron_lib/callbacks/manager.py:175}}
Nov 12 10:56:42.427988 n-d-768862-17 neutron-server[102490]: DEBUG neutron_lib.callbacks.manager [None req-de7eeee6-8d23-41ab-989f-60af4aaf1ad8 admin admin] Publish callbacks ['neutron.plugins.ml2.ovo_rpc._ObjectChangeHandler.handle_event-16265278'] for security_group, after_create {{(pid=102490) _notify_loop /usr/local/lib/python3.8/dist-packages/neutron_lib/callbacks/manager.py:175}}
Nov 12 10:56:42.477770 n-d-768862-17 neutron-server[102490]: DEBUG neutron.api.rpc.handlers.resources_rpc [None req-de7eeee6-8d23-41ab-989f-60af4aaf1ad8 admin admin] Pushing event updated for resources: {'SecurityGroup': ['ID=482450c8-0706-47da-addf-6d1ffeb4e605,revision_number=1']} {{(pid=102490) push /opt/stack/neutron/neutron/api/rpc/handlers/resources_rpc.py:237}}
Nov 12 10:56:42.486471 n-d-768862-17 neutron-server[102490]: INFO neutron.wsgi [None req-de7eeee6-8d23-41ab-989f-60af4aaf1ad8 admin admin] 10.222.0.13 "GET /v2.0/security-groups?tenant_id=3042341b75dc43c2af5ae139984a84d6&name=default HTTP/1.1" status: 200 len: 2996 time: 0.3205707
Nov 12 10:56:42.487119 n-d-768862-17 neutron-server[102490]: DEBUG neutron.wsgi [-] (102490) accepted ('10.222.0.13', 58232) {{(pid=102490) server /usr/local/lib/python3.8/dist-packages/eventlet/wsgi.py:982}}
Nov 12 10:56:42.490732 n-d-768862-17 neutron-server[102489]: INFO neutron.wsgi [req-6480956f-0c1e-4fe9-a515-9183bb3c0df2 req-832ba88f-1eac-4684-8cab-3e9fd683aed1 service neutron] 10.222.0.50 "GET /v2.0/ports?device_id=ffca1668-07bc-42d5-8611-e95995508d1f&fields=binding%3Ahost_id&fields=binding%3Avif_type HTTP/1.1" status: 200 len: 274 time: 0.3683259
Nov 12 10:56:42.511285 n-d-768862-17 neutron-server[102489]: INFO neutron.wsgi [req-9da14c88-a483-4de2-95f8-b9715c398d8f req-1d38693e-38fd-4482-b044-2a265cf8d368 tempest-DeleteServersAdminTestJSON-1529326096 tempest-DeleteServersAdminTestJSON-1529326096-project] 10.222.0.13 "GET /v2.0/security-groups?id=997eae07-883d-4ee6-b536-d03fa2a381aa&fields=id&fields=name HTTP/1.1" status: 200 len: 286 time: 0.3864233
Nov 12 10:56:42.557747 n-d-768862-17 neutron-server[102489]: DEBUG neutron.notifiers.nova [req-03aad6a3-f1cc-41a0-95f1-0b93570f40f1 req-e0a6317c-b3e9-46fb-8886-2645a9f6c521 service neutron] Ignoring state change previous_port_status: DOWN current_port_status: DOWN port_id 110e4260-7ba0-4cc8-b71b-d22973188867 {{(pid=102489) record_port_status_changed /opt/stack/neutron/neutron/notifiers/nova.py:224}}
Nov 12 10:56:42.567012 n-d-768862-17 neutron-server[102489]: DEBUG neutron_lib.callbacks.manager [req-03aad6a3-f1cc-41a0-95f1-0b93570f40f1 req-e0a6317c-b3e9-46fb-8886-2645a9f6c521 service neutron] Publish callbacks [] for port, precommit_update {{(pid=102489) _notify_loop /usr/local/lib/python3.8/dist-packages/neutron_lib/callbacks/manager.py:175}}
Nov 12 10:56:42.577372 n-d-768862-17 neutron-server[102490]: DEBUG neutron_lib.callbacks.manager [None req-3225d263-a022-46f3-8508-7fc43a66c5df admin admin] Publish callbacks [] for security_group, before_delete {{(pid=102490) _notify_loop /usr/local/lib/python3.8/dist-packages/neutron_lib/callbacks/manager.py:175}}
Nov 12 10:56:42.584019 n-d-768862-17 neutron-server[102489]: DEBUG neutron.db.provisioning_blocks [req-03aad6a3-f1cc-41a0-95f1-0b93570f40f1 req-e0a6317c-b3e9-46fb-8886-2645a9f6c521 service neutron] Transition to ACTIVE for port object 110e4260-7ba0-4cc8-b71b-d22973188867 will not be triggered until provisioned by entity L2. {{(pid=102489) add_provisioning_component /opt/stack/neutron/neutron/db/provisioning_blocks.py:73}}
Nov 12 10:56:42.589232 n-d-768862-17 neutron-server[102489]: DEBUG neutron.pecan_wsgi.hooks.policy_enforcement [req-36514d5f-faff-4ed6-bf9a-b5cdcba490f6 req-481a9634-d652-43df-995f-ab79df20880c service neutron] Attributes excluded by policy engine: ['standard_attr_id'] {{(pid=102489) _exclude_attributes_by_policy /opt/stack/neutron/neutron/pecan_wsgi/hooks/policy_enforcement.py:255}}
Nov 12 10:56:42.591764 n-d-768862-17 neutron-server[102489]: INFO neutron.wsgi [req-36514d5f-faff-4ed6-bf9a-b5cdcba490f6 req-481a9634-d652-43df-995f-ab79df20880c service neutron] 10.222.0.39 "GET /v2.0/ports?tenant_id=5f4c818f9752402a81a19eb711853e61&device_id=bcc80773-8924-45c8-bba7-654f2480cfa0 HTTP/1.1" status: 200 len: 1096 time: 0.4674330
Nov 12 10:56:42.593244 n-d-768862-17 neutron-server[102489]: DEBUG novaclient.v2.client [-] RESP: [200] Connection: close Content-Length: 179 Content-Type: application/json Date: Fri, 12 Nov 2021 10:56:42 GMT OpenStack-API-Version: compute 2.1 Server: Apache/2.4.41 (Ubuntu) Vary: OpenStack-API-Version,X-OpenStack-Nova-API-Version X-OpenStack-Nova-API-Version: 2.1 x-compute-request-id: req-c562ca5d-300b-43c2-abc8-65418485742a x-openstack-request-id: req-c562ca5d-300b-43c2-abc8-65418485742a {{(pid=102489) _http_log_response /usr/local/lib/python3.8/dist-packages/keystoneauth1/session.py:550}}
Nov 12 10:56:42.593656 n-d-768862-17 neutron-server[102489]: DEBUG novaclient.v2.client [-] RESP BODY: {"events": [{"name": "network-changed", "server_uuid": "bcc80773-8924-45c8-bba7-654f2480cfa0", "tag": "ff0cb347-f713-4304-9a6e-0ec38db7ac02", "status": "completed", "code": 200}]} {{(pid=102489) _http_log_response /usr/local/lib/python3.8/dist-packages/keystoneauth1/session.py:582}}
Nov 12 10:56:42.593914 n-d-768862-17 neutron-server[102489]: DEBUG novaclient.v2.client [-] POST call to compute for http://10.222.0.13/compute/v2.1/os-server-external-events used request id req-c562ca5d-300b-43c2-abc8-65418485742a {{(pid=102489) request /usr/local/lib/python3.8/dist-packages/keystoneauth1/session.py:954}}
Nov 12 10:56:42.594297 n-d-768862-17 neutron-server[102489]: INFO neutron.notifiers.nova [-] Nova event response: {'name': 'network-changed', 'server_uuid': 'bcc80773-8924-45c8-bba7-654f2480cfa0', 'tag': 'ff0cb347-f713-4304-9a6e-0ec38db7ac02', 'status': 'completed', 'code': 200}
Nov 12 10:56:42.596657 n-d-768862-17 neutron-server[102489]: DEBUG neutron_lib.callbacks.manager [req-03aad6a3-f1cc-41a0-95f1-0b93570f40f1 req-e0a6317c-b3e9-46fb-8886-2645a9f6c521 service neutron] Publish callbacks ['neutron.plugins.ml2.plugin.SecurityGroupServerNotifierRpcMixin._notify_sg_on_port_change-561881', 'neutron.plugins.ml2.ovo_rpc._ObjectChangeHandler.handle_event-236693', 'neutron.api.rpc.agentnotifiers.dhcp_rpc_agent_api.DhcpAgentNotifyAPI._native_event_send_dhcp_notification-16315538', 'neutron.db.l3_db.L3RpcNotifierMixin._notify_gateway_port_ip_changed-8734864690068', 'neutron.db.l3_dvrscheduler_db._notify_l3_agent_port_update-8734864229542', 'neutron.db.l3_hascheduler_db._notify_l3_agent_ha_port_update-8734864229560', 'neutron.services.segments.plugin.NovaSegmentNotifier._notify_port_updated-14017764'] for port, after_update {{(pid=102489) _notify_loop /usr/local/lib/python3.8/dist-packages/neutron_lib/callbacks/manager.py:175}}
Nov 12 10:56:42.664494 n-d-768862-17 neutron-server[102490]: DEBUG neutron_lib.callbacks.manager [None req-3225d263-a022-46f3-8508-7fc43a66c5df admin admin] Publish callbacks [] for security_group, precommit_delete {{(pid=102490) _notify_loop /usr/local/lib/python3.8/dist-packages/neutron_lib/callbacks/manager.py:175}}
Nov 12 10:56:42.702392 n-d-768862-17 neutron-server[102489]: INFO neutron.wsgi [req-36514d5f-faff-4ed6-bf9a-b5cdcba490f6 req-cc266bff-ec38-4833-b5c2-5be8c70789a0 service neutron] 10.222.0.39 "GET /v2.0/floatingips?fixed_ip_address=172.20.0.13&port_id=ff0cb347-f713-4304-9a6e-0ec38db7ac02 HTTP/1.1" status: 200 len: 217 time: 0.0889826
Nov 12 10:56:42.783037 n-d-768862-17 neutron-server[102490]: DEBUG neutron_lib.callbacks.manager [None req-3225d263-a022-46f3-8508-7fc43a66c5df admin admin] Publish callbacks ['neutron.plugins.ml2.ovo_rpc._ObjectChangeHandler.handle_event-16265278'] for security_group, after_delete {{(pid=102490) _notify_loop /usr/local/lib/python3.8/dist-packages/neutron_lib/callbacks/manager.py:175}}
Nov 12 10:56:42.789477 n-d-768862-17 neutron-server[102490]: DEBUG neutron_lib.callbacks.manager [None req-3225d263-a022-46f3-8508-7fc43a66c5df admin admin] Publish callbacks [] for security_group, before_response {{(pid=102490) _notify_loop /usr/local/lib/python3.8/dist-packages/neutron_lib/callbacks/manager.py:175}}
Nov 12 10:56:42.790868 n-d-768862-17 neutron-server[102490]: INFO neutron.wsgi [None req-3225d263-a022-46f3-8508-7fc43a66c5df admin admin] 10.222.0.13 "DELETE /v2.0/security-groups/482450c8-0706-47da-addf-6d1ffeb4e605 HTTP/1.1" status: 204 len: 168 time: 0.3030837
Nov 12 10:56:42.806751 n-d-768862-17 neutron-server[102489]: DEBUG neutron.api.rpc.handlers.resources_rpc [None req-e0a6317c-b3e9-46fb-8886-2645a9f6c521 service neutron] Pushing event updated for resources: {'Port': ['ID=110e4260-7ba0-4cc8-b71b-d22973188867,revision_number=2']} {{(pid=102489) push /opt/stack/neutron/neutron/api/rpc/handlers/resources_rpc.py:237}}
Nov 12 10:56:42.810838 n-d-768862-17 neutron-server[102491]: DEBUG neutron.plugins.ml2.rpc [None req-e9ee129b-5b66-4022-a4d8-a29f5e9578cd None None] Device 4bbb162d-0038-4615-a5d6-605d6cd75b8c details requested by agent hyperv_n-h2-768862-17 with host n-h2-768862-17 {{(pid=102491) get_device_details /opt/stack/neutron/neutron/plugins/ml2/rpc.py:102}}
Nov 12 10:56:42.829986 n-d-768862-17 neutron-server[102490]: DEBUG neutron.api.rpc.handlers.resources_rpc [None req-3225d263-a022-46f3-8508-7fc43a66c5df admin admin] Pushing event deleted for resources: {'SecurityGroup': ['ID=482450c8-0706-47da-addf-6d1ffeb4e605,revision_number=None']} {{(pid=102490) push /opt/stack/neutron/neutron/api/rpc/handlers/resources_rpc.py:237}}
Nov 12 10:56:42.840634 n-d-768862-17 neutron-server[102489]: DEBUG neutron.pecan_wsgi.hooks.policy_enforcement [req-6480956f-0c1e-4fe9-a515-9183bb3c0df2 req-9b291e49-404e-43f8-8383-d4e4bd33010f service neutron] Attributes excluded by policy engine: ['standard_attr_id'] {{(pid=102489) _exclude_attributes_by_policy /opt/stack/neutron/neutron/pecan_wsgi/hooks/policy_enforcement.py:255}}
Nov 12 10:56:42.843510 n-d-768862-17 neutron-server[102489]: INFO neutron.wsgi [req-6480956f-0c1e-4fe9-a515-9183bb3c0df2 req-9b291e49-404e-43f8-8383-d4e4bd33010f service neutron] 10.222.0.50 "GET /v2.0/ports?tenant_id=c727301d8fcd41ae93be45e986ec2770&device_id=ffca1668-07bc-42d5-8611-e95995508d1f HTTP/1.1" status: 200 len: 1101 time: 0.2479234
Nov 12 10:56:42.863088 n-d-768862-17 neutron-server[102490]: DEBUG neutron.notifiers.nova [req-adaf7981-d16d-4812-9216-d5ac96ce405a req-36c26ae9-c3ce-421c-9534-7be559475b05 service neutron] Ignoring state change previous_port_status: DOWN current_port_status: DOWN port_id bc11c959-823e-4a92-a542-ecadce805603 {{(pid=102490) record_port_status_changed /opt/stack/neutron/neutron/notifiers/nova.py:224}}
Nov 12 10:56:42.902831 n-d-768862-17 neutron-server[102490]: DEBUG neutron_lib.callbacks.manager [req-adaf7981-d16d-4812-9216-d5ac96ce405a req-36c26ae9-c3ce-421c-9534-7be559475b05 service neutron] Publish callbacks [] for port, precommit_update {{(pid=102490) _notify_loop /usr/local/lib/python3.8/dist-packages/neutron_lib/callbacks/manager.py:175}}
Nov 12 10:56:42.941515 n-d-768862-17 neutron-server[102490]: DEBUG neutron.db.provisioning_blocks [req-adaf7981-d16d-4812-9216-d5ac96ce405a req-36c26ae9-c3ce-421c-9534-7be559475b05 service neutron] Transition to ACTIVE for port object bc11c959-823e-4a92-a542-ecadce805603 will not be triggered until provisioned by entity L2. {{(pid=102490) add_provisioning_component /opt/stack/neutron/neutron/db/provisioning_blocks.py:73}}
Nov 12 10:56:42.952065 n-d-768862-17 neutron-server[102490]: DEBUG neutron_lib.callbacks.manager [req-adaf7981-d16d-4812-9216-d5ac96ce405a req-36c26ae9-c3ce-421c-9534-7be559475b05 service neutron] Publish callbacks ['neutron.plugins.ml2.plugin.SecurityGroupServerNotifierRpcMixin._notify_sg_on_port_change-561881', 'neutron.plugins.ml2.ovo_rpc._ObjectChangeHandler.handle_event-236693', 'neutron.api.rpc.agentnotifiers.dhcp_rpc_agent_api.DhcpAgentNotifyAPI._native_event_send_dhcp_notification-16315538', 'neutron.db.l3_db.L3RpcNotifierMixin._notify_gateway_port_ip_changed-8734864690068', 'neutron.db.l3_dvrscheduler_db._notify_l3_agent_port_update-8734864229542', 'neutron.db.l3_hascheduler_db._notify_l3_agent_ha_port_update-8734864229560', 'neutron.services.segments.plugin.NovaSegmentNotifier._notify_port_updated-12916714'] for port, after_update {{(pid=102490) _notify_loop /usr/local/lib/python3.8/dist-packages/neutron_lib/callbacks/manager.py:175}}
Nov 12 10:56:43.028309 n-d-768862-17 neutron-server[102491]: DEBUG neutron.plugins.ml2.db [None req-e9ee129b-5b66-4022-a4d8-a29f5e9578cd None None] For port 4bbb162d-0038-4615-a5d6-605d6cd75b8c, host n-h2-768862-17, got binding levels [PortBindingLevel(driver='hyperv',host='n-h2-768862-17',level=0,port_id=4bbb162d-0038-4615-a5d6-605d6cd75b8c,segment=NetworkSegment(a492d8f9-12bf-4301-b4c7-09b4ff630694),segment_id=a492d8f9-12bf-4301-b4c7-09b4ff630694)] {{(pid=102491) get_binding_level_objs /opt/stack/neutron/neutron/plugins/ml2/db.py:74}}
Nov 12 10:56:43.043887 n-d-768862-17 neutron-server[102491]: DEBUG neutron.plugins.ml2.rpc [None req-e9ee129b-5b66-4022-a4d8-a29f5e9578cd None None] Returning: {'device': '4bbb162d-0038-4615-a5d6-605d6cd75b8c', 'network_id': 'ea3da6e8-bc1a-4e02-a84f-600dd92219e9', 'port_id': '4bbb162d-0038-4615-a5d6-605d6cd75b8c', 'mac_address': 'fa:16:3e:6d:f7:1c', 'admin_state_up': True, 'network_type': 'vlan', 'segmentation_id': 308, 'physical_network': 'physnet1', 'mtu': 1500, 'fixed_ips': [{'subnet_id': '9febda8f-07da-413d-8fd6-70c85bfb5ba7', 'ip_address': '192.168.233.64'}], 'device_owner': 'compute:nova', 'allowed_address_pairs': [], 'port_security_enabled': True, 'qos_policy_id': None, 'network_qos_policy_id': None, 'profile': {}, 'propagate_uplink_status': False} {{(pid=102491) _get_device_details /opt/stack/neutron/neutron/plugins/ml2/rpc.py:184}}
Nov 12 10:56:43.063226 n-d-768862-17 neutron-server[102490]: DEBUG neutron.api.rpc.handlers.resources_rpc [None req-36c26ae9-c3ce-421c-9534-7be559475b05 service neutron] Pushing event updated for resources: {'Port': ['ID=bc11c959-823e-4a92-a542-ecadce805603,revision_number=2']} {{(pid=102490) push /opt/stack/neutron/neutron/api/rpc/handlers/resources_rpc.py:237}}
Nov 12 10:56:43.071849 n-d-768862-17 neutron-server[102489]: DEBUG neutron.pecan_wsgi.hooks.policy_enforcement [req-2ab69b69-37b9-48cb-8aa9-cae91dced2da req-cdae3093-d522-4e68-83e8-e9890ad776d9 tempest-ServerDiagnosticsNegativeTest-638096865 tempest-ServerDiagnosticsNegativeTest-638096865-project] Attributes excluded by policy engine: ['standard_attr_id', 'binding:profile', 'binding:host_id', 'binding:vif_type', 'binding:vif_details'] {{(pid=102489) _exclude_attributes_by_policy /opt/stack/neutron/neutron/pecan_wsgi/hooks/policy_enforcement.py:255}}
Nov 12 10:56:43.073411 n-d-768862-17 neutron-server[102489]: INFO neutron.wsgi [req-2ab69b69-37b9-48cb-8aa9-cae91dced2da req-cdae3093-d522-4e68-83e8-e9890ad776d9 tempest-ServerDiagnosticsNegativeTest-638096865 tempest-ServerDiagnosticsNegativeTest-638096865-project] 10.222.0.13 "GET /v2.0/ports?device_id=39318d0a-54d4-493c-b009-2dd85f16a475 HTTP/1.1" status: 200 len: 947 time: 0.3802059
Nov 12 10:56:43.074966 n-d-768862-17 neutron-server[102489]: DEBUG neutron.pecan_wsgi.hooks.policy_enforcement [req-36514d5f-faff-4ed6-bf9a-b5cdcba490f6 req-4555e22c-0a47-42bc-8b68-3487716f90af service neutron] Attributes excluded by policy engine: ['standard_attr_id', 'shared', 'segment_id'] {{(pid=102489) _exclude_attributes_by_policy /opt/stack/neutron/neutron/pecan_wsgi/hooks/policy_enforcement.py:255}}
Nov 12 10:56:43.086503 n-d-768862-17 neutron-server[102489]: INFO neutron.wsgi [req-36514d5f-faff-4ed6-bf9a-b5cdcba490f6 req-4555e22c-0a47-42bc-8b68-3487716f90af service neutron] 10.222.0.39 "GET /v2.0/subnets?id=ff2592a9-4623-4ed2-a055-1705dd9d46dc HTTP/1.1" status: 200 len: 847 time: 0.3667796
Nov 12 10:56:43.128328 n-d-768862-17 neutron-server[102491]: DEBUG neutron_lib.callbacks.manager [None req-e9ee129b-5b66-4022-a4d8-a29f5e9578cd None None] Publish callbacks ['neutron.plugins.ml2.plugin.SecurityGroupDbMixin._ensure_default_security_group_handler-537973'] for port, before_update {{(pid=102491) _notify_loop /usr/local/lib/python3.8/dist-packages/neutron_lib/callbacks/manager.py:175}}
Nov 12 10:56:43.141512 n-d-768862-17 neutron-server[102489]: DEBUG neutron.plugins.ml2.managers [req-03aad6a3-f1cc-41a0-95f1-0b93570f40f1 req-e0a6317c-b3e9-46fb-8886-2645a9f6c521 service neutron] Attempting to bind port 110e4260-7ba0-4cc8-b71b-d22973188867 on host n-h1-768862-17 for vnic_type normal with profile {{(pid=102489) bind_port /opt/stack/neutron/neutron/plugins/ml2/managers.py:795}}
Nov 12 10:56:43.141865 n-d-768862-17 neutron-server[102489]: DEBUG neutron.plugins.ml2.managers [req-03aad6a3-f1cc-41a0-95f1-0b93570f40f1 req-e0a6317c-b3e9-46fb-8886-2645a9f6c521 service neutron] Attempting to bind port 110e4260-7ba0-4cc8-b71b-d22973188867 by drivers openvswitch,hyperv on host n-h1-768862-17 at level 0 using segments [{'id': 'a492d8f9-12bf-4301-b4c7-09b4ff630694', 'network_type': 'vlan', 'physical_network': 'physnet1', 'segmentation_id': 308, 'network_id': 'ea3da6e8-bc1a-4e02-a84f-600dd92219e9'}] {{(pid=102489) _bind_port_level /opt/stack/neutron/neutron/plugins/ml2/managers.py:820}}
Nov 12 10:56:43.142171 n-d-768862-17 neutron-server[102489]: DEBUG neutron.plugins.ml2.drivers.mech_agent [req-03aad6a3-f1cc-41a0-95f1-0b93570f40f1 req-e0a6317c-b3e9-46fb-8886-2645a9f6c521 service neutron] Attempting to bind port 110e4260-7ba0-4cc8-b71b-d22973188867 on network ea3da6e8-bc1a-4e02-a84f-600dd92219e9 {{(pid=102489) bind_port /opt/stack/neutron/neutron/plugins/ml2/drivers/mech_agent.py:91}}
Nov 12 10:56:43.171535 n-d-768862-17 neutron-server[102491]: DEBUG neutron.notifiers.nova [None req-e9ee129b-5b66-4022-a4d8-a29f5e9578cd None None] Ignoring state change previous_port_status: DOWN current_port_status: BUILD port_id 4bbb162d-0038-4615-a5d6-605d6cd75b8c {{(pid=102491) record_port_status_changed /opt/stack/neutron/neutron/notifiers/nova.py:224}}
Nov 12 10:56:43.176281 n-d-768862-17 neutron-server[102489]: INFO neutron.wsgi [req-36514d5f-faff-4ed6-bf9a-b5cdcba490f6 req-398d6789-050d-4082-9dad-69e26f97061d service neutron] 10.222.0.39 "GET /v2.0/ports?network_id=95d6b229-87f9-4210-8b9e-1b0266276b44&device_owner=network%3Adhcp HTTP/1.1" status: 200 len: 210 time: 0.0785160
Nov 12 10:56:43.191288 n-d-768862-17 neutron-server[102490]: DEBUG neutron.pecan_wsgi.hooks.policy_enforcement [req-897885c5-e56c-4b98-a97a-a5f24679e9b0 req-b0110b66-780d-4ec2-a2a9-1507119e4b5f tempest-LiveMigrationTest-973654676 tempest-LiveMigrationTest-973654676-project] Attributes excluded by policy engine: ['standard_attr_id', 'binding:profile', 'binding:host_id', 'binding:vif_type', 'binding:vif_details'] {{(pid=102490) _exclude_attributes_by_policy /opt/stack/neutron/neutron/pecan_wsgi/hooks/policy_enforcement.py:255}}
Nov 12 10:56:43.198511 n-d-768862-17 neutron-server[102489]: DEBUG neutron.plugins.ml2.drivers.mech_agent [req-03aad6a3-f1cc-41a0-95f1-0b93570f40f1 req-e0a6317c-b3e9-46fb-8886-2645a9f6c521 service neutron] Port 110e4260-7ba0-4cc8-b71b-d22973188867 on network ea3da6e8-bc1a-4e02-a84f-600dd92219e9 not bound, no agent of type Open vSwitch agent registered on host n-h1-768862-17 {{(pid=102489) bind_port /opt/stack/neutron/neutron/plugins/ml2/drivers/mech_agent.py:103}}
Nov 12 10:56:43.198830 n-d-768862-17 neutron-server[102489]: DEBUG neutron.plugins.ml2.drivers.mech_agent [req-03aad6a3-f1cc-41a0-95f1-0b93570f40f1 req-e0a6317c-b3e9-46fb-8886-2645a9f6c521 service neutron] Attempting to bind port 110e4260-7ba0-4cc8-b71b-d22973188867 on network ea3da6e8-bc1a-4e02-a84f-600dd92219e9 {{(pid=102489) bind_port /opt/stack/neutron/neutron/plugins/ml2/drivers/mech_agent.py:91}}
Nov 12 10:56:43.199573 n-d-768862-17 neutron-server[102491]: DEBUG neutron.plugins.ml2.db [None req-e9ee129b-5b66-4022-a4d8-a29f5e9578cd None None] For port 4bbb162d-0038-4615-a5d6-605d6cd75b8c, host n-h2-768862-17, got binding levels [PortBindingLevel(driver='hyperv',host='n-h2-768862-17',level=0,port_id=4bbb162d-0038-4615-a5d6-605d6cd75b8c,segment=NetworkSegment(a492d8f9-12bf-4301-b4c7-09b4ff630694),segment_id=a492d8f9-12bf-4301-b4c7-09b4ff630694)] {{(pid=102491) get_binding_level_objs /opt/stack/neutron/neutron/plugins/ml2/db.py:74}}
Nov 12 10:56:43.200608 n-d-768862-17 neutron-server[102490]: INFO neutron.wsgi [req-897885c5-e56c-4b98-a97a-a5f24679e9b0 req-b0110b66-780d-4ec2-a2a9-1507119e4b5f tempest-LiveMigrationTest-973654676 tempest-LiveMigrationTest-973654676-project] 10.222.0.13 "GET /v2.0/ports?device_id=bcc80773-8924-45c8-bba7-654f2480cfa0 HTTP/1.1" status: 200 len: 944 time: 0.1466141
Nov 12 10:56:43.206200 n-d-768862-17 neutron-server[102491]: DEBUG neutron_lib.callbacks.manager [None req-e9ee129b-5b66-4022-a4d8-a29f5e9578cd None None] Publish callbacks ['neutron.plugins.ml2.plugin.SecurityGroupServerNotifierRpcMixin._notify_sg_on_port_change-561881', 'neutron.plugins.ml2.ovo_rpc._ObjectChangeHandler.handle_event-236693', 'neutron.api.rpc.agentnotifiers.dhcp_rpc_agent_api.DhcpAgentNotifyAPI._native_event_send_dhcp_notification-16315538', 'neutron.db.l3_db.L3RpcNotifierMixin._notify_gateway_port_ip_changed-8734864690068', 'neutron.db.l3_dvrscheduler_db._notify_l3_agent_port_update-8734864229542', 'neutron.db.l3_hascheduler_db._notify_l3_agent_ha_port_update-8734864229560'] for port, after_update {{(pid=102491) _notify_loop /usr/local/lib/python3.8/dist-packages/neutron_lib/callbacks/manager.py:175}}
Nov 12 10:56:43.242069 n-d-768862-17 neutron-server[102489]: DEBUG neutron.plugins.ml2.drivers.mech_agent [req-03aad6a3-f1cc-41a0-95f1-0b93570f40f1 req-e0a6317c-b3e9-46fb-8886-2645a9f6c521 service neutron] Checking agent: {'id': '5fdbe503-ca99-45c0-8bac-06319c3719c0', 'agent_type': 'HyperV agent', 'binary': 'neutron-hyperv-agent', 'topic': 'N/A', 'host': 'n-h1-768862-17', 'admin_state_up': True, 'created_at': datetime.datetime(2021, 11, 12, 10, 53, 41), 'started_at': datetime.datetime(2021, 11, 12, 10, 53, 41), 'heartbeat_timestamp': datetime.datetime(2021, 11, 12, 10, 56, 41), 'description': None, 'resources_synced': None, 'availability_zone': None, 'alive': True, 'configurations': {'vswitch_mappings': {'physnet1$': 'br-data'}}, 'resource_versions': {}} {{(pid=102489) bind_port /opt/stack/neutron/neutron/plugins/ml2/drivers/mech_agent.py:110}}
Nov 12 10:56:43.242396 n-d-768862-17 neutron-server[102489]: DEBUG neutron.plugins.ml2.drivers.mech_agent [req-03aad6a3-f1cc-41a0-95f1-0b93570f40f1 req-e0a6317c-b3e9-46fb-8886-2645a9f6c521 service neutron] Checking segment: {'id': 'a492d8f9-12bf-4301-b4c7-09b4ff630694', 'network_type': 'vlan', 'physical_network': 'physnet1', 'segmentation_id': 308, 'network_id': 'ea3da6e8-bc1a-4e02-a84f-600dd92219e9'} for mappings: {'physnet1$': 'br-data'} with network types: ['local', 'flat', 'vlan'] {{(pid=102489) check_segment_for_agent /opt/stack/neutron/neutron/plugins/ml2/drivers/mech_agent.py:371}}
Nov 12 10:56:43.242764 n-d-768862-17 neutron-server[102489]: DEBUG neutron.plugins.ml2.drivers.mech_agent [req-03aad6a3-f1cc-41a0-95f1-0b93570f40f1 req-e0a6317c-b3e9-46fb-8886-2645a9f6c521 service neutron] Bound using segment: {'id': 'a492d8f9-12bf-4301-b4c7-09b4ff630694', 'network_type': 'vlan', 'physical_network': 'physnet1', 'segmentation_id': 308, 'network_id': 'ea3da6e8-bc1a-4e02-a84f-600dd92219e9'} {{(pid=102489) bind_port /opt/stack/neutron/neutron/plugins/ml2/drivers/mech_agent.py:120}}
Nov 12 10:56:43.243227 n-d-768862-17 neutron-server[102489]: DEBUG neutron.plugins.ml2.managers [req-03aad6a3-f1cc-41a0-95f1-0b93570f40f1 req-e0a6317c-b3e9-46fb-8886-2645a9f6c521 service neutron] Bound port: 110e4260-7ba0-4cc8-b71b-d22973188867, host: n-h1-768862-17, vif_type: hyperv, vif_details: {"connectivity": "legacy", "port_filter": false}, binding_levels: [{'bound_driver': 'hyperv', 'bound_segment': {'id': 'a492d8f9-12bf-4301-b4c7-09b4ff630694', 'network_type': 'vlan', 'physical_network': 'physnet1', 'segmentation_id': 308, 'network_id': 'ea3da6e8-bc1a-4e02-a84f-600dd92219e9'}}] {{(pid=102489) _bind_port_level /opt/stack/neutron/neutron/plugins/ml2/managers.py:932}}
Nov 12 10:56:43.243686 n-d-768862-17 neutron-server[102489]: DEBUG neutron_lib.callbacks.manager [req-03aad6a3-f1cc-41a0-95f1-0b93570f40f1 req-e0a6317c-b3e9-46fb-8886-2645a9f6c521 service neutron] Publish callbacks ['neutron.plugins.ml2.plugin.SecurityGroupDbMixin._ensure_default_security_group_handler-537973'] for port, before_update {{(pid=102489) _notify_loop /usr/local/lib/python3.8/dist-packages/neutron_lib/callbacks/manager.py:175}}
Nov 12 10:56:43.262231 n-d-768862-17 neutron-server[102490]: DEBUG neutron.plugins.ml2.managers [req-adaf7981-d16d-4812-9216-d5ac96ce405a req-36c26ae9-c3ce-421c-9534-7be559475b05 service neutron] Attempting to bind port bc11c959-823e-4a92-a542-ecadce805603 on host n-h2-768862-17 for vnic_type normal with profile {{(pid=102490) bind_port /opt/stack/neutron/neutron/plugins/ml2/managers.py:795}}
Nov 12 10:56:43.262231 n-d-768862-17 neutron-server[102490]: DEBUG neutron.plugins.ml2.managers [req-adaf7981-d16d-4812-9216-d5ac96ce405a req-36c26ae9-c3ce-421c-9534-7be559475b05 service neutron] Attempting to bind port bc11c959-823e-4a92-a542-ecadce805603 by drivers openvswitch,hyperv on host n-h2-768862-17 at level 0 using segments [{'id': 'a492d8f9-12bf-4301-b4c7-09b4ff630694', 'network_type': 'vlan', 'physical_network': 'physnet1', 'segmentation_id': 308, 'network_id': 'ea3da6e8-bc1a-4e02-a84f-600dd92219e9'}] {{(pid=102490) _bind_port_level /opt/stack/neutron/neutron/plugins/ml2/managers.py:820}}
Nov 12 10:56:43.262231 n-d-768862-17 neutron-server[102490]: DEBUG neutron.plugins.ml2.drivers.mech_agent [req-adaf7981-d16d-4812-9216-d5ac96ce405a req-36c26ae9-c3ce-421c-9534-7be559475b05 service neutron] Attempting to bind port bc11c959-823e-4a92-a542-ecadce805603 on network ea3da6e8-bc1a-4e02-a84f-600dd92219e9 {{(pid=102490) bind_port /opt/stack/neutron/neutron/plugins/ml2/drivers/mech_agent.py:91}}
Nov 12 10:56:43.299272 n-d-768862-17 neutron-server[102490]: INFO neutron.wsgi [req-897885c5-e56c-4b98-a97a-a5f24679e9b0 req-1981fc10-1c80-44e7-b052-30787e856c48 tempest-LiveMigrationTest-973654676 tempest-LiveMigrationTest-973654676-project] 10.222.0.13 "GET /v2.0/security-groups?id=6d7b1062-25c9-4d5a-8e98-5b5e5f0367a5&fields=id&fields=name HTTP/1.1" status: 200 len: 286 time: 0.0839882
Nov 12 10:56:43.300172 n-d-768862-17 neutron-server[102490]: DEBUG neutron.plugins.ml2.drivers.mech_agent [req-adaf7981-d16d-4812-9216-d5ac96ce405a req-36c26ae9-c3ce-421c-9534-7be559475b05 service neutron] Port bc11c959-823e-4a92-a542-ecadce805603 on network ea3da6e8-bc1a-4e02-a84f-600dd92219e9 not bound, no agent of type Open vSwitch agent registered on host n-h2-768862-17 {{(pid=102490) bind_port /opt/stack/neutron/neutron/plugins/ml2/drivers/mech_agent.py:103}}
Nov 12 10:56:43.300491 n-d-768862-17 neutron-server[102490]: DEBUG neutron.plugins.ml2.drivers.mech_agent [req-adaf7981-d16d-4812-9216-d5ac96ce405a req-36c26ae9-c3ce-421c-9534-7be559475b05 service neutron] Attempting to bind port bc11c959-823e-4a92-a542-ecadce805603 on network ea3da6e8-bc1a-4e02-a84f-600dd92219e9 {{(pid=102490) bind_port /opt/stack/neutron/neutron/plugins/ml2/drivers/mech_agent.py:91}}
Nov 12 10:56:43.306177 n-d-768862-17 neutron-server[102490]: DEBUG neutron.plugins.ml2.drivers.mech_agent [req-adaf7981-d16d-4812-9216-d5ac96ce405a req-36c26ae9-c3ce-421c-9534-7be559475b05 service neutron] Checking agent: {'id': 'b0b39d7f-bfcb-48e6-9ff4-1a16b3f89867', 'agent_type': 'HyperV agent', 'binary': 'neutron-hyperv-agent', 'topic': 'N/A', 'host': 'n-h2-768862-17', 'admin_state_up': True, 'created_at': datetime.datetime(2021, 11, 12, 10, 53, 46), 'started_at': datetime.datetime(2021, 11, 12, 10, 53, 46), 'heartbeat_timestamp': datetime.datetime(2021, 11, 12, 10, 56, 16), 'description': None, 'resources_synced': None, 'availability_zone': None, 'alive': True, 'configurations': {'vswitch_mappings': {'physnet1$': 'br-data'}}, 'resource_versions': {}} {{(pid=102490) bind_port /opt/stack/neutron/neutron/plugins/ml2/drivers/mech_agent.py:110}}
Nov 12 10:56:43.306515 n-d-768862-17 neutron-server[102490]: DEBUG neutron.plugins.ml2.drivers.mech_agent [req-adaf7981-d16d-4812-9216-d5ac96ce405a req-36c26ae9-c3ce-421c-9534-7be559475b05 service neutron] Checking segment: {'id': 'a492d8f9-12bf-4301-b4c7-09b4ff630694', 'network_type': 'vlan', 'physical_network': 'physnet1', 'segmentation_id': 308, 'network_id': 'ea3da6e8-bc1a-4e02-a84f-600dd92219e9'} for mappings: {'physnet1$': 'br-data'} with network types: ['local', 'flat', 'vlan'] {{(pid=102490) check_segment_for_agent /opt/stack/neutron/neutron/plugins/ml2/drivers/mech_agent.py:371}}
Nov 12 10:56:43.307337 n-d-768862-17 neutron-server[102490]: DEBUG neutron.plugins.ml2.drivers.mech_agent [req-adaf7981-d16d-4812-9216-d5ac96ce405a req-36c26ae9-c3ce-421c-9534-7be559475b05 service neutron] Bound using segment: {'id': 'a492d8f9-12bf-4301-b4c7-09b4ff630694', 'network_type': 'vlan', 'physical_network': 'physnet1', 'segmentation_id': 308, 'network_id': 'ea3da6e8-bc1a-4e02-a84f-600dd92219e9'} {{(pid=102490) bind_port /opt/stack/neutron/neutron/plugins/ml2/drivers/mech_agent.py:120}}
Nov 12 10:56:43.307337 n-d-768862-17 neutron-server[102490]: DEBUG neutron.plugins.ml2.managers [req-adaf7981-d16d-4812-9216-d5ac96ce405a req-36c26ae9-c3ce-421c-9534-7be559475b05 service neutron] Bound port: bc11c959-823e-4a92-a542-ecadce805603, host: n-h2-768862-17, vif_type: hyperv, vif_details: {"connectivity": "legacy", "port_filter": false}, binding_levels: [{'bound_driver': 'hyperv', 'bound_segment': {'id': 'a492d8f9-12bf-4301-b4c7-09b4ff630694', 'network_type': 'vlan', 'physical_network': 'physnet1', 'segmentation_id': 308, 'network_id': 'ea3da6e8-bc1a-4e02-a84f-600dd92219e9'}}] {{(pid=102490) _bind_port_level /opt/stack/neutron/neutron/plugins/ml2/managers.py:932}}
Nov 12 10:56:43.308164 n-d-768862-17 neutron-server[102490]: DEBUG neutron_lib.callbacks.manager [req-adaf7981-d16d-4812-9216-d5ac96ce405a req-36c26ae9-c3ce-421c-9534-7be559475b05 service neutron] Publish callbacks ['neutron.plugins.ml2.plugin.SecurityGroupDbMixin._ensure_default_security_group_handler-537973'] for port, before_update {{(pid=102490) _notify_loop /usr/local/lib/python3.8/dist-packages/neutron_lib/callbacks/manager.py:175}}
Nov 12 10:56:43.336419 n-d-768862-17 neutron-server[102491]: DEBUG neutron.api.rpc.handlers.resources_rpc [None req-e9ee129b-5b66-4022-a4d8-a29f5e9578cd None None] Pushing event updated for resources: {'Port': ['ID=4bbb162d-0038-4615-a5d6-605d6cd75b8c,revision_number=4']} {{(pid=102491) push /opt/stack/neutron/neutron/api/rpc/handlers/resources_rpc.py:237}}
Nov 12 10:56:43.337330 n-d-768862-17 neutron-server[102489]: INFO neutron.wsgi [req-2ab69b69-37b9-48cb-8aa9-cae91dced2da req-58ba933d-e676-4183-a095-dbcd97626b50 tempest-ServerDiagnosticsNegativeTest-638096865 tempest-ServerDiagnosticsNegativeTest-638096865-project] 10.222.0.13 "GET /v2.0/security-groups?id=476166da-6085-416d-b030-dddb86a4b113&fields=id&fields=name HTTP/1.1" status: 200 len: 286 time: 0.2494657
Nov 12 10:56:43.344465 n-d-768862-17 neutron-server[102489]: DEBUG neutron.pecan_wsgi.hooks.policy_enforcement [req-6480956f-0c1e-4fe9-a515-9183bb3c0df2 req-bc8a8189-4a46-4bd9-93c3-877f3b112834 service neutron] Attributes excluded by policy engine: ['standard_attr_id', 'vlan_transparent'] {{(pid=102489) _exclude_attributes_by_policy /opt/stack/neutron/neutron/pecan_wsgi/hooks/policy_enforcement.py:255}}
Nov 12 10:56:43.356576 n-d-768862-17 neutron-server[102489]: INFO neutron.wsgi [req-6480956f-0c1e-4fe9-a515-9183bb3c0df2 req-bc8a8189-4a46-4bd9-93c3-877f3b112834 service neutron] 10.222.0.50 "GET /v2.0/networks?id=ea3da6e8-bc1a-4e02-a84f-600dd92219e9 HTTP/1.1" status: 200 len: 870 time: 0.4483218
Nov 12 10:56:43.424567 n-d-768862-17 neutron-server[102490]: DEBUG neutron.plugins.ml2.db [req-adaf7981-d16d-4812-9216-d5ac96ce405a req-36c26ae9-c3ce-421c-9534-7be559475b05 service neutron] For port bc11c959-823e-4a92-a542-ecadce805603, host n-h2-768862-17, cleared binding levels {{(pid=102490) clear_binding_levels /opt/stack/neutron/neutron/plugins/ml2/db.py:87}}
Nov 12 10:56:43.428460 n-d-768862-17 neutron-server[102490]: DEBUG neutron.plugins.ml2.db [req-adaf7981-d16d-4812-9216-d5ac96ce405a req-36c26ae9-c3ce-421c-9534-7be559475b05 service neutron] For port bc11c959-823e-4a92-a542-ecadce805603, host n-h2-768862-17, set binding levels [PortBindingLevel(driver='hyperv',host='n-h2-768862-17',level=0,port_id=bc11c959-823e-4a92-a542-ecadce805603,segment=NetworkSegment(a492d8f9-12bf-4301-b4c7-09b4ff630694),segment_id=a492d8f9-12bf-4301-b4c7-09b4ff630694)] {{(pid=102490) set_binding_levels /opt/stack/neutron/neutron/plugins/ml2/db.py:59}}
Nov 12 10:56:43.441131 n-d-768862-17 neutron-server[102490]: DEBUG neutron_lib.callbacks.manager [req-adaf7981-d16d-4812-9216-d5ac96ce405a req-36c26ae9-c3ce-421c-9534-7be559475b05 service neutron] Publish callbacks ['neutron.plugins.ml2.plugin.SecurityGroupServerNotifierRpcMixin._notify_sg_on_port_change-561881', 'neutron.plugins.ml2.ovo_rpc._ObjectChangeHandler.handle_event-236693', 'neutron.api.rpc.agentnotifiers.dhcp_rpc_agent_api.DhcpAgentNotifyAPI._native_event_send_dhcp_notification-16315538', 'neutron.db.l3_db.L3RpcNotifierMixin._notify_gateway_port_ip_changed-8734864690068', 'neutron.db.l3_dvrscheduler_db._notify_l3_agent_port_update-8734864229542', 'neutron.db.l3_hascheduler_db._notify_l3_agent_ha_port_update-8734864229560', 'neutron.services.segments.plugin.NovaSegmentNotifier._notify_port_updated-12916714'] for port, after_update {{(pid=102490) _notify_loop /usr/local/lib/python3.8/dist-packages/neutron_lib/callbacks/manager.py:175}}
Nov 12 10:56:43.489087 n-d-768862-17 neutron-server[102489]: INFO neutron.wsgi [req-6480956f-0c1e-4fe9-a515-9183bb3c0df2 req-2af24fbb-610f-47b8-9fc4-d03b8f061f51 service neutron] 10.222.0.50 "GET /v2.0/floatingips?fixed_ip_address=192.168.233.20&port_id=f419ce4b-e31b-482e-a7de-a0908b233030 HTTP/1.1" status: 200 len: 217 time: 0.1288142
Nov 12 10:56:43.517972 n-d-768862-17 neutron-server[102490]: DEBUG neutron.pecan_wsgi.hooks.policy_enforcement [req-adaf7981-d16d-4812-9216-d5ac96ce405a req-36c26ae9-c3ce-421c-9534-7be559475b05 service neutron] Attributes excluded by policy engine: ['standard_attr_id'] {{(pid=102490) _exclude_attributes_by_policy /opt/stack/neutron/neutron/pecan_wsgi/hooks/policy_enforcement.py:255}}
Nov 12 10:56:43.518601 n-d-768862-17 neutron-server[102490]: DEBUG neutron_lib.callbacks.manager [req-adaf7981-d16d-4812-9216-d5ac96ce405a req-36c26ae9-c3ce-421c-9534-7be559475b05 service neutron] Publish callbacks ['neutron.notifiers.nova.Notifier._send_nova_notification-23756', 'neutron.api.rpc.agentnotifiers.dhcp_rpc_agent_api.DhcpAgentNotifyAPI._send_dhcp_notification-16315524'] for port, before_response {{(pid=102490) _notify_loop /usr/local/lib/python3.8/dist-packages/neutron_lib/callbacks/manager.py:175}}
Nov 12 10:56:43.524886 n-d-768862-17 neutron-server[102490]: INFO neutron.wsgi [req-adaf7981-d16d-4812-9216-d5ac96ce405a req-36c26ae9-c3ce-421c-9534-7be559475b05 service neutron] 10.222.0.39 "PUT /v2.0/ports/bc11c959-823e-4a92-a542-ecadce805603 HTTP/1.1" status: 200 len: 1096 time: 1.4528913
Nov 12 10:56:43.525363 n-d-768862-17 neutron-server[102490]: DEBUG neutron.notifiers.nova [-] Sending events: [{'name': 'network-changed', 'server_uuid': '1eebfc71-51b6-446a-840d-1d9ede5ff639', 'tag': 'bc11c959-823e-4a92-a542-ecadce805603'}] {{(pid=102490) send_events /opt/stack/neutron/neutron/notifiers/nova.py:262}}
