Aug 16 02:00:12.671405 n-d-768862-14 devstack@placement-api.service[95123]: [pid: 95123|app: 0|req: 95/190] 10.222.0.61 () {60 vars in 1485 bytes} [Mon Aug 16 02:00:12 2021] GET /placement/allocation_candidates?resources=DISK_GB%3A1%2CMEMORY_MB%3A1024%2CVCPU%3A1&root_required=%21COMPUTE_STATUS_DISABLED => generated 1309 bytes in 76 msecs (HTTP/1.1 200) 8 headers in 297 bytes (1 switches on core 0)
Aug 16 02:00:12.728489 n-d-768862-14 devstack@placement-api.service[95124]: DEBUG placement.requestlog [req-a9ca4b46-a77f-4cc0-9983-3bff73d988da req-fbadb9b3-9f50-451c-bff0-25535939c695 None None] Starting request: 10.222.0.61 "GET /placement/allocations/eed05d41-f06e-4ec5-b9c7-d3c0b110ec25" {{(pid=95124) __call__ /opt/stack/placement/placement/requestlog.py:55}}
Aug 16 02:00:12.740102 n-d-768862-14 devstack@placement-api.service[95124]: INFO placement.requestlog [req-a9ca4b46-a77f-4cc0-9983-3bff73d988da req-fbadb9b3-9f50-451c-bff0-25535939c695 service placement] 10.222.0.61 "GET /placement/allocations/eed05d41-f06e-4ec5-b9c7-d3c0b110ec25" status: 200 len: 19 microversion: 1.28
Aug 16 02:00:12.740589 n-d-768862-14 devstack@placement-api.service[95124]: [pid: 95124|app: 0|req: 96/191] 10.222.0.61 () {60 vars in 1381 bytes} [Mon Aug 16 02:00:12 2021] GET /placement/allocations/eed05d41-f06e-4ec5-b9c7-d3c0b110ec25 => generated 19 bytes in 13 msecs (HTTP/1.1 200) 8 headers in 295 bytes (2 switches on core 0)
Aug 16 02:00:12.747442 n-d-768862-14 devstack@placement-api.service[95123]: DEBUG placement.requestlog [req-a9ca4b46-a77f-4cc0-9983-3bff73d988da req-3f043bf3-0474-4b7e-8015-17a96b7a6e04 None None] Starting request: 10.222.0.61 "PUT /placement/allocations/eed05d41-f06e-4ec5-b9c7-d3c0b110ec25" {{(pid=95123) __call__ /opt/stack/placement/placement/requestlog.py:55}}
Aug 16 02:00:12.815308 n-d-768862-14 devstack@placement-api.service[95123]: DEBUG placement.handlers.allocation [req-a9ca4b46-a77f-4cc0-9983-3bff73d988da req-3f043bf3-0474-4b7e-8015-17a96b7a6e04 service placement] Successfully wrote allocations [, , ] {{(pid=95123) _create_allocations /opt/stack/placement/placement/handlers/allocation.py:435}}
Aug 16 02:00:12.816854 n-d-768862-14 devstack@placement-api.service[95123]: INFO placement.requestlog [req-a9ca4b46-a77f-4cc0-9983-3bff73d988da req-3f043bf3-0474-4b7e-8015-17a96b7a6e04 service placement] 10.222.0.61 "PUT /placement/allocations/eed05d41-f06e-4ec5-b9c7-d3c0b110ec25" status: 204 len: 0 microversion: 1.35
Aug 16 02:00:12.825302 n-d-768862-14 devstack@placement-api.service[95123]: [pid: 95123|app: 0|req: 96/192] 10.222.0.61 () {64 vars in 1434 bytes} [Mon Aug 16 02:00:12 2021] PUT /placement/allocations/eed05d41-f06e-4ec5-b9c7-d3c0b110ec25 => generated 0 bytes in 70 msecs (HTTP/1.1 204) 5 headers in 199 bytes (1 switches on core 0)
Aug 16 02:00:13.206086 n-d-768862-14 devstack@placement-api.service[95124]: DEBUG placement.requestlog [req-a9ca4b46-a77f-4cc0-9983-3bff73d988da req-253377a0-e98f-42dc-83c1-b052d5594913 None None] Starting request: 10.222.0.86 "GET /placement/allocations/eed05d41-f06e-4ec5-b9c7-d3c0b110ec25" {{(pid=95124) __call__ /opt/stack/placement/placement/requestlog.py:55}}
Aug 16 02:00:13.235193 n-d-768862-14 devstack@placement-api.service[95124]: INFO placement.requestlog [req-a9ca4b46-a77f-4cc0-9983-3bff73d988da req-253377a0-e98f-42dc-83c1-b052d5594913 service placement] 10.222.0.86 "GET /placement/allocations/eed05d41-f06e-4ec5-b9c7-d3c0b110ec25" status: 200 len: 259 microversion: 1.28
Aug 16 02:00:13.236403 n-d-768862-14 devstack@placement-api.service[95124]: [pid: 95124|app: 0|req: 97/193] 10.222.0.86 () {60 vars in 1378 bytes} [Mon Aug 16 02:00:13 2021] GET /placement/allocations/eed05d41-f06e-4ec5-b9c7-d3c0b110ec25 => generated 259 bytes in 30 msecs (HTTP/1.1 200) 8 headers in 296 bytes (1 switches on core 0)
Aug 16 02:00:15.773496 n-d-768862-14 devstack@placement-api.service[95123]: DEBUG placement.requestlog [None req-7c7c9b11-2cb8-4226-a7ff-b5aec5f860eb None None] Starting request: 10.222.0.61 "GET /placement/" {{(pid=95123) __call__ /opt/stack/placement/placement/requestlog.py:55}}
Aug 16 02:00:15.774716 n-d-768862-14 devstack@placement-api.service[95123]: INFO placement.requestlog [None req-7c7c9b11-2cb8-4226-a7ff-b5aec5f860eb None None] 10.222.0.61 "GET /placement/" status: 200 len: 136 microversion: 1.0
Aug 16 02:00:15.775110 n-d-768862-14 devstack@placement-api.service[95123]: [pid: 95123|app: 0|req: 97/194] 10.222.0.61 () {54 vars in 916 bytes} [Mon Aug 16 02:00:15 2021] GET /placement => generated 136 bytes in 2 msecs (HTTP/1.1 200) 6 headers in 224 bytes (1 switches on core 0)
Aug 16 02:00:15.784430 n-d-768862-14 devstack@placement-api.service[95124]: DEBUG placement.requestlog [req-600cdfd5-64c6-44d9-97f2-1a3696045757 req-f574ac0f-5177-416f-b42f-865165ebdfe4 None None] Starting request: 10.222.0.61 "GET /placement/allocations/cdcdaca4-e309-41a7-bc08-3639e8c1d68b" {{(pid=95124) __call__ /opt/stack/placement/placement/requestlog.py:55}}
Aug 16 02:00:15.988913 n-d-768862-14 devstack@placement-api.service[95124]: INFO placement.requestlog [req-600cdfd5-64c6-44d9-97f2-1a3696045757 req-f574ac0f-5177-416f-b42f-865165ebdfe4 service placement] 10.222.0.61 "GET /placement/allocations/cdcdaca4-e309-41a7-bc08-3639e8c1d68b" status: 200 len: 259 microversion: 1.28
Aug 16 02:00:15.990050 n-d-768862-14 devstack@placement-api.service[95124]: [pid: 95124|app: 0|req: 98/195] 10.222.0.61 () {60 vars in 1381 bytes} [Mon Aug 16 02:00:15 2021] GET /placement/allocations/cdcdaca4-e309-41a7-bc08-3639e8c1d68b => generated 259 bytes in 206 msecs (HTTP/1.1 200) 8 headers in 296 bytes (1 switches on core 0)
Aug 16 02:00:15.997904 n-d-768862-14 devstack@placement-api.service[95123]: DEBUG placement.requestlog [req-600cdfd5-64c6-44d9-97f2-1a3696045757 req-58e86952-0dd8-4430-80f9-4f91f3a6910e None None] Starting request: 10.222.0.61 "GET /placement/allocations/cdcdaca4-e309-41a7-bc08-3639e8c1d68b" {{(pid=95123) __call__ /opt/stack/placement/placement/requestlog.py:55}}
Aug 16 02:00:16.038393 n-d-768862-14 devstack@placement-api.service[95123]: INFO placement.requestlog [req-600cdfd5-64c6-44d9-97f2-1a3696045757 req-58e86952-0dd8-4430-80f9-4f91f3a6910e service placement] 10.222.0.61 "GET /placement/allocations/cdcdaca4-e309-41a7-bc08-3639e8c1d68b" status: 200 len: 259 microversion: 1.28
Aug 16 02:00:16.039561 n-d-768862-14 devstack@placement-api.service[95123]: [pid: 95123|app: 0|req: 98/196] 10.222.0.61 () {60 vars in 1381 bytes} [Mon Aug 16 02:00:15 2021] GET /placement/allocations/cdcdaca4-e309-41a7-bc08-3639e8c1d68b => generated 259 bytes in 42 msecs (HTTP/1.1 200) 8 headers in 296 bytes (2 switches on core 0)
Aug 16 02:00:16.047805 n-d-768862-14 devstack@placement-api.service[95124]: DEBUG placement.requestlog [req-600cdfd5-64c6-44d9-97f2-1a3696045757 req-e5740e41-2008-4080-b574-3dee5b30ff65 None None] Starting request: 10.222.0.61 "GET /placement/allocations/a13aff7f-c16a-4e3a-973d-ca2d1368fdcd" {{(pid=95124) __call__ /opt/stack/placement/placement/requestlog.py:55}}
Aug 16 02:00:16.064079 n-d-768862-14 devstack@placement-api.service[95124]: INFO placement.requestlog [req-600cdfd5-64c6-44d9-97f2-1a3696045757 req-e5740e41-2008-4080-b574-3dee5b30ff65 service placement] 10.222.0.61 "GET /placement/allocations/a13aff7f-c16a-4e3a-973d-ca2d1368fdcd" status: 200 len: 19 microversion: 1.28
Aug 16 02:00:16.066877 n-d-768862-14 devstack@placement-api.service[95124]: [pid: 95124|app: 0|req: 99/197] 10.222.0.61 () {60 vars in 1381 bytes} [Mon Aug 16 02:00:16 2021] GET /placement/allocations/a13aff7f-c16a-4e3a-973d-ca2d1368fdcd => generated 19 bytes in 19 msecs (HTTP/1.1 200) 8 headers in 295 bytes (2 switches on core 0)
Aug 16 02:00:16.074211 n-d-768862-14 devstack@placement-api.service[95123]: DEBUG placement.requestlog [req-600cdfd5-64c6-44d9-97f2-1a3696045757 req-346dc4a6-8b98-4e3b-a702-c10b03e18de9 None None] Starting request: 10.222.0.61 "POST /placement/allocations" {{(pid=95123) __call__ /opt/stack/placement/placement/requestlog.py:55}}
Aug 16 02:00:16.321796 n-d-768862-14 devstack@placement-api.service[95123]: DEBUG placement.handlers.allocation [req-600cdfd5-64c6-44d9-97f2-1a3696045757 req-346dc4a6-8b98-4e3b-a702-c10b03e18de9 service placement] Successfully wrote allocations [, , , , , ] {{(pid=95123) _create_allocations /opt/stack/placement/placement/handlers/allocation.py:524}}
Aug 16 02:00:16.322360 n-d-768862-14 devstack@placement-api.service[95123]: INFO placement.requestlog [req-600cdfd5-64c6-44d9-97f2-1a3696045757 req-346dc4a6-8b98-4e3b-a702-c10b03e18de9 service placement] 10.222.0.61 "POST /placement/allocations" status: 204 len: 0 microversion: 1.28
Aug 16 02:00:16.322670 n-d-768862-14 devstack@placement-api.service[95123]: [pid: 95123|app: 0|req: 99/198] 10.222.0.61 () {64 vars in 1324 bytes} [Mon Aug 16 02:00:16 2021] POST /placement/allocations => generated 0 bytes in 250 msecs (HTTP/1.1 204) 5 headers in 199 bytes (2 switches on core 0)
Aug 16 02:00:16.365916 n-d-768862-14 devstack@placement-api.service[95124]: DEBUG placement.requestlog [req-600cdfd5-64c6-44d9-97f2-1a3696045757 req-3356f93e-276f-43af-8900-4176b66dd0d4 None None] Starting request: 10.222.0.61 "GET /placement/allocation_candidates?limit=1000&resources=DISK_GB%3A1%2CMEMORY_MB%3A512%2CVCPU%3A1&root_required=%21COMPUTE_STATUS_DISABLED" {{(pid=95124) __call__ /opt/stack/placement/placement/requestlog.py:55}}
Aug 16 02:00:16.432115 n-d-768862-14 devstack@placement-api.service[95124]: DEBUG placement.objects.research_context [req-600cdfd5-64c6-44d9-97f2-1a3696045757 req-3356f93e-276f-43af-8900-4176b66dd0d4 service placement] getting providers with 1 DISK_GB {{(pid=95124) __init__ /opt/stack/placement/placement/objects/research_context.py:126}}
Aug 16 02:00:16.449419 n-d-768862-14 devstack@placement-api.service[95124]: DEBUG placement.objects.research_context [req-600cdfd5-64c6-44d9-97f2-1a3696045757 req-3356f93e-276f-43af-8900-4176b66dd0d4 service placement] getting providers with 512 MEMORY_MB {{(pid=95124) __init__ /opt/stack/placement/placement/objects/research_context.py:126}}
Aug 16 02:00:16.476660 n-d-768862-14 devstack@placement-api.service[95124]: DEBUG placement.objects.research_context [req-600cdfd5-64c6-44d9-97f2-1a3696045757 req-3356f93e-276f-43af-8900-4176b66dd0d4 service placement] getting providers with 1 VCPU {{(pid=95124) __init__ /opt/stack/placement/placement/objects/research_context.py:126}}
Aug 16 02:00:16.520838 n-d-768862-14 devstack@placement-api.service[95124]: DEBUG placement.objects.research_context [req-600cdfd5-64c6-44d9-97f2-1a3696045757 req-3356f93e-276f-43af-8900-4176b66dd0d4 service placement] found 2 providers with available 1 DISK_GB {{(pid=95124) get_provider_ids_matching /opt/stack/placement/placement/objects/research_context.py:549}}
Aug 16 02:00:16.521595 n-d-768862-14 devstack@placement-api.service[95124]: DEBUG placement.objects.research_context [req-600cdfd5-64c6-44d9-97f2-1a3696045757 req-3356f93e-276f-43af-8900-4176b66dd0d4 service placement] found 2 providers with available 512 MEMORY_MB {{(pid=95124) get_provider_ids_matching /opt/stack/placement/placement/objects/research_context.py:549}}
Aug 16 02:00:16.522213 n-d-768862-14 devstack@placement-api.service[95124]: DEBUG placement.objects.research_context [req-600cdfd5-64c6-44d9-97f2-1a3696045757 req-3356f93e-276f-43af-8900-4176b66dd0d4 service placement] found 2 providers after filtering by previous result {{(pid=95124) get_provider_ids_matching /opt/stack/placement/placement/objects/research_context.py:580}}
Aug 16 02:00:16.522797 n-d-768862-14 devstack@placement-api.service[95124]: DEBUG placement.objects.research_context [req-600cdfd5-64c6-44d9-97f2-1a3696045757 req-3356f93e-276f-43af-8900-4176b66dd0d4 service placement] found 2 providers with available 1 VCPU {{(pid=95124) get_provider_ids_matching /opt/stack/placement/placement/objects/research_context.py:549}}
Aug 16 02:00:16.523410 n-d-768862-14 devstack@placement-api.service[95124]: DEBUG placement.objects.research_context [req-600cdfd5-64c6-44d9-97f2-1a3696045757 req-3356f93e-276f-43af-8900-4176b66dd0d4 service placement] found 2 providers after filtering by previous result {{(pid=95124) get_provider_ids_matching /opt/stack/placement/placement/objects/research_context.py:580}}
Aug 16 02:00:16.580121 n-d-768862-14 devstack@placement-api.service[95124]: DEBUG placement.objects.allocation_candidate [req-600cdfd5-64c6-44d9-97f2-1a3696045757 req-3356f93e-276f-43af-8900-4176b66dd0d4 service placement] RequestGroup(use_same_provider=False, resources={DISK_GB:1, MEMORY_MB:512, VCPU:1}, traits=[], aggregates=[]) (suffix '') returned 2 matches {{(pid=95124) _get_by_requests /opt/stack/placement/placement/objects/allocation_candidate.py:145}}
Aug 16 02:00:16.581170 n-d-768862-14 devstack@placement-api.service[95124]: DEBUG placement.objects.allocation_candidate [req-600cdfd5-64c6-44d9-97f2-1a3696045757 req-3356f93e-276f-43af-8900-4176b66dd0d4 service placement] Merging candidates yields 2 allocation requests and 2 provider summaries {{(pid=95124) _merge_candidates /opt/stack/placement/placement/objects/allocation_candidate.py:783}}
Aug 16 02:00:16.584059 n-d-768862-14 devstack@placement-api.service[95124]: INFO placement.requestlog [req-600cdfd5-64c6-44d9-97f2-1a3696045757 req-3356f93e-276f-43af-8900-4176b66dd0d4 service placement] 10.222.0.61 "GET /placement/allocation_candidates?limit=1000&resources=DISK_GB%3A1%2CMEMORY_MB%3A512%2CVCPU%3A1&root_required=%21COMPUTE_STATUS_DISABLED" status: 200 len: 1307 microversion: 1.35
Aug 16 02:00:16.592070 n-d-768862-14 devstack@placement-api.service[95124]: [pid: 95124|app: 0|req: 100/199] 10.222.0.61 () {60 vars in 1505 bytes} [Mon Aug 16 02:00:16 2021] GET /placement/allocation_candidates?limit=1000&resources=DISK_GB%3A1%2CMEMORY_MB%3A512%2CVCPU%3A1&root_required=%21COMPUTE_STATUS_DISABLED => generated 1307 bytes in 226 msecs (HTTP/1.1 200) 8 headers in 297 bytes (1 switches on core 0)
Aug 16 02:00:16.726236 n-d-768862-14 devstack@placement-api.service[95123]: DEBUG placement.requestlog [req-699a5868-6e71-49ec-97d7-282a7fe84dec req-a5cfb628-431e-4189-bb7c-43415ff17564 None None] Starting request: 10.222.0.86 "GET /placement/allocations/90fe857c-db2a-4005-a90d-ad4cf194b964" {{(pid=95123) __call__ /opt/stack/placement/placement/requestlog.py:55}}
Aug 16 02:00:16.738792 n-d-768862-14 devstack@placement-api.service[95124]: DEBUG placement.requestlog [req-600cdfd5-64c6-44d9-97f2-1a3696045757 req-cb69c55f-41a7-4588-8d78-66cb47ca4259 None None] Starting request: 10.222.0.61 "GET /placement/allocations/cdcdaca4-e309-41a7-bc08-3639e8c1d68b" {{(pid=95124) __call__ /opt/stack/placement/placement/requestlog.py:55}}
Aug 16 02:00:16.797396 n-d-768862-14 devstack@placement-api.service[95124]: INFO placement.requestlog [req-600cdfd5-64c6-44d9-97f2-1a3696045757 req-cb69c55f-41a7-4588-8d78-66cb47ca4259 service placement] 10.222.0.61 "GET /placement/allocations/cdcdaca4-e309-41a7-bc08-3639e8c1d68b" status: 200 len: 19 microversion: 1.28
Aug 16 02:00:16.806500 n-d-768862-14 devstack@placement-api.service[95124]: [pid: 95124|app: 0|req: 101/200] 10.222.0.61 () {60 vars in 1381 bytes} [Mon Aug 16 02:00:16 2021] GET /placement/allocations/cdcdaca4-e309-41a7-bc08-3639e8c1d68b => generated 19 bytes in 68 msecs (HTTP/1.1 200) 8 headers in 295 bytes (1 switches on core 0)
Aug 16 02:00:16.816253 n-d-768862-14 devstack@placement-api.service[95124]: DEBUG placement.requestlog [req-600cdfd5-64c6-44d9-97f2-1a3696045757 req-1e3ec5af-c0ef-4cca-8290-ef7695fd3c34 None None] Starting request: 10.222.0.61 "PUT /placement/allocations/cdcdaca4-e309-41a7-bc08-3639e8c1d68b" {{(pid=95124) __call__ /opt/stack/placement/placement/requestlog.py:55}}
Aug 16 02:00:16.818610 n-d-768862-14 devstack@placement-api.service[95123]: INFO placement.requestlog [req-699a5868-6e71-49ec-97d7-282a7fe84dec req-a5cfb628-431e-4189-bb7c-43415ff17564 service placement] 10.222.0.86 "GET /placement/allocations/90fe857c-db2a-4005-a90d-ad4cf194b964" status: 200 len: 259 microversion: 1.28
Aug 16 02:00:16.833544 n-d-768862-14 devstack@placement-api.service[95123]: [pid: 95123|app: 0|req: 100/201] 10.222.0.86 () {60 vars in 1378 bytes} [Mon Aug 16 02:00:16 2021] GET /placement/allocations/90fe857c-db2a-4005-a90d-ad4cf194b964 => generated 259 bytes in 108 msecs (HTTP/1.1 200) 8 headers in 296 bytes (1 switches on core 0)
Aug 16 02:00:16.848705 n-d-768862-14 devstack@placement-api.service[95123]: DEBUG placement.requestlog [req-699a5868-6e71-49ec-97d7-282a7fe84dec req-3440505b-77b8-48f6-bf5a-1603e7c5e7e9 None None] Starting request: 10.222.0.86 "PUT /placement/allocations/90fe857c-db2a-4005-a90d-ad4cf194b964" {{(pid=95123) __call__ /opt/stack/placement/placement/requestlog.py:55}}
Aug 16 02:00:17.089704 n-d-768862-14 devstack@placement-api.service[95123]: DEBUG placement.handlers.allocation [req-699a5868-6e71-49ec-97d7-282a7fe84dec req-3440505b-77b8-48f6-bf5a-1603e7c5e7e9 service placement] Successfully wrote allocations [, , ] {{(pid=95123) _create_allocations /opt/stack/placement/placement/handlers/allocation.py:435}}
Aug 16 02:00:17.091216 n-d-768862-14 devstack@placement-api.service[95123]: INFO placement.requestlog [req-699a5868-6e71-49ec-97d7-282a7fe84dec req-3440505b-77b8-48f6-bf5a-1603e7c5e7e9 service placement] 10.222.0.86 "PUT /placement/allocations/90fe857c-db2a-4005-a90d-ad4cf194b964" status: 204 len: 0 microversion: 1.28
Aug 16 02:00:17.092221 n-d-768862-14 devstack@placement-api.service[95123]: [pid: 95123|app: 0|req: 101/202] 10.222.0.86 () {64 vars in 1431 bytes} [Mon Aug 16 02:00:16 2021] PUT /placement/allocations/90fe857c-db2a-4005-a90d-ad4cf194b964 => generated 0 bytes in 244 msecs (HTTP/1.1 204) 5 headers in 199 bytes (1 switches on core 0)
Aug 16 02:00:17.100489 n-d-768862-14 devstack@placement-api.service[95124]: DEBUG placement.handlers.allocation [req-600cdfd5-64c6-44d9-97f2-1a3696045757 req-1e3ec5af-c0ef-4cca-8290-ef7695fd3c34 service placement] Successfully wrote allocations [, , ] {{(pid=95124) _create_allocations /opt/stack/placement/placement/handlers/allocation.py:435}}
Aug 16 02:00:17.118353 n-d-768862-14 devstack@placement-api.service[95124]: INFO placement.requestlog [req-600cdfd5-64c6-44d9-97f2-1a3696045757 req-1e3ec5af-c0ef-4cca-8290-ef7695fd3c34 service placement] 10.222.0.61 "PUT /placement/allocations/cdcdaca4-e309-41a7-bc08-3639e8c1d68b" status: 204 len: 0 microversion: 1.35
Aug 16 02:00:17.119435 n-d-768862-14 devstack@placement-api.service[95124]: [pid: 95124|app: 0|req: 102/203] 10.222.0.61 () {64 vars in 1434 bytes} [Mon Aug 16 02:00:16 2021] PUT /placement/allocations/cdcdaca4-e309-41a7-bc08-3639e8c1d68b => generated 0 bytes in 304 msecs (HTTP/1.1 204) 5 headers in 199 bytes (2 switches on core 0)
Aug 16 02:00:17.669679 n-d-768862-14 devstack@placement-api.service[95123]: DEBUG placement.requestlog [req-600cdfd5-64c6-44d9-97f2-1a3696045757 req-61210bb8-bccc-4ec4-a033-2ffa97e563c9 None None] Starting request: 10.222.0.93 "GET /placement/allocations/cdcdaca4-e309-41a7-bc08-3639e8c1d68b" {{(pid=95123) __call__ /opt/stack/placement/placement/requestlog.py:55}}
Aug 16 02:00:18.065385 n-d-768862-14 devstack@placement-api.service[95123]: INFO placement.requestlog [req-600cdfd5-64c6-44d9-97f2-1a3696045757 req-61210bb8-bccc-4ec4-a033-2ffa97e563c9 service placement] 10.222.0.93 "GET /placement/allocations/cdcdaca4-e309-41a7-bc08-3639e8c1d68b" status: 200 len: 258 microversion: 1.28
Aug 16 02:00:18.074511 n-d-768862-14 devstack@placement-api.service[95123]: [pid: 95123|app: 0|req: 102/204] 10.222.0.93 () {60 vars in 1378 bytes} [Mon Aug 16 02:00:17 2021] GET /placement/allocations/cdcdaca4-e309-41a7-bc08-3639e8c1d68b => generated 258 bytes in 403 msecs (HTTP/1.1 200) 8 headers in 296 bytes (1 switches on core 0)
Aug 16 02:00:18.325034 n-d-768862-14 devstack@placement-api.service[95124]: DEBUG placement.requestlog [req-600cdfd5-64c6-44d9-97f2-1a3696045757 req-b40b737b-3835-456a-875b-b7f46269e4d0 None None] Starting request: 10.222.0.93 "GET /placement/resource_providers?in_tree=03a417ea-a0d9-41c2-9f2b-6671cd4986f8" {{(pid=95124) __call__ /opt/stack/placement/placement/requestlog.py:55}}
Aug 16 02:00:18.356890 n-d-768862-14 devstack@placement-api.service[95124]: INFO placement.requestlog [req-600cdfd5-64c6-44d9-97f2-1a3696045757 req-b40b737b-3835-456a-875b-b7f46269e4d0 service placement] 10.222.0.93 "GET /placement/resource_providers?in_tree=03a417ea-a0d9-41c2-9f2b-6671cd4986f8" status: 200 len: 864 microversion: 1.14
Aug 16 02:00:18.358656 n-d-768862-14 devstack@placement-api.service[95124]: [pid: 95124|app: 0|req: 103/205] 10.222.0.93 () {60 vars in 1377 bytes} [Mon Aug 16 02:00:18 2021] GET /placement/resource_providers?in_tree=03a417ea-a0d9-41c2-9f2b-6671cd4986f8 => generated 864 bytes in 33 msecs (HTTP/1.1 200) 6 headers in 225 bytes (2 switches on core 0)
Aug 16 02:00:18.367197 n-d-768862-14 devstack@placement-api.service[95123]: DEBUG placement.requestlog [req-600cdfd5-64c6-44d9-97f2-1a3696045757 req-895bdd05-0303-479e-8e77-6ab0d66a48b6 None None] Starting request: 10.222.0.93 "GET /placement/resource_providers/03a417ea-a0d9-41c2-9f2b-6671cd4986f8/inventories" {{(pid=95123) __call__ /opt/stack/placement/placement/requestlog.py:55}}
Aug 16 02:00:18.405730 n-d-768862-14 devstack@placement-api.service[95123]: INFO placement.requestlog [req-600cdfd5-64c6-44d9-97f2-1a3696045757 req-895bdd05-0303-479e-8e77-6ab0d66a48b6 service placement] 10.222.0.93 "GET /placement/resource_providers/03a417ea-a0d9-41c2-9f2b-6671cd4986f8/inventories" status: 200 len: 398 microversion: 1.0
Aug 16 02:00:18.408575 n-d-768862-14 devstack@placement-api.service[95123]: [pid: 95123|app: 0|req: 103/206] 10.222.0.93 () {58 vars in 1391 bytes} [Mon Aug 16 02:00:18 2021] GET /placement/resource_providers/03a417ea-a0d9-41c2-9f2b-6671cd4986f8/inventories => generated 398 bytes in 40 msecs (HTTP/1.1 200) 6 headers in 224 bytes (1 switches on core 0)
Aug 16 02:00:18.418452 n-d-768862-14 devstack@placement-api.service[95124]: DEBUG placement.requestlog [req-600cdfd5-64c6-44d9-97f2-1a3696045757 req-f05deb47-7425-475f-8ade-f50b535ced1f None None] Starting request: 10.222.0.93 "GET /placement/resource_providers/03a417ea-a0d9-41c2-9f2b-6671cd4986f8/aggregates" {{(pid=95124) __call__ /opt/stack/placement/placement/requestlog.py:55}}
Aug 16 02:00:18.447022 n-d-768862-14 devstack@placement-api.service[95124]: INFO placement.requestlog [req-600cdfd5-64c6-44d9-97f2-1a3696045757 req-f05deb47-7425-475f-8ade-f50b535ced1f service placement] 10.222.0.93 "GET /placement/resource_providers/03a417ea-a0d9-41c2-9f2b-6671cd4986f8/aggregates" status: 200 len: 54 microversion: 1.19
Aug 16 02:00:18.447359 n-d-768862-14 devstack@placement-api.service[95124]: [pid: 95124|app: 0|req: 104/207] 10.222.0.93 () {60 vars in 1432 bytes} [Mon Aug 16 02:00:18 2021] GET /placement/resource_providers/03a417ea-a0d9-41c2-9f2b-6671cd4986f8/aggregates => generated 54 bytes in 29 msecs (HTTP/1.1 200) 8 headers in 295 bytes (1 switches on core 0)
Aug 16 02:00:18.456947 n-d-768862-14 devstack@placement-api.service[95123]: DEBUG placement.requestlog [req-600cdfd5-64c6-44d9-97f2-1a3696045757 req-53982abc-28ae-45e8-84cd-42275a81a669 None None] Starting request: 10.222.0.93 "GET /placement/resource_providers/03a417ea-a0d9-41c2-9f2b-6671cd4986f8/traits" {{(pid=95123) __call__ /opt/stack/placement/placement/requestlog.py:55}}
Aug 16 02:00:18.530538 n-d-768862-14 devstack@placement-api.service[95123]: INFO placement.requestlog [req-600cdfd5-64c6-44d9-97f2-1a3696045757 req-53982abc-28ae-45e8-84cd-42275a81a669 service placement] 10.222.0.93 "GET /placement/resource_providers/03a417ea-a0d9-41c2-9f2b-6671cd4986f8/traits" status: 200 len: 212 microversion: 1.6
Aug 16 02:00:18.533282 n-d-768862-14 devstack@placement-api.service[95123]: [pid: 95123|app: 0|req: 104/208] 10.222.0.93 () {60 vars in 1419 bytes} [Mon Aug 16 02:00:18 2021] GET /placement/resource_providers/03a417ea-a0d9-41c2-9f2b-6671cd4986f8/traits => generated 212 bytes in 76 msecs (HTTP/1.1 200) 6 headers in 224 bytes (1 switches on core 0)
Aug 16 02:00:19.126492 n-d-768862-14 devstack@placement-api.service[95124]: DEBUG placement.requestlog [req-c0a3dcda-99b6-46f5-89f4-5df58d06f48b req-9d5ae1d6-5e6e-4496-bb43-54a0467f9d1c None None] Starting request: 10.222.0.93 "GET /placement/resource_providers/03a417ea-a0d9-41c2-9f2b-6671cd4986f8/allocations" {{(pid=95124) __call__ /opt/stack/placement/placement/requestlog.py:55}}
Aug 16 02:00:19.174720 n-d-768862-14 devstack@placement-api.service[95124]: INFO placement.requestlog [req-c0a3dcda-99b6-46f5-89f4-5df58d06f48b req-9d5ae1d6-5e6e-4496-bb43-54a0467f9d1c service placement] 10.222.0.93 "GET /placement/resource_providers/03a417ea-a0d9-41c2-9f2b-6671cd4986f8/allocations" status: 200 len: 759 microversion: 1.0
Aug 16 02:00:19.175462 n-d-768862-14 devstack@placement-api.service[95124]: [pid: 95124|app: 0|req: 105/209] 10.222.0.93 () {58 vars in 1391 bytes} [Mon Aug 16 02:00:19 2021] GET /placement/resource_providers/03a417ea-a0d9-41c2-9f2b-6671cd4986f8/allocations => generated 759 bytes in 49 msecs (HTTP/1.1 200) 6 headers in 224 bytes (1 switches on core 0)
Aug 16 02:00:29.418098 n-d-768862-14 devstack@placement-api.service[95123]: DEBUG placement.requestlog [req-9527284e-ef92-48fe-950e-db3f81183faf req-eef42071-f579-43b8-a3f6-1f251e23226e None None] Starting request: 10.222.0.61 "GET /placement/allocation_candidates?limit=1000&resources=DISK_GB%3A1%2CMEMORY_MB%3A1024%2CVCPU%3A1&root_required=%21COMPUTE_STATUS_DISABLED" {{(pid=95123) __call__ /opt/stack/placement/placement/requestlog.py:55}}
Aug 16 02:00:29.515355 n-d-768862-14 devstack@placement-api.service[95123]: DEBUG placement.objects.research_context [req-9527284e-ef92-48fe-950e-db3f81183faf req-eef42071-f579-43b8-a3f6-1f251e23226e service placement] getting providers with 1 DISK_GB {{(pid=95123) __init__ /opt/stack/placement/placement/objects/research_context.py:126}}
Aug 16 02:00:29.523504 n-d-768862-14 devstack@placement-api.service[95123]: DEBUG placement.objects.research_context [req-9527284e-ef92-48fe-950e-db3f81183faf req-eef42071-f579-43b8-a3f6-1f251e23226e service placement] getting providers with 1024 MEMORY_MB {{(pid=95123) __init__ /opt/stack/placement/placement/objects/research_context.py:126}}
Aug 16 02:00:29.532639 n-d-768862-14 devstack@placement-api.service[95123]: DEBUG placement.objects.research_context [req-9527284e-ef92-48fe-950e-db3f81183faf req-eef42071-f579-43b8-a3f6-1f251e23226e service placement] getting providers with 1 VCPU {{(pid=95123) __init__ /opt/stack/placement/placement/objects/research_context.py:126}}
Aug 16 02:00:29.538957 n-d-768862-14 devstack@placement-api.service[95123]: DEBUG placement.objects.research_context [req-9527284e-ef92-48fe-950e-db3f81183faf req-eef42071-f579-43b8-a3f6-1f251e23226e service placement] found 2 providers with available 1 DISK_GB {{(pid=95123) get_provider_ids_matching /opt/stack/placement/placement/objects/research_context.py:549}}
Aug 16 02:00:29.539714 n-d-768862-14 devstack@placement-api.service[95123]: DEBUG placement.objects.research_context [req-9527284e-ef92-48fe-950e-db3f81183faf req-eef42071-f579-43b8-a3f6-1f251e23226e service placement] found 2 providers with available 1024 MEMORY_MB {{(pid=95123) get_provider_ids_matching /opt/stack/placement/placement/objects/research_context.py:549}}
Aug 16 02:00:29.540143 n-d-768862-14 devstack@placement-api.service[95123]: DEBUG placement.objects.research_context [req-9527284e-ef92-48fe-950e-db3f81183faf req-eef42071-f579-43b8-a3f6-1f251e23226e service placement] found 2 providers after filtering by previous result {{(pid=95123) get_provider_ids_matching /opt/stack/placement/placement/objects/research_context.py:580}}
Aug 16 02:00:29.540549 n-d-768862-14 devstack@placement-api.service[95123]: DEBUG placement.objects.research_context [req-9527284e-ef92-48fe-950e-db3f81183faf req-eef42071-f579-43b8-a3f6-1f251e23226e service placement] found 2 providers with available 1 VCPU {{(pid=95123) get_provider_ids_matching /opt/stack/placement/placement/objects/research_context.py:549}}
Aug 16 02:00:29.541008 n-d-768862-14 devstack@placement-api.service[95123]: DEBUG placement.objects.research_context [req-9527284e-ef92-48fe-950e-db3f81183faf req-eef42071-f579-43b8-a3f6-1f251e23226e service placement] found 2 providers after filtering by previous result {{(pid=95123) get_provider_ids_matching /opt/stack/placement/placement/objects/research_context.py:580}}
Aug 16 02:00:29.554305 n-d-768862-14 devstack@placement-api.service[95123]: DEBUG placement.objects.allocation_candidate [req-9527284e-ef92-48fe-950e-db3f81183faf req-eef42071-f579-43b8-a3f6-1f251e23226e service placement] RequestGroup(use_same_provider=False, resources={DISK_GB:1, MEMORY_MB:1024, VCPU:1}, traits=[], aggregates=[]) (suffix '') returned 2 matches {{(pid=95123) _get_by_requests /opt/stack/placement/placement/objects/allocation_candidate.py:145}}
Aug 16 02:00:29.554913 n-d-768862-14 devstack@placement-api.service[95123]: DEBUG placement.objects.allocation_candidate [req-9527284e-ef92-48fe-950e-db3f81183faf req-eef42071-f579-43b8-a3f6-1f251e23226e service placement] Merging candidates yields 2 allocation requests and 2 provider summaries {{(pid=95123) _merge_candidates /opt/stack/placement/placement/objects/allocation_candidate.py:783}}
Aug 16 02:00:29.556945 n-d-768862-14 devstack@placement-api.service[95123]: INFO placement.requestlog [req-9527284e-ef92-48fe-950e-db3f81183faf req-eef42071-f579-43b8-a3f6-1f251e23226e service placement] 10.222.0.61 "GET /placement/allocation_candidates?limit=1000&resources=DISK_GB%3A1%2CMEMORY_MB%3A1024%2CVCPU%3A1&root_required=%21COMPUTE_STATUS_DISABLED" status: 200 len: 1309 microversion: 1.35
Aug 16 02:00:29.557958 n-d-768862-14 devstack@placement-api.service[95123]: [pid: 95123|app: 0|req: 105/210] 10.222.0.61 () {60 vars in 1507 bytes} [Mon Aug 16 02:00:29 2021] GET /placement/allocation_candidates?limit=1000&resources=DISK_GB%3A1%2CMEMORY_MB%3A1024%2CVCPU%3A1&root_required=%21COMPUTE_STATUS_DISABLED => generated 1309 bytes in 141 msecs (HTTP/1.1 200) 8 headers in 297 bytes (1 switches on core 0)
Aug 16 02:00:29.675287 n-d-768862-14 devstack@placement-api.service[95124]: DEBUG placement.requestlog [req-9527284e-ef92-48fe-950e-db3f81183faf req-c6af37a4-283d-4ac1-a7c4-6b0d44df895a None None] Starting request: 10.222.0.61 "GET /placement/allocations/995ccb55-4cdf-4746-98f8-7c8ad9f1923d" {{(pid=95124) __call__ /opt/stack/placement/placement/requestlog.py:55}}
Aug 16 02:00:29.695148 n-d-768862-14 devstack@placement-api.service[95124]: INFO placement.requestlog [req-9527284e-ef92-48fe-950e-db3f81183faf req-c6af37a4-283d-4ac1-a7c4-6b0d44df895a service placement] 10.222.0.61 "GET /placement/allocations/995ccb55-4cdf-4746-98f8-7c8ad9f1923d" status: 200 len: 19 microversion: 1.28
Aug 16 02:00:29.695921 n-d-768862-14 devstack@placement-api.service[95124]: [pid: 95124|app: 0|req: 106/211] 10.222.0.61 () {60 vars in 1381 bytes} [Mon Aug 16 02:00:29 2021] GET /placement/allocations/995ccb55-4cdf-4746-98f8-7c8ad9f1923d => generated 19 bytes in 21 msecs (HTTP/1.1 200) 8 headers in 295 bytes (1 switches on core 0)
Aug 16 02:00:29.703602 n-d-768862-14 devstack@placement-api.service[95123]: DEBUG placement.requestlog [req-9527284e-ef92-48fe-950e-db3f81183faf req-f8ceed4c-a956-4bd8-93fc-4944f7d5eb06 None None] Starting request: 10.222.0.61 "PUT /placement/allocations/995ccb55-4cdf-4746-98f8-7c8ad9f1923d" {{(pid=95123) __call__ /opt/stack/placement/placement/requestlog.py:55}}
Aug 16 02:00:29.920657 n-d-768862-14 devstack@placement-api.service[95123]: DEBUG placement.handlers.allocation [req-9527284e-ef92-48fe-950e-db3f81183faf req-f8ceed4c-a956-4bd8-93fc-4944f7d5eb06 service placement] Successfully wrote allocations [, , ] {{(pid=95123) _create_allocations /opt/stack/placement/placement/handlers/allocation.py:435}}
Aug 16 02:00:29.921147 n-d-768862-14 devstack@placement-api.service[95123]: INFO placement.requestlog [req-9527284e-ef92-48fe-950e-db3f81183faf req-f8ceed4c-a956-4bd8-93fc-4944f7d5eb06 service placement] 10.222.0.61 "PUT /placement/allocations/995ccb55-4cdf-4746-98f8-7c8ad9f1923d" status: 204 len: 0 microversion: 1.35
Aug 16 02:00:29.922246 n-d-768862-14 devstack@placement-api.service[95123]: [pid: 95123|app: 0|req: 106/212] 10.222.0.61 () {64 vars in 1434 bytes} [Mon Aug 16 02:00:29 2021] PUT /placement/allocations/995ccb55-4cdf-4746-98f8-7c8ad9f1923d => generated 0 bytes in 219 msecs (HTTP/1.1 204) 5 headers in 199 bytes (1 switches on core 0)
Aug 16 02:00:30.628925 n-d-768862-14 devstack@placement-api.service[95124]: DEBUG placement.requestlog [req-9527284e-ef92-48fe-950e-db3f81183faf req-685c7851-3cdf-4051-b970-6d32bbadc5c7 None None] Starting request: 10.222.0.93 "GET /placement/allocations/995ccb55-4cdf-4746-98f8-7c8ad9f1923d" {{(pid=95124) __call__ /opt/stack/placement/placement/requestlog.py:55}}
Aug 16 02:00:30.678868 n-d-768862-14 devstack@placement-api.service[95124]: INFO placement.requestlog [req-9527284e-ef92-48fe-950e-db3f81183faf req-685c7851-3cdf-4051-b970-6d32bbadc5c7 service placement] 10.222.0.93 "GET /placement/allocations/995ccb55-4cdf-4746-98f8-7c8ad9f1923d" status: 200 len: 259 microversion: 1.28
Aug 16 02:00:30.680255 n-d-768862-14 devstack@placement-api.service[95124]: [pid: 95124|app: 0|req: 107/213] 10.222.0.93 () {60 vars in 1378 bytes} [Mon Aug 16 02:00:30 2021] GET /placement/allocations/995ccb55-4cdf-4746-98f8-7c8ad9f1923d => generated 259 bytes in 51 msecs (HTTP/1.1 200) 8 headers in 296 bytes (1 switches on core 0)
Aug 16 02:00:35.050387 n-d-768862-14 devstack@placement-api.service[95123]: DEBUG placement.requestlog [req-e201c8fb-c7ec-41ca-a12c-395cc3526f96 req-e08ac46c-9feb-4be8-a451-6163ff1e5a73 None None] Starting request: 10.222.0.61 "GET /placement/allocation_candidates?limit=1000&resources=DISK_GB%3A1%2CMEMORY_MB%3A1024%2CVCPU%3A1&root_required=%21COMPUTE_STATUS_DISABLED" {{(pid=95123) __call__ /opt/stack/placement/placement/requestlog.py:55}}
Aug 16 02:00:35.161623 n-d-768862-14 devstack@placement-api.service[95123]: DEBUG placement.objects.research_context [req-e201c8fb-c7ec-41ca-a12c-395cc3526f96 req-e08ac46c-9feb-4be8-a451-6163ff1e5a73 service placement] getting providers with 1 DISK_GB {{(pid=95123) __init__ /opt/stack/placement/placement/objects/research_context.py:126}}
Aug 16 02:00:35.176089 n-d-768862-14 devstack@placement-api.service[95123]: DEBUG placement.objects.research_context [req-e201c8fb-c7ec-41ca-a12c-395cc3526f96 req-e08ac46c-9feb-4be8-a451-6163ff1e5a73 service placement] getting providers with 1024 MEMORY_MB {{(pid=95123) __init__ /opt/stack/placement/placement/objects/research_context.py:126}}
Aug 16 02:00:35.186168 n-d-768862-14 devstack@placement-api.service[95123]: DEBUG placement.objects.research_context [req-e201c8fb-c7ec-41ca-a12c-395cc3526f96 req-e08ac46c-9feb-4be8-a451-6163ff1e5a73 service placement] getting providers with 1 VCPU {{(pid=95123) __init__ /opt/stack/placement/placement/objects/research_context.py:126}}
Aug 16 02:00:35.194220 n-d-768862-14 devstack@placement-api.service[95123]: DEBUG placement.objects.research_context [req-e201c8fb-c7ec-41ca-a12c-395cc3526f96 req-e08ac46c-9feb-4be8-a451-6163ff1e5a73 service placement] found 2 providers with available 1 DISK_GB {{(pid=95123) get_provider_ids_matching /opt/stack/placement/placement/objects/research_context.py:549}}
Aug 16 02:00:35.194498 n-d-768862-14 devstack@placement-api.service[95123]: DEBUG placement.objects.research_context [req-e201c8fb-c7ec-41ca-a12c-395cc3526f96 req-e08ac46c-9feb-4be8-a451-6163ff1e5a73 service placement] found 2 providers with available 1024 MEMORY_MB {{(pid=95123) get_provider_ids_matching /opt/stack/placement/placement/objects/research_context.py:549}}
Aug 16 02:00:35.194986 n-d-768862-14 devstack@placement-api.service[95123]: DEBUG placement.objects.research_context [req-e201c8fb-c7ec-41ca-a12c-395cc3526f96 req-e08ac46c-9feb-4be8-a451-6163ff1e5a73 service placement] found 2 providers after filtering by previous result {{(pid=95123) get_provider_ids_matching /opt/stack/placement/placement/objects/research_context.py:580}}
Aug 16 02:00:35.195431 n-d-768862-14 devstack@placement-api.service[95123]: DEBUG placement.objects.research_context [req-e201c8fb-c7ec-41ca-a12c-395cc3526f96 req-e08ac46c-9feb-4be8-a451-6163ff1e5a73 service placement] found 2 providers with available 1 VCPU {{(pid=95123) get_provider_ids_matching /opt/stack/placement/placement/objects/research_context.py:549}}
Aug 16 02:00:35.195877 n-d-768862-14 devstack@placement-api.service[95123]: DEBUG placement.objects.research_context [req-e201c8fb-c7ec-41ca-a12c-395cc3526f96 req-e08ac46c-9feb-4be8-a451-6163ff1e5a73 service placement] found 2 providers after filtering by previous result {{(pid=95123) get_provider_ids_matching /opt/stack/placement/placement/objects/research_context.py:580}}
Aug 16 02:00:35.209436 n-d-768862-14 devstack@placement-api.service[95123]: DEBUG placement.objects.allocation_candidate [req-e201c8fb-c7ec-41ca-a12c-395cc3526f96 req-e08ac46c-9feb-4be8-a451-6163ff1e5a73 service placement] RequestGroup(use_same_provider=False, resources={DISK_GB:1, MEMORY_MB:1024, VCPU:1}, traits=[], aggregates=[]) (suffix '') returned 2 matches {{(pid=95123) _get_by_requests /opt/stack/placement/placement/objects/allocation_candidate.py:145}}
Aug 16 02:00:35.210201 n-d-768862-14 devstack@placement-api.service[95123]: DEBUG placement.objects.allocation_candidate [req-e201c8fb-c7ec-41ca-a12c-395cc3526f96 req-e08ac46c-9feb-4be8-a451-6163ff1e5a73 service placement] Merging candidates yields 2 allocation requests and 2 provider summaries {{(pid=95123) _merge_candidates /opt/stack/placement/placement/objects/allocation_candidate.py:783}}
Aug 16 02:00:35.212173 n-d-768862-14 devstack@placement-api.service[95123]: INFO placement.requestlog [req-e201c8fb-c7ec-41ca-a12c-395cc3526f96 req-e08ac46c-9feb-4be8-a451-6163ff1e5a73 service placement] 10.222.0.61 "GET /placement/allocation_candidates?limit=1000&resources=DISK_GB%3A1%2CMEMORY_MB%3A1024%2CVCPU%3A1&root_required=%21COMPUTE_STATUS_DISABLED" status: 200 len: 1309 microversion: 1.35
Aug 16 02:00:35.228686 n-d-768862-14 devstack@placement-api.service[95123]: [pid: 95123|app: 0|req: 107/214] 10.222.0.61 () {60 vars in 1507 bytes} [Mon Aug 16 02:00:35 2021] GET /placement/allocation_candidates?limit=1000&resources=DISK_GB%3A1%2CMEMORY_MB%3A1024%2CVCPU%3A1&root_required=%21COMPUTE_STATUS_DISABLED => generated 1309 bytes in 178 msecs (HTTP/1.1 200) 8 headers in 297 bytes (1 switches on core 0)
Aug 16 02:00:35.285143 n-d-768862-14 devstack@placement-api.service[95124]: DEBUG placement.requestlog [req-e201c8fb-c7ec-41ca-a12c-395cc3526f96 req-b06ee5f0-ed78-40e6-9261-4cda0c09c372 None None] Starting request: 10.222.0.61 "GET /placement/allocations/826294f8-ff09-45a3-a331-9a7f4fc9e02e" {{(pid=95124) __call__ /opt/stack/placement/placement/requestlog.py:55}}
Aug 16 02:00:35.299239 n-d-768862-14 devstack@placement-api.service[95124]: INFO placement.requestlog [req-e201c8fb-c7ec-41ca-a12c-395cc3526f96 req-b06ee5f0-ed78-40e6-9261-4cda0c09c372 service placement] 10.222.0.61 "GET /placement/allocations/826294f8-ff09-45a3-a331-9a7f4fc9e02e" status: 200 len: 19 microversion: 1.28
Aug 16 02:00:35.304198 n-d-768862-14 devstack@placement-api.service[95124]: [pid: 95124|app: 0|req: 108/215] 10.222.0.61 () {60 vars in 1381 bytes} [Mon Aug 16 02:00:35 2021] GET /placement/allocations/826294f8-ff09-45a3-a331-9a7f4fc9e02e => generated 19 bytes in 20 msecs (HTTP/1.1 200) 8 headers in 295 bytes (1 switches on core 0)
Aug 16 02:00:35.310543 n-d-768862-14 devstack@placement-api.service[95123]: DEBUG placement.requestlog [req-e201c8fb-c7ec-41ca-a12c-395cc3526f96 req-b7e33255-893c-48cf-99b6-c2df159d343c None None] Starting request: 10.222.0.61 "PUT /placement/allocations/826294f8-ff09-45a3-a331-9a7f4fc9e02e" {{(pid=95123) __call__ /opt/stack/placement/placement/requestlog.py:55}}
Aug 16 02:00:35.451650 n-d-768862-14 devstack@placement-api.service[95123]: DEBUG placement.handlers.allocation [req-e201c8fb-c7ec-41ca-a12c-395cc3526f96 req-b7e33255-893c-48cf-99b6-c2df159d343c service placement] Successfully wrote allocations [, , ] {{(pid=95123) _create_allocations /opt/stack/placement/placement/handlers/allocation.py:435}}
Aug 16 02:00:35.452675 n-d-768862-14 devstack@placement-api.service[95123]: INFO placement.requestlog [req-e201c8fb-c7ec-41ca-a12c-395cc3526f96 req-b7e33255-893c-48cf-99b6-c2df159d343c service placement] 10.222.0.61 "PUT /placement/allocations/826294f8-ff09-45a3-a331-9a7f4fc9e02e" status: 204 len: 0 microversion: 1.35
Aug 16 02:00:35.471891 n-d-768862-14 devstack@placement-api.service[95123]: [pid: 95123|app: 0|req: 108/216] 10.222.0.61 () {64 vars in 1434 bytes} [Mon Aug 16 02:00:35 2021] PUT /placement/allocations/826294f8-ff09-45a3-a331-9a7f4fc9e02e => generated 0 bytes in 144 msecs (HTTP/1.1 204) 5 headers in 199 bytes (1 switches on core 0)
Aug 16 02:00:36.087438 n-d-768862-14 devstack@placement-api.service[95124]: DEBUG placement.requestlog [req-e201c8fb-c7ec-41ca-a12c-395cc3526f96 req-247a0805-05cd-463e-ab6c-1410a6f57c79 None None] Starting request: 10.222.0.93 "GET /placement/allocations/826294f8-ff09-45a3-a331-9a7f4fc9e02e" {{(pid=95124) __call__ /opt/stack/placement/placement/requestlog.py:55}}
Aug 16 02:00:36.121699 n-d-768862-14 devstack@placement-api.service[95124]: INFO placement.requestlog [req-e201c8fb-c7ec-41ca-a12c-395cc3526f96 req-247a0805-05cd-463e-ab6c-1410a6f57c79 service placement] 10.222.0.93 "GET /placement/allocations/826294f8-ff09-45a3-a331-9a7f4fc9e02e" status: 200 len: 259 microversion: 1.28
Aug 16 02:00:36.122423 n-d-768862-14 devstack@placement-api.service[95124]: [pid: 95124|app: 0|req: 109/217] 10.222.0.93 () {60 vars in 1378 bytes} [Mon Aug 16 02:00:36 2021] GET /placement/allocations/826294f8-ff09-45a3-a331-9a7f4fc9e02e => generated 259 bytes in 36 msecs (HTTP/1.1 200) 8 headers in 296 bytes (1 switches on core 0)
Aug 16 02:00:38.003247 n-d-768862-14 devstack@placement-api.service[95123]: DEBUG placement.requestlog [req-a20d2520-bc21-47a7-a778-a743602603d7 req-39c5787b-61f9-497f-8b55-1c16a5eac077 None None] Starting request: 10.222.0.61 "GET /placement/allocation_candidates?resources=DISK_GB%3A1%2CMEMORY_MB%3A1024%2CVCPU%3A1&root_required=%21COMPUTE_STATUS_DISABLED" {{(pid=95123) __call__ /opt/stack/placement/placement/requestlog.py:55}}
Aug 16 02:00:38.120567 n-d-768862-14 devstack@placement-api.service[95123]: DEBUG placement.objects.research_context [req-a20d2520-bc21-47a7-a778-a743602603d7 req-39c5787b-61f9-497f-8b55-1c16a5eac077 service placement] getting providers with 1 DISK_GB {{(pid=95123) __init__ /opt/stack/placement/placement/objects/research_context.py:126}}
Aug 16 02:00:38.146933 n-d-768862-14 devstack@placement-api.service[95123]: DEBUG placement.objects.research_context [req-a20d2520-bc21-47a7-a778-a743602603d7 req-39c5787b-61f9-497f-8b55-1c16a5eac077 service placement] getting providers with 1024 MEMORY_MB {{(pid=95123) __init__ /opt/stack/placement/placement/objects/research_context.py:126}}
Aug 16 02:00:38.160302 n-d-768862-14 devstack@placement-api.service[95123]: DEBUG placement.objects.research_context [req-a20d2520-bc21-47a7-a778-a743602603d7 req-39c5787b-61f9-497f-8b55-1c16a5eac077 service placement] getting providers with 1 VCPU {{(pid=95123) __init__ /opt/stack/placement/placement/objects/research_context.py:126}}
Aug 16 02:00:38.169703 n-d-768862-14 devstack@placement-api.service[95123]: DEBUG placement.objects.research_context [req-a20d2520-bc21-47a7-a778-a743602603d7 req-39c5787b-61f9-497f-8b55-1c16a5eac077 service placement] found 2 providers with available 1 DISK_GB {{(pid=95123) get_provider_ids_matching /opt/stack/placement/placement/objects/research_context.py:549}}
Aug 16 02:00:38.170274 n-d-768862-14 devstack@placement-api.service[95123]: DEBUG placement.objects.research_context [req-a20d2520-bc21-47a7-a778-a743602603d7 req-39c5787b-61f9-497f-8b55-1c16a5eac077 service placement] found 2 providers with available 1024 MEMORY_MB {{(pid=95123) get_provider_ids_matching /opt/stack/placement/placement/objects/research_context.py:549}}
Aug 16 02:00:38.170899 n-d-768862-14 devstack@placement-api.service[95123]: DEBUG placement.objects.research_context [req-a20d2520-bc21-47a7-a778-a743602603d7 req-39c5787b-61f9-497f-8b55-1c16a5eac077 service placement] found 2 providers after filtering by previous result {{(pid=95123) get_provider_ids_matching /opt/stack/placement/placement/objects/research_context.py:580}}
Aug 16 02:00:38.171338 n-d-768862-14 devstack@placement-api.service[95123]: DEBUG placement.objects.research_context [req-a20d2520-bc21-47a7-a778-a743602603d7 req-39c5787b-61f9-497f-8b55-1c16a5eac077 service placement] found 2 providers with available 1 VCPU {{(pid=95123) get_provider_ids_matching /opt/stack/placement/placement/objects/research_context.py:549}}
Aug 16 02:00:38.171752 n-d-768862-14 devstack@placement-api.service[95123]: DEBUG placement.objects.research_context [req-a20d2520-bc21-47a7-a778-a743602603d7 req-39c5787b-61f9-497f-8b55-1c16a5eac077 service placement] found 2 providers after filtering by previous result {{(pid=95123) get_provider_ids_matching /opt/stack/placement/placement/objects/research_context.py:580}}
Aug 16 02:00:38.185166 n-d-768862-14 devstack@placement-api.service[95123]: DEBUG placement.objects.allocation_candidate [req-a20d2520-bc21-47a7-a778-a743602603d7 req-39c5787b-61f9-497f-8b55-1c16a5eac077 service placement] RequestGroup(use_same_provider=False, resources={DISK_GB:1, MEMORY_MB:1024, VCPU:1}, traits=[], aggregates=[]) (suffix '') returned 2 matches {{(pid=95123) _get_by_requests /opt/stack/placement/placement/objects/allocation_candidate.py:145}}
Aug 16 02:00:38.186201 n-d-768862-14 devstack@placement-api.service[95123]: DEBUG placement.objects.allocation_candidate [req-a20d2520-bc21-47a7-a778-a743602603d7 req-39c5787b-61f9-497f-8b55-1c16a5eac077 service placement] Merging candidates yields 2 allocation requests and 2 provider summaries {{(pid=95123) _merge_candidates /opt/stack/placement/placement/objects/allocation_candidate.py:783}}
Aug 16 02:00:38.188140 n-d-768862-14 devstack@placement-api.service[95123]: INFO placement.requestlog [req-a20d2520-bc21-47a7-a778-a743602603d7 req-39c5787b-61f9-497f-8b55-1c16a5eac077 service placement] 10.222.0.61 "GET /placement/allocation_candidates?resources=DISK_GB%3A1%2CMEMORY_MB%3A1024%2CVCPU%3A1&root_required=%21COMPUTE_STATUS_DISABLED" status: 200 len: 1309 microversion: 1.35
Aug 16 02:00:38.188849 n-d-768862-14 devstack@placement-api.service[95123]: [pid: 95123|app: 0|req: 109/218] 10.222.0.61 () {60 vars in 1485 bytes} [Mon Aug 16 02:00:38 2021] GET /placement/allocation_candidates?resources=DISK_GB%3A1%2CMEMORY_MB%3A1024%2CVCPU%3A1&root_required=%21COMPUTE_STATUS_DISABLED => generated 1309 bytes in 186 msecs (HTTP/1.1 200) 8 headers in 297 bytes (1 switches on core 0)
Aug 16 02:00:38.364062 n-d-768862-14 devstack@placement-api.service[95124]: DEBUG placement.requestlog [req-a20d2520-bc21-47a7-a778-a743602603d7 req-b1d0e9db-074f-452c-a6ea-422df743a1f6 None None] Starting request: 10.222.0.61 "GET /placement/allocations/addae6e5-5a71-457e-9071-2356570fdd8c" {{(pid=95124) __call__ /opt/stack/placement/placement/requestlog.py:55}}
Aug 16 02:00:38.379581 n-d-768862-14 devstack@placement-api.service[95124]: INFO placement.requestlog [req-a20d2520-bc21-47a7-a778-a743602603d7 req-b1d0e9db-074f-452c-a6ea-422df743a1f6 service placement] 10.222.0.61 "GET /placement/allocations/addae6e5-5a71-457e-9071-2356570fdd8c" status: 200 len: 19 microversion: 1.28
Aug 16 02:00:38.384346 n-d-768862-14 devstack@placement-api.service[95124]: [pid: 95124|app: 0|req: 110/219] 10.222.0.61 () {60 vars in 1381 bytes} [Mon Aug 16 02:00:38 2021] GET /placement/allocations/addae6e5-5a71-457e-9071-2356570fdd8c => generated 19 bytes in 20 msecs (HTTP/1.1 200) 8 headers in 295 bytes (1 switches on core 0)
Aug 16 02:00:38.389088 n-d-768862-14 devstack@placement-api.service[95123]: DEBUG placement.requestlog [req-a20d2520-bc21-47a7-a778-a743602603d7 req-3271d3e2-2458-48b4-a473-35e13a571c52 None None] Starting request: 10.222.0.61 "PUT /placement/allocations/addae6e5-5a71-457e-9071-2356570fdd8c" {{(pid=95123) __call__ /opt/stack/placement/placement/requestlog.py:55}}
Aug 16 02:00:38.564068 n-d-768862-14 devstack@placement-api.service[95123]: DEBUG placement.handlers.allocation [req-a20d2520-bc21-47a7-a778-a743602603d7 req-3271d3e2-2458-48b4-a473-35e13a571c52 service placement] Successfully wrote allocations [, , ] {{(pid=95123) _create_allocations /opt/stack/placement/placement/handlers/allocation.py:435}}
Aug 16 02:00:38.564694 n-d-768862-14 devstack@placement-api.service[95123]: INFO placement.requestlog [req-a20d2520-bc21-47a7-a778-a743602603d7 req-3271d3e2-2458-48b4-a473-35e13a571c52 service placement] 10.222.0.61 "PUT /placement/allocations/addae6e5-5a71-457e-9071-2356570fdd8c" status: 204 len: 0 microversion: 1.35
Aug 16 02:00:38.565398 n-d-768862-14 devstack@placement-api.service[95123]: [pid: 95123|app: 0|req: 110/220] 10.222.0.61 () {64 vars in 1434 bytes} [Mon Aug 16 02:00:38 2021] PUT /placement/allocations/addae6e5-5a71-457e-9071-2356570fdd8c => generated 0 bytes in 176 msecs (HTTP/1.1 204) 5 headers in 199 bytes (2 switches on core 0)
Aug 16 02:00:39.148088 n-d-768862-14 devstack@placement-api.service[95124]: DEBUG placement.requestlog [req-a20d2520-bc21-47a7-a778-a743602603d7 req-854d24bf-5169-407e-8b35-8b663ec23216 None None] Starting request: 10.222.0.86 "GET /placement/allocations/addae6e5-5a71-457e-9071-2356570fdd8c" {{(pid=95124) __call__ /opt/stack/placement/placement/requestlog.py:55}}
Aug 16 02:00:39.176552 n-d-768862-14 devstack@placement-api.service[95124]: INFO placement.requestlog [req-a20d2520-bc21-47a7-a778-a743602603d7 req-854d24bf-5169-407e-8b35-8b663ec23216 service placement] 10.222.0.86 "GET /placement/allocations/addae6e5-5a71-457e-9071-2356570fdd8c" status: 200 len: 259 microversion: 1.28
