Aug 10 03:11:48.968880 n-d-768862-13 neutron-server[94261]: DEBUG neutron.api.v2.base [None req-240cc119-1f13-4c69-86d0-a6a4c6bb76e6 admin admin] Request body: {'subnet': {'network_id': 'e4c17095-20ae-4287-bd10-23ef669bfb9d', 'cidr': '172.20.0.0/28', 'name': 'tempest-ServersWithSpecificFlavorTestJSON-1708645079-subnet', 'tenant_id': '6eb53b692c144502a0a76e70133f83c3', 'enable_dhcp': True, 'ip_version': 4}} {{(pid=94261) prepare_request_body /opt/stack/neutron/neutron/api/v2/base.py:729}}
Aug 10 03:11:48.972706 n-d-768862-13 neutron-server[94260]: DEBUG neutron_lib.callbacks.manager [None req-5a521d61-1419-4625-a5d0-fe0fcb056946 admin admin] Notify callbacks ['neutron.plugins.ml2.ovo_rpc._ObjectChangeHandler.handle_event-3706084', 'neutron.api.rpc.agentnotifiers.dhcp_rpc_agent_api.DhcpAgentNotifyAPI._native_event_send_dhcp_notification-3710214'] for network, after_create {{(pid=94260) _notify_loop /usr/local/lib/python3.8/dist-packages/neutron_lib/callbacks/manager.py:192}}
Aug 10 03:11:48.973742 n-d-768862-13 neutron-server[94260]: DEBUG neutron.pecan_wsgi.hooks.policy_enforcement [None req-5a521d61-1419-4625-a5d0-fe0fcb056946 admin admin] Attributes excluded by policy engine: ['standard_attr_id', 'vlan_transparent'] {{(pid=94260) _exclude_attributes_by_policy /opt/stack/neutron/neutron/pecan_wsgi/hooks/policy_enforcement.py:255}}
Aug 10 03:11:48.974379 n-d-768862-13 neutron-server[94260]: DEBUG neutron_lib.callbacks.manager [None req-5a521d61-1419-4625-a5d0-fe0fcb056946 admin admin] Notify callbacks ['neutron.api.rpc.agentnotifiers.dhcp_rpc_agent_api.DhcpAgentNotifyAPI._send_dhcp_notification-3710232'] for network, before_response {{(pid=94260) _notify_loop /usr/local/lib/python3.8/dist-packages/neutron_lib/callbacks/manager.py:192}}
Aug 10 03:11:49.041356 n-d-768862-13 neutron-server[94261]: DEBUG neutron.pecan_wsgi.hooks.quota_enforcement [None req-240cc119-1f13-4c69-86d0-a6a4c6bb76e6 admin admin] Made reservation on behalf of 6eb53b692c144502a0a76e70133f83c3 for: {'subnet': 1} {{(pid=94261) before /opt/stack/neutron/neutron/pecan_wsgi/hooks/quota_enforcement.py:53}}
Aug 10 03:11:49.047293 n-d-768862-13 neutron-server[94261]: DEBUG neutron_lib.callbacks.manager [None req-240cc119-1f13-4c69-86d0-a6a4c6bb76e6 admin admin] Notify callbacks [] for subnet, before_create {{(pid=94261) _notify_loop /usr/local/lib/python3.8/dist-packages/neutron_lib/callbacks/manager.py:192}}
Aug 10 03:11:49.065751 n-d-768862-13 neutron-server[94262]: DEBUG neutron_lib.callbacks.manager [None req-257978c1-7ea1-4f43-9b47-965230688640 None None] Notify callbacks ['neutron.plugins.ml2.plugin.SecurityGroupDbMixin._ensure_default_security_group_handler-3549996'] for port, before_update {{(pid=94262) _notify_loop /usr/local/lib/python3.8/dist-packages/neutron_lib/callbacks/manager.py:192}}
Aug 10 03:11:49.146415 n-d-768862-13 neutron-server[94260]: INFO neutron.wsgi [None req-5a521d61-1419-4625-a5d0-fe0fcb056946 admin admin] 10.222.0.44 "POST /v2.0/networks HTTP/1.1" status: 201 len: 880 time: 1.1383023
Aug 10 03:11:49.147291 n-d-768862-13 neutron-server[94260]: DEBUG neutron.wsgi [-] (94260) accepted ('10.222.0.44', 40324) {{(pid=94260) server /usr/local/lib/python3.8/dist-packages/eventlet/wsgi.py:982}}
Aug 10 03:11:49.149059 n-d-768862-13 neutron-server[94260]: DEBUG neutron.api.rpc.handlers.resources_rpc [None req-5a521d61-1419-4625-a5d0-fe0fcb056946 admin admin] Pushing event updated for resources: {'Network': ['ID=fb04e5c4-4048-4691-8fd2-5191f92c4dcc,revision_number=1']} {{(pid=94260) push /opt/stack/neutron/neutron/api/rpc/handlers/resources_rpc.py:237}}
Aug 10 03:11:49.165332 n-d-768862-13 neutron-server[94262]: DEBUG neutron.plugins.ml2.rpc [None req-c8d08275-f78b-42c5-ae47-292d5f95836a None None] Network fb04e5c4-4048-4691-8fd2-5191f92c4dcc details requested by agent ovs-agent-n-d-768862-13 with host n-d-768862-13 {{(pid=94262) get_network_details /opt/stack/neutron/neutron/plugins/ml2/rpc.py:248}}
Aug 10 03:11:49.169195 n-d-768862-13 neutron-server[94260]: DEBUG neutron.api.v2.base [None req-5d249b1b-b5ec-4950-a0c6-3a38ef81f2ce admin admin] Request body: {'subnet': {'network_id': 'fb04e5c4-4048-4691-8fd2-5191f92c4dcc', 'cidr': '172.20.0.0/28', 'name': 'tempest-LiveMigrationTest-1172087645-subnet', 'tenant_id': 'ef0c546763504af887a177f337462e10', 'enable_dhcp': False, 'ip_version': 4}} {{(pid=94260) prepare_request_body /opt/stack/neutron/neutron/api/v2/base.py:729}}
Aug 10 03:11:49.219917 n-d-768862-13 neutron-server[94260]: DEBUG neutron.pecan_wsgi.hooks.quota_enforcement [None req-5d249b1b-b5ec-4950-a0c6-3a38ef81f2ce admin admin] Made reservation on behalf of ef0c546763504af887a177f337462e10 for: {'subnet': 1} {{(pid=94260) before /opt/stack/neutron/neutron/pecan_wsgi/hooks/quota_enforcement.py:53}}
Aug 10 03:11:49.222665 n-d-768862-13 neutron-server[94260]: DEBUG neutron_lib.callbacks.manager [None req-5d249b1b-b5ec-4950-a0c6-3a38ef81f2ce admin admin] Notify callbacks [] for subnet, before_create {{(pid=94260) _notify_loop /usr/local/lib/python3.8/dist-packages/neutron_lib/callbacks/manager.py:192}}
Aug 10 03:11:49.458969 n-d-768862-13 neutron-server[94261]: DEBUG neutron_lib.callbacks.manager [None req-240cc119-1f13-4c69-86d0-a6a4c6bb76e6 admin admin] Notify callbacks ['neutron.plugins.ml2.ovo_rpc._ObjectChangeHandler.handle_event-3703361', 'neutron.api.rpc.agentnotifiers.dhcp_rpc_agent_api.DhcpAgentNotifyAPI._native_event_send_dhcp_notification-3710214'] for subnet, after_create {{(pid=94261) _notify_loop /usr/local/lib/python3.8/dist-packages/neutron_lib/callbacks/manager.py:192}}
Aug 10 03:11:49.560878 n-d-768862-13 neutron-server[94260]: INFO neutron.wsgi [req-434d7fe0-e356-43c2-badf-eddb68a637c8 req-b97cf677-8e0e-4bd1-8a7f-411a54bef7db tempest-AggregatesAdminTestJSON-1923486981 tempest-AggregatesAdminTestJSON-1923486981-project] 10.222.0.44 "GET /v2.0/ports?device_id=41f25eb7-03e1-4797-8691-8a456972f7ad HTTP/1.1" status: 200 len: 210 time: 0.0659761
Aug 10 03:11:49.719380 n-d-768862-13 neutron-server[94261]: DEBUG neutron.plugins.ml2.drivers.mech_agent [None req-240cc119-1f13-4c69-86d0-a6a4c6bb76e6 admin admin] Checking segment: {'id': '63c5233d-0a72-40bd-b951-4339d9098663', 'network_type': 'vlan', 'physical_network': 'physnet1', 'segmentation_id': 95, 'network_id': 'e4c17095-20ae-4287-bd10-23ef669bfb9d'} for mappings: {'physnet1': 'br-data'} with network types: ['local', 'flat', 'vlan'] {{(pid=94261) check_segment_for_agent /opt/stack/neutron/neutron/plugins/ml2/drivers/mech_agent.py:352}}
Aug 10 03:11:49.719958 n-d-768862-13 neutron-server[94261]: DEBUG neutron.scheduler.dhcp_agent_scheduler [None req-240cc119-1f13-4c69-86d0-a6a4c6bb76e6 admin admin] Network hostable DHCP agents. Network: e4c17095-20ae-4287-bd10-23ef669bfb9d, hostable agents: ['22d0555c-fb59-4a7f-9ed0-9f7361e41105'], hosted agents: [] {{(pid=94261) _get_network_hostable_dhcp_agents /opt/stack/neutron/neutron/scheduler/dhcp_agent_scheduler.py:329}}
Aug 10 03:11:49.732683 n-d-768862-13 neutron-server[94261]: DEBUG neutron.api.rpc.handlers.resources_rpc [None req-240cc119-1f13-4c69-86d0-a6a4c6bb76e6 admin admin] Pushing event updated for resources: {'Subnet': ['ID=653ab257-1320-4dc1-8c9b-ecddc6934c18,revision_number=0']} {{(pid=94261) push /opt/stack/neutron/neutron/api/rpc/handlers/resources_rpc.py:237}}
Aug 10 03:11:49.778976 n-d-768862-13 neutron-server[94262]: DEBUG neutron_lib.callbacks.manager [None req-257978c1-7ea1-4f43-9b47-965230688640 None None] Notify callbacks [] for port, precommit_update {{(pid=94262) _notify_loop /usr/local/lib/python3.8/dist-packages/neutron_lib/callbacks/manager.py:192}}
Aug 10 03:11:49.796733 n-d-768862-13 neutron-server[94262]: DEBUG neutron.db.provisioning_blocks [None req-257978c1-7ea1-4f43-9b47-965230688640 None None] Transition to ACTIVE for port object 52b014cb-961f-494c-a480-b9919c077511 will not be triggered until provisioned by entity L2. {{(pid=94262) add_provisioning_component /opt/stack/neutron/neutron/db/provisioning_blocks.py:73}}
Aug 10 03:11:49.797985 n-d-768862-13 neutron-server[94260]: INFO neutron.wsgi [req-20652635-cc20-4d4d-9985-f1d85cdfebfc req-98aba2b9-79c6-4cc3-9d29-ad02859240df tempest-DeleteServersAdminTestJSON-30066550 tempest-DeleteServersAdminTestJSON-30066550-project] 10.222.0.44 "GET /v2.0/ports?device_id=8361c331-f089-49d0-a923-9e0bf99bb741 HTTP/1.1" status: 200 len: 210 time: 0.0962713
Aug 10 03:11:49.809457 n-d-768862-13 neutron-server[94261]: DEBUG neutron.scheduler.dhcp_agent_scheduler [None req-240cc119-1f13-4c69-86d0-a6a4c6bb76e6 admin admin] Network e4c17095-20ae-4287-bd10-23ef669bfb9d is scheduled to be hosted by DHCP agent 22d0555c-fb59-4a7f-9ed0-9f7361e41105 with binding_index 1 {{(pid=94261) bind /opt/stack/neutron/neutron/scheduler/dhcp_agent_scheduler.py:227}}
Aug 10 03:11:49.828330 n-d-768862-13 neutron-server[94260]: DEBUG neutron_lib.callbacks.manager [None req-5d249b1b-b5ec-4950-a0c6-3a38ef81f2ce admin admin] Notify callbacks ['neutron.plugins.ml2.ovo_rpc._ObjectChangeHandler.handle_event-3703361', 'neutron.api.rpc.agentnotifiers.dhcp_rpc_agent_api.DhcpAgentNotifyAPI._native_event_send_dhcp_notification-3710214'] for subnet, after_create {{(pid=94260) _notify_loop /usr/local/lib/python3.8/dist-packages/neutron_lib/callbacks/manager.py:192}}
Aug 10 03:11:49.834276 n-d-768862-13 neutron-server[94262]: DEBUG neutron_lib.callbacks.manager [None req-257978c1-7ea1-4f43-9b47-965230688640 None None] Notify callbacks ['neutron.plugins.ml2.plugin.SecurityGroupServerNotifierRpcMixin._notify_sg_on_port_change-3549570', 'neutron.plugins.ml2.ovo_rpc._ObjectChangeHandler.handle_event-4056281', 'neutron.api.rpc.agentnotifiers.dhcp_rpc_agent_api.DhcpAgentNotifyAPI._native_event_send_dhcp_notification-3710214', 'neutron.db.l3_db.L3RpcNotifierMixin._notify_gateway_port_ip_changed-8727476261021', 'neutron.db.l3_dvrscheduler_db._notify_l3_agent_port_update-8727475790071', 'neutron.db.l3_hascheduler_db._notify_l3_agent_ha_port_update-8727475791117'] for port, after_update {{(pid=94262) _notify_loop /usr/local/lib/python3.8/dist-packages/neutron_lib/callbacks/manager.py:192}}
Aug 10 03:11:49.841694 n-d-768862-13 neutron-server[94261]: DEBUG neutron.scheduler.base_scheduler [None req-240cc119-1f13-4c69-86d0-a6a4c6bb76e6 admin admin] Resources bound (agent type, host, resource id): (DHCP agent, n-d-768862-13, e4c17095-20ae-4287-bd10-23ef669bfb9d) {{(pid=94261) schedule /opt/stack/neutron/neutron/scheduler/base_scheduler.py:57}}
Aug 10 03:11:49.851248 n-d-768862-13 neutron-server[94261]: DEBUG neutron.pecan_wsgi.hooks.policy_enforcement [None req-240cc119-1f13-4c69-86d0-a6a4c6bb76e6 admin admin] Attributes excluded by policy engine: ['standard_attr_id', 'shared', 'network'] {{(pid=94261) _exclude_attributes_by_policy /opt/stack/neutron/neutron/pecan_wsgi/hooks/policy_enforcement.py:255}}
Aug 10 03:11:49.853881 n-d-768862-13 neutron-server[94261]: DEBUG neutron_lib.callbacks.manager [None req-240cc119-1f13-4c69-86d0-a6a4c6bb76e6 admin admin] Notify callbacks ['neutron.api.rpc.agentnotifiers.dhcp_rpc_agent_api.DhcpAgentNotifyAPI._send_dhcp_notification-3710232'] for subnet, before_response {{(pid=94261) _notify_loop /usr/local/lib/python3.8/dist-packages/neutron_lib/callbacks/manager.py:192}}
Aug 10 03:11:49.885562 n-d-768862-13 neutron-server[94262]: DEBUG neutron.api.rpc.handlers.dhcp_rpc [None req-ccab122f-ebba-45bc-9b2c-c681abba0385 None None] Network e4c17095-20ae-4287-bd10-23ef669bfb9d requested from n-d-768862-13 {{(pid=94262) get_network_info /opt/stack/neutron/neutron/api/rpc/handlers/dhcp_rpc.py:218}}
Aug 10 03:11:49.910870 n-d-768862-13 neutron-server[94261]: INFO neutron.wsgi [None req-240cc119-1f13-4c69-86d0-a6a4c6bb76e6 admin admin] 10.222.0.44 "POST /v2.0/subnets HTTP/1.1" status: 201 len: 860 time: 0.9519274
Aug 10 03:11:49.914991 n-d-768862-13 neutron-server[94261]: DEBUG neutron.wsgi [-] (94261) accepted ('10.222.0.44', 40364) {{(pid=94261) server /usr/local/lib/python3.8/dist-packages/eventlet/wsgi.py:982}}
Aug 10 03:11:49.931877 n-d-768862-13 neutron-server[94261]: DEBUG neutron.api.v2.base [None req-b80e1e07-2755-4f92-a770-a8a68da840b2 admin admin] Request body: {'router': {'name': 'tempest-ServersWithSpecificFlavorTestJSON-1708645079-router', 'tenant_id': '6eb53b692c144502a0a76e70133f83c3', 'external_gateway_info': {'network_id': '2ea12131-628a-487e-b434-0463553732bd'}}} {{(pid=94261) prepare_request_body /opt/stack/neutron/neutron/api/v2/base.py:729}}
Aug 10 03:11:50.044595 n-d-768862-13 neutron-server[94261]: DEBUG neutron_lib.callbacks.manager [None req-b80e1e07-2755-4f92-a770-a8a68da840b2 admin admin] Notify callbacks ['neutron.services.l3_router.l3_router_plugin.L3_HA_NAT_db_mixin._before_router_create_handler-524240', 'neutron.services.l3_router.service_providers.driver_controller.DriverController._check_router_request-1532'] for router, before_create {{(pid=94261) _notify_loop /usr/local/lib/python3.8/dist-packages/neutron_lib/callbacks/manager.py:192}}
Aug 10 03:11:50.046661 n-d-768862-13 neutron-server[94261]: DEBUG neutron_lib.callbacks.manager [None req-b80e1e07-2755-4f92-a770-a8a68da840b2 admin admin] Notify callbacks ['neutron.services.l3_router.l3_router_plugin.L3_HA_NAT_db_mixin._precommit_router_create-522336', 'neutron.services.l3_router.l3_router_plugin.DVRResourceOperationHandler._set_distributed_flag-520465', 'neutron.services.l3_router.l3_router_plugin.RouterAvailabilityZoneMixin._process_az_request-3707688', 'neutron.services.l3_router.service_providers.driver_controller.DriverController._set_router_provider-1527'] for router, precommit_create {{(pid=94261) _notify_loop /usr/local/lib/python3.8/dist-packages/neutron_lib/callbacks/manager.py:192}}
Aug 10 03:11:50.099472 n-d-768862-13 neutron-server[94260]: DEBUG neutron.plugins.ml2.drivers.mech_agent [None req-5d249b1b-b5ec-4950-a0c6-3a38ef81f2ce admin admin] Checking segment: {'id': '6bf2f30c-8de9-48b6-ac35-0afe448267ae', 'network_type': 'vlan', 'physical_network': 'physnet1', 'segmentation_id': 51, 'network_id': 'fb04e5c4-4048-4691-8fd2-5191f92c4dcc'} for mappings: {'physnet1': 'br-data'} with network types: ['local', 'flat', 'vlan'] {{(pid=94260) check_segment_for_agent /opt/stack/neutron/neutron/plugins/ml2/drivers/mech_agent.py:352}}
Aug 10 03:11:50.105639 n-d-768862-13 neutron-server[94260]: DEBUG neutron.scheduler.dhcp_agent_scheduler [None req-5d249b1b-b5ec-4950-a0c6-3a38ef81f2ce admin admin] Network hostable DHCP agents. Network: fb04e5c4-4048-4691-8fd2-5191f92c4dcc, hostable agents: ['22d0555c-fb59-4a7f-9ed0-9f7361e41105'], hosted agents: [] {{(pid=94260) _get_network_hostable_dhcp_agents /opt/stack/neutron/neutron/scheduler/dhcp_agent_scheduler.py:329}}
Aug 10 03:11:50.125621 n-d-768862-13 neutron-server[94260]: DEBUG neutron.api.rpc.handlers.resources_rpc [None req-5d249b1b-b5ec-4950-a0c6-3a38ef81f2ce admin admin] Pushing event updated for resources: {'Subnet': ['ID=1dfce422-0216-4c9d-97b8-8fc7613926b1,revision_number=0']} {{(pid=94260) push /opt/stack/neutron/neutron/api/rpc/handlers/resources_rpc.py:237}}
Aug 10 03:11:50.197505 n-d-768862-13 neutron-server[94262]: DEBUG neutron.api.rpc.handlers.resources_rpc [None req-9b5d319f-ff90-4495-9060-2389e8a70e01 None None] Pushing event updated for resources: {'Port': ['ID=52b014cb-961f-494c-a480-b9919c077511,revision_number=3']} {{(pid=94262) push /opt/stack/neutron/neutron/api/rpc/handlers/resources_rpc.py:237}}
Aug 10 03:11:50.198740 n-d-768862-13 neutron-server[94260]: DEBUG neutron.scheduler.dhcp_agent_scheduler [None req-5d249b1b-b5ec-4950-a0c6-3a38ef81f2ce admin admin] Network fb04e5c4-4048-4691-8fd2-5191f92c4dcc is scheduled to be hosted by DHCP agent 22d0555c-fb59-4a7f-9ed0-9f7361e41105 with binding_index 1 {{(pid=94260) bind /opt/stack/neutron/neutron/scheduler/dhcp_agent_scheduler.py:227}}
Aug 10 03:11:50.232262 n-d-768862-13 neutron-server[94260]: DEBUG neutron.scheduler.base_scheduler [None req-5d249b1b-b5ec-4950-a0c6-3a38ef81f2ce admin admin] Resources bound (agent type, host, resource id): (DHCP agent, n-d-768862-13, fb04e5c4-4048-4691-8fd2-5191f92c4dcc) {{(pid=94260) schedule /opt/stack/neutron/neutron/scheduler/base_scheduler.py:57}}
Aug 10 03:11:50.241340 n-d-768862-13 neutron-server[94260]: DEBUG neutron.pecan_wsgi.hooks.policy_enforcement [None req-5d249b1b-b5ec-4950-a0c6-3a38ef81f2ce admin admin] Attributes excluded by policy engine: ['standard_attr_id', 'shared', 'network'] {{(pid=94260) _exclude_attributes_by_policy /opt/stack/neutron/neutron/pecan_wsgi/hooks/policy_enforcement.py:255}}
Aug 10 03:11:50.242917 n-d-768862-13 neutron-server[94260]: DEBUG neutron_lib.callbacks.manager [None req-5d249b1b-b5ec-4950-a0c6-3a38ef81f2ce admin admin] Notify callbacks ['neutron.api.rpc.agentnotifiers.dhcp_rpc_agent_api.DhcpAgentNotifyAPI._send_dhcp_notification-3710232'] for subnet, before_response {{(pid=94260) _notify_loop /usr/local/lib/python3.8/dist-packages/neutron_lib/callbacks/manager.py:192}}
Aug 10 03:11:50.302788 n-d-768862-13 neutron-server[94260]: INFO neutron.wsgi [None req-5d249b1b-b5ec-4950-a0c6-3a38ef81f2ce admin admin] 10.222.0.44 "POST /v2.0/subnets HTTP/1.1" status: 201 len: 845 time: 1.1452153
Aug 10 03:11:50.336253 n-d-768862-13 neutron-server[94262]: DEBUG neutron.api.rpc.handlers.dhcp_rpc [None req-3af52bb7-6537-4345-8322-a0665d5760f8 None None] Network fb04e5c4-4048-4691-8fd2-5191f92c4dcc requested from n-d-768862-13 {{(pid=94262) get_network_info /opt/stack/neutron/neutron/api/rpc/handlers/dhcp_rpc.py:218}}
Aug 10 03:11:50.343653 n-d-768862-13 neutron-server[94261]: DEBUG neutron_lib.callbacks.manager [None req-b80e1e07-2755-4f92-a770-a8a68da840b2 admin admin] Notify callbacks [] for router_controller, precommit_add_association {{(pid=94261) _notify_loop /usr/local/lib/python3.8/dist-packages/neutron_lib/callbacks/manager.py:192}}
Aug 10 03:11:50.631378 n-d-768862-13 neutron-server[94261]: DEBUG neutron_lib.callbacks.manager [None req-b80e1e07-2755-4f92-a770-a8a68da840b2 admin admin] Notify callbacks [] for router_gateway, precommit_update {{(pid=94261) _notify_loop /usr/local/lib/python3.8/dist-packages/neutron_lib/callbacks/manager.py:192}}
Aug 10 03:11:50.738517 n-d-768862-13 neutron-server[94262]: DEBUG neutron.plugins.ml2.managers [None req-257978c1-7ea1-4f43-9b47-965230688640 None None] Attempting to bind port 52b014cb-961f-494c-a480-b9919c077511 on host n-d-768862-13 for vnic_type normal with profile {{(pid=94262) bind_port /opt/stack/neutron/neutron/plugins/ml2/managers.py:790}}
Aug 10 03:11:50.738967 n-d-768862-13 neutron-server[94262]: DEBUG neutron.plugins.ml2.managers [None req-257978c1-7ea1-4f43-9b47-965230688640 None None] Attempting to bind port 52b014cb-961f-494c-a480-b9919c077511 by drivers openvswitch,hyperv on host n-d-768862-13 at level 0 using segments [{'id': 'b42426e6-502c-40d3-9c61-ff26c82f39ea', 'network_type': 'vlan', 'physical_network': 'physnet1', 'segmentation_id': 98, 'network_id': '7bfbeebb-f42f-441e-a7f5-dde179143eae'}] {{(pid=94262) _bind_port_level /opt/stack/neutron/neutron/plugins/ml2/managers.py:815}}
Aug 10 03:11:50.739244 n-d-768862-13 neutron-server[94262]: DEBUG neutron.plugins.ml2.drivers.mech_agent [None req-257978c1-7ea1-4f43-9b47-965230688640 None None] Attempting to bind port 52b014cb-961f-494c-a480-b9919c077511 on network 7bfbeebb-f42f-441e-a7f5-dde179143eae {{(pid=94262) bind_port /opt/stack/neutron/neutron/plugins/ml2/drivers/mech_agent.py:85}}
Aug 10 03:11:50.759550 n-d-768862-13 neutron-server[94262]: DEBUG neutron.api.rpc.handlers.dhcp_rpc [None req-be7ba95f-da94-44d3-b037-a8278f12fb62 None None] Create dhcp port {'port': {'name': '', 'admin_state_up': True, 'device_id': 'dhcp010d7e34-b514-5765-aa91-0031e34a517f-e4c17095-20ae-4287-bd10-23ef669bfb9d', 'network_id': 'e4c17095-20ae-4287-bd10-23ef669bfb9d', 'tenant_id': '6eb53b692c144502a0a76e70133f83c3', 'fixed_ips': [{'subnet_id': '653ab257-1320-4dc1-8c9b-ecddc6934c18'}]}} from n-d-768862-13. {{(pid=94262) create_dhcp_port /opt/stack/neutron/neutron/api/rpc/handlers/dhcp_rpc.py:285}}
Aug 10 03:11:50.759550 n-d-768862-13 neutron-server[94262]: DEBUG neutron_lib.callbacks.manager [None req-be7ba95f-da94-44d3-b037-a8278f12fb62 None None] Notify callbacks ['neutron.plugins.ml2.plugin.SecurityGroupDbMixin._ensure_default_security_group_handler-3549996'] for port, before_create {{(pid=94262) _notify_loop /usr/local/lib/python3.8/dist-packages/neutron_lib/callbacks/manager.py:192}}
Aug 10 03:11:50.775133 n-d-768862-13 neutron-server[94262]: DEBUG neutron.plugins.ml2.drivers.mech_agent [None req-257978c1-7ea1-4f43-9b47-965230688640 None None] Checking agent: {'id': 'ab6a2ec2-881e-49ee-97dd-aa17a1b7877f', 'agent_type': 'Open vSwitch agent', 'binary': 'neutron-openvswitch-agent', 'topic': 'N/A', 'host': 'n-d-768862-13', 'admin_state_up': True, 'created_at': datetime.datetime(2021, 8, 10, 3, 1, 54), 'started_at': datetime.datetime(2021, 8, 10, 3, 2, 24), 'heartbeat_timestamp': datetime.datetime(2021, 8, 10, 3, 11, 24), 'description': None, 'resources_synced': None, 'availability_zone': None, 'alive': True, 'configurations': {'arp_responder_enabled': False, 'baremetal_smartnic': False, 'bridge_mappings': {'physnet1': 'br-data'}, 'datapath_type': 'system', 'devices': 0, 'enable_distributed_routing': False, 'extensions': [], 'in_distributed_mode': False, 'integration_bridge': 'br-int', 'l2_population': False, 'log_agent_heartbeats': False, 'ovs_capabilities': {'datapath_types': ['netdev', 'system'], 'iface_types': ['erspan', 'geneve', 'gre', 'internal', 'ip6erspan', 'ip6gre', 'lisp', 'patch', 'stt', 'system', 'tap', 'vxlan']}, 'ovs_hybrid_plug': False, 'resource_provider_bandwidths': {}, 'resource_provider_hypervisors': {'br-data': 'n-d-768862-13'}, 'resource_provider_inventory_defaults': {'allocation_ratio': 1.0, 'min_unit': 1, 'step_size': 1, 'reserved': 0}, 'tunnel_types': [], 'tunneling_ip': None, 'vhostuser_socket_dir': '/var/run/openvswitch'}, 'resource_versions': {'AddressGroup': '1.2', 'ConntrackHelper': '1.0', 'Log': '1.0', 'Network': '1.1', 'Port': '1.7', 'PortForwarding': '1.2', 'QosPolicy': '1.9', 'SecurityGroup': '1.4', 'SecurityGroupRule': '1.2', 'SubPort': '1.0', 'Subnet': '1.1', 'Trunk': '1.1'}} {{(pid=94262) bind_port /opt/stack/neutron/neutron/plugins/ml2/drivers/mech_agent.py:104}}
Aug 10 03:11:50.775690 n-d-768862-13 neutron-server[94262]: DEBUG neutron.plugins.ml2.drivers.mech_agent [None req-257978c1-7ea1-4f43-9b47-965230688640 None None] Checking segment: {'id': 'b42426e6-502c-40d3-9c61-ff26c82f39ea', 'network_type': 'vlan', 'physical_network': 'physnet1', 'segmentation_id': 98, 'network_id': '7bfbeebb-f42f-441e-a7f5-dde179143eae'} for mappings: {'physnet1': 'br-data'} with network types: ['local', 'flat', 'vlan'] {{(pid=94262) check_segment_for_agent /opt/stack/neutron/neutron/plugins/ml2/drivers/mech_agent.py:352}}
Aug 10 03:11:50.776106 n-d-768862-13 neutron-server[94262]: DEBUG neutron_lib.callbacks.manager [None req-257978c1-7ea1-4f43-9b47-965230688640 None None] Notify callbacks [] for ovs_bridge_name, before_read {{(pid=94262) _notify_loop /usr/local/lib/python3.8/dist-packages/neutron_lib/callbacks/manager.py:192}}
Aug 10 03:11:50.776614 n-d-768862-13 neutron-server[94262]: DEBUG neutron.plugins.ml2.drivers.mech_agent [None req-257978c1-7ea1-4f43-9b47-965230688640 None None] Bound using segment: {'id': 'b42426e6-502c-40d3-9c61-ff26c82f39ea', 'network_type': 'vlan', 'physical_network': 'physnet1', 'segmentation_id': 98, 'network_id': '7bfbeebb-f42f-441e-a7f5-dde179143eae'} {{(pid=94262) bind_port /opt/stack/neutron/neutron/plugins/ml2/drivers/mech_agent.py:114}}
Aug 10 03:11:50.777112 n-d-768862-13 neutron-server[94262]: DEBUG neutron.plugins.ml2.managers [None req-257978c1-7ea1-4f43-9b47-965230688640 None None] Bound port: 52b014cb-961f-494c-a480-b9919c077511, host: n-d-768862-13, vif_type: ovs, vif_details: {"connectivity": "l2", "port_filter": true, "ovs_hybrid_plug": false, "datapath_type": "system", "bridge_name": "br-int"}, binding_levels: [{'bound_driver': 'openvswitch', 'bound_segment': {'id': 'b42426e6-502c-40d3-9c61-ff26c82f39ea', 'network_type': 'vlan', 'physical_network': 'physnet1', 'segmentation_id': 98, 'network_id': '7bfbeebb-f42f-441e-a7f5-dde179143eae'}}] {{(pid=94262) _bind_port_level /opt/stack/neutron/neutron/plugins/ml2/managers.py:928}}
Aug 10 03:11:50.777708 n-d-768862-13 neutron-server[94262]: DEBUG neutron_lib.callbacks.manager [None req-257978c1-7ea1-4f43-9b47-965230688640 None None] Notify callbacks ['neutron.plugins.ml2.plugin.SecurityGroupDbMixin._ensure_default_security_group_handler-3549996'] for port, before_update {{(pid=94262) _notify_loop /usr/local/lib/python3.8/dist-packages/neutron_lib/callbacks/manager.py:192}}
Aug 10 03:11:50.818953 n-d-768862-13 neutron-server[94260]: DEBUG neutron.wsgi [-] (94260) accepted ('10.222.0.44', 40402) {{(pid=94260) server /usr/local/lib/python3.8/dist-packages/eventlet/wsgi.py:982}}
Aug 10 03:11:51.086105 n-d-768862-13 neutron-server[94260]: INFO neutron.wsgi [req-4bd37a0f-2356-482e-b701-dac292492bf0 req-13083413-9d31-4721-8f1d-6246847aa4c6 tempest-AggregatesAdminTestJSON-1923486981 tempest-AggregatesAdminTestJSON-1923486981-project] 10.222.0.44 "GET /v2.0/ports?device_id=41f25eb7-03e1-4797-8691-8a456972f7ad HTTP/1.1" status: 200 len: 210 time: 0.0736005
Aug 10 03:11:51.118923 n-d-768862-13 neutron-server[94262]: DEBUG neutron.api.rpc.handlers.dhcp_rpc [None req-483bb934-52ab-45a6-96b9-aec1a7c8213e None None] Network fb04e5c4-4048-4691-8fd2-5191f92c4dcc requested from n-d-768862-13 {{(pid=94262) get_network_info /opt/stack/neutron/neutron/api/rpc/handlers/dhcp_rpc.py:218}}
Aug 10 03:11:51.212488 n-d-768862-13 neutron-server[94260]: INFO neutron.wsgi [req-6d02e205-b2c8-4303-94fd-5589374400aa req-59b51293-c530-40fb-81e6-27d5887ee2fb tempest-DeleteServersAdminTestJSON-30066550 tempest-DeleteServersAdminTestJSON-30066550-project] 10.222.0.44 "GET /v2.0/ports?device_id=8361c331-f089-49d0-a923-9e0bf99bb741 HTTP/1.1" status: 200 len: 210 time: 0.1245654
Aug 10 03:11:51.283762 n-d-768862-13 neutron-server[94260]: DEBUG neutron.wsgi [-] (94260) accepted ('10.222.0.42', 56997) {{(pid=94260) server /usr/local/lib/python3.8/dist-packages/eventlet/wsgi.py:982}}
Aug 10 03:11:51.295846 n-d-768862-13 neutron-server[94262]: DEBUG neutron.plugins.ml2.db [None req-257978c1-7ea1-4f43-9b47-965230688640 None None] For port 52b014cb-961f-494c-a480-b9919c077511, host n-d-768862-13, cleared binding levels {{(pid=94262) clear_binding_levels /opt/stack/neutron/neutron/plugins/ml2/db.py:87}}
Aug 10 03:11:51.300659 n-d-768862-13 neutron-server[94261]: DEBUG neutron_lib.callbacks.manager [None req-b80e1e07-2755-4f92-a770-a8a68da840b2 admin admin] Notify callbacks [] for router_gateway, before_create {{(pid=94261) _notify_loop /usr/local/lib/python3.8/dist-packages/neutron_lib/callbacks/manager.py:192}}
Aug 10 03:11:51.364129 n-d-768862-13 neutron-server[94261]: DEBUG neutron_lib.callbacks.manager [None req-b80e1e07-2755-4f92-a770-a8a68da840b2 admin admin] Notify callbacks ['neutron.plugins.ml2.plugin.SecurityGroupDbMixin._ensure_default_security_group_handler-3549996'] for port, before_create {{(pid=94261) _notify_loop /usr/local/lib/python3.8/dist-packages/neutron_lib/callbacks/manager.py:192}}
Aug 10 03:11:51.375824 n-d-768862-13 neutron-server[94260]: INFO neutron.wsgi [req-49b3622a-6d38-4e3d-a481-eef29d3f1bf9 req-ede6ab23-3f0c-44f3-be5c-e2955dc2df21 tempest-AggregatesAdminTestJSON-1923486981 tempest-AggregatesAdminTestJSON-1923486981-project] 10.222.0.42 "GET /v2.0/networks?tenant_id=e843fe35667f4d30abf6d7e1c6745fa0&shared=False HTTP/1.1" status: 200 len: 213 time: 0.0896921
Aug 10 03:11:51.444427 n-d-768862-13 neutron-server[94262]: DEBUG neutron.plugins.ml2.db [None req-257978c1-7ea1-4f43-9b47-965230688640 None None] For port 52b014cb-961f-494c-a480-b9919c077511, host n-d-768862-13, set binding levels [PortBindingLevel(driver='openvswitch',host='n-d-768862-13',level=0,port_id=52b014cb-961f-494c-a480-b9919c077511,segment=NetworkSegment(b42426e6-502c-40d3-9c61-ff26c82f39ea),segment_id=b42426e6-502c-40d3-9c61-ff26c82f39ea)] {{(pid=94262) set_binding_levels /opt/stack/neutron/neutron/plugins/ml2/db.py:59}}
Aug 10 03:11:51.454692 n-d-768862-13 neutron-server[94262]: DEBUG neutron_lib.callbacks.manager [None req-8b072a5c-c17f-4e6b-8ee9-d022bee0992f None None] Notify callbacks ['neutron.services.segments.db._update_segment_host_mapping_for_agent-8727476301060', 'neutron.plugins.ml2.plugin.Ml2Plugin._retry_binding_revived_agents-3497628'] for agent, after_update {{(pid=94262) _notify_loop /usr/local/lib/python3.8/dist-packages/neutron_lib/callbacks/manager.py:192}}
Aug 10 03:11:51.492670 n-d-768862-13 neutron-server[94261]: DEBUG neutron.wsgi [-] (94261) accepted ('10.222.0.44', 40420) {{(pid=94261) server /usr/local/lib/python3.8/dist-packages/eventlet/wsgi.py:982}}
Aug 10 03:11:51.511537 n-d-768862-13 neutron-server[94262]: DEBUG neutron_lib.callbacks.manager [None req-257978c1-7ea1-4f43-9b47-965230688640 None None] Notify callbacks ['neutron.plugins.ml2.plugin.SecurityGroupServerNotifierRpcMixin._notify_sg_on_port_change-3549570', 'neutron.plugins.ml2.ovo_rpc._ObjectChangeHandler.handle_event-4056281', 'neutron.api.rpc.agentnotifiers.dhcp_rpc_agent_api.DhcpAgentNotifyAPI._native_event_send_dhcp_notification-3710214', 'neutron.db.l3_db.L3RpcNotifierMixin._notify_gateway_port_ip_changed-8727476261021', 'neutron.db.l3_dvrscheduler_db._notify_l3_agent_port_update-8727475790071', 'neutron.db.l3_hascheduler_db._notify_l3_agent_ha_port_update-8727475791117'] for port, after_update {{(pid=94262) _notify_loop /usr/local/lib/python3.8/dist-packages/neutron_lib/callbacks/manager.py:192}}
Aug 10 03:11:51.532307 n-d-768862-13 neutron-server[94262]: DEBUG neutron.db.db_base_plugin_common [None req-be7ba95f-da94-44d3-b037-a8278f12fb62 None None] Allocated IP 172.20.0.2 (e4c17095-20ae-4287-bd10-23ef669bfb9d/653ab257-1320-4dc1-8c9b-ecddc6934c18/14ee70d9-028e-4eb0-afd6-18afd8b07eb5) {{(pid=94262) _store_ip_allocation /opt/stack/neutron/neutron/db/db_base_plugin_common.py:131}}
Aug 10 03:11:51.607609 n-d-768862-13 neutron-server[94260]: DEBUG neutron_lib.callbacks.manager [None req-b74c0112-d9e8-46a1-b881-6cc819219b37 admin admin] Notify callbacks [] for security_group, before_create {{(pid=94260) _notify_loop /usr/local/lib/python3.8/dist-packages/neutron_lib/callbacks/manager.py:192}}
Aug 10 03:11:51.653596 n-d-768862-13 neutron-server[94261]: DEBUG neutron_lib.callbacks.manager [None req-a72704e6-e61b-4af5-aa8e-863b9e48b031 admin admin] Notify callbacks [] for security_group, before_create {{(pid=94261) _notify_loop /usr/local/lib/python3.8/dist-packages/neutron_lib/callbacks/manager.py:192}}
Aug 10 03:11:51.678117 n-d-768862-13 neutron-server[94260]: DEBUG neutron.pecan_wsgi.hooks.policy_enforcement [req-49b3622a-6d38-4e3d-a481-eef29d3f1bf9 req-b992acb5-a499-41b9-9fe1-aa0baefe43bc tempest-AggregatesAdminTestJSON-1923486981 tempest-AggregatesAdminTestJSON-1923486981-project] Attributes excluded by policy engine: ['standard_attr_id', 'vlan_transparent', 'provider:network_type', 'provider:physical_network', 'provider:segmentation_id'] {{(pid=94260) _exclude_attributes_by_policy /opt/stack/neutron/neutron/pecan_wsgi/hooks/policy_enforcement.py:255}}
Aug 10 03:11:51.680187 n-d-768862-13 neutron-server[94260]: INFO neutron.wsgi [req-49b3622a-6d38-4e3d-a481-eef29d3f1bf9 req-b992acb5-a499-41b9-9fe1-aa0baefe43bc tempest-AggregatesAdminTestJSON-1923486981 tempest-AggregatesAdminTestJSON-1923486981-project] 10.222.0.42 "GET /v2.0/networks?shared=True HTTP/1.1" status: 200 len: 769 time: 0.2989385
Aug 10 03:11:51.696312 n-d-768862-13 neutron-server[94261]: DEBUG neutron.db.db_base_plugin_common [None req-b80e1e07-2755-4f92-a770-a8a68da840b2 admin admin] Allocated IP 172.25.6.131 (2ea12131-628a-487e-b434-0463553732bd/04f4b4c6-7f83-4f37-b8ea-23234eaba337/afd27794-1115-404b-8626-6a45c18cce1c) {{(pid=94261) _store_ip_allocation /opt/stack/neutron/neutron/db/db_base_plugin_common.py:131}}
Aug 10 03:11:51.698743 n-d-768862-13 neutron-server[94260]: DEBUG neutron_lib.db.api [None req-b74c0112-d9e8-46a1-b881-6cc819219b37 admin admin] Retry wrapper got retriable exception: (pymysql.err.OperationalError) (1213, 'Deadlock found when trying to get lock; try restarting transaction')
Aug 10 03:11:51.698743 n-d-768862-13 neutron-server[94260]: [SQL: DELETE FROM reservations WHERE reservations.project_id = %(project_id_1)s AND reservations.expiration < %(expiration_1)s]
Aug 10 03:11:51.698743 n-d-768862-13 neutron-server[94260]: [parameters: {'project_id_1': '7ffa08f40852461799f8a466facd8782', 'expiration_1': datetime.datetime(2021, 8, 10, 3, 11, 51, 681721)}]
Aug 10 03:11:51.698743 n-d-768862-13 neutron-server[94260]: (Background on this error at: https://sqlalche.me/e/14/e3q8) {{(pid=94260) wrapped /usr/local/lib/python3.8/dist-packages/neutron_lib/db/api.py:183}}
Aug 10 03:11:51.699822 n-d-768862-13 neutron-server[94260]: DEBUG oslo_db.api [None req-b74c0112-d9e8-46a1-b881-6cc819219b37 admin admin] Performing DB retry for function neutron.db.securitygroups_db.SecurityGroupDbMixin.create_security_group {{(pid=94260) wrapper /usr/local/lib/python3.8/dist-packages/oslo_db/api.py:155}}
Aug 10 03:11:51.744515 n-d-768862-13 neutron-server[94260]: DEBUG neutron.api.v2.base [req-49b3622a-6d38-4e3d-a481-eef29d3f1bf9 req-56333be1-5689-4a63-a542-23b81735c710 tempest-AggregatesAdminTestJSON-1923486981 tempest-AggregatesAdminTestJSON-1923486981-project] Request body: {'port': {'device_id': '41f25eb7-03e1-4797-8691-8a456972f7ad', 'network_id': '72a4be73-29a1-424c-8690-ecdcf6b06721', 'admin_state_up': True, 'tenant_id': 'e843fe35667f4d30abf6d7e1c6745fa0'}} {{(pid=94260) prepare_request_body /opt/stack/neutron/neutron/api/v2/base.py:729}}
Aug 10 03:11:51.823915 n-d-768862-13 neutron-server[94262]: DEBUG neutron_lib.callbacks.manager [None req-be7ba95f-da94-44d3-b037-a8278f12fb62 None None] Notify callbacks [] for port, precommit_create {{(pid=94262) _notify_loop /usr/local/lib/python3.8/dist-packages/neutron_lib/callbacks/manager.py:192}}
Aug 10 03:11:51.839413 n-d-768862-13 neutron-server[94262]: DEBUG neutron.db.provisioning_blocks [None req-be7ba95f-da94-44d3-b037-a8278f12fb62 None None] Transition to ACTIVE for port object 14ee70d9-028e-4eb0-afd6-18afd8b07eb5 will not be triggered until provisioned by entity L2. {{(pid=94262) add_provisioning_component /opt/stack/neutron/neutron/db/provisioning_blocks.py:73}}
Aug 10 03:11:51.866908 n-d-768862-13 neutron-server[94262]: DEBUG neutron.db.provisioning_blocks [None req-be7ba95f-da94-44d3-b037-a8278f12fb62 None None] Transition to ACTIVE for port object 14ee70d9-028e-4eb0-afd6-18afd8b07eb5 will not be triggered until provisioned by entity DHCP. {{(pid=94262) add_provisioning_component /opt/stack/neutron/neutron/db/provisioning_blocks.py:73}}
Aug 10 03:11:51.871731 n-d-768862-13 neutron-server[94261]: DEBUG neutron_lib.callbacks.manager [None req-b80e1e07-2755-4f92-a770-a8a68da840b2 admin admin] Notify callbacks [] for port, precommit_create {{(pid=94261) _notify_loop /usr/local/lib/python3.8/dist-packages/neutron_lib/callbacks/manager.py:192}}
Aug 10 03:11:51.892140 n-d-768862-13 neutron-server[94261]: DEBUG neutron_lib.callbacks.manager [None req-a72704e6-e61b-4af5-aa8e-863b9e48b031 admin admin] Notify callbacks [] for security_group, precommit_create {{(pid=94261) _notify_loop /usr/local/lib/python3.8/dist-packages/neutron_lib/callbacks/manager.py:192}}
Aug 10 03:11:51.908103 n-d-768862-13 neutron-server[94261]: DEBUG neutron_lib.callbacks.manager [None req-a72704e6-e61b-4af5-aa8e-863b9e48b031 admin admin] Notify callbacks ['neutron.plugins.ml2.ovo_rpc._ObjectChangeHandler.handle_event-3706037'] for security_group, after_create {{(pid=94261) _notify_loop /usr/local/lib/python3.8/dist-packages/neutron_lib/callbacks/manager.py:192}}
Aug 10 03:11:51.923692 n-d-768862-13 neutron-server[94262]: DEBUG neutron_lib.callbacks.manager [None req-be7ba95f-da94-44d3-b037-a8278f12fb62 None None] Notify callbacks ['neutron.plugins.ml2.plugin.SecurityGroupServerNotifierRpcMixin._notify_sg_on_port_change-3549570', 'neutron.plugins.ml2.ovo_rpc._ObjectChangeHandler.handle_event-4056281', 'neutron.api.rpc.agentnotifiers.dhcp_rpc_agent_api.DhcpAgentNotifyAPI._native_event_send_dhcp_notification-3710214', 'neutron.db.l3_dvrscheduler_db._notify_l3_agent_new_port-8727475790053'] for port, after_create {{(pid=94262) _notify_loop /usr/local/lib/python3.8/dist-packages/neutron_lib/callbacks/manager.py:192}}
Aug 10 03:11:51.963854 n-d-768862-13 neutron-server[94261]: DEBUG neutron.wsgi [-] (94261) accepted ('10.222.0.44', 40436) {{(pid=94261) server /usr/local/lib/python3.8/dist-packages/eventlet/wsgi.py:982}}
Aug 10 03:11:51.965675 n-d-768862-13 neutron-server[94262]: DEBUG neutron.scheduler.dhcp_agent_scheduler [None req-be7ba95f-da94-44d3-b037-a8278f12fb62 None None] Network e4c17095-20ae-4287-bd10-23ef669bfb9d is already hosted by enough agents. {{(pid=94262) _get_dhcp_agents_hosting_network /opt/stack/neutron/neutron/scheduler/dhcp_agent_scheduler.py:275}}
Aug 10 03:11:51.979109 n-d-768862-13 neutron-server[94262]: DEBUG neutron.scheduler.base_scheduler [None req-be7ba95f-da94-44d3-b037-a8278f12fb62 None None] Resources bound (agent type, host, resource id): {{(pid=94262) schedule /opt/stack/neutron/neutron/scheduler/base_scheduler.py:57}}
Aug 10 03:11:51.987523 n-d-768862-13 neutron-server[94262]: DEBUG neutron.db.l3_dvrscheduler_db [None req-be7ba95f-da94-44d3-b037-a8278f12fb62 None None] Received port after_create {{(pid=94262) _notify_l3_agent_new_port /opt/stack/neutron/neutron/db/l3_dvrscheduler_db.py:535}}
Aug 10 03:11:51.988567 n-d-768862-13 neutron-server[94261]: INFO neutron.wsgi [None req-a72704e6-e61b-4af5-aa8e-863b9e48b031 admin admin] 10.222.0.44 "GET /v2.0/security-groups?tenant_id=4512f07ec1484e37ba81b79344ba98db&name=default HTTP/1.1" status: 200 len: 2975 time: 0.4943120
Aug 10 03:11:51.998326 n-d-768862-13 neutron-server[94261]: DEBUG neutron.api.v2.base [None req-483034c3-8b0d-4200-ab22-85df4214b385 admin admin] Request body: {'network': {'name': 'tempest-LiveMigrationTest-1906456953-network', 'tenant_id': 'b5a8a79527f248df934edc2d2cdd1b61'}} {{(pid=94261) prepare_request_body /opt/stack/neutron/neutron/api/v2/base.py:729}}
Aug 10 03:11:52.030993 n-d-768862-13 neutron-server[94261]: DEBUG neutron.wsgi [-] (94261) accepted ('10.222.0.44', 40440) {{(pid=94261) server /usr/local/lib/python3.8/dist-packages/eventlet/wsgi.py:982}}
Aug 10 03:11:52.031261 n-d-768862-13 neutron-server[94261]: DEBUG neutron.wsgi [-] (94261) accepted ('10.222.0.42', 57000) {{(pid=94261) server /usr/local/lib/python3.8/dist-packages/eventlet/wsgi.py:982}}
Aug 10 03:11:52.045780 n-d-768862-13 neutron-server[94262]: DEBUG neutron.db.l3_dvrscheduler_db [None req-257978c1-7ea1-4f43-9b47-965230688640 None None] Routers {'2a1da7ca-ac49-4d2c-87ef-385d904e71a5'} bound to L3 agent in host n-d-768862-13 {{(pid=94262) _get_router_ids_for_agent /opt/stack/neutron/neutron/db/l3_dvrscheduler_db.py:420}}
Aug 10 03:11:52.054417 n-d-768862-13 neutron-server[94262]: DEBUG neutron.db.l3_hamode_db [None req-257978c1-7ea1-4f43-9b47-965230688640 None None] neutron.services.l3_router.l3_router_plugin.L3RouterPlugin method get_ha_sync_data_for_host called with arguments (, 'n-d-768862-13', Agent(admin_state_up=True,agent_type='L3 agent',availability_zone='nova',binary='neutron-l3-agent',configurations={"agent_mode": "legacy", "ex_gw_ports": 1, "extensions": [], "floating_ips": 0, "handle_internal_only_routers": true, "interface_driver": "openvswitch", "interfaces": 1, "log_agent_heartbeats": false, "routers": 1},created_at=2021-08-10T03:01:54Z,description=,heartbeat_timestamp=2021-08-10T03:11:24Z,host='n-d-768862-13',id=30e5ed9a-a900-46f5-8791-532797a0205e,load=0,resource_versions=,resources_synced=,started_at=2021-08-10T03:01:54Z,topic='l3_agent')) {'router_ids': ['2a1da7ca-ac49-4d2c-87ef-385d904e71a5'], 'active': True} {{(pid=94262) wrapper /usr/local/lib/python3.8/dist-packages/oslo_log/helpers.py:65}}
Aug 10 03:11:52.203030 n-d-768862-13 neutron-server[94260]: DEBUG neutron_lib.callbacks.manager [None req-b74c0112-d9e8-46a1-b881-6cc819219b37 admin admin] Notify callbacks [] for security_group, before_create {{(pid=94260) _notify_loop /usr/local/lib/python3.8/dist-packages/neutron_lib/callbacks/manager.py:192}}
Aug 10 03:11:52.206689 n-d-768862-13 neutron-server[94262]: DEBUG neutron.api.rpc.handlers.resources_rpc [None req-9b5d319f-ff90-4495-9060-2389e8a70e01 None None] Pushing event updated for resources: {'Port': ['ID=52b014cb-961f-494c-a480-b9919c077511,revision_number=4']} {{(pid=94262) push /opt/stack/neutron/neutron/api/rpc/handlers/resources_rpc.py:237}}
Aug 10 03:11:52.232900 n-d-768862-13 neutron-server[94261]: DEBUG neutron.pecan_wsgi.hooks.quota_enforcement [None req-483034c3-8b0d-4200-ab22-85df4214b385 admin admin] Made reservation on behalf of b5a8a79527f248df934edc2d2cdd1b61 for: {'network': 1} {{(pid=94261) before /opt/stack/neutron/neutron/pecan_wsgi/hooks/quota_enforcement.py:53}}
Aug 10 03:11:52.236607 n-d-768862-13 neutron-server[94261]: DEBUG neutron_lib.callbacks.manager [None req-483034c3-8b0d-4200-ab22-85df4214b385 admin admin] Notify callbacks ['neutron.plugins.ml2.plugin.SecurityGroupDbMixin._ensure_default_security_group_handler-3549996'] for network, before_create {{(pid=94261) _notify_loop /usr/local/lib/python3.8/dist-packages/neutron_lib/callbacks/manager.py:192}}
Aug 10 03:11:52.255362 n-d-768862-13 neutron-server[94261]: DEBUG neutron_lib.callbacks.manager [None req-b80e1e07-2755-4f92-a770-a8a68da840b2 admin admin] Notify callbacks ['neutron.plugins.ml2.plugin.SecurityGroupServerNotifierRpcMixin._notify_sg_on_port_change-3549570', 'neutron.plugins.ml2.ovo_rpc._ObjectChangeHandler.handle_event-4056281', 'neutron.api.rpc.agentnotifiers.dhcp_rpc_agent_api.DhcpAgentNotifyAPI._native_event_send_dhcp_notification-3710214', 'neutron.db.l3_dvrscheduler_db._notify_l3_agent_new_port-8727475790053'] for port, after_create {{(pid=94261) _notify_loop /usr/local/lib/python3.8/dist-packages/neutron_lib/callbacks/manager.py:192}}
Aug 10 03:11:52.314041 n-d-768862-13 neutron-server[94261]: DEBUG neutron.scheduler.dhcp_agent_scheduler [None req-b80e1e07-2755-4f92-a770-a8a68da840b2 admin admin] Network 2ea12131-628a-487e-b434-0463553732bd is already hosted by enough agents. {{(pid=94261) _get_dhcp_agents_hosting_network /opt/stack/neutron/neutron/scheduler/dhcp_agent_scheduler.py:275}}
Aug 10 03:11:52.338160 n-d-768862-13 neutron-server[94261]: DEBUG neutron.scheduler.base_scheduler [None req-b80e1e07-2755-4f92-a770-a8a68da840b2 admin admin] Resources bound (agent type, host, resource id): {{(pid=94261) schedule /opt/stack/neutron/neutron/scheduler/base_scheduler.py:57}}
Aug 10 03:11:52.342180 n-d-768862-13 neutron-server[94261]: DEBUG neutron.db.l3_dvrscheduler_db [None req-b80e1e07-2755-4f92-a770-a8a68da840b2 admin admin] Received port after_create {{(pid=94261) _notify_l3_agent_new_port /opt/stack/neutron/neutron/db/l3_dvrscheduler_db.py:535}}
Aug 10 03:11:52.368660 n-d-768862-13 neutron-server[94260]: DEBUG neutron_lib.callbacks.manager [None req-b74c0112-d9e8-46a1-b881-6cc819219b37 admin admin] Notify callbacks [] for security_group, precommit_create {{(pid=94260) _notify_loop /usr/local/lib/python3.8/dist-packages/neutron_lib/callbacks/manager.py:192}}
Aug 10 03:11:52.372494 n-d-768862-13 neutron-server[94260]: DEBUG neutron.pecan_wsgi.hooks.quota_enforcement [req-49b3622a-6d38-4e3d-a481-eef29d3f1bf9 req-56333be1-5689-4a63-a542-23b81735c710 tempest-AggregatesAdminTestJSON-1923486981 tempest-AggregatesAdminTestJSON-1923486981-project] Made reservation on behalf of e843fe35667f4d30abf6d7e1c6745fa0 for: {'port': 1} {{(pid=94260) before /opt/stack/neutron/neutron/pecan_wsgi/hooks/quota_enforcement.py:53}}
Aug 10 03:11:52.377277 n-d-768862-13 neutron-server[94260]: DEBUG neutron_lib.callbacks.manager [req-49b3622a-6d38-4e3d-a481-eef29d3f1bf9 req-56333be1-5689-4a63-a542-23b81735c710 tempest-AggregatesAdminTestJSON-1923486981 tempest-AggregatesAdminTestJSON-1923486981-project] Notify callbacks ['neutron.plugins.ml2.plugin.SecurityGroupDbMixin._ensure_default_security_group_handler-3549996'] for port, before_create {{(pid=94260) _notify_loop /usr/local/lib/python3.8/dist-packages/neutron_lib/callbacks/manager.py:192}}
Aug 10 03:11:52.390048 n-d-768862-13 neutron-server[94260]: DEBUG neutron_lib.callbacks.manager [req-49b3622a-6d38-4e3d-a481-eef29d3f1bf9 req-56333be1-5689-4a63-a542-23b81735c710 tempest-AggregatesAdminTestJSON-1923486981 tempest-AggregatesAdminTestJSON-1923486981-project] Notify callbacks [] for security_group, before_create {{(pid=94260) _notify_loop /usr/local/lib/python3.8/dist-packages/neutron_lib/callbacks/manager.py:192}}
Aug 10 03:11:52.422637 n-d-768862-13 neutron-server[94260]: DEBUG neutron_lib.callbacks.manager [None req-b74c0112-d9e8-46a1-b881-6cc819219b37 admin admin] Notify callbacks ['neutron.plugins.ml2.ovo_rpc._ObjectChangeHandler.handle_event-3706037'] for security_group, after_create {{(pid=94260) _notify_loop /usr/local/lib/python3.8/dist-packages/neutron_lib/callbacks/manager.py:192}}
Aug 10 03:11:52.434144 n-d-768862-13 neutron-server[94260]: INFO neutron.wsgi [req-67102ebb-391d-4be5-9c41-9cd178dfafb4 req-ea16fe07-57d9-454b-8196-df9742d842ef tempest-AggregatesAdminTestJSON-1923486981 tempest-AggregatesAdminTestJSON-1923486981-project] 10.222.0.44 "GET /v2.0/ports?device_id=41f25eb7-03e1-4797-8691-8a456972f7ad HTTP/1.1" status: 200 len: 210 time: 0.0628536
Aug 10 03:11:52.440264 n-d-768862-13 neutron-server[94262]: DEBUG neutron.api.rpc.handlers.resources_rpc [None req-be7ba95f-da94-44d3-b037-a8278f12fb62 None None] Pushing event updated for resources: {'Port': ['ID=14ee70d9-028e-4eb0-afd6-18afd8b07eb5,revision_number=1']} {{(pid=94262) push /opt/stack/neutron/neutron/api/rpc/handlers/resources_rpc.py:237}}
Aug 10 03:11:52.480035 n-d-768862-13 neutron-server[94260]: DEBUG neutron.api.rpc.handlers.resources_rpc [None req-b74c0112-d9e8-46a1-b881-6cc819219b37 admin admin] Pushing event updated for resources: {'SecurityGroup': ['ID=c7691a6b-e350-4d87-9f6f-e0ded0aa9cc0,revision_number=1']} {{(pid=94260) push /opt/stack/neutron/neutron/api/rpc/handlers/resources_rpc.py:237}}
Aug 10 03:11:52.502853 n-d-768862-13 neutron-server[94262]: DEBUG neutron.plugins.ml2.managers [None req-be7ba95f-da94-44d3-b037-a8278f12fb62 None None] Attempting to bind port 14ee70d9-028e-4eb0-afd6-18afd8b07eb5 on host n-d-768862-13 for vnic_type normal with profile {{(pid=94262) bind_port /opt/stack/neutron/neutron/plugins/ml2/managers.py:790}}
Aug 10 03:11:52.503528 n-d-768862-13 neutron-server[94262]: DEBUG neutron.plugins.ml2.managers [None req-be7ba95f-da94-44d3-b037-a8278f12fb62 None None] Attempting to bind port 14ee70d9-028e-4eb0-afd6-18afd8b07eb5 by drivers openvswitch,hyperv on host n-d-768862-13 at level 0 using segments [{'id': '63c5233d-0a72-40bd-b951-4339d9098663', 'network_type': 'vlan', 'physical_network': 'physnet1', 'segmentation_id': 95, 'network_id': 'e4c17095-20ae-4287-bd10-23ef669bfb9d'}] {{(pid=94262) _bind_port_level /opt/stack/neutron/neutron/plugins/ml2/managers.py:815}}
Aug 10 03:11:52.503984 n-d-768862-13 neutron-server[94262]: DEBUG neutron.plugins.ml2.drivers.mech_agent [None req-be7ba95f-da94-44d3-b037-a8278f12fb62 None None] Attempting to bind port 14ee70d9-028e-4eb0-afd6-18afd8b07eb5 on network e4c17095-20ae-4287-bd10-23ef669bfb9d {{(pid=94262) bind_port /opt/stack/neutron/neutron/plugins/ml2/drivers/mech_agent.py:85}}
Aug 10 03:11:52.518966 n-d-768862-13 neutron-server[94260]: INFO neutron.wsgi [req-338cd82c-ad70-4d76-93ab-095cb72bc42b req-ca98b3e1-ff11-4fab-b42a-ea83feca49cb tempest-DeleteServersAdminTestJSON-30066550 tempest-DeleteServersAdminTestJSON-30066550-project] 10.222.0.44 "GET /v2.0/ports?device_id=8361c331-f089-49d0-a923-9e0bf99bb741 HTTP/1.1" status: 200 len: 210 time: 0.0777884
Aug 10 03:11:52.537049 n-d-768862-13 neutron-server[94262]: DEBUG neutron.plugins.ml2.drivers.mech_agent [None req-be7ba95f-da94-44d3-b037-a8278f12fb62 None None] Checking agent: {'id': 'ab6a2ec2-881e-49ee-97dd-aa17a1b7877f', 'agent_type': 'Open vSwitch agent', 'binary': 'neutron-openvswitch-agent', 'topic': 'N/A', 'host': 'n-d-768862-13', 'admin_state_up': True, 'created_at': datetime.datetime(2021, 8, 10, 3, 1, 54), 'started_at': datetime.datetime(2021, 8, 10, 3, 2, 24), 'heartbeat_timestamp': datetime.datetime(2021, 8, 10, 3, 11, 24), 'description': None, 'resources_synced': None, 'availability_zone': None, 'alive': True, 'configurations': {'arp_responder_enabled': False, 'baremetal_smartnic': False, 'bridge_mappings': {'physnet1': 'br-data'}, 'datapath_type': 'system', 'devices': 0, 'enable_distributed_routing': False, 'extensions': [], 'in_distributed_mode': False, 'integration_bridge': 'br-int', 'l2_population': False, 'log_agent_heartbeats': False, 'ovs_capabilities': {'datapath_types': ['netdev', 'system'], 'iface_types': ['erspan', 'geneve', 'gre', 'internal', 'ip6erspan', 'ip6gre', 'lisp', 'patch', 'stt', 'system', 'tap', 'vxlan']}, 'ovs_hybrid_plug': False, 'resource_provider_bandwidths': {}, 'resource_provider_hypervisors': {'br-data': 'n-d-768862-13'}, 'resource_provider_inventory_defaults': {'allocation_ratio': 1.0, 'min_unit': 1, 'step_size': 1, 'reserved': 0}, 'tunnel_types': [], 'tunneling_ip': None, 'vhostuser_socket_dir': '/var/run/openvswitch'}, 'resource_versions': {'AddressGroup': '1.2', 'ConntrackHelper': '1.0', 'Log': '1.0', 'Network': '1.1', 'Port': '1.7', 'PortForwarding': '1.2', 'QosPolicy': '1.9', 'SecurityGroup': '1.4', 'SecurityGroupRule': '1.2', 'SubPort': '1.0', 'Subnet': '1.1', 'Trunk': '1.1'}} {{(pid=94262) bind_port /opt/stack/neutron/neutron/plugins/ml2/drivers/mech_agent.py:104}}
