Jul 14 14:39:56.734887 n-d-768852-23 devstack@placement-api.service[105223]: DEBUG placement.handlers.allocation [req-fc17e924-10d4-4f04-aa5d-2a31171eb21e req-b91e1780-51c3-466a-8c0c-52de4b1bf0ef service placement] Successfully deleted allocations [, , ] {{(pid=105223) delete_allocations /opt/stack/placement/placement/handlers/allocation.py:627}}
Jul 14 14:39:56.735650 n-d-768852-23 devstack@placement-api.service[105223]: INFO placement.requestlog [req-fc17e924-10d4-4f04-aa5d-2a31171eb21e req-b91e1780-51c3-466a-8c0c-52de4b1bf0ef service placement] 10.222.0.110 "DELETE /placement/allocations/c489130c-3390-441e-8a0c-9ccdc783c8be" status: 204 len: 0 microversion: 1.0
Jul 14 14:39:56.739460 n-d-768852-23 devstack@placement-api.service[105223]: [pid: 105223|app: 0|req: 125/247] 10.222.0.110 () {60 vars in 1356 bytes} [Thu Jul 14 14:39:56 2022] DELETE /placement/allocations/c489130c-3390-441e-8a0c-9ccdc783c8be => generated 0 bytes in 118 msecs (HTTP/1.1 204) 5 headers in 198 bytes (2 switches on core 0)
Jul 14 14:40:02.422430 n-d-768852-23 devstack@placement-api.service[105224]: DEBUG placement.requestlog [req-e81935fe-a593-4905-90ca-0f4f16cccf76 req-37f61077-7eb0-4333-8ba3-d674ce0e004c None None] Starting request: 10.222.0.98 "GET /placement/allocation_candidates?limit=1000&resources=DISK_GB%3A1%2CMEMORY_MB%3A1024%2CVCPU%3A1&root_required=%21COMPUTE_STATUS_DISABLED" {{(pid=105224) __call__ /opt/stack/placement/placement/requestlog.py:55}}
Jul 14 14:40:02.482045 n-d-768852-23 devstack@placement-api.service[105224]: DEBUG placement.objects.research_context [req-e81935fe-a593-4905-90ca-0f4f16cccf76 req-37f61077-7eb0-4333-8ba3-d674ce0e004c service placement] getting providers with 1 DISK_GB {{(pid=105224) __init__ /opt/stack/placement/placement/objects/research_context.py:136}}
Jul 14 14:40:02.515230 n-d-768852-23 devstack@placement-api.service[105224]: DEBUG placement.objects.research_context [req-e81935fe-a593-4905-90ca-0f4f16cccf76 req-37f61077-7eb0-4333-8ba3-d674ce0e004c service placement] getting providers with 1024 MEMORY_MB {{(pid=105224) __init__ /opt/stack/placement/placement/objects/research_context.py:136}}
Jul 14 14:40:02.519645 n-d-768852-23 devstack@placement-api.service[105223]: DEBUG placement.requestlog [req-09c39d0d-98a4-4618-8227-34736977afb5 req-ea2ff358-d3df-46d6-b43d-230e3572e799 None None] Starting request: 10.222.0.104 "DELETE /placement/allocations/859ce988-fadf-44f6-b941-5639f6ccd35f" {{(pid=105223) __call__ /opt/stack/placement/placement/requestlog.py:55}}
Jul 14 14:40:02.531321 n-d-768852-23 devstack@placement-api.service[105224]: DEBUG placement.objects.research_context [req-e81935fe-a593-4905-90ca-0f4f16cccf76 req-37f61077-7eb0-4333-8ba3-d674ce0e004c service placement] getting providers with 1 VCPU {{(pid=105224) __init__ /opt/stack/placement/placement/objects/research_context.py:136}}
Jul 14 14:40:02.539036 n-d-768852-23 devstack@placement-api.service[105224]: DEBUG placement.objects.research_context [req-e81935fe-a593-4905-90ca-0f4f16cccf76 req-37f61077-7eb0-4333-8ba3-d674ce0e004c service placement] found 2 providers with available 1 DISK_GB {{(pid=105224) get_provider_ids_matching /opt/stack/placement/placement/objects/research_context.py:563}}
Jul 14 14:40:02.539714 n-d-768852-23 devstack@placement-api.service[105224]: DEBUG placement.objects.research_context [req-e81935fe-a593-4905-90ca-0f4f16cccf76 req-37f61077-7eb0-4333-8ba3-d674ce0e004c service placement] found 2 providers with available 1024 MEMORY_MB {{(pid=105224) get_provider_ids_matching /opt/stack/placement/placement/objects/research_context.py:563}}
Jul 14 14:40:02.540165 n-d-768852-23 devstack@placement-api.service[105224]: DEBUG placement.objects.research_context [req-e81935fe-a593-4905-90ca-0f4f16cccf76 req-37f61077-7eb0-4333-8ba3-d674ce0e004c service placement] found 2 providers after filtering by previous result {{(pid=105224) get_provider_ids_matching /opt/stack/placement/placement/objects/research_context.py:594}}
Jul 14 14:40:02.540600 n-d-768852-23 devstack@placement-api.service[105224]: DEBUG placement.objects.research_context [req-e81935fe-a593-4905-90ca-0f4f16cccf76 req-37f61077-7eb0-4333-8ba3-d674ce0e004c service placement] found 2 providers with available 1 VCPU {{(pid=105224) get_provider_ids_matching /opt/stack/placement/placement/objects/research_context.py:563}}
Jul 14 14:40:02.541021 n-d-768852-23 devstack@placement-api.service[105224]: DEBUG placement.objects.research_context [req-e81935fe-a593-4905-90ca-0f4f16cccf76 req-37f61077-7eb0-4333-8ba3-d674ce0e004c service placement] found 2 providers after filtering by previous result {{(pid=105224) get_provider_ids_matching /opt/stack/placement/placement/objects/research_context.py:594}}
Jul 14 14:40:02.567588 n-d-768852-23 devstack@placement-api.service[105224]: DEBUG placement.objects.allocation_candidate [req-e81935fe-a593-4905-90ca-0f4f16cccf76 req-37f61077-7eb0-4333-8ba3-d674ce0e004c service placement] RequestGroup(use_same_provider=False, resources={DISK_GB:1, MEMORY_MB:1024, VCPU:1}, traits=(), aggregates=[]) (suffix '') returned 2 matches {{(pid=105224) _get_by_requests /opt/stack/placement/placement/objects/allocation_candidate.py:156}}
Jul 14 14:40:02.568635 n-d-768852-23 devstack@placement-api.service[105224]: DEBUG placement.objects.allocation_candidate [req-e81935fe-a593-4905-90ca-0f4f16cccf76 req-37f61077-7eb0-4333-8ba3-d674ce0e004c service placement] Merging candidates yields 2 allocation requests and 2 provider summaries {{(pid=105224) _merge_candidates /opt/stack/placement/placement/objects/allocation_candidate.py:809}}
Jul 14 14:40:02.572451 n-d-768852-23 devstack@placement-api.service[105224]: INFO placement.requestlog [req-e81935fe-a593-4905-90ca-0f4f16cccf76 req-37f61077-7eb0-4333-8ba3-d674ce0e004c service placement] 10.222.0.98 "GET /placement/allocation_candidates?limit=1000&resources=DISK_GB%3A1%2CMEMORY_MB%3A1024%2CVCPU%3A1&root_required=%21COMPUTE_STATUS_DISABLED" status: 200 len: 1309 microversion: 1.36
Jul 14 14:40:02.573521 n-d-768852-23 devstack@placement-api.service[105224]: [pid: 105224|app: 0|req: 123/248] 10.222.0.98 () {60 vars in 1506 bytes} [Thu Jul 14 14:40:02 2022] GET /placement/allocation_candidates?limit=1000&resources=DISK_GB%3A1%2CMEMORY_MB%3A1024%2CVCPU%3A1&root_required=%21COMPUTE_STATUS_DISABLED => generated 1309 bytes in 151 msecs (HTTP/1.1 200) 8 headers in 297 bytes (1 switches on core 0)
Jul 14 14:40:02.596890 n-d-768852-23 devstack@placement-api.service[105223]: DEBUG placement.handlers.allocation [req-09c39d0d-98a4-4618-8227-34736977afb5 req-ea2ff358-d3df-46d6-b43d-230e3572e799 service placement] Successfully deleted allocations [, , ] {{(pid=105223) delete_allocations /opt/stack/placement/placement/handlers/allocation.py:627}}
Jul 14 14:40:02.597603 n-d-768852-23 devstack@placement-api.service[105223]: INFO placement.requestlog [req-09c39d0d-98a4-4618-8227-34736977afb5 req-ea2ff358-d3df-46d6-b43d-230e3572e799 service placement] 10.222.0.104 "DELETE /placement/allocations/859ce988-fadf-44f6-b941-5639f6ccd35f" status: 204 len: 0 microversion: 1.0
Jul 14 14:40:02.598414 n-d-768852-23 devstack@placement-api.service[105223]: [pid: 105223|app: 0|req: 126/249] 10.222.0.104 () {60 vars in 1356 bytes} [Thu Jul 14 14:40:02 2022] DELETE /placement/allocations/859ce988-fadf-44f6-b941-5639f6ccd35f => generated 0 bytes in 80 msecs (HTTP/1.1 204) 5 headers in 198 bytes (1 switches on core 0)
Jul 14 14:40:02.788656 n-d-768852-23 devstack@placement-api.service[105224]: DEBUG placement.requestlog [req-e81935fe-a593-4905-90ca-0f4f16cccf76 req-2e11c70a-92c9-4bbb-950a-c10f128064e6 None None] Starting request: 10.222.0.98 "GET /placement/allocations/28c69871-43bd-4251-ae79-02953e468fc7" {{(pid=105224) __call__ /opt/stack/placement/placement/requestlog.py:55}}
Jul 14 14:40:02.809080 n-d-768852-23 devstack@placement-api.service[105224]: INFO placement.requestlog [req-e81935fe-a593-4905-90ca-0f4f16cccf76 req-2e11c70a-92c9-4bbb-950a-c10f128064e6 service placement] 10.222.0.98 "GET /placement/allocations/28c69871-43bd-4251-ae79-02953e468fc7" status: 200 len: 19 microversion: 1.28
Jul 14 14:40:02.813353 n-d-768852-23 devstack@placement-api.service[105224]: [pid: 105224|app: 0|req: 124/250] 10.222.0.98 () {60 vars in 1380 bytes} [Thu Jul 14 14:40:02 2022] GET /placement/allocations/28c69871-43bd-4251-ae79-02953e468fc7 => generated 19 bytes in 24 msecs (HTTP/1.1 200) 8 headers in 295 bytes (1 switches on core 0)
Jul 14 14:40:02.824217 n-d-768852-23 devstack@placement-api.service[105223]: DEBUG placement.requestlog [req-e81935fe-a593-4905-90ca-0f4f16cccf76 req-1dc53d28-feaf-4d2e-b4a0-e28a92173e28 None None] Starting request: 10.222.0.98 "PUT /placement/allocations/28c69871-43bd-4251-ae79-02953e468fc7" {{(pid=105223) __call__ /opt/stack/placement/placement/requestlog.py:55}}
Jul 14 14:40:03.042488 n-d-768852-23 devstack@placement-api.service[105223]: DEBUG placement.handlers.allocation [req-e81935fe-a593-4905-90ca-0f4f16cccf76 req-1dc53d28-feaf-4d2e-b4a0-e28a92173e28 service placement] Successfully wrote allocations [, , ] {{(pid=105223) _update_consumers_and_create_allocations /opt/stack/placement/placement/handlers/allocation.py:462}}
Jul 14 14:40:03.059977 n-d-768852-23 devstack@placement-api.service[105223]: INFO placement.requestlog [req-e81935fe-a593-4905-90ca-0f4f16cccf76 req-1dc53d28-feaf-4d2e-b4a0-e28a92173e28 service placement] 10.222.0.98 "PUT /placement/allocations/28c69871-43bd-4251-ae79-02953e468fc7" status: 204 len: 0 microversion: 1.36
Jul 14 14:40:03.061080 n-d-768852-23 devstack@placement-api.service[105223]: [pid: 105223|app: 0|req: 127/251] 10.222.0.98 () {64 vars in 1433 bytes} [Thu Jul 14 14:40:02 2022] PUT /placement/allocations/28c69871-43bd-4251-ae79-02953e468fc7 => generated 0 bytes in 237 msecs (HTTP/1.1 204) 5 headers in 199 bytes (2 switches on core 0)
Jul 14 14:40:03.690615 n-d-768852-23 devstack@placement-api.service[105224]: DEBUG placement.requestlog [req-5c1ef460-a76e-44d8-abbd-4f8f60441da1 req-ec20765b-25cf-4f9f-b9eb-aa7cf1971abc None None] Starting request: 10.222.0.98 "GET /placement/allocation_candidates?limit=1000&resources=DISK_GB%3A1%2CMEMORY_MB%3A1024%2CVCPU%3A1&root_required=%21COMPUTE_STATUS_DISABLED" {{(pid=105224) __call__ /opt/stack/placement/placement/requestlog.py:55}}
Jul 14 14:40:03.803616 n-d-768852-23 devstack@placement-api.service[105224]: DEBUG placement.objects.research_context [req-5c1ef460-a76e-44d8-abbd-4f8f60441da1 req-ec20765b-25cf-4f9f-b9eb-aa7cf1971abc service placement] getting providers with 1 DISK_GB {{(pid=105224) __init__ /opt/stack/placement/placement/objects/research_context.py:136}}
Jul 14 14:40:03.812180 n-d-768852-23 devstack@placement-api.service[105224]: DEBUG placement.objects.research_context [req-5c1ef460-a76e-44d8-abbd-4f8f60441da1 req-ec20765b-25cf-4f9f-b9eb-aa7cf1971abc service placement] getting providers with 1024 MEMORY_MB {{(pid=105224) __init__ /opt/stack/placement/placement/objects/research_context.py:136}}
Jul 14 14:40:03.821271 n-d-768852-23 devstack@placement-api.service[105224]: DEBUG placement.objects.research_context [req-5c1ef460-a76e-44d8-abbd-4f8f60441da1 req-ec20765b-25cf-4f9f-b9eb-aa7cf1971abc service placement] getting providers with 1 VCPU {{(pid=105224) __init__ /opt/stack/placement/placement/objects/research_context.py:136}}
Jul 14 14:40:03.831639 n-d-768852-23 devstack@placement-api.service[105224]: DEBUG placement.objects.research_context [req-5c1ef460-a76e-44d8-abbd-4f8f60441da1 req-ec20765b-25cf-4f9f-b9eb-aa7cf1971abc service placement] found 2 providers with available 1 DISK_GB {{(pid=105224) get_provider_ids_matching /opt/stack/placement/placement/objects/research_context.py:563}}
Jul 14 14:40:03.832054 n-d-768852-23 devstack@placement-api.service[105224]: DEBUG placement.objects.research_context [req-5c1ef460-a76e-44d8-abbd-4f8f60441da1 req-ec20765b-25cf-4f9f-b9eb-aa7cf1971abc service placement] found 2 providers with available 1024 MEMORY_MB {{(pid=105224) get_provider_ids_matching /opt/stack/placement/placement/objects/research_context.py:563}}
Jul 14 14:40:03.832617 n-d-768852-23 devstack@placement-api.service[105224]: DEBUG placement.objects.research_context [req-5c1ef460-a76e-44d8-abbd-4f8f60441da1 req-ec20765b-25cf-4f9f-b9eb-aa7cf1971abc service placement] found 2 providers after filtering by previous result {{(pid=105224) get_provider_ids_matching /opt/stack/placement/placement/objects/research_context.py:594}}
Jul 14 14:40:03.833054 n-d-768852-23 devstack@placement-api.service[105224]: DEBUG placement.objects.research_context [req-5c1ef460-a76e-44d8-abbd-4f8f60441da1 req-ec20765b-25cf-4f9f-b9eb-aa7cf1971abc service placement] found 2 providers with available 1 VCPU {{(pid=105224) get_provider_ids_matching /opt/stack/placement/placement/objects/research_context.py:563}}
Jul 14 14:40:03.833769 n-d-768852-23 devstack@placement-api.service[105224]: DEBUG placement.objects.research_context [req-5c1ef460-a76e-44d8-abbd-4f8f60441da1 req-ec20765b-25cf-4f9f-b9eb-aa7cf1971abc service placement] found 2 providers after filtering by previous result {{(pid=105224) get_provider_ids_matching /opt/stack/placement/placement/objects/research_context.py:594}}
Jul 14 14:40:03.851761 n-d-768852-23 devstack@placement-api.service[105224]: DEBUG placement.objects.allocation_candidate [req-5c1ef460-a76e-44d8-abbd-4f8f60441da1 req-ec20765b-25cf-4f9f-b9eb-aa7cf1971abc service placement] RequestGroup(use_same_provider=False, resources={DISK_GB:1, MEMORY_MB:1024, VCPU:1}, traits=(), aggregates=[]) (suffix '') returned 2 matches {{(pid=105224) _get_by_requests /opt/stack/placement/placement/objects/allocation_candidate.py:156}}
Jul 14 14:40:03.852461 n-d-768852-23 devstack@placement-api.service[105224]: DEBUG placement.objects.allocation_candidate [req-5c1ef460-a76e-44d8-abbd-4f8f60441da1 req-ec20765b-25cf-4f9f-b9eb-aa7cf1971abc service placement] Merging candidates yields 2 allocation requests and 2 provider summaries {{(pid=105224) _merge_candidates /opt/stack/placement/placement/objects/allocation_candidate.py:809}}
Jul 14 14:40:03.855315 n-d-768852-23 devstack@placement-api.service[105224]: INFO placement.requestlog [req-5c1ef460-a76e-44d8-abbd-4f8f60441da1 req-ec20765b-25cf-4f9f-b9eb-aa7cf1971abc service placement] 10.222.0.98 "GET /placement/allocation_candidates?limit=1000&resources=DISK_GB%3A1%2CMEMORY_MB%3A1024%2CVCPU%3A1&root_required=%21COMPUTE_STATUS_DISABLED" status: 200 len: 1309 microversion: 1.36
Jul 14 14:40:03.856715 n-d-768852-23 devstack@placement-api.service[105224]: [pid: 105224|app: 0|req: 125/252] 10.222.0.98 () {60 vars in 1506 bytes} [Thu Jul 14 14:40:03 2022] GET /placement/allocation_candidates?limit=1000&resources=DISK_GB%3A1%2CMEMORY_MB%3A1024%2CVCPU%3A1&root_required=%21COMPUTE_STATUS_DISABLED => generated 1309 bytes in 167 msecs (HTTP/1.1 200) 8 headers in 297 bytes (1 switches on core 0)
Jul 14 14:40:04.015934 n-d-768852-23 devstack@placement-api.service[105223]: DEBUG placement.requestlog [req-5c1ef460-a76e-44d8-abbd-4f8f60441da1 req-f723a41c-fc07-401c-8e7b-7f3dc3431354 None None] Starting request: 10.222.0.98 "GET /placement/allocations/9532228c-4202-46fb-88f8-c732f76102b2" {{(pid=105223) __call__ /opt/stack/placement/placement/requestlog.py:55}}
Jul 14 14:40:04.033938 n-d-768852-23 devstack@placement-api.service[105223]: INFO placement.requestlog [req-5c1ef460-a76e-44d8-abbd-4f8f60441da1 req-f723a41c-fc07-401c-8e7b-7f3dc3431354 service placement] 10.222.0.98 "GET /placement/allocations/9532228c-4202-46fb-88f8-c732f76102b2" status: 200 len: 19 microversion: 1.28
Jul 14 14:40:04.034971 n-d-768852-23 devstack@placement-api.service[105223]: [pid: 105223|app: 0|req: 128/253] 10.222.0.98 () {60 vars in 1380 bytes} [Thu Jul 14 14:40:04 2022] GET /placement/allocations/9532228c-4202-46fb-88f8-c732f76102b2 => generated 19 bytes in 19 msecs (HTTP/1.1 200) 8 headers in 295 bytes (1 switches on core 0)
Jul 14 14:40:04.041602 n-d-768852-23 devstack@placement-api.service[105224]: DEBUG placement.requestlog [req-5c1ef460-a76e-44d8-abbd-4f8f60441da1 req-4ebee909-e1ad-4433-80ee-62126d0ffb2e None None] Starting request: 10.222.0.98 "PUT /placement/allocations/9532228c-4202-46fb-88f8-c732f76102b2" {{(pid=105224) __call__ /opt/stack/placement/placement/requestlog.py:55}}
Jul 14 14:40:04.206450 n-d-768852-23 devstack@placement-api.service[105224]: DEBUG placement.handlers.allocation [req-5c1ef460-a76e-44d8-abbd-4f8f60441da1 req-4ebee909-e1ad-4433-80ee-62126d0ffb2e service placement] Successfully wrote allocations [, , ] {{(pid=105224) _update_consumers_and_create_allocations /opt/stack/placement/placement/handlers/allocation.py:462}}
Jul 14 14:40:04.216061 n-d-768852-23 devstack@placement-api.service[105224]: INFO placement.requestlog [req-5c1ef460-a76e-44d8-abbd-4f8f60441da1 req-4ebee909-e1ad-4433-80ee-62126d0ffb2e service placement] 10.222.0.98 "PUT /placement/allocations/9532228c-4202-46fb-88f8-c732f76102b2" status: 204 len: 0 microversion: 1.36
Jul 14 14:40:04.216637 n-d-768852-23 devstack@placement-api.service[105224]: [pid: 105224|app: 0|req: 126/254] 10.222.0.98 () {64 vars in 1433 bytes} [Thu Jul 14 14:40:04 2022] PUT /placement/allocations/9532228c-4202-46fb-88f8-c732f76102b2 => generated 0 bytes in 175 msecs (HTTP/1.1 204) 5 headers in 199 bytes (2 switches on core 0)
Jul 14 14:40:05.114365 n-d-768852-23 devstack@placement-api.service[105223]: DEBUG placement.requestlog [req-e81935fe-a593-4905-90ca-0f4f16cccf76 req-b03012b7-92cd-411a-b45e-85dc4a4919aa None None] Starting request: 10.222.0.110 "GET /placement/allocations/28c69871-43bd-4251-ae79-02953e468fc7" {{(pid=105223) __call__ /opt/stack/placement/placement/requestlog.py:55}}
Jul 14 14:40:05.161483 n-d-768852-23 devstack@placement-api.service[105223]: INFO placement.requestlog [req-e81935fe-a593-4905-90ca-0f4f16cccf76 req-b03012b7-92cd-411a-b45e-85dc4a4919aa service placement] 10.222.0.110 "GET /placement/allocations/28c69871-43bd-4251-ae79-02953e468fc7" status: 200 len: 259 microversion: 1.28
Jul 14 14:40:05.163548 n-d-768852-23 devstack@placement-api.service[105223]: [pid: 105223|app: 0|req: 129/255] 10.222.0.110 () {60 vars in 1378 bytes} [Thu Jul 14 14:40:05 2022] GET /placement/allocations/28c69871-43bd-4251-ae79-02953e468fc7 => generated 259 bytes in 50 msecs (HTTP/1.1 200) 8 headers in 296 bytes (2 switches on core 0)
Jul 14 14:40:05.331778 n-d-768852-23 devstack@placement-api.service[105224]: DEBUG placement.requestlog [req-5c1ef460-a76e-44d8-abbd-4f8f60441da1 req-873f34d1-1d2e-46e3-bdc3-4baee843bac5 None None] Starting request: 10.222.0.110 "GET /placement/allocations/9532228c-4202-46fb-88f8-c732f76102b2" {{(pid=105224) __call__ /opt/stack/placement/placement/requestlog.py:55}}
Jul 14 14:40:05.449246 n-d-768852-23 devstack@placement-api.service[105224]: INFO placement.requestlog [req-5c1ef460-a76e-44d8-abbd-4f8f60441da1 req-873f34d1-1d2e-46e3-bdc3-4baee843bac5 service placement] 10.222.0.110 "GET /placement/allocations/9532228c-4202-46fb-88f8-c732f76102b2" status: 200 len: 259 microversion: 1.28
Jul 14 14:40:05.459241 n-d-768852-23 devstack@placement-api.service[105224]: [pid: 105224|app: 0|req: 127/256] 10.222.0.110 () {60 vars in 1378 bytes} [Thu Jul 14 14:40:05 2022] GET /placement/allocations/9532228c-4202-46fb-88f8-c732f76102b2 => generated 259 bytes in 129 msecs (HTTP/1.1 200) 8 headers in 296 bytes (1 switches on core 0)
Jul 14 14:40:10.567465 n-d-768852-23 devstack@placement-api.service[105223]: DEBUG placement.requestlog [req-3fae8b72-c8b1-4a6e-a7d5-606ac1bf5be9 req-1d42251f-6a1b-4d0b-a14b-4ef109889b42 None None] Starting request: 10.222.0.110 "DELETE /placement/allocations/d1eb11cd-1eb1-4a6d-943b-ab83f4a3ea12" {{(pid=105223) __call__ /opt/stack/placement/placement/requestlog.py:55}}
Jul 14 14:40:10.587184 n-d-768852-23 devstack@placement-api.service[105223]: DEBUG dbcounter [-] [105223] Writing DB stats placement:SELECT=56,placement:DELETE=10,placement:INSERT=6,placement:UPDATE=2 {{(pid=105223) stat_writer /usr/local/lib/python3.8/dist-packages/dbcounter.py:114}}
Jul 14 14:40:10.665121 n-d-768852-23 devstack@placement-api.service[105223]: DEBUG placement.handlers.allocation [req-3fae8b72-c8b1-4a6e-a7d5-606ac1bf5be9 req-1d42251f-6a1b-4d0b-a14b-4ef109889b42 service placement] Successfully deleted allocations [, , ] {{(pid=105223) delete_allocations /opt/stack/placement/placement/handlers/allocation.py:627}}
Jul 14 14:40:10.667617 n-d-768852-23 devstack@placement-api.service[105223]: INFO placement.requestlog [req-3fae8b72-c8b1-4a6e-a7d5-606ac1bf5be9 req-1d42251f-6a1b-4d0b-a14b-4ef109889b42 service placement] 10.222.0.110 "DELETE /placement/allocations/d1eb11cd-1eb1-4a6d-943b-ab83f4a3ea12" status: 204 len: 0 microversion: 1.0
Jul 14 14:40:10.668919 n-d-768852-23 devstack@placement-api.service[105223]: [pid: 105223|app: 0|req: 130/257] 10.222.0.110 () {60 vars in 1356 bytes} [Thu Jul 14 14:40:10 2022] DELETE /placement/allocations/d1eb11cd-1eb1-4a6d-943b-ab83f4a3ea12 => generated 0 bytes in 102 msecs (HTTP/1.1 204) 5 headers in 198 bytes (1 switches on core 0)
Jul 14 14:40:15.428859 n-d-768852-23 devstack@placement-api.service[105224]: DEBUG dbcounter [-] [105224] Writing DB stats placement:SELECT=70,placement:DELETE=8,placement:INSERT=4,placement:UPDATE=2 {{(pid=105224) stat_writer /usr/local/lib/python3.8/dist-packages/dbcounter.py:114}}
Jul 14 14:40:18.309100 n-d-768852-23 devstack@placement-api.service[105224]: DEBUG placement.requestlog [req-ec19f7be-d7ff-42c3-a0e1-18e2aefa5e0e req-30596a29-b8a2-4540-83fa-41a65853b597 None None] Starting request: 10.222.0.104 "DELETE /placement/allocations/3911a3e7-b736-4f7b-beac-e479f8461261" {{(pid=105224) __call__ /opt/stack/placement/placement/requestlog.py:55}}
Jul 14 14:40:18.427762 n-d-768852-23 devstack@placement-api.service[105224]: DEBUG placement.handlers.allocation [req-ec19f7be-d7ff-42c3-a0e1-18e2aefa5e0e req-30596a29-b8a2-4540-83fa-41a65853b597 service placement] Successfully deleted allocations [, , ] {{(pid=105224) delete_allocations /opt/stack/placement/placement/handlers/allocation.py:627}}
Jul 14 14:40:18.429207 n-d-768852-23 devstack@placement-api.service[105224]: INFO placement.requestlog [req-ec19f7be-d7ff-42c3-a0e1-18e2aefa5e0e req-30596a29-b8a2-4540-83fa-41a65853b597 service placement] 10.222.0.104 "DELETE /placement/allocations/3911a3e7-b736-4f7b-beac-e479f8461261" status: 204 len: 0 microversion: 1.0
Jul 14 14:40:18.432312 n-d-768852-23 devstack@placement-api.service[105224]: [pid: 105224|app: 0|req: 128/258] 10.222.0.104 () {60 vars in 1356 bytes} [Thu Jul 14 14:40:18 2022] DELETE /placement/allocations/3911a3e7-b736-4f7b-beac-e479f8461261 => generated 0 bytes in 124 msecs (HTTP/1.1 204) 5 headers in 198 bytes (1 switches on core 0)
Jul 14 14:40:20.656474 n-d-768852-23 devstack@placement-api.service[105223]: DEBUG dbcounter [-] [105223] Writing DB stats placement:SELECT=6,placement:DELETE=2 {{(pid=105223) stat_writer /usr/local/lib/python3.8/dist-packages/dbcounter.py:114}}
Jul 14 14:40:28.412670 n-d-768852-23 devstack@placement-api.service[105224]: DEBUG dbcounter [-] [105224] Writing DB stats placement:SELECT=7,placement:DELETE=2 {{(pid=105224) stat_writer /usr/local/lib/python3.8/dist-packages/dbcounter.py:114}}
Jul 14 14:40:30.968228 n-d-768852-23 devstack@placement-api.service[105223]: DEBUG placement.requestlog [None req-7cedc2ff-a93c-4e47-95c4-3b8b37bd75ec None None] Starting request: 10.222.0.98 "GET /placement/resource_providers/211a86d2-07dc-4db5-9927-5f0a0438d8fa/aggregates" {{(pid=105223) __call__ /opt/stack/placement/placement/requestlog.py:55}}
Jul 14 14:40:30.988015 n-d-768852-23 devstack@placement-api.service[105223]: INFO placement.requestlog [None req-7cedc2ff-a93c-4e47-95c4-3b8b37bd75ec service placement] 10.222.0.98 "GET /placement/resource_providers/211a86d2-07dc-4db5-9927-5f0a0438d8fa/aggregates" status: 404 len: 235 microversion: 1.1
Jul 14 14:40:30.989334 n-d-768852-23 devstack@placement-api.service[105223]: [pid: 105223|app: 0|req: 131/259] 10.222.0.98 () {58 vars in 1362 bytes} [Thu Jul 14 14:40:30 2022] GET /placement/resource_providers/211a86d2-07dc-4db5-9927-5f0a0438d8fa/aggregates => generated 235 bytes in 21 msecs (HTTP/1.1 404) 5 headers in 202 bytes (1 switches on core 0)
Jul 14 14:40:31.024802 n-d-768852-23 devstack@placement-api.service[105224]: DEBUG placement.requestlog [None req-e5639d16-0d6f-4ed9-ade4-e4e13b5d825d None None] Starting request: 10.222.0.98 "DELETE /placement/resource_providers/211a86d2-07dc-4db5-9927-5f0a0438d8fa" {{(pid=105224) __call__ /opt/stack/placement/placement/requestlog.py:55}}
Jul 14 14:40:31.040762 n-d-768852-23 devstack@placement-api.service[105224]: DEBUG placement.wsgi_wrapper [None req-e5639d16-0d6f-4ed9-ade4-e4e13b5d825d service placement] Placement API returning an error response: No resource provider with uuid 211a86d2-07dc-4db5-9927-5f0a0438d8fa found for delete {{(pid=105224) call_func /opt/stack/placement/placement/wsgi_wrapper.py:31}}
Jul 14 14:40:31.041742 n-d-768852-23 devstack@placement-api.service[105224]: INFO placement.requestlog [None req-e5639d16-0d6f-4ed9-ade4-e4e13b5d825d service placement] 10.222.0.98 "DELETE /placement/resource_providers/211a86d2-07dc-4db5-9927-5f0a0438d8fa" status: 404 len: 246 microversion: 1.1
Jul 14 14:40:31.046077 n-d-768852-23 devstack@placement-api.service[105224]: [pid: 105224|app: 0|req: 129/260] 10.222.0.98 () {60 vars in 1351 bytes} [Thu Jul 14 14:40:31 2022] DELETE /placement/resource_providers/211a86d2-07dc-4db5-9927-5f0a0438d8fa => generated 246 bytes in 21 msecs (HTTP/1.1 404) 6 headers in 231 bytes (1 switches on core 0)
Jul 14 14:40:32.533900 n-d-768852-23 devstack@placement-api.service[105223]: DEBUG placement.requestlog [None req-320ca2cd-0862-4e43-877b-080bc16564cd None None] Starting request: 10.222.0.98 "GET /placement/" {{(pid=105223) __call__ /opt/stack/placement/placement/requestlog.py:55}}
Jul 14 14:40:32.535438 n-d-768852-23 devstack@placement-api.service[105223]: INFO placement.requestlog [None req-320ca2cd-0862-4e43-877b-080bc16564cd None None] 10.222.0.98 "GET /placement/" status: 200 len: 136 microversion: 1.0
Jul 14 14:40:32.539002 n-d-768852-23 devstack@placement-api.service[105223]: [pid: 105223|app: 0|req: 132/261] 10.222.0.98 () {54 vars in 916 bytes} [Thu Jul 14 14:40:32 2022] GET /placement => generated 136 bytes in 3 msecs (HTTP/1.1 200) 6 headers in 224 bytes (1 switches on core 0)
Jul 14 14:40:32.563133 n-d-768852-23 devstack@placement-api.service[105224]: DEBUG placement.requestlog [req-9b8e7adc-a99e-44f6-b379-510d60a05235 req-b926338a-0cee-46d3-9db6-8b688d1e4abb None None] Starting request: 10.222.0.98 "GET /placement/allocations/af4b5e3c-acb9-4a72-950d-fbeeaea1f43c" {{(pid=105224) __call__ /opt/stack/placement/placement/requestlog.py:55}}
Jul 14 14:40:32.956227 n-d-768852-23 devstack@placement-api.service[105224]: INFO placement.requestlog [req-9b8e7adc-a99e-44f6-b379-510d60a05235 req-b926338a-0cee-46d3-9db6-8b688d1e4abb service placement] 10.222.0.98 "GET /placement/allocations/af4b5e3c-acb9-4a72-950d-fbeeaea1f43c" status: 200 len: 259 microversion: 1.28
Jul 14 14:40:32.958948 n-d-768852-23 devstack@placement-api.service[105224]: [pid: 105224|app: 0|req: 130/262] 10.222.0.98 () {60 vars in 1380 bytes} [Thu Jul 14 14:40:32 2022] GET /placement/allocations/af4b5e3c-acb9-4a72-950d-fbeeaea1f43c => generated 259 bytes in 396 msecs (HTTP/1.1 200) 8 headers in 296 bytes (1 switches on core 0)
Jul 14 14:40:32.987338 n-d-768852-23 devstack@placement-api.service[105223]: DEBUG placement.requestlog [req-9b8e7adc-a99e-44f6-b379-510d60a05235 req-724ad103-4e1a-4dca-abf1-c99598a8f55f None None] Starting request: 10.222.0.98 "GET /placement/allocations/af4b5e3c-acb9-4a72-950d-fbeeaea1f43c" {{(pid=105223) __call__ /opt/stack/placement/placement/requestlog.py:55}}
Jul 14 14:40:33.060869 n-d-768852-23 devstack@placement-api.service[105223]: INFO placement.requestlog [req-9b8e7adc-a99e-44f6-b379-510d60a05235 req-724ad103-4e1a-4dca-abf1-c99598a8f55f service placement] 10.222.0.98 "GET /placement/allocations/af4b5e3c-acb9-4a72-950d-fbeeaea1f43c" status: 200 len: 259 microversion: 1.28
Jul 14 14:40:33.084382 n-d-768852-23 devstack@placement-api.service[105224]: DEBUG placement.requestlog [req-9b8e7adc-a99e-44f6-b379-510d60a05235 req-1cf29b74-7eb4-48fe-9d86-69ea62579fd3 None None] Starting request: 10.222.0.98 "GET /placement/allocations/9d5778d2-c261-4a13-b3c5-424ba998164b" {{(pid=105224) __call__ /opt/stack/placement/placement/requestlog.py:55}}
Jul 14 14:40:33.084735 n-d-768852-23 devstack@placement-api.service[105223]: [pid: 105223|app: 0|req: 133/263] 10.222.0.98 () {60 vars in 1380 bytes} [Thu Jul 14 14:40:32 2022] GET /placement/allocations/af4b5e3c-acb9-4a72-950d-fbeeaea1f43c => generated 259 bytes in 98 msecs (HTTP/1.1 200) 8 headers in 296 bytes (2 switches on core 0)
Jul 14 14:40:33.107649 n-d-768852-23 devstack@placement-api.service[105224]: INFO placement.requestlog [req-9b8e7adc-a99e-44f6-b379-510d60a05235 req-1cf29b74-7eb4-48fe-9d86-69ea62579fd3 service placement] 10.222.0.98 "GET /placement/allocations/9d5778d2-c261-4a13-b3c5-424ba998164b" status: 200 len: 19 microversion: 1.28
Jul 14 14:40:33.108362 n-d-768852-23 devstack@placement-api.service[105224]: [pid: 105224|app: 0|req: 131/264] 10.222.0.98 () {60 vars in 1380 bytes} [Thu Jul 14 14:40:33 2022] GET /placement/allocations/9d5778d2-c261-4a13-b3c5-424ba998164b => generated 19 bytes in 25 msecs (HTTP/1.1 200) 8 headers in 295 bytes (1 switches on core 0)
Jul 14 14:40:33.122987 n-d-768852-23 devstack@placement-api.service[105223]: DEBUG placement.requestlog [req-9b8e7adc-a99e-44f6-b379-510d60a05235 req-32129a29-30bf-456c-a7dd-02650c1b3ff9 None None] Starting request: 10.222.0.98 "POST /placement/allocations" {{(pid=105223) __call__ /opt/stack/placement/placement/requestlog.py:55}}
Jul 14 14:40:33.521210 n-d-768852-23 devstack@placement-api.service[105223]: DEBUG placement.handlers.allocation [req-9b8e7adc-a99e-44f6-b379-510d60a05235 req-32129a29-30bf-456c-a7dd-02650c1b3ff9 service placement] Successfully wrote allocations [, , , , , ] {{(pid=105223) _update_consumers_and_create_allocations /opt/stack/placement/placement/handlers/allocation.py:572}}
Jul 14 14:40:33.528253 n-d-768852-23 devstack@placement-api.service[105223]: INFO placement.requestlog [req-9b8e7adc-a99e-44f6-b379-510d60a05235 req-32129a29-30bf-456c-a7dd-02650c1b3ff9 service placement] 10.222.0.98 "POST /placement/allocations" status: 204 len: 0 microversion: 1.28
Jul 14 14:40:33.529630 n-d-768852-23 devstack@placement-api.service[105223]: [pid: 105223|app: 0|req: 134/265] 10.222.0.98 () {64 vars in 1323 bytes} [Thu Jul 14 14:40:33 2022] POST /placement/allocations => generated 0 bytes in 408 msecs (HTTP/1.1 204) 5 headers in 199 bytes (1 switches on core 0)
Jul 14 14:40:33.641297 n-d-768852-23 devstack@placement-api.service[105224]: DEBUG placement.requestlog [req-9b8e7adc-a99e-44f6-b379-510d60a05235 req-8b37f0e2-4268-4b41-b210-9a0c1073d3e5 None None] Starting request: 10.222.0.98 "GET /placement/allocations/af4b5e3c-acb9-4a72-950d-fbeeaea1f43c" {{(pid=105224) __call__ /opt/stack/placement/placement/requestlog.py:55}}
Jul 14 14:40:33.712067 n-d-768852-23 devstack@placement-api.service[105224]: INFO placement.requestlog [req-9b8e7adc-a99e-44f6-b379-510d60a05235 req-8b37f0e2-4268-4b41-b210-9a0c1073d3e5 service placement] 10.222.0.98 "GET /placement/allocations/af4b5e3c-acb9-4a72-950d-fbeeaea1f43c" status: 200 len: 19 microversion: 1.28
Jul 14 14:40:33.712067 n-d-768852-23 devstack@placement-api.service[105224]: [pid: 105224|app: 0|req: 132/266] 10.222.0.98 () {60 vars in 1380 bytes} [Thu Jul 14 14:40:33 2022] GET /placement/allocations/af4b5e3c-acb9-4a72-950d-fbeeaea1f43c => generated 19 bytes in 69 msecs (HTTP/1.1 200) 8 headers in 295 bytes (2 switches on core 0)
Jul 14 14:40:33.719469 n-d-768852-23 devstack@placement-api.service[105223]: DEBUG placement.requestlog [req-9b8e7adc-a99e-44f6-b379-510d60a05235 req-4f36f566-8178-49ee-9911-8511f89f343c None None] Starting request: 10.222.0.98 "PUT /placement/allocations/af4b5e3c-acb9-4a72-950d-fbeeaea1f43c" {{(pid=105223) __call__ /opt/stack/placement/placement/requestlog.py:55}}
Jul 14 14:40:33.990599 n-d-768852-23 devstack@placement-api.service[105223]: DEBUG placement.handlers.allocation [req-9b8e7adc-a99e-44f6-b379-510d60a05235 req-4f36f566-8178-49ee-9911-8511f89f343c service placement] Successfully wrote allocations [, , ] {{(pid=105223) _update_consumers_and_create_allocations /opt/stack/placement/placement/handlers/allocation.py:462}}
Jul 14 14:40:34.001057 n-d-768852-23 devstack@placement-api.service[105223]: INFO placement.requestlog [req-9b8e7adc-a99e-44f6-b379-510d60a05235 req-4f36f566-8178-49ee-9911-8511f89f343c service placement] 10.222.0.98 "PUT /placement/allocations/af4b5e3c-acb9-4a72-950d-fbeeaea1f43c" status: 204 len: 0 microversion: 1.28
Jul 14 14:40:34.002324 n-d-768852-23 devstack@placement-api.service[105223]: [pid: 105223|app: 0|req: 135/267] 10.222.0.98 () {64 vars in 1433 bytes} [Thu Jul 14 14:40:33 2022] PUT /placement/allocations/af4b5e3c-acb9-4a72-950d-fbeeaea1f43c => generated 0 bytes in 283 msecs (HTTP/1.1 204) 5 headers in 199 bytes (1 switches on core 0)
Jul 14 14:40:34.291209 n-d-768852-23 devstack@placement-api.service[105224]: DEBUG placement.requestlog [req-9b8e7adc-a99e-44f6-b379-510d60a05235 req-245cc0d6-6fa2-43fa-88b9-c6d07cad8d3d None None] Starting request: 10.222.0.104 "GET /placement/allocations/af4b5e3c-acb9-4a72-950d-fbeeaea1f43c" {{(pid=105224) __call__ /opt/stack/placement/placement/requestlog.py:55}}
Jul 14 14:40:34.342184 n-d-768852-23 devstack@placement-api.service[105224]: INFO placement.requestlog [req-9b8e7adc-a99e-44f6-b379-510d60a05235 req-245cc0d6-6fa2-43fa-88b9-c6d07cad8d3d service placement] 10.222.0.104 "GET /placement/allocations/af4b5e3c-acb9-4a72-950d-fbeeaea1f43c" status: 200 len: 259 microversion: 1.28
Jul 14 14:40:34.342881 n-d-768852-23 devstack@placement-api.service[105224]: [pid: 105224|app: 0|req: 133/268] 10.222.0.104 () {60 vars in 1378 bytes} [Thu Jul 14 14:40:34 2022] GET /placement/allocations/af4b5e3c-acb9-4a72-950d-fbeeaea1f43c => generated 259 bytes in 52 msecs (HTTP/1.1 200) 8 headers in 296 bytes (1 switches on core 0)
Jul 14 14:40:37.882348 n-d-768852-23 devstack@placement-api.service[105223]: DEBUG placement.requestlog [None req-496453b2-18d0-4dcc-a2fe-6c13808c0806 None None] Starting request: 10.222.0.98 "GET /placement/resource_providers/4b468c5c-a9f4-4661-a114-36416e22f414/aggregates" {{(pid=105223) __call__ /opt/stack/placement/placement/requestlog.py:55}}
Jul 14 14:40:37.905847 n-d-768852-23 devstack@placement-api.service[105223]: INFO placement.requestlog [None req-496453b2-18d0-4dcc-a2fe-6c13808c0806 service placement] 10.222.0.98 "GET /placement/resource_providers/4b468c5c-a9f4-4661-a114-36416e22f414/aggregates" status: 404 len: 235 microversion: 1.1
Jul 14 14:40:37.913055 n-d-768852-23 devstack@placement-api.service[105223]: [pid: 105223|app: 0|req: 136/269] 10.222.0.98 () {58 vars in 1362 bytes} [Thu Jul 14 14:40:37 2022] GET /placement/resource_providers/4b468c5c-a9f4-4661-a114-36416e22f414/aggregates => generated 235 bytes in 31 msecs (HTTP/1.1 404) 5 headers in 202 bytes (1 switches on core 0)
Jul 14 14:40:37.935422 n-d-768852-23 devstack@placement-api.service[105224]: DEBUG placement.requestlog [None req-8dffe549-8c55-43e9-8ca6-091c90abf08a None None] Starting request: 10.222.0.98 "DELETE /placement/resource_providers/4b468c5c-a9f4-4661-a114-36416e22f414" {{(pid=105224) __call__ /opt/stack/placement/placement/requestlog.py:55}}
Jul 14 14:40:37.966226 n-d-768852-23 devstack@placement-api.service[105224]: DEBUG placement.wsgi_wrapper [None req-8dffe549-8c55-43e9-8ca6-091c90abf08a service placement] Placement API returning an error response: No resource provider with uuid 4b468c5c-a9f4-4661-a114-36416e22f414 found for delete {{(pid=105224) call_func /opt/stack/placement/placement/wsgi_wrapper.py:31}}
Jul 14 14:40:37.967655 n-d-768852-23 devstack@placement-api.service[105224]: INFO placement.requestlog [None req-8dffe549-8c55-43e9-8ca6-091c90abf08a service placement] 10.222.0.98 "DELETE /placement/resource_providers/4b468c5c-a9f4-4661-a114-36416e22f414" status: 404 len: 246 microversion: 1.1
Jul 14 14:40:37.968279 n-d-768852-23 devstack@placement-api.service[105224]: [pid: 105224|app: 0|req: 134/270] 10.222.0.98 () {60 vars in 1351 bytes} [Thu Jul 14 14:40:37 2022] DELETE /placement/resource_providers/4b468c5c-a9f4-4661-a114-36416e22f414 => generated 246 bytes in 34 msecs (HTTP/1.1 404) 6 headers in 231 bytes (1 switches on core 0)
Jul 14 14:40:39.397893 n-d-768852-23 devstack@placement-api.service[105223]: DEBUG placement.requestlog [req-dda57e8a-3810-4766-8627-d59ac982d9a5 req-5e72fbb7-30d7-4cd6-bd84-d5dac6921736 None None] Starting request: 10.222.0.98 "GET /placement/allocation_candidates?limit=1000&resources=DISK_GB%3A1%2CMEMORY_MB%3A1024%2CVCPU%3A1&root_required=%21COMPUTE_STATUS_DISABLED" {{(pid=105223) __call__ /opt/stack/placement/placement/requestlog.py:55}}
Jul 14 14:40:39.747304 n-d-768852-23 devstack@placement-api.service[105223]: DEBUG placement.objects.research_context [req-dda57e8a-3810-4766-8627-d59ac982d9a5 req-5e72fbb7-30d7-4cd6-bd84-d5dac6921736 service placement] getting providers with 1 DISK_GB {{(pid=105223) __init__ /opt/stack/placement/placement/objects/research_context.py:136}}
Jul 14 14:40:39.756283 n-d-768852-23 devstack@placement-api.service[105223]: DEBUG placement.objects.research_context [req-dda57e8a-3810-4766-8627-d59ac982d9a5 req-5e72fbb7-30d7-4cd6-bd84-d5dac6921736 service placement] getting providers with 1024 MEMORY_MB {{(pid=105223) __init__ /opt/stack/placement/placement/objects/research_context.py:136}}
Jul 14 14:40:39.764354 n-d-768852-23 devstack@placement-api.service[105223]: DEBUG placement.objects.research_context [req-dda57e8a-3810-4766-8627-d59ac982d9a5 req-5e72fbb7-30d7-4cd6-bd84-d5dac6921736 service placement] getting providers with 1 VCPU {{(pid=105223) __init__ /opt/stack/placement/placement/objects/research_context.py:136}}
Jul 14 14:40:39.772410 n-d-768852-23 devstack@placement-api.service[105223]: DEBUG placement.objects.research_context [req-dda57e8a-3810-4766-8627-d59ac982d9a5 req-5e72fbb7-30d7-4cd6-bd84-d5dac6921736 service placement] found 2 providers with available 1 DISK_GB {{(pid=105223) get_provider_ids_matching /opt/stack/placement/placement/objects/research_context.py:563}}
Jul 14 14:40:39.772784 n-d-768852-23 devstack@placement-api.service[105223]: DEBUG placement.objects.research_context [req-dda57e8a-3810-4766-8627-d59ac982d9a5 req-5e72fbb7-30d7-4cd6-bd84-d5dac6921736 service placement] found 2 providers with available 1024 MEMORY_MB {{(pid=105223) get_provider_ids_matching /opt/stack/placement/placement/objects/research_context.py:563}}
Jul 14 14:40:39.773263 n-d-768852-23 devstack@placement-api.service[105223]: DEBUG placement.objects.research_context [req-dda57e8a-3810-4766-8627-d59ac982d9a5 req-5e72fbb7-30d7-4cd6-bd84-d5dac6921736 service placement] found 2 providers after filtering by previous result {{(pid=105223) get_provider_ids_matching /opt/stack/placement/placement/objects/research_context.py:594}}
Jul 14 14:40:39.773606 n-d-768852-23 devstack@placement-api.service[105223]: DEBUG placement.objects.research_context [req-dda57e8a-3810-4766-8627-d59ac982d9a5 req-5e72fbb7-30d7-4cd6-bd84-d5dac6921736 service placement] found 2 providers with available 1 VCPU {{(pid=105223) get_provider_ids_matching /opt/stack/placement/placement/objects/research_context.py:563}}
Jul 14 14:40:39.773951 n-d-768852-23 devstack@placement-api.service[105223]: DEBUG placement.objects.research_context [req-dda57e8a-3810-4766-8627-d59ac982d9a5 req-5e72fbb7-30d7-4cd6-bd84-d5dac6921736 service placement] found 2 providers after filtering by previous result {{(pid=105223) get_provider_ids_matching /opt/stack/placement/placement/objects/research_context.py:594}}
Jul 14 14:40:39.788345 n-d-768852-23 devstack@placement-api.service[105223]: DEBUG placement.objects.allocation_candidate [req-dda57e8a-3810-4766-8627-d59ac982d9a5 req-5e72fbb7-30d7-4cd6-bd84-d5dac6921736 service placement] RequestGroup(use_same_provider=False, resources={DISK_GB:1, MEMORY_MB:1024, VCPU:1}, traits=(), aggregates=[]) (suffix '') returned 2 matches {{(pid=105223) _get_by_requests /opt/stack/placement/placement/objects/allocation_candidate.py:156}}
Jul 14 14:40:39.788883 n-d-768852-23 devstack@placement-api.service[105223]: DEBUG placement.objects.allocation_candidate [req-dda57e8a-3810-4766-8627-d59ac982d9a5 req-5e72fbb7-30d7-4cd6-bd84-d5dac6921736 service placement] Merging candidates yields 2 allocation requests and 2 provider summaries {{(pid=105223) _merge_candidates /opt/stack/placement/placement/objects/allocation_candidate.py:809}}
Jul 14 14:40:39.791343 n-d-768852-23 devstack@placement-api.service[105223]: INFO placement.requestlog [req-dda57e8a-3810-4766-8627-d59ac982d9a5 req-5e72fbb7-30d7-4cd6-bd84-d5dac6921736 service placement] 10.222.0.98 "GET /placement/allocation_candidates?limit=1000&resources=DISK_GB%3A1%2CMEMORY_MB%3A1024%2CVCPU%3A1&root_required=%21COMPUTE_STATUS_DISABLED" status: 200 len: 1309 microversion: 1.36
Jul 14 14:40:39.792510 n-d-768852-23 devstack@placement-api.service[105223]: [pid: 105223|app: 0|req: 137/271] 10.222.0.98 () {60 vars in 1506 bytes} [Thu Jul 14 14:40:39 2022] GET /placement/allocation_candidates?limit=1000&resources=DISK_GB%3A1%2CMEMORY_MB%3A1024%2CVCPU%3A1&root_required=%21COMPUTE_STATUS_DISABLED => generated 1309 bytes in 395 msecs (HTTP/1.1 200) 8 headers in 297 bytes (1 switches on core 0)
Jul 14 14:40:40.077699 n-d-768852-23 devstack@placement-api.service[105224]: DEBUG placement.requestlog [req-dda57e8a-3810-4766-8627-d59ac982d9a5 req-c4bed032-4e87-495a-8eef-4be537c6c5d6 None None] Starting request: 10.222.0.98 "GET /placement/allocations/2ae0bb7b-6d6a-4f08-964b-74b7cb8fbed1" {{(pid=105224) __call__ /opt/stack/placement/placement/requestlog.py:55}}
Jul 14 14:40:40.099702 n-d-768852-23 devstack@placement-api.service[105224]: INFO placement.requestlog [req-dda57e8a-3810-4766-8627-d59ac982d9a5 req-c4bed032-4e87-495a-8eef-4be537c6c5d6 service placement] 10.222.0.98 "GET /placement/allocations/2ae0bb7b-6d6a-4f08-964b-74b7cb8fbed1" status: 200 len: 19 microversion: 1.28
Jul 14 14:40:40.102957 n-d-768852-23 devstack@placement-api.service[105224]: [pid: 105224|app: 0|req: 135/272] 10.222.0.98 () {60 vars in 1380 bytes} [Thu Jul 14 14:40:40 2022] GET /placement/allocations/2ae0bb7b-6d6a-4f08-964b-74b7cb8fbed1 => generated 19 bytes in 26 msecs (HTTP/1.1 200) 8 headers in 295 bytes (2 switches on core 0)
Jul 14 14:40:40.109688 n-d-768852-23 devstack@placement-api.service[105223]: DEBUG placement.requestlog [req-dda57e8a-3810-4766-8627-d59ac982d9a5 req-bebaf749-cbfd-4dea-9760-4d058d63e821 None None] Starting request: 10.222.0.98 "PUT /placement/allocations/2ae0bb7b-6d6a-4f08-964b-74b7cb8fbed1" {{(pid=105223) __call__ /opt/stack/placement/placement/requestlog.py:55}}
Jul 14 14:40:40.276291 n-d-768852-23 devstack@placement-api.service[105223]: DEBUG placement.handlers.allocation [req-dda57e8a-3810-4766-8627-d59ac982d9a5 req-bebaf749-cbfd-4dea-9760-4d058d63e821 service placement] Successfully wrote allocations [, , ] {{(pid=105223) _update_consumers_and_create_allocations /opt/stack/placement/placement/handlers/allocation.py:462}}
Jul 14 14:40:40.280764 n-d-768852-23 devstack@placement-api.service[105223]: INFO placement.requestlog [req-dda57e8a-3810-4766-8627-d59ac982d9a5 req-bebaf749-cbfd-4dea-9760-4d058d63e821 service placement] 10.222.0.98 "PUT /placement/allocations/2ae0bb7b-6d6a-4f08-964b-74b7cb8fbed1" status: 204 len: 0 microversion: 1.36
Jul 14 14:40:40.281451 n-d-768852-23 devstack@placement-api.service[105223]: [pid: 105223|app: 0|req: 138/273] 10.222.0.98 () {64 vars in 1433 bytes} [Thu Jul 14 14:40:40 2022] PUT /placement/allocations/2ae0bb7b-6d6a-4f08-964b-74b7cb8fbed1 => generated 0 bytes in 172 msecs (HTTP/1.1 204) 5 headers in 199 bytes (1 switches on core 0)
Jul 14 14:40:41.115308 n-d-768852-23 devstack@placement-api.service[105224]: DEBUG placement.requestlog [req-dda57e8a-3810-4766-8627-d59ac982d9a5 req-3ca8284e-403a-4377-a1f8-06e3ef2f8ba0 None None] Starting request: 10.222.0.104 "GET /placement/allocations/2ae0bb7b-6d6a-4f08-964b-74b7cb8fbed1" {{(pid=105224) __call__ /opt/stack/placement/placement/requestlog.py:55}}
Jul 14 14:40:41.153580 n-d-768852-23 devstack@placement-api.service[105224]: INFO placement.requestlog [req-dda57e8a-3810-4766-8627-d59ac982d9a5 req-3ca8284e-403a-4377-a1f8-06e3ef2f8ba0 service placement] 10.222.0.104 "GET /placement/allocations/2ae0bb7b-6d6a-4f08-964b-74b7cb8fbed1" status: 200 len: 259 microversion: 1.28
Jul 14 14:40:41.157197 n-d-768852-23 devstack@placement-api.service[105224]: [pid: 105224|app: 0|req: 136/274] 10.222.0.104 () {60 vars in 1378 bytes} [Thu Jul 14 14:40:41 2022] GET /placement/allocations/2ae0bb7b-6d6a-4f08-964b-74b7cb8fbed1 => generated 259 bytes in 42 msecs (HTTP/1.1 200) 8 headers in 296 bytes (2 switches on core 0)
Jul 14 14:40:41.208109 n-d-768852-23 devstack@placement-api.service[105223]: DEBUG placement.requestlog [req-46b1c38b-9b1b-46d9-8b99-281992870da3 req-f7be6f2f-897f-4477-aa76-ffba26ac6020 None None] Starting request: 10.222.0.98 "GET /placement/allocation_candidates?resources=DISK_GB%3A1%2CMEMORY_MB%3A1024%2CVCPU%3A1&root_required=%21COMPUTE_STATUS_DISABLED" {{(pid=105223) __call__ /opt/stack/placement/placement/requestlog.py:55}}
Jul 14 14:40:41.217004 n-d-768852-23 devstack@placement-api.service[105223]: DEBUG dbcounter [-] [105223] Writing DB stats placement:SELECT=72,placement:INSERT=14,placement:DELETE=7,placement:UPDATE=7 {{(pid=105223) stat_writer /usr/local/lib/python3.8/dist-packages/dbcounter.py:114}}
Jul 14 14:40:41.315514 n-d-768852-23 devstack@placement-api.service[105223]: DEBUG placement.objects.research_context [req-46b1c38b-9b1b-46d9-8b99-281992870da3 req-f7be6f2f-897f-4477-aa76-ffba26ac6020 service placement] getting providers with 1 DISK_GB {{(pid=105223) __init__ /opt/stack/placement/placement/objects/research_context.py:136}}
Jul 14 14:40:41.334713 n-d-768852-23 devstack@placement-api.service[105223]: DEBUG placement.objects.research_context [req-46b1c38b-9b1b-46d9-8b99-281992870da3 req-f7be6f2f-897f-4477-aa76-ffba26ac6020 service placement] getting providers with 1024 MEMORY_MB {{(pid=105223) __init__ /opt/stack/placement/placement/objects/research_context.py:136}}
Jul 14 14:40:41.364945 n-d-768852-23 devstack@placement-api.service[105223]: DEBUG placement.objects.research_context [req-46b1c38b-9b1b-46d9-8b99-281992870da3 req-f7be6f2f-897f-4477-aa76-ffba26ac6020 service placement] getting providers with 1 VCPU {{(pid=105223) __init__ /opt/stack/placement/placement/objects/research_context.py:136}}
Jul 14 14:40:41.398985 n-d-768852-23 devstack@placement-api.service[105223]: DEBUG placement.objects.research_context [req-46b1c38b-9b1b-46d9-8b99-281992870da3 req-f7be6f2f-897f-4477-aa76-ffba26ac6020 service placement] found 2 providers with available 1 DISK_GB {{(pid=105223) get_provider_ids_matching /opt/stack/placement/placement/objects/research_context.py:563}}
Jul 14 14:40:41.400092 n-d-768852-23 devstack@placement-api.service[105223]: DEBUG placement.objects.research_context [req-46b1c38b-9b1b-46d9-8b99-281992870da3 req-f7be6f2f-897f-4477-aa76-ffba26ac6020 service placement] found 2 providers with available 1024 MEMORY_MB {{(pid=105223) get_provider_ids_matching /opt/stack/placement/placement/objects/research_context.py:563}}
Jul 14 14:40:41.401095 n-d-768852-23 devstack@placement-api.service[105223]: DEBUG placement.objects.research_context [req-46b1c38b-9b1b-46d9-8b99-281992870da3 req-f7be6f2f-897f-4477-aa76-ffba26ac6020 service placement] found 2 providers after filtering by previous result {{(pid=105223) get_provider_ids_matching /opt/stack/placement/placement/objects/research_context.py:594}}
Jul 14 14:40:41.406072 n-d-768852-23 devstack@placement-api.service[105223]: DEBUG placement.objects.research_context [req-46b1c38b-9b1b-46d9-8b99-281992870da3 req-f7be6f2f-897f-4477-aa76-ffba26ac6020 service placement] found 2 providers with available 1 VCPU {{(pid=105223) get_provider_ids_matching /opt/stack/placement/placement/objects/research_context.py:563}}
Jul 14 14:40:41.408845 n-d-768852-23 devstack@placement-api.service[105223]: DEBUG placement.objects.research_context [req-46b1c38b-9b1b-46d9-8b99-281992870da3 req-f7be6f2f-897f-4477-aa76-ffba26ac6020 service placement] found 2 providers after filtering by previous result {{(pid=105223) get_provider_ids_matching /opt/stack/placement/placement/objects/research_context.py:594}}
Jul 14 14:40:41.490245 n-d-768852-23 devstack@placement-api.service[105223]: DEBUG placement.objects.allocation_candidate [req-46b1c38b-9b1b-46d9-8b99-281992870da3 req-f7be6f2f-897f-4477-aa76-ffba26ac6020 service placement] RequestGroup(use_same_provider=False, resources={DISK_GB:1, MEMORY_MB:1024, VCPU:1}, traits=(), aggregates=[]) (suffix '') returned 2 matches {{(pid=105223) _get_by_requests /opt/stack/placement/placement/objects/allocation_candidate.py:156}}
Jul 14 14:40:41.494692 n-d-768852-23 devstack@placement-api.service[105223]: DEBUG placement.objects.allocation_candidate [req-46b1c38b-9b1b-46d9-8b99-281992870da3 req-f7be6f2f-897f-4477-aa76-ffba26ac6020 service placement] Merging candidates yields 2 allocation requests and 2 provider summaries {{(pid=105223) _merge_candidates /opt/stack/placement/placement/objects/allocation_candidate.py:809}}
Jul 14 14:40:41.505147 n-d-768852-23 devstack@placement-api.service[105223]: INFO placement.requestlog [req-46b1c38b-9b1b-46d9-8b99-281992870da3 req-f7be6f2f-897f-4477-aa76-ffba26ac6020 service placement] 10.222.0.98 "GET /placement/allocation_candidates?resources=DISK_GB%3A1%2CMEMORY_MB%3A1024%2CVCPU%3A1&root_required=%21COMPUTE_STATUS_DISABLED" status: 200 len: 1309 microversion: 1.36
