Aug 16 01:58:26.825893 n-d-768852-19 devstack@g-api.service[110543]: DEBUG glance.api.middleware.version_negotiation [None req-58b2c59c-ddc8-4f47-8552-5434d3b504d4 tempest-ImagesTestJSON-1723070722 tempest-ImagesTestJSON-1723070722-project] Determining version of request: GET /v2/images/17383e58-557d-454e-bb28-f232cd284710 Accept: */* {{(pid=110543) process_request /opt/stack/glance/glance/api/middleware/version_negotiation.py:44}}
Aug 16 01:58:26.827298 n-d-768852-19 devstack@g-api.service[110543]: DEBUG glance.api.middleware.version_negotiation [None req-58b2c59c-ddc8-4f47-8552-5434d3b504d4 tempest-ImagesTestJSON-1723070722 tempest-ImagesTestJSON-1723070722-project] Using url versioning {{(pid=110543) process_request /opt/stack/glance/glance/api/middleware/version_negotiation.py:57}}
Aug 16 01:58:26.827298 n-d-768852-19 devstack@g-api.service[110543]: DEBUG glance.api.middleware.version_negotiation [None req-58b2c59c-ddc8-4f47-8552-5434d3b504d4 tempest-ImagesTestJSON-1723070722 tempest-ImagesTestJSON-1723070722-project] Matched version: v2 {{(pid=110543) process_request /opt/stack/glance/glance/api/middleware/version_negotiation.py:69}}
Aug 16 01:58:26.828227 n-d-768852-19 devstack@g-api.service[110543]: DEBUG glance.api.middleware.version_negotiation [None req-58b2c59c-ddc8-4f47-8552-5434d3b504d4 tempest-ImagesTestJSON-1723070722 tempest-ImagesTestJSON-1723070722-project] new path /v2/images/17383e58-557d-454e-bb28-f232cd284710 {{(pid=110543) process_request /opt/stack/glance/glance/api/middleware/version_negotiation.py:70}}
Aug 16 01:58:26.855611 n-d-768852-19 devstack@g-api.service[110543]: [pid: 110543|app: 0|req: 212/292] 127.0.0.1 () {42 vars in 1052 bytes} [Mon Aug 16 01:58:26 2021] GET /v2/images/17383e58-557d-454e-bb28-f232cd284710 => generated 1302 bytes in 31 msecs (HTTP/1.1 200) 4 headers in 158 bytes (1 switches on core 0)
Aug 16 01:58:26.860907 n-d-768852-19 devstack@g-api.service[110544]: DEBUG glance.api.middleware.version_negotiation [None req-58b2c59c-ddc8-4f47-8552-5434d3b504d4 tempest-ImagesTestJSON-1723070722 tempest-ImagesTestJSON-1723070722-project] Determining version of request: GET /v2/schemas/image Accept: */* {{(pid=110544) process_request /opt/stack/glance/glance/api/middleware/version_negotiation.py:44}}
Aug 16 01:58:26.861235 n-d-768852-19 devstack@g-api.service[110544]: DEBUG glance.api.middleware.version_negotiation [None req-58b2c59c-ddc8-4f47-8552-5434d3b504d4 tempest-ImagesTestJSON-1723070722 tempest-ImagesTestJSON-1723070722-project] Using url versioning {{(pid=110544) process_request /opt/stack/glance/glance/api/middleware/version_negotiation.py:57}}
Aug 16 01:58:26.861739 n-d-768852-19 devstack@g-api.service[110544]: DEBUG glance.api.middleware.version_negotiation [None req-58b2c59c-ddc8-4f47-8552-5434d3b504d4 tempest-ImagesTestJSON-1723070722 tempest-ImagesTestJSON-1723070722-project] Matched version: v2 {{(pid=110544) process_request /opt/stack/glance/glance/api/middleware/version_negotiation.py:69}}
Aug 16 01:58:26.862179 n-d-768852-19 devstack@g-api.service[110544]: DEBUG glance.api.middleware.version_negotiation [None req-58b2c59c-ddc8-4f47-8552-5434d3b504d4 tempest-ImagesTestJSON-1723070722 tempest-ImagesTestJSON-1723070722-project] new path /v2/schemas/image {{(pid=110544) process_request /opt/stack/glance/glance/api/middleware/version_negotiation.py:70}}
Aug 16 01:58:26.868674 n-d-768852-19 devstack@g-api.service[110544]: [pid: 110544|app: 0|req: 81/293] 127.0.0.1 () {42 vars in 992 bytes} [Mon Aug 16 01:58:26 2021] GET /v2/schemas/image => generated 6083 bytes in 8 msecs (HTTP/1.1 200) 4 headers in 158 bytes (1 switches on core 0)
Aug 16 01:58:26.894914 n-d-768852-19 devstack@g-api.service[110543]: DEBUG glance.api.middleware.version_negotiation [None req-ccb24152-3dd7-4c87-826c-8f69e09c3775 tempest-ImagesTestJSON-1723070722 tempest-ImagesTestJSON-1723070722-project] Determining version of request: GET /v2/images/e4298650-4327-43b9-a5a8-65a7e8536e01 Accept: */* {{(pid=110543) process_request /opt/stack/glance/glance/api/middleware/version_negotiation.py:44}}
Aug 16 01:58:26.894914 n-d-768852-19 devstack@g-api.service[110543]: DEBUG glance.api.middleware.version_negotiation [None req-ccb24152-3dd7-4c87-826c-8f69e09c3775 tempest-ImagesTestJSON-1723070722 tempest-ImagesTestJSON-1723070722-project] Using url versioning {{(pid=110543) process_request /opt/stack/glance/glance/api/middleware/version_negotiation.py:57}}
Aug 16 01:58:26.894914 n-d-768852-19 devstack@g-api.service[110543]: DEBUG glance.api.middleware.version_negotiation [None req-ccb24152-3dd7-4c87-826c-8f69e09c3775 tempest-ImagesTestJSON-1723070722 tempest-ImagesTestJSON-1723070722-project] Matched version: v2 {{(pid=110543) process_request /opt/stack/glance/glance/api/middleware/version_negotiation.py:69}}
Aug 16 01:58:26.894914 n-d-768852-19 devstack@g-api.service[110543]: DEBUG glance.api.middleware.version_negotiation [None req-ccb24152-3dd7-4c87-826c-8f69e09c3775 tempest-ImagesTestJSON-1723070722 tempest-ImagesTestJSON-1723070722-project] new path /v2/images/e4298650-4327-43b9-a5a8-65a7e8536e01 {{(pid=110543) process_request /opt/stack/glance/glance/api/middleware/version_negotiation.py:70}}
Aug 16 01:58:26.901999 n-d-768852-19 devstack@g-api.service[110544]: DEBUG glance.api.middleware.version_negotiation [None req-ccb24152-3dd7-4c87-826c-8f69e09c3775 tempest-ImagesTestJSON-1723070722 tempest-ImagesTestJSON-1723070722-project] Determining version of request: DELETE /v2/images/17383e58-557d-454e-bb28-f232cd284710 Accept: */* {{(pid=110544) process_request /opt/stack/glance/glance/api/middleware/version_negotiation.py:44}}
Aug 16 01:58:26.902334 n-d-768852-19 devstack@g-api.service[110544]: DEBUG glance.api.middleware.version_negotiation [None req-ccb24152-3dd7-4c87-826c-8f69e09c3775 tempest-ImagesTestJSON-1723070722 tempest-ImagesTestJSON-1723070722-project] Using url versioning {{(pid=110544) process_request /opt/stack/glance/glance/api/middleware/version_negotiation.py:57}}
Aug 16 01:58:26.902749 n-d-768852-19 devstack@g-api.service[110544]: DEBUG glance.api.middleware.version_negotiation [None req-ccb24152-3dd7-4c87-826c-8f69e09c3775 tempest-ImagesTestJSON-1723070722 tempest-ImagesTestJSON-1723070722-project] Matched version: v2 {{(pid=110544) process_request /opt/stack/glance/glance/api/middleware/version_negotiation.py:69}}
Aug 16 01:58:26.903086 n-d-768852-19 devstack@g-api.service[110544]: DEBUG glance.api.middleware.version_negotiation [None req-ccb24152-3dd7-4c87-826c-8f69e09c3775 tempest-ImagesTestJSON-1723070722 tempest-ImagesTestJSON-1723070722-project] new path /v2/images/17383e58-557d-454e-bb28-f232cd284710 {{(pid=110544) process_request /opt/stack/glance/glance/api/middleware/version_negotiation.py:70}}
Aug 16 01:58:26.924635 n-d-768852-19 devstack@g-api.service[110543]: [pid: 110543|app: 0|req: 213/294] 127.0.0.1 () {40 vars in 845 bytes} [Mon Aug 16 01:58:26 2021] GET /v2/images/e4298650-4327-43b9-a5a8-65a7e8536e01 => generated 946 bytes in 38 msecs (HTTP/1.1 200) 4 headers in 157 bytes (1 switches on core 0)
Aug 16 01:58:26.931348 n-d-768852-19 devstack@g-api.service[110543]: DEBUG glance.api.middleware.version_negotiation [None req-c3b80e3f-31e2-4fcc-ac41-f642fa8cadb0 tempest-LiveMigrationTest-761707091 tempest-LiveMigrationTest-761707091-project] Determining version of request: GET /v2/schemas/image Accept: */* {{(pid=110543) process_request /opt/stack/glance/glance/api/middleware/version_negotiation.py:44}}
Aug 16 01:58:26.931913 n-d-768852-19 devstack@g-api.service[110543]: DEBUG glance.api.middleware.version_negotiation [None req-c3b80e3f-31e2-4fcc-ac41-f642fa8cadb0 tempest-LiveMigrationTest-761707091 tempest-LiveMigrationTest-761707091-project] Using url versioning {{(pid=110543) process_request /opt/stack/glance/glance/api/middleware/version_negotiation.py:57}}
Aug 16 01:58:26.932469 n-d-768852-19 devstack@g-api.service[110543]: DEBUG glance.api.middleware.version_negotiation [None req-c3b80e3f-31e2-4fcc-ac41-f642fa8cadb0 tempest-LiveMigrationTest-761707091 tempest-LiveMigrationTest-761707091-project] Matched version: v2 {{(pid=110543) process_request /opt/stack/glance/glance/api/middleware/version_negotiation.py:69}}
Aug 16 01:58:26.932903 n-d-768852-19 devstack@g-api.service[110543]: DEBUG glance.api.middleware.version_negotiation [None req-c3b80e3f-31e2-4fcc-ac41-f642fa8cadb0 tempest-LiveMigrationTest-761707091 tempest-LiveMigrationTest-761707091-project] new path /v2/schemas/image {{(pid=110543) process_request /opt/stack/glance/glance/api/middleware/version_negotiation.py:70}}
Aug 16 01:58:26.935520 n-d-768852-19 devstack@g-api.service[110544]: WARNING glance.api.v2.images [None req-e4af8b96-36c7-4883-b472-fc0755c25658 tempest-ImagesTestJSON-1723070722 tempest-ImagesTestJSON-1723070722-project] After upload to backend, deletion of staged image data has failed because it cannot be found at /tmp/staging//17383e58-557d-454e-bb28-f232cd284710
Aug 16 01:58:26.937262 n-d-768852-19 devstack@g-api.service[110544]: DEBUG glance_store.backend [None req-e4af8b96-36c7-4883-b472-fc0755c25658 tempest-ImagesTestJSON-1723070722 tempest-ImagesTestJSON-1723070722-project] Attempting to import store swift {{(pid=110544) _load_store /usr/local/lib/python3.8/dist-packages/glance_store/backend.py:217}}
Aug 16 01:58:26.943250 n-d-768852-19 devstack@g-api.service[110544]: DEBUG glance_store.capabilities [None req-e4af8b96-36c7-4883-b472-fc0755c25658 tempest-ImagesTestJSON-1723070722 tempest-ImagesTestJSON-1723070722-project] Store glance_store._drivers.swift.store.SingleTenantStore doesn't support updating dynamic storage capabilities. Please overwrite 'update_capabilities' method of the store to implement updating logics if needed. {{(pid=110544) update_capabilities /usr/local/lib/python3.8/dist-packages/glance_store/capabilities.py:91}}
Aug 16 01:58:26.943840 n-d-768852-19 devstack@g-api.service[110544]: DEBUG glance_store.driver [None req-e4af8b96-36c7-4883-b472-fc0755c25658 tempest-ImagesTestJSON-1723070722 tempest-ImagesTestJSON-1723070722-project] Late loading location class glance_store._drivers.swift.store.StoreLocation {{(pid=110544) get_store_location_class /usr/local/lib/python3.8/dist-packages/glance_store/driver.py:117}}
Aug 16 01:58:26.944893 n-d-768852-19 devstack@g-api.service[110544]: DEBUG glance_store.location [None req-e4af8b96-36c7-4883-b472-fc0755c25658 tempest-ImagesTestJSON-1723070722 tempest-ImagesTestJSON-1723070722-project] Registering scheme swift+https with {'store': , 'location_class': , 'store_entry': 'swift'} {{(pid=110544) register_scheme_map /usr/local/lib/python3.8/dist-packages/glance_store/location.py:146}}
Aug 16 01:58:26.945376 n-d-768852-19 devstack@g-api.service[110544]: DEBUG glance_store.location [None req-e4af8b96-36c7-4883-b472-fc0755c25658 tempest-ImagesTestJSON-1723070722 tempest-ImagesTestJSON-1723070722-project] Registering scheme swift+https with {'store': , 'location_class': , 'store_entry': 'swift'} {{(pid=110544) register_scheme_map /usr/local/lib/python3.8/dist-packages/glance_store/location.py:146}}
Aug 16 01:58:26.946138 n-d-768852-19 devstack@g-api.service[110543]: [pid: 110543|app: 0|req: 214/295] 127.0.0.1 () {40 vars in 785 bytes} [Mon Aug 16 01:58:26 2021] GET /v2/schemas/image => generated 6083 bytes in 16 msecs (HTTP/1.1 200) 4 headers in 158 bytes (1 switches on core 0)
Aug 16 01:58:26.946553 n-d-768852-19 devstack@g-api.service[110544]: DEBUG glance_store.location [None req-e4af8b96-36c7-4883-b472-fc0755c25658 tempest-ImagesTestJSON-1723070722 tempest-ImagesTestJSON-1723070722-project] Registering scheme swift with {'store': , 'location_class': , 'store_entry': 'swift'} {{(pid=110544) register_scheme_map /usr/local/lib/python3.8/dist-packages/glance_store/location.py:146}}
Aug 16 01:58:26.947080 n-d-768852-19 devstack@g-api.service[110543]: DEBUG glance.api.middleware.version_negotiation [None req-c3b80e3f-31e2-4fcc-ac41-f642fa8cadb0 tempest-LiveMigrationTest-761707091 tempest-LiveMigrationTest-761707091-project] Determining version of request: GET /v2/images/e4298650-4327-43b9-a5a8-65a7e8536e01 Accept: */* {{(pid=110543) process_request /opt/stack/glance/glance/api/middleware/version_negotiation.py:44}}
Aug 16 01:58:26.947423 n-d-768852-19 devstack@g-api.service[110544]: DEBUG glance_store.location [None req-e4af8b96-36c7-4883-b472-fc0755c25658 tempest-ImagesTestJSON-1723070722 tempest-ImagesTestJSON-1723070722-project] Registering scheme swift+https with {'store': , 'location_class': , 'store_entry': 'swift'} {{(pid=110544) register_scheme_map /usr/local/lib/python3.8/dist-packages/glance_store/location.py:146}}
Aug 16 01:58:26.947551 n-d-768852-19 devstack@g-api.service[110543]: DEBUG glance.api.middleware.version_negotiation [None req-c3b80e3f-31e2-4fcc-ac41-f642fa8cadb0 tempest-LiveMigrationTest-761707091 tempest-LiveMigrationTest-761707091-project] Using url versioning {{(pid=110543) process_request /opt/stack/glance/glance/api/middleware/version_negotiation.py:57}}
Aug 16 01:58:26.947799 n-d-768852-19 devstack@g-api.service[110543]: DEBUG glance.api.middleware.version_negotiation [None req-c3b80e3f-31e2-4fcc-ac41-f642fa8cadb0 tempest-LiveMigrationTest-761707091 tempest-LiveMigrationTest-761707091-project] Matched version: v2 {{(pid=110543) process_request /opt/stack/glance/glance/api/middleware/version_negotiation.py:69}}
Aug 16 01:58:26.948207 n-d-768852-19 devstack@g-api.service[110544]: DEBUG glance_store.location [None req-e4af8b96-36c7-4883-b472-fc0755c25658 tempest-ImagesTestJSON-1723070722 tempest-ImagesTestJSON-1723070722-project] Registering scheme swift with {'store': , 'location_class': , 'store_entry': 'swift'} {{(pid=110544) register_scheme_map /usr/local/lib/python3.8/dist-packages/glance_store/location.py:146}}
Aug 16 01:58:26.948422 n-d-768852-19 devstack@g-api.service[110543]: DEBUG glance.api.middleware.version_negotiation [None req-c3b80e3f-31e2-4fcc-ac41-f642fa8cadb0 tempest-LiveMigrationTest-761707091 tempest-LiveMigrationTest-761707091-project] new path /v2/images/e4298650-4327-43b9-a5a8-65a7e8536e01 {{(pid=110543) process_request /opt/stack/glance/glance/api/middleware/version_negotiation.py:70}}
Aug 16 01:58:26.948629 n-d-768852-19 devstack@g-api.service[110544]: DEBUG glance_store.location [None req-e4af8b96-36c7-4883-b472-fc0755c25658 tempest-ImagesTestJSON-1723070722 tempest-ImagesTestJSON-1723070722-project] Registering scheme swift+http with {'store': , 'location_class': , 'store_entry': 'swift'} {{(pid=110544) register_scheme_map /usr/local/lib/python3.8/dist-packages/glance_store/location.py:146}}
Aug 16 01:58:26.948970 n-d-768852-19 devstack@g-api.service[110544]: DEBUG glance_store.location [None req-e4af8b96-36c7-4883-b472-fc0755c25658 tempest-ImagesTestJSON-1723070722 tempest-ImagesTestJSON-1723070722-project] Registering scheme swift+https with {'store': , 'location_class': , 'store_entry': 'swift'} {{(pid=110544) register_scheme_map /usr/local/lib/python3.8/dist-packages/glance_store/location.py:146}}
Aug 16 01:58:26.949308 n-d-768852-19 devstack@g-api.service[110544]: DEBUG glance_store.location [None req-e4af8b96-36c7-4883-b472-fc0755c25658 tempest-ImagesTestJSON-1723070722 tempest-ImagesTestJSON-1723070722-project] Registering scheme swift with {'store': , 'location_class': , 'store_entry': 'swift'} {{(pid=110544) register_scheme_map /usr/local/lib/python3.8/dist-packages/glance_store/location.py:146}}
Aug 16 01:58:26.949649 n-d-768852-19 devstack@g-api.service[110544]: DEBUG glance_store.location [None req-e4af8b96-36c7-4883-b472-fc0755c25658 tempest-ImagesTestJSON-1723070722 tempest-ImagesTestJSON-1723070722-project] Registering scheme swift+http with {'store': , 'location_class': , 'store_entry': 'swift'} {{(pid=110544) register_scheme_map /usr/local/lib/python3.8/dist-packages/glance_store/location.py:146}}
Aug 16 01:58:26.950108 n-d-768852-19 devstack@g-api.service[110544]: DEBUG glance_store.location [None req-e4af8b96-36c7-4883-b472-fc0755c25658 tempest-ImagesTestJSON-1723070722 tempest-ImagesTestJSON-1723070722-project] Registering scheme swift+config with {'store': , 'location_class': , 'store_entry': 'swift'} {{(pid=110544) register_scheme_map /usr/local/lib/python3.8/dist-packages/glance_store/location.py:146}}
Aug 16 01:58:26.951389 n-d-768852-19 devstack@g-api.service[110544]: DEBUG keystoneclient.auth.identity.v3.base [None req-e4af8b96-36c7-4883-b472-fc0755c25658 tempest-ImagesTestJSON-1723070722 tempest-ImagesTestJSON-1723070722-project] Making authentication request to http://10.222.0.76/identity/v3/auth/tokens {{(pid=110544) get_auth_ref /usr/local/lib/python3.8/dist-packages/keystoneclient/auth/identity/v3/base.py:187}}
Aug 16 01:58:26.981408 n-d-768852-19 devstack@g-api.service[110543]: [pid: 110543|app: 0|req: 215/296] 127.0.0.1 () {40 vars in 845 bytes} [Mon Aug 16 01:58:26 2021] GET /v2/images/e4298650-4327-43b9-a5a8-65a7e8536e01 => generated 946 bytes in 31 msecs (HTTP/1.1 200) 4 headers in 157 bytes (1 switches on core 0)
Aug 16 01:58:26.981408 n-d-768852-19 devstack@g-api.service[110543]: DEBUG glance.api.middleware.version_negotiation [None req-c3b80e3f-31e2-4fcc-ac41-f642fa8cadb0 tempest-LiveMigrationTest-761707091 tempest-LiveMigrationTest-761707091-project] Determining version of request: GET /v2/schemas/image Accept: */* {{(pid=110543) process_request /opt/stack/glance/glance/api/middleware/version_negotiation.py:44}}
Aug 16 01:58:26.981408 n-d-768852-19 devstack@g-api.service[110543]: DEBUG glance.api.middleware.version_negotiation [None req-c3b80e3f-31e2-4fcc-ac41-f642fa8cadb0 tempest-LiveMigrationTest-761707091 tempest-LiveMigrationTest-761707091-project] Using url versioning {{(pid=110543) process_request /opt/stack/glance/glance/api/middleware/version_negotiation.py:57}}
Aug 16 01:58:26.981408 n-d-768852-19 devstack@g-api.service[110543]: DEBUG glance.api.middleware.version_negotiation [None req-c3b80e3f-31e2-4fcc-ac41-f642fa8cadb0 tempest-LiveMigrationTest-761707091 tempest-LiveMigrationTest-761707091-project] Matched version: v2 {{(pid=110543) process_request /opt/stack/glance/glance/api/middleware/version_negotiation.py:69}}
Aug 16 01:58:26.981408 n-d-768852-19 devstack@g-api.service[110543]: DEBUG glance.api.middleware.version_negotiation [None req-c3b80e3f-31e2-4fcc-ac41-f642fa8cadb0 tempest-LiveMigrationTest-761707091 tempest-LiveMigrationTest-761707091-project] new path /v2/schemas/image {{(pid=110543) process_request /opt/stack/glance/glance/api/middleware/version_negotiation.py:70}}
Aug 16 01:58:26.994557 n-d-768852-19 devstack@g-api.service[110543]: [pid: 110543|app: 0|req: 216/297] 127.0.0.1 () {40 vars in 785 bytes} [Mon Aug 16 01:58:26 2021] GET /v2/schemas/image => generated 6083 bytes in 7 msecs (HTTP/1.1 200) 4 headers in 158 bytes (1 switches on core 0)
Aug 16 01:58:26.994557 n-d-768852-19 devstack@g-api.service[110543]: DEBUG glance.api.middleware.version_negotiation [None req-c3b80e3f-31e2-4fcc-ac41-f642fa8cadb0 tempest-LiveMigrationTest-761707091 tempest-LiveMigrationTest-761707091-project] Determining version of request: GET /v2/schemas/image Accept: */* {{(pid=110543) process_request /opt/stack/glance/glance/api/middleware/version_negotiation.py:44}}
Aug 16 01:58:26.994557 n-d-768852-19 devstack@g-api.service[110543]: DEBUG glance.api.middleware.version_negotiation [None req-c3b80e3f-31e2-4fcc-ac41-f642fa8cadb0 tempest-LiveMigrationTest-761707091 tempest-LiveMigrationTest-761707091-project] Using url versioning {{(pid=110543) process_request /opt/stack/glance/glance/api/middleware/version_negotiation.py:57}}
Aug 16 01:58:26.995108 n-d-768852-19 devstack@g-api.service[110543]: DEBUG glance.api.middleware.version_negotiation [None req-c3b80e3f-31e2-4fcc-ac41-f642fa8cadb0 tempest-LiveMigrationTest-761707091 tempest-LiveMigrationTest-761707091-project] Matched version: v2 {{(pid=110543) process_request /opt/stack/glance/glance/api/middleware/version_negotiation.py:69}}
Aug 16 01:58:26.995392 n-d-768852-19 devstack@g-api.service[110543]: DEBUG glance.api.middleware.version_negotiation [None req-c3b80e3f-31e2-4fcc-ac41-f642fa8cadb0 tempest-LiveMigrationTest-761707091 tempest-LiveMigrationTest-761707091-project] new path /v2/schemas/image {{(pid=110543) process_request /opt/stack/glance/glance/api/middleware/version_negotiation.py:70}}
Aug 16 01:58:27.021356 n-d-768852-19 devstack@g-api.service[110543]: [pid: 110543|app: 0|req: 217/298] 127.0.0.1 () {40 vars in 785 bytes} [Mon Aug 16 01:58:26 2021] GET /v2/schemas/image => generated 6083 bytes in 28 msecs (HTTP/1.1 200) 4 headers in 158 bytes (1 switches on core 0)
Aug 16 01:58:27.046056 n-d-768852-19 devstack@g-api.service[110543]: DEBUG glance.api.middleware.version_negotiation [None req-c3b80e3f-31e2-4fcc-ac41-f642fa8cadb0 tempest-LiveMigrationTest-761707091 tempest-LiveMigrationTest-761707091-project] Determining version of request: GET /v2/images/e4298650-4327-43b9-a5a8-65a7e8536e01 Accept: */* {{(pid=110543) process_request /opt/stack/glance/glance/api/middleware/version_negotiation.py:44}}
Aug 16 01:58:27.046752 n-d-768852-19 devstack@g-api.service[110543]: DEBUG glance.api.middleware.version_negotiation [None req-c3b80e3f-31e2-4fcc-ac41-f642fa8cadb0 tempest-LiveMigrationTest-761707091 tempest-LiveMigrationTest-761707091-project] Using url versioning {{(pid=110543) process_request /opt/stack/glance/glance/api/middleware/version_negotiation.py:57}}
Aug 16 01:58:27.047421 n-d-768852-19 devstack@g-api.service[110543]: DEBUG glance.api.middleware.version_negotiation [None req-c3b80e3f-31e2-4fcc-ac41-f642fa8cadb0 tempest-LiveMigrationTest-761707091 tempest-LiveMigrationTest-761707091-project] Matched version: v2 {{(pid=110543) process_request /opt/stack/glance/glance/api/middleware/version_negotiation.py:69}}
Aug 16 01:58:27.047903 n-d-768852-19 devstack@g-api.service[110543]: DEBUG glance.api.middleware.version_negotiation [None req-c3b80e3f-31e2-4fcc-ac41-f642fa8cadb0 tempest-LiveMigrationTest-761707091 tempest-LiveMigrationTest-761707091-project] new path /v2/images/e4298650-4327-43b9-a5a8-65a7e8536e01 {{(pid=110543) process_request /opt/stack/glance/glance/api/middleware/version_negotiation.py:70}}
Aug 16 01:58:27.073679 n-d-768852-19 devstack@g-api.service[110543]: [pid: 110543|app: 0|req: 218/299] 127.0.0.1 () {40 vars in 845 bytes} [Mon Aug 16 01:58:27 2021] GET /v2/images/e4298650-4327-43b9-a5a8-65a7e8536e01 => generated 946 bytes in 28 msecs (HTTP/1.1 200) 4 headers in 157 bytes (1 switches on core 0)
Aug 16 01:58:27.078415 n-d-768852-19 devstack@g-api.service[110543]: DEBUG glance.api.middleware.version_negotiation [None req-c3b80e3f-31e2-4fcc-ac41-f642fa8cadb0 tempest-LiveMigrationTest-761707091 tempest-LiveMigrationTest-761707091-project] Determining version of request: GET /v2/images/e4298650-4327-43b9-a5a8-65a7e8536e01/file Accept: */* {{(pid=110543) process_request /opt/stack/glance/glance/api/middleware/version_negotiation.py:44}}
Aug 16 01:58:27.079126 n-d-768852-19 devstack@g-api.service[110543]: DEBUG glance.api.middleware.version_negotiation [None req-c3b80e3f-31e2-4fcc-ac41-f642fa8cadb0 tempest-LiveMigrationTest-761707091 tempest-LiveMigrationTest-761707091-project] Using url versioning {{(pid=110543) process_request /opt/stack/glance/glance/api/middleware/version_negotiation.py:57}}
Aug 16 01:58:27.079609 n-d-768852-19 devstack@g-api.service[110543]: DEBUG glance.api.middleware.version_negotiation [None req-c3b80e3f-31e2-4fcc-ac41-f642fa8cadb0 tempest-LiveMigrationTest-761707091 tempest-LiveMigrationTest-761707091-project] Matched version: v2 {{(pid=110543) process_request /opt/stack/glance/glance/api/middleware/version_negotiation.py:69}}
Aug 16 01:58:27.079900 n-d-768852-19 devstack@g-api.service[110543]: DEBUG glance.api.middleware.version_negotiation [None req-c3b80e3f-31e2-4fcc-ac41-f642fa8cadb0 tempest-LiveMigrationTest-761707091 tempest-LiveMigrationTest-761707091-project] new path /v2/images/e4298650-4327-43b9-a5a8-65a7e8536e01/file {{(pid=110543) process_request /opt/stack/glance/glance/api/middleware/version_negotiation.py:70}}
Aug 16 01:58:27.091079 n-d-768852-19 devstack@g-api.service[110544]: DEBUG keystoneclient.auth.identity.v3.base [None req-e4af8b96-36c7-4883-b472-fc0755c25658 tempest-ImagesTestJSON-1723070722 tempest-ImagesTestJSON-1723070722-project] {"token": {"methods": ["password"], "user": {"domain": {"id": "default", "name": "Default"}, "id": "86d073d46b8842ef9caa8e1c5520668a", "name": "glance-swift", "password_expires_at": null}, "audit_ids": ["ABzWO9QbT96eD1uEhyLYXw"], "expires_at": "2021-08-16T02:58:26.000000Z", "issued_at": "2021-08-16T01:58:26.000000Z", "project": {"domain": {"id": "default", "name": "Default"}, "id": "3629b5fd06cf442a9cc2525d34b6969c", "name": "service"}, "is_domain": false, "roles": [{"id": "099121c7baa043bb9401a769a3a49d75", "name": "service"}, {"id": "2a6af7722f6d4d7b9ed675d65930df75", "name": "ResellerAdmin"}], "catalog": [{"endpoints": [{"id": "7c2f0909f4e343de9fc87b9e793417f0", "interface": "public", "region_id": "RegionOne", "url": "http://10.222.0.76:9696/", "region": "RegionOne"}], "id": "16da988f52644d1780ed5b582b769ece", "type": "network", "name": "neutron"}, {"endpoints": [{"id": "f9fa79f08bd94d859d8855f7be2a95bc", "interface": "admin", "region_id": "RegionOne", "url": "http://10.222.0.76:8080", "region": "RegionOne"}, {"id": "fddb028eb0df440396dceb3747df01c1", "interface": "public", "region_id": "RegionOne", "url": "http://10.222.0.76:8080/v1/AUTH_3629b5fd06cf442a9cc2525d34b6969c", "region": "RegionOne"}], "id": "4c37dc9ec5804e22885d913ccb7edf65", "type": "object-store", "name": "swift"}, {"endpoints": [{"id": "1ad70d576843452dbd343b1cef90bfa9", "interface": "public", "region_id": "RegionOne", "url": "http://10.222.0.76/volume/v3/3629b5fd06cf442a9cc2525d34b6969c", "region": "RegionOne"}], "id": "5f1ca1c8a2884b35898aa99aa99f81cf", "type": "volumev3", "name": "cinderv3"}, {"endpoints": [{"id": "515d9fb2a8c0430085d8be44a3aa8dbd", "interface": "public", "region_id": "RegionOne", "url": "http://10.222.0.76/identity", "region": "RegionOne"}, {"id": "5377c8535b0041b7bef8af997ec9d0ca", "interface": "admin", "region_id": "RegionOne", "url": "http://10.222.0.76/identity", "region": "RegionOne"}], "id": "7984d902575a4a4cb7c553ff7386640f", "type": "identity", "name": "keystone"}, {"endpoints": [{"id": "6e35ab80e97c411289d1365ba0c83f61", "interface": "public", "region_id": "RegionOne", "url": "http://10.222.0.76/compute/v2/3629b5fd06cf442a9cc2525d34b6969c", "region": "RegionOne"}], "id": "9b33263fe07c4ecbbbc8262bd386af3f", "type": "compute_legacy", "name": "nova_legacy"}, {"endpoints": [{"id": "c21d3c49df284463b45d785c0216c367", "interface": "public", "region_id": "RegionOne", "url": "http://10.222.0.76/volume/v3/3629b5fd06cf442a9cc2525d34b6969c", "region": "RegionOne"}], "id": "c7e405c888e44994b49bd0a204b62baa", "type": "block-storage", "name": "cinder"}, {"endpoints": [{"id": "86630b08fbf74ed0bfbf5fc5042b6410", "interface": "public", "region_id": "RegionOne", "url": "http://10.222.0.76/image", "region": "RegionOne"}], "id": "d1a512ba51b043e1ad6ad89515fcd6f9", "type": "image", "name": "glance"}, {"endpoints": [{"id": "74558209e6254b39a84e0aed414dbdd3", "interface": "public", "region_id": "RegionOne", "url": "http://10.222.0.76/placement", "region": "RegionOne"}], "id": "dbeaf27aa8984424941f5998b16e158d", "type": "placement", "name": "placement"}, {"endpoints": [{"id": "ab20bff99233444da116313f79bd5bd6", "interface": "public", "region_id": "RegionOne", "url": "http://10.222.0.76/compute/v2.1", "region": "RegionOne"}], "id": "ffc11914263a4a38ab01a4c03518de38", "type": "compute", "name": "nova"}]}} {{(pid=110544) get_auth_ref /usr/local/lib/python3.8/dist-packages/keystoneclient/auth/identity/v3/base.py:192}}
Aug 16 01:58:27.149260 n-d-768852-19 devstack@g-api.service[110543]: DEBUG glance.api.middleware.cache [None req-c3b80e3f-31e2-4fcc-ac41-f642fa8cadb0 tempest-LiveMigrationTest-761707091 tempest-LiveMigrationTest-761707091-project] Cache hit for image 'e4298650-4327-43b9-a5a8-65a7e8536e01' {{(pid=110543) process_request /opt/stack/glance/glance/api/middleware/cache.py:174}}
Aug 16 01:58:27.497822 n-d-768852-19 devstack@g-api.service[110544]: DEBUG swiftclient [None req-e4af8b96-36c7-4883-b472-fc0755c25658 tempest-ImagesTestJSON-1723070722 tempest-ImagesTestJSON-1723070722-project] REQ: curl -i http://10.222.0.76:8080/v1/AUTH_3629b5fd06cf442a9cc2525d34b6969c/glance/17383e58-557d-454e-bb28-f232cd284710 -I -H "X-Auth-Token: gAAAAABhGcZCf13P..." {{(pid=110544) http_log /usr/local/lib/python3.8/dist-packages/swiftclient/client.py:187}}
Aug 16 01:58:27.498149 n-d-768852-19 devstack@g-api.service[110544]: DEBUG swiftclient [None req-e4af8b96-36c7-4883-b472-fc0755c25658 tempest-ImagesTestJSON-1723070722 tempest-ImagesTestJSON-1723070722-project] RESP STATUS: 200 OK {{(pid=110544) http_log /usr/local/lib/python3.8/dist-packages/swiftclient/client.py:188}}
Aug 16 01:58:27.498661 n-d-768852-19 devstack@g-api.service[110544]: DEBUG swiftclient [None req-e4af8b96-36c7-4883-b472-fc0755c25658 tempest-ImagesTestJSON-1723070722 tempest-ImagesTestJSON-1723070722-project] RESP HEADERS: {'Content-Type': 'application/octet-stream', 'X-Object-Manifest': 'glance/17383e58-557d-454e-bb28-f232cd284710-', 'Last-Modified': 'Mon, 16 Aug 2021 01:58:26 GMT', 'X-Timestamp': '1629079105.14716', 'Accept-Ranges': 'bytes', 'Content-Length': '645922816', 'Etag': '"bf69d5d44d9f6b86f86bb292e59ba44a"', 'X-Trans-Id': 'txa09a9621b2b140b8a3204-006119c643', 'X-Openstack-Request-Id': 'txa09a9621b2b140b8a3204-006119c643', 'Date': 'Mon, 16 Aug 2021 01:58:27 GMT'} {{(pid=110544) http_log /usr/local/lib/python3.8/dist-packages/swiftclient/client.py:189}}
Aug 16 01:58:27.519362 n-d-768852-19 devstack@g-api.service[110544]: DEBUG swiftclient [None req-e4af8b96-36c7-4883-b472-fc0755c25658 tempest-ImagesTestJSON-1723070722 tempest-ImagesTestJSON-1723070722-project] REQ: curl -i http://10.222.0.76:8080/v1/AUTH_3629b5fd06cf442a9cc2525d34b6969c/glance?format=json&prefix=17383e58-557d-454e-bb28-f232cd284710- -X GET -H "X-Auth-Token: gAAAAABhGcZCf13P..." -H "Accept-Encoding: gzip" {{(pid=110544) http_log /usr/local/lib/python3.8/dist-packages/swiftclient/client.py:187}}
Aug 16 01:58:27.519635 n-d-768852-19 devstack@g-api.service[110544]: DEBUG swiftclient [None req-e4af8b96-36c7-4883-b472-fc0755c25658 tempest-ImagesTestJSON-1723070722 tempest-ImagesTestJSON-1723070722-project] RESP STATUS: 200 OK {{(pid=110544) http_log /usr/local/lib/python3.8/dist-packages/swiftclient/client.py:188}}
Aug 16 01:58:27.520040 n-d-768852-19 devstack@g-api.service[110544]: DEBUG swiftclient [None req-e4af8b96-36c7-4883-b472-fc0755c25658 tempest-ImagesTestJSON-1723070722 tempest-ImagesTestJSON-1723070722-project] RESP HEADERS: {'Content-Type': 'application/json; charset=utf-8', 'Content-Length': '843', 'X-Container-Object-Count': '6', 'X-Container-Bytes-Used': '1291845632', 'X-Timestamp': '1629078313.68772', 'Last-Modified': 'Mon, 16 Aug 2021 01:45:14 GMT', 'Accept-Ranges': 'bytes', 'X-Storage-Policy': 'Policy-0', 'X-Container-Sharding': 'False', 'X-Trans-Id': 'tx806f55b1ffaa42c1b8287-006119c643', 'X-Openstack-Request-Id': 'tx806f55b1ffaa42c1b8287-006119c643', 'Date': 'Mon, 16 Aug 2021 01:58:27 GMT'} {{(pid=110544) http_log /usr/local/lib/python3.8/dist-packages/swiftclient/client.py:189}}
Aug 16 01:58:27.520983 n-d-768852-19 devstack@g-api.service[110544]: DEBUG swiftclient [None req-e4af8b96-36c7-4883-b472-fc0755c25658 tempest-ImagesTestJSON-1723070722 tempest-ImagesTestJSON-1723070722-project] RESP BODY: b'[{"bytes": 204800000, "hash": "c12f6221a42cecdc29adcade86422deb", "name": "17383e58-557d-454e-bb28-f232cd284710-00001", "content_type": "application/octet-stream", "last_modified": "2021-08-16T01:58:06.241310"}, {"bytes": 204800000, "hash": "0cac3120b17bb1686ec6c5f9aa93c86d", "name": "17383e58-557d-454e-bb28-f232cd284710-00002", "content_type": "application/octet-stream", "last_modified": "2021-08-16T01:58:12.553970"}, {"bytes": 204800000, "hash": "474c454a7d42aa08dc839c761619c10b", "name": "17383e58-557d-454e-bb28-f232cd284710-00003", "content_type": "application/octet-stream", "last_modified": "2021-08-16T01:58:17.420880"}, {"bytes": 31522816, "hash": "0be982c76a84f3b50fdfe738452bdba1", "name": "17383e58-557d-454e-bb28-f232cd284710-00004", "content_type": "application/octet-stream", "last_modified": "2021-08-16T01:58:23.790510"}]' {{(pid=110544) http_log /usr/local/lib/python3.8/dist-packages/swiftclient/client.py:193}}
Aug 16 01:58:27.729566 n-d-768852-19 devstack@g-api.service[110544]: DEBUG swiftclient [None req-e4af8b96-36c7-4883-b472-fc0755c25658 tempest-ImagesTestJSON-1723070722 tempest-ImagesTestJSON-1723070722-project] REQ: curl -i http://10.222.0.76:8080/v1/AUTH_3629b5fd06cf442a9cc2525d34b6969c/glance/17383e58-557d-454e-bb28-f232cd284710-00001 DELETE -H "X-Auth-Token: gAAAAABhGcZCf13P..." {{(pid=110544) http_log /usr/local/lib/python3.8/dist-packages/swiftclient/client.py:187}}
Aug 16 01:58:27.730215 n-d-768852-19 devstack@g-api.service[110544]: DEBUG swiftclient [None req-e4af8b96-36c7-4883-b472-fc0755c25658 tempest-ImagesTestJSON-1723070722 tempest-ImagesTestJSON-1723070722-project] RESP STATUS: 204 No Content {{(pid=110544) http_log /usr/local/lib/python3.8/dist-packages/swiftclient/client.py:188}}
Aug 16 01:58:27.731231 n-d-768852-19 devstack@g-api.service[110544]: DEBUG swiftclient [None req-e4af8b96-36c7-4883-b472-fc0755c25658 tempest-ImagesTestJSON-1723070722 tempest-ImagesTestJSON-1723070722-project] RESP HEADERS: {'Content-Type': 'text/html; charset=UTF-8', 'Content-Length': '0', 'X-Trans-Id': 'txbd6ac03940d94c95a66f4-006119c643', 'X-Openstack-Request-Id': 'txbd6ac03940d94c95a66f4-006119c643', 'Date': 'Mon, 16 Aug 2021 01:58:27 GMT'} {{(pid=110544) http_log /usr/local/lib/python3.8/dist-packages/swiftclient/client.py:189}}
Aug 16 01:58:28.037127 n-d-768852-19 devstack@g-api.service[110544]: DEBUG swiftclient [None req-e4af8b96-36c7-4883-b472-fc0755c25658 tempest-ImagesTestJSON-1723070722 tempest-ImagesTestJSON-1723070722-project] REQ: curl -i http://10.222.0.76:8080/v1/AUTH_3629b5fd06cf442a9cc2525d34b6969c/glance/17383e58-557d-454e-bb28-f232cd284710-00002 DELETE -H "X-Auth-Token: gAAAAABhGcZCf13P..." {{(pid=110544) http_log /usr/local/lib/python3.8/dist-packages/swiftclient/client.py:187}}
Aug 16 01:58:28.037705 n-d-768852-19 devstack@g-api.service[110544]: DEBUG swiftclient [None req-e4af8b96-36c7-4883-b472-fc0755c25658 tempest-ImagesTestJSON-1723070722 tempest-ImagesTestJSON-1723070722-project] RESP STATUS: 204 No Content {{(pid=110544) http_log /usr/local/lib/python3.8/dist-packages/swiftclient/client.py:188}}
Aug 16 01:58:28.037705 n-d-768852-19 devstack@g-api.service[110544]: DEBUG swiftclient [None req-e4af8b96-36c7-4883-b472-fc0755c25658 tempest-ImagesTestJSON-1723070722 tempest-ImagesTestJSON-1723070722-project] RESP HEADERS: {'Content-Type': 'text/html; charset=UTF-8', 'Content-Length': '0', 'X-Trans-Id': 'tx5b8423903ca64520b3712-006119c643', 'X-Openstack-Request-Id': 'tx5b8423903ca64520b3712-006119c643', 'Date': 'Mon, 16 Aug 2021 01:58:28 GMT'} {{(pid=110544) http_log /usr/local/lib/python3.8/dist-packages/swiftclient/client.py:189}}
Aug 16 01:58:28.282672 n-d-768852-19 devstack@g-api.service[110544]: DEBUG swiftclient [None req-e4af8b96-36c7-4883-b472-fc0755c25658 tempest-ImagesTestJSON-1723070722 tempest-ImagesTestJSON-1723070722-project] REQ: curl -i http://10.222.0.76:8080/v1/AUTH_3629b5fd06cf442a9cc2525d34b6969c/glance/17383e58-557d-454e-bb28-f232cd284710-00003 DELETE -H "X-Auth-Token: gAAAAABhGcZCf13P..." {{(pid=110544) http_log /usr/local/lib/python3.8/dist-packages/swiftclient/client.py:187}}
Aug 16 01:58:28.283373 n-d-768852-19 devstack@g-api.service[110544]: DEBUG swiftclient [None req-e4af8b96-36c7-4883-b472-fc0755c25658 tempest-ImagesTestJSON-1723070722 tempest-ImagesTestJSON-1723070722-project] RESP STATUS: 204 No Content {{(pid=110544) http_log /usr/local/lib/python3.8/dist-packages/swiftclient/client.py:188}}
Aug 16 01:58:28.283973 n-d-768852-19 devstack@g-api.service[110544]: DEBUG swiftclient [None req-e4af8b96-36c7-4883-b472-fc0755c25658 tempest-ImagesTestJSON-1723070722 tempest-ImagesTestJSON-1723070722-project] RESP HEADERS: {'Content-Type': 'text/html; charset=UTF-8', 'Content-Length': '0', 'X-Trans-Id': 'tx59eb8e500c8c4b3ba3c78-006119c644', 'X-Openstack-Request-Id': 'tx59eb8e500c8c4b3ba3c78-006119c644', 'Date': 'Mon, 16 Aug 2021 01:58:28 GMT'} {{(pid=110544) http_log /usr/local/lib/python3.8/dist-packages/swiftclient/client.py:189}}
Aug 16 01:58:28.491491 n-d-768852-19 devstack@g-api.service[110544]: DEBUG swiftclient [None req-e4af8b96-36c7-4883-b472-fc0755c25658 tempest-ImagesTestJSON-1723070722 tempest-ImagesTestJSON-1723070722-project] REQ: curl -i http://10.222.0.76:8080/v1/AUTH_3629b5fd06cf442a9cc2525d34b6969c/glance/17383e58-557d-454e-bb28-f232cd284710-00004 DELETE -H "X-Auth-Token: gAAAAABhGcZCf13P..." {{(pid=110544) http_log /usr/local/lib/python3.8/dist-packages/swiftclient/client.py:187}}
Aug 16 01:58:28.492267 n-d-768852-19 devstack@g-api.service[110544]: DEBUG swiftclient [None req-e4af8b96-36c7-4883-b472-fc0755c25658 tempest-ImagesTestJSON-1723070722 tempest-ImagesTestJSON-1723070722-project] RESP STATUS: 204 No Content {{(pid=110544) http_log /usr/local/lib/python3.8/dist-packages/swiftclient/client.py:188}}
Aug 16 01:58:28.492754 n-d-768852-19 devstack@g-api.service[110544]: DEBUG swiftclient [None req-e4af8b96-36c7-4883-b472-fc0755c25658 tempest-ImagesTestJSON-1723070722 tempest-ImagesTestJSON-1723070722-project] RESP HEADERS: {'Content-Type': 'text/html; charset=UTF-8', 'Content-Length': '0', 'X-Trans-Id': 'tx2ae35f962a7d48a99a654-006119c644', 'X-Openstack-Request-Id': 'tx2ae35f962a7d48a99a654-006119c644', 'Date': 'Mon, 16 Aug 2021 01:58:28 GMT'} {{(pid=110544) http_log /usr/local/lib/python3.8/dist-packages/swiftclient/client.py:189}}
Aug 16 01:58:28.726830 n-d-768852-19 devstack@g-api.service[110544]: DEBUG swiftclient [None req-e4af8b96-36c7-4883-b472-fc0755c25658 tempest-ImagesTestJSON-1723070722 tempest-ImagesTestJSON-1723070722-project] REQ: curl -i http://10.222.0.76:8080/v1/AUTH_3629b5fd06cf442a9cc2525d34b6969c/glance/17383e58-557d-454e-bb28-f232cd284710 DELETE -H "X-Auth-Token: gAAAAABhGcZCf13P..." {{(pid=110544) http_log /usr/local/lib/python3.8/dist-packages/swiftclient/client.py:187}}
Aug 16 01:58:28.727357 n-d-768852-19 devstack@g-api.service[110544]: DEBUG swiftclient [None req-e4af8b96-36c7-4883-b472-fc0755c25658 tempest-ImagesTestJSON-1723070722 tempest-ImagesTestJSON-1723070722-project] RESP STATUS: 204 No Content {{(pid=110544) http_log /usr/local/lib/python3.8/dist-packages/swiftclient/client.py:188}}
Aug 16 01:58:28.727878 n-d-768852-19 devstack@g-api.service[110544]: DEBUG swiftclient [None req-e4af8b96-36c7-4883-b472-fc0755c25658 tempest-ImagesTestJSON-1723070722 tempest-ImagesTestJSON-1723070722-project] RESP HEADERS: {'Content-Type': 'text/html; charset=UTF-8', 'Content-Length': '0', 'X-Trans-Id': 'txb374714baffb4818bb85e-006119c644', 'X-Openstack-Request-Id': 'txb374714baffb4818bb85e-006119c644', 'Date': 'Mon, 16 Aug 2021 01:58:28 GMT'} {{(pid=110544) http_log /usr/local/lib/python3.8/dist-packages/swiftclient/client.py:189}}
Aug 16 01:58:29.400117 n-d-768852-19 devstack@g-api.service[110544]: [pid: 110544|app: 0|req: 82/300] 127.0.0.1 () {44 vars in 1074 bytes} [Mon Aug 16 01:58:26 2021] DELETE /v2/images/17383e58-557d-454e-bb28-f232cd284710 => generated 0 bytes in 2498 msecs (HTTP/1.1 204) 4 headers in 171 bytes (1 switches on core 0)
Aug 16 01:58:31.014521 n-d-768852-19 devstack@g-api.service[110544]: DEBUG glance.api.middleware.version_negotiation [None req-e4af8b96-36c7-4883-b472-fc0755c25658 tempest-ImagesTestJSON-1723070722 tempest-ImagesTestJSON-1723070722-project] Determining version of request: GET /v2/images/e4298650-4327-43b9-a5a8-65a7e8536e01 Accept: */* {{(pid=110544) process_request /opt/stack/glance/glance/api/middleware/version_negotiation.py:44}}
Aug 16 01:58:31.016503 n-d-768852-19 devstack@g-api.service[110544]: DEBUG glance.api.middleware.version_negotiation [None req-e4af8b96-36c7-4883-b472-fc0755c25658 tempest-ImagesTestJSON-1723070722 tempest-ImagesTestJSON-1723070722-project] Using url versioning {{(pid=110544) process_request /opt/stack/glance/glance/api/middleware/version_negotiation.py:57}}
Aug 16 01:58:31.017139 n-d-768852-19 devstack@g-api.service[110544]: DEBUG glance.api.middleware.version_negotiation [None req-e4af8b96-36c7-4883-b472-fc0755c25658 tempest-ImagesTestJSON-1723070722 tempest-ImagesTestJSON-1723070722-project] Matched version: v2 {{(pid=110544) process_request /opt/stack/glance/glance/api/middleware/version_negotiation.py:69}}
Aug 16 01:58:31.017788 n-d-768852-19 devstack@g-api.service[110544]: DEBUG glance.api.middleware.version_negotiation [None req-e4af8b96-36c7-4883-b472-fc0755c25658 tempest-ImagesTestJSON-1723070722 tempest-ImagesTestJSON-1723070722-project] new path /v2/images/e4298650-4327-43b9-a5a8-65a7e8536e01 {{(pid=110544) process_request /opt/stack/glance/glance/api/middleware/version_negotiation.py:70}}
Aug 16 01:58:31.075181 n-d-768852-19 devstack@g-api.service[110544]: [pid: 110544|app: 0|req: 83/301] 127.0.0.1 () {42 vars in 1052 bytes} [Mon Aug 16 01:58:31 2021] GET /v2/images/e4298650-4327-43b9-a5a8-65a7e8536e01 => generated 946 bytes in 63 msecs (HTTP/1.1 200) 4 headers in 157 bytes (1 switches on core 0)
Aug 16 01:58:31.082776 n-d-768852-19 devstack@g-api.service[110544]: DEBUG glance.api.middleware.version_negotiation [None req-524f8a05-7ed0-4f1d-822a-102211f68e80 tempest-ImagesTestJSON-1723070722 tempest-ImagesTestJSON-1723070722-project] Determining version of request: GET /v2/schemas/image Accept: */* {{(pid=110544) process_request /opt/stack/glance/glance/api/middleware/version_negotiation.py:44}}
Aug 16 01:58:31.083124 n-d-768852-19 devstack@g-api.service[110544]: DEBUG glance.api.middleware.version_negotiation [None req-524f8a05-7ed0-4f1d-822a-102211f68e80 tempest-ImagesTestJSON-1723070722 tempest-ImagesTestJSON-1723070722-project] Using url versioning {{(pid=110544) process_request /opt/stack/glance/glance/api/middleware/version_negotiation.py:57}}
Aug 16 01:58:31.083505 n-d-768852-19 devstack@g-api.service[110544]: DEBUG glance.api.middleware.version_negotiation [None req-524f8a05-7ed0-4f1d-822a-102211f68e80 tempest-ImagesTestJSON-1723070722 tempest-ImagesTestJSON-1723070722-project] Matched version: v2 {{(pid=110544) process_request /opt/stack/glance/glance/api/middleware/version_negotiation.py:69}}
Aug 16 01:58:31.083790 n-d-768852-19 devstack@g-api.service[110544]: DEBUG glance.api.middleware.version_negotiation [None req-524f8a05-7ed0-4f1d-822a-102211f68e80 tempest-ImagesTestJSON-1723070722 tempest-ImagesTestJSON-1723070722-project] new path /v2/schemas/image {{(pid=110544) process_request /opt/stack/glance/glance/api/middleware/version_negotiation.py:70}}
Aug 16 01:58:31.093086 n-d-768852-19 devstack@g-api.service[110544]: [pid: 110544|app: 0|req: 84/302] 127.0.0.1 () {42 vars in 992 bytes} [Mon Aug 16 01:58:31 2021] GET /v2/schemas/image => generated 6083 bytes in 10 msecs (HTTP/1.1 200) 4 headers in 158 bytes (1 switches on core 0)
Aug 16 01:58:44.805089 n-d-768852-19 devstack@g-api.service[110544]: DEBUG glance.api.middleware.version_negotiation [None req-524f8a05-7ed0-4f1d-822a-102211f68e80 tempest-ImagesTestJSON-1723070722 tempest-ImagesTestJSON-1723070722-project] Determining version of request: GET /v2/images/e4298650-4327-43b9-a5a8-65a7e8536e01 Accept: */* {{(pid=110544) process_request /opt/stack/glance/glance/api/middleware/version_negotiation.py:44}}
Aug 16 01:58:44.805835 n-d-768852-19 devstack@g-api.service[110544]: DEBUG glance.api.middleware.version_negotiation [None req-524f8a05-7ed0-4f1d-822a-102211f68e80 tempest-ImagesTestJSON-1723070722 tempest-ImagesTestJSON-1723070722-project] Using url versioning {{(pid=110544) process_request /opt/stack/glance/glance/api/middleware/version_negotiation.py:57}}
Aug 16 01:58:44.805835 n-d-768852-19 devstack@g-api.service[110544]: DEBUG glance.api.middleware.version_negotiation [None req-524f8a05-7ed0-4f1d-822a-102211f68e80 tempest-ImagesTestJSON-1723070722 tempest-ImagesTestJSON-1723070722-project] Matched version: v2 {{(pid=110544) process_request /opt/stack/glance/glance/api/middleware/version_negotiation.py:69}}
Aug 16 01:58:44.806022 n-d-768852-19 devstack@g-api.service[110544]: DEBUG glance.api.middleware.version_negotiation [None req-524f8a05-7ed0-4f1d-822a-102211f68e80 tempest-ImagesTestJSON-1723070722 tempest-ImagesTestJSON-1723070722-project] new path /v2/images/e4298650-4327-43b9-a5a8-65a7e8536e01 {{(pid=110544) process_request /opt/stack/glance/glance/api/middleware/version_negotiation.py:70}}
Aug 16 01:58:44.854489 n-d-768852-19 devstack@g-api.service[110544]: [pid: 110544|app: 0|req: 85/303] 127.0.0.1 () {42 vars in 1052 bytes} [Mon Aug 16 01:58:44 2021] GET /v2/images/e4298650-4327-43b9-a5a8-65a7e8536e01 => generated 946 bytes in 50 msecs (HTTP/1.1 200) 4 headers in 157 bytes (1 switches on core 0)
Aug 16 01:58:44.855950 n-d-768852-19 devstack@g-api.service[110544]: DEBUG glance.api.middleware.version_negotiation [None req-b053823b-0bed-4e76-be9e-a9a8fff4225d tempest-FloatingIPsAssociationNegativeTestJSON-141955405 tempest-FloatingIPsAssociationNegativeTestJSON-141955405-project] Determining version of request: GET /v2/schemas/image Accept: */* {{(pid=110544) process_request /opt/stack/glance/glance/api/middleware/version_negotiation.py:44}}
Aug 16 01:58:44.856482 n-d-768852-19 devstack@g-api.service[110544]: DEBUG glance.api.middleware.version_negotiation [None req-b053823b-0bed-4e76-be9e-a9a8fff4225d tempest-FloatingIPsAssociationNegativeTestJSON-141955405 tempest-FloatingIPsAssociationNegativeTestJSON-141955405-project] Using url versioning {{(pid=110544) process_request /opt/stack/glance/glance/api/middleware/version_negotiation.py:57}}
Aug 16 01:58:44.856978 n-d-768852-19 devstack@g-api.service[110544]: DEBUG glance.api.middleware.version_negotiation [None req-b053823b-0bed-4e76-be9e-a9a8fff4225d tempest-FloatingIPsAssociationNegativeTestJSON-141955405 tempest-FloatingIPsAssociationNegativeTestJSON-141955405-project] Matched version: v2 {{(pid=110544) process_request /opt/stack/glance/glance/api/middleware/version_negotiation.py:69}}
Aug 16 01:58:44.857426 n-d-768852-19 devstack@g-api.service[110544]: DEBUG glance.api.middleware.version_negotiation [None req-b053823b-0bed-4e76-be9e-a9a8fff4225d tempest-FloatingIPsAssociationNegativeTestJSON-141955405 tempest-FloatingIPsAssociationNegativeTestJSON-141955405-project] new path /v2/schemas/image {{(pid=110544) process_request /opt/stack/glance/glance/api/middleware/version_negotiation.py:70}}
Aug 16 01:58:44.870938 n-d-768852-19 devstack@g-api.service[110544]: [pid: 110544|app: 0|req: 86/304] 127.0.0.1 () {42 vars in 992 bytes} [Mon Aug 16 01:58:44 2021] GET /v2/schemas/image => generated 6083 bytes in 15 msecs (HTTP/1.1 200) 4 headers in 158 bytes (1 switches on core 0)
Aug 16 01:58:47.979116 n-d-768852-19 devstack@g-api.service[110543]: [pid: 110543|app: 0|req: 219/305] 127.0.0.1 () {40 vars in 855 bytes} [Mon Aug 16 01:58:27 2021] GET /v2/images/e4298650-4327-43b9-a5a8-65a7e8536e01/file => generated 645922816 bytes in 20901 msecs (HTTP/1.1 200) 5 headers in 218 bytes (10194 switches on core 0)
Aug 16 01:58:48.611410 n-d-768852-19 devstack@g-api.service[110544]: DEBUG glance.api.middleware.version_negotiation [None req-b053823b-0bed-4e76-be9e-a9a8fff4225d tempest-FloatingIPsAssociationNegativeTestJSON-141955405 tempest-FloatingIPsAssociationNegativeTestJSON-141955405-project] Determining version of request: GET /v2/images/e4298650-4327-43b9-a5a8-65a7e8536e01 Accept: */* {{(pid=110544) process_request /opt/stack/glance/glance/api/middleware/version_negotiation.py:44}}
Aug 16 01:58:48.611978 n-d-768852-19 devstack@g-api.service[110544]: DEBUG glance.api.middleware.version_negotiation [None req-b053823b-0bed-4e76-be9e-a9a8fff4225d tempest-FloatingIPsAssociationNegativeTestJSON-141955405 tempest-FloatingIPsAssociationNegativeTestJSON-141955405-project] Using url versioning {{(pid=110544) process_request /opt/stack/glance/glance/api/middleware/version_negotiation.py:57}}
Aug 16 01:58:48.612084 n-d-768852-19 devstack@g-api.service[110544]: DEBUG glance.api.middleware.version_negotiation [None req-b053823b-0bed-4e76-be9e-a9a8fff4225d tempest-FloatingIPsAssociationNegativeTestJSON-141955405 tempest-FloatingIPsAssociationNegativeTestJSON-141955405-project] Matched version: v2 {{(pid=110544) process_request /opt/stack/glance/glance/api/middleware/version_negotiation.py:69}}
Aug 16 01:58:48.612334 n-d-768852-19 devstack@g-api.service[110544]: DEBUG glance.api.middleware.version_negotiation [None req-b053823b-0bed-4e76-be9e-a9a8fff4225d tempest-FloatingIPsAssociationNegativeTestJSON-141955405 tempest-FloatingIPsAssociationNegativeTestJSON-141955405-project] new path /v2/images/e4298650-4327-43b9-a5a8-65a7e8536e01 {{(pid=110544) process_request /opt/stack/glance/glance/api/middleware/version_negotiation.py:70}}
Aug 16 01:58:48.655017 n-d-768852-19 devstack@g-api.service[110544]: [pid: 110544|app: 0|req: 87/306] 127.0.0.1 () {40 vars in 845 bytes} [Mon Aug 16 01:58:48 2021] GET /v2/images/e4298650-4327-43b9-a5a8-65a7e8536e01 => generated 946 bytes in 44 msecs (HTTP/1.1 200) 4 headers in 157 bytes (1 switches on core 0)
Aug 16 01:58:48.660211 n-d-768852-19 devstack@g-api.service[110543]: DEBUG glance.api.middleware.version_negotiation [None req-c3b80e3f-31e2-4fcc-ac41-f642fa8cadb0 tempest-LiveMigrationTest-761707091 tempest-LiveMigrationTest-761707091-project] Determining version of request: GET /v2/schemas/image Accept: */* {{(pid=110543) process_request /opt/stack/glance/glance/api/middleware/version_negotiation.py:44}}
