May 06 03:55:07.067175 n-d-768852-14 devstack@placement-api.service[75143]: [pid: 75143|app: 0|req: 538/1073] 10.222.0.41 () {60 vars in 1506 bytes} [Thu May 6 03:55:06 2021] GET /placement/allocation_candidates?limit=1000&resources=DISK_GB%3A1%2CMEMORY_MB%3A1024%2CVCPU%3A1&root_required=%21COMPUTE_STATUS_DISABLED => generated 1309 bytes in 117 msecs (HTTP/1.1 200) 8 headers in 297 bytes (1 switches on core 0)
May 06 03:55:07.169885 n-d-768852-14 devstack@placement-api.service[75144]: DEBUG placement.requestlog [req-23f1b3f4-472f-436d-861f-f322fd44b9b0 req-891a233e-fc31-4a31-be9d-e5d5066e9045 None None] Starting request: 10.222.0.41 "GET /placement/allocations/937c7128-a3de-4d58-8fc4-bf4e632e7caf" {{(pid=75144) __call__ /opt/stack/placement/placement/requestlog.py:55}}
May 06 03:55:07.186807 n-d-768852-14 devstack@placement-api.service[75144]: INFO placement.requestlog [req-23f1b3f4-472f-436d-861f-f322fd44b9b0 req-891a233e-fc31-4a31-be9d-e5d5066e9045 service placement] 10.222.0.41 "GET /placement/allocations/937c7128-a3de-4d58-8fc4-bf4e632e7caf" status: 200 len: 19 microversion: 1.28
May 06 03:55:07.188652 n-d-768852-14 devstack@placement-api.service[75144]: [pid: 75144|app: 0|req: 536/1074] 10.222.0.41 () {60 vars in 1380 bytes} [Thu May 6 03:55:07 2021] GET /placement/allocations/937c7128-a3de-4d58-8fc4-bf4e632e7caf => generated 19 bytes in 19 msecs (HTTP/1.1 200) 8 headers in 295 bytes (1 switches on core 0)
May 06 03:55:07.193801 n-d-768852-14 devstack@placement-api.service[75143]: DEBUG placement.requestlog [req-23f1b3f4-472f-436d-861f-f322fd44b9b0 req-1914d4a5-465f-46de-9042-3988550ae8f0 None None] Starting request: 10.222.0.41 "PUT /placement/allocations/937c7128-a3de-4d58-8fc4-bf4e632e7caf" {{(pid=75143) __call__ /opt/stack/placement/placement/requestlog.py:55}}
May 06 03:55:07.310440 n-d-768852-14 devstack@placement-api.service[75143]: DEBUG placement.handlers.allocation [req-23f1b3f4-472f-436d-861f-f322fd44b9b0 req-1914d4a5-465f-46de-9042-3988550ae8f0 service placement] Successfully wrote allocations [, , ] {{(pid=75143) _create_allocations /opt/stack/placement/placement/handlers/allocation.py:435}}
May 06 03:55:07.311062 n-d-768852-14 devstack@placement-api.service[75143]: INFO placement.requestlog [req-23f1b3f4-472f-436d-861f-f322fd44b9b0 req-1914d4a5-465f-46de-9042-3988550ae8f0 service placement] 10.222.0.41 "PUT /placement/allocations/937c7128-a3de-4d58-8fc4-bf4e632e7caf" status: 204 len: 0 microversion: 1.35
May 06 03:55:07.311354 n-d-768852-14 devstack@placement-api.service[75143]: [pid: 75143|app: 0|req: 539/1075] 10.222.0.41 () {64 vars in 1433 bytes} [Thu May 6 03:55:07 2021] PUT /placement/allocations/937c7128-a3de-4d58-8fc4-bf4e632e7caf => generated 0 bytes in 118 msecs (HTTP/1.1 204) 5 headers in 199 bytes (2 switches on core 0)
May 06 03:55:07.982013 n-d-768852-14 devstack@placement-api.service[75144]: DEBUG placement.requestlog [req-23f1b3f4-472f-436d-861f-f322fd44b9b0 req-6afe0daa-b7c5-4d6f-bab4-5a73c8994c58 None None] Starting request: 10.222.0.44 "GET /placement/allocations/937c7128-a3de-4d58-8fc4-bf4e632e7caf" {{(pid=75144) __call__ /opt/stack/placement/placement/requestlog.py:55}}
May 06 03:55:08.002702 n-d-768852-14 devstack@placement-api.service[75144]: INFO placement.requestlog [req-23f1b3f4-472f-436d-861f-f322fd44b9b0 req-6afe0daa-b7c5-4d6f-bab4-5a73c8994c58 service placement] 10.222.0.44 "GET /placement/allocations/937c7128-a3de-4d58-8fc4-bf4e632e7caf" status: 200 len: 260 microversion: 1.28
May 06 03:55:08.003003 n-d-768852-14 devstack@placement-api.service[75144]: [pid: 75144|app: 0|req: 537/1076] 10.222.0.44 () {60 vars in 1378 bytes} [Thu May 6 03:55:07 2021] GET /placement/allocations/937c7128-a3de-4d58-8fc4-bf4e632e7caf => generated 260 bytes in 21 msecs (HTTP/1.1 200) 8 headers in 296 bytes (2 switches on core 0)
May 06 03:55:08.286241 n-d-768852-14 devstack@placement-api.service[75143]: DEBUG placement.requestlog [req-793478ed-04d6-4695-9124-104c701b3558 req-9478cac7-af66-465b-b00e-860d50308545 None None] Starting request: 10.222.0.20 "GET /placement/resource_providers/49f72d23-6f5f-4ff5-a991-9b72453e2b21/allocations" {{(pid=75143) __call__ /opt/stack/placement/placement/requestlog.py:55}}
May 06 03:55:08.313882 n-d-768852-14 devstack@placement-api.service[75143]: INFO placement.requestlog [req-793478ed-04d6-4695-9124-104c701b3558 req-9478cac7-af66-465b-b00e-860d50308545 service placement] 10.222.0.20 "GET /placement/resource_providers/49f72d23-6f5f-4ff5-a991-9b72453e2b21/allocations" status: 200 len: 357 microversion: 1.0
May 06 03:55:08.314406 n-d-768852-14 devstack@placement-api.service[75143]: [pid: 75143|app: 0|req: 540/1077] 10.222.0.20 () {58 vars in 1391 bytes} [Thu May 6 03:55:08 2021] GET /placement/resource_providers/49f72d23-6f5f-4ff5-a991-9b72453e2b21/allocations => generated 357 bytes in 29 msecs (HTTP/1.1 200) 6 headers in 224 bytes (1 switches on core 0)
May 06 03:55:18.042462 n-d-768852-14 devstack@placement-api.service[75144]: DEBUG placement.requestlog [req-29d7672f-c88e-4dbb-a159-540e982e1fa4 req-a15653af-9423-40a7-8fab-d11551d34ba5 None None] Starting request: 10.222.0.41 "GET /placement/allocation_candidates?limit=1000&resources=DISK_GB%3A1%2CMEMORY_MB%3A1024%2CVCPU%3A1&root_required=%21COMPUTE_STATUS_DISABLED" {{(pid=75144) __call__ /opt/stack/placement/placement/requestlog.py:55}}
May 06 03:55:18.082305 n-d-768852-14 devstack@placement-api.service[75144]: DEBUG placement.objects.research_context [req-29d7672f-c88e-4dbb-a159-540e982e1fa4 req-a15653af-9423-40a7-8fab-d11551d34ba5 service placement] getting providers with 1 DISK_GB {{(pid=75144) __init__ /opt/stack/placement/placement/objects/research_context.py:126}}
May 06 03:55:18.100453 n-d-768852-14 devstack@placement-api.service[75144]: DEBUG placement.objects.research_context [req-29d7672f-c88e-4dbb-a159-540e982e1fa4 req-a15653af-9423-40a7-8fab-d11551d34ba5 service placement] getting providers with 1024 MEMORY_MB {{(pid=75144) __init__ /opt/stack/placement/placement/objects/research_context.py:126}}
May 06 03:55:18.109267 n-d-768852-14 devstack@placement-api.service[75144]: DEBUG placement.objects.research_context [req-29d7672f-c88e-4dbb-a159-540e982e1fa4 req-a15653af-9423-40a7-8fab-d11551d34ba5 service placement] getting providers with 1 VCPU {{(pid=75144) __init__ /opt/stack/placement/placement/objects/research_context.py:126}}
May 06 03:55:18.130741 n-d-768852-14 devstack@placement-api.service[75144]: DEBUG placement.objects.research_context [req-29d7672f-c88e-4dbb-a159-540e982e1fa4 req-a15653af-9423-40a7-8fab-d11551d34ba5 service placement] found 2 providers with available 1 DISK_GB {{(pid=75144) get_provider_ids_matching /opt/stack/placement/placement/objects/research_context.py:549}}
May 06 03:55:18.132124 n-d-768852-14 devstack@placement-api.service[75144]: DEBUG placement.objects.research_context [req-29d7672f-c88e-4dbb-a159-540e982e1fa4 req-a15653af-9423-40a7-8fab-d11551d34ba5 service placement] found 2 providers with available 1024 MEMORY_MB {{(pid=75144) get_provider_ids_matching /opt/stack/placement/placement/objects/research_context.py:549}}
May 06 03:55:18.133132 n-d-768852-14 devstack@placement-api.service[75144]: DEBUG placement.objects.research_context [req-29d7672f-c88e-4dbb-a159-540e982e1fa4 req-a15653af-9423-40a7-8fab-d11551d34ba5 service placement] found 2 providers after filtering by previous result {{(pid=75144) get_provider_ids_matching /opt/stack/placement/placement/objects/research_context.py:580}}
May 06 03:55:18.133960 n-d-768852-14 devstack@placement-api.service[75144]: DEBUG placement.objects.research_context [req-29d7672f-c88e-4dbb-a159-540e982e1fa4 req-a15653af-9423-40a7-8fab-d11551d34ba5 service placement] found 2 providers with available 1 VCPU {{(pid=75144) get_provider_ids_matching /opt/stack/placement/placement/objects/research_context.py:549}}
May 06 03:55:18.134780 n-d-768852-14 devstack@placement-api.service[75144]: DEBUG placement.objects.research_context [req-29d7672f-c88e-4dbb-a159-540e982e1fa4 req-a15653af-9423-40a7-8fab-d11551d34ba5 service placement] found 2 providers after filtering by previous result {{(pid=75144) get_provider_ids_matching /opt/stack/placement/placement/objects/research_context.py:580}}
May 06 03:55:18.153680 n-d-768852-14 devstack@placement-api.service[75144]: DEBUG placement.objects.allocation_candidate [req-29d7672f-c88e-4dbb-a159-540e982e1fa4 req-a15653af-9423-40a7-8fab-d11551d34ba5 service placement] RequestGroup(use_same_provider=False, resources={DISK_GB:1, MEMORY_MB:1024, VCPU:1}, traits=[], aggregates=[]) (suffix '') returned 2 matches {{(pid=75144) _get_by_requests /opt/stack/placement/placement/objects/allocation_candidate.py:145}}
May 06 03:55:18.155844 n-d-768852-14 devstack@placement-api.service[75144]: DEBUG placement.objects.allocation_candidate [req-29d7672f-c88e-4dbb-a159-540e982e1fa4 req-a15653af-9423-40a7-8fab-d11551d34ba5 service placement] Merging candidates yields 2 allocation requests and 2 provider summaries {{(pid=75144) _merge_candidates /opt/stack/placement/placement/objects/allocation_candidate.py:783}}
May 06 03:55:18.157935 n-d-768852-14 devstack@placement-api.service[75144]: INFO placement.requestlog [req-29d7672f-c88e-4dbb-a159-540e982e1fa4 req-a15653af-9423-40a7-8fab-d11551d34ba5 service placement] 10.222.0.41 "GET /placement/allocation_candidates?limit=1000&resources=DISK_GB%3A1%2CMEMORY_MB%3A1024%2CVCPU%3A1&root_required=%21COMPUTE_STATUS_DISABLED" status: 200 len: 1309 microversion: 1.35
May 06 03:55:18.159022 n-d-768852-14 devstack@placement-api.service[75144]: [pid: 75144|app: 0|req: 538/1078] 10.222.0.41 () {60 vars in 1506 bytes} [Thu May 6 03:55:18 2021] GET /placement/allocation_candidates?limit=1000&resources=DISK_GB%3A1%2CMEMORY_MB%3A1024%2CVCPU%3A1&root_required=%21COMPUTE_STATUS_DISABLED => generated 1309 bytes in 117 msecs (HTTP/1.1 200) 8 headers in 297 bytes (2 switches on core 0)
May 06 03:55:18.281562 n-d-768852-14 devstack@placement-api.service[75143]: DEBUG placement.requestlog [req-29d7672f-c88e-4dbb-a159-540e982e1fa4 req-492f8175-e4f6-4c9e-9482-a17ff3cee159 None None] Starting request: 10.222.0.41 "GET /placement/allocations/699f6fee-f50b-4b78-8989-f99abc89b02e" {{(pid=75143) __call__ /opt/stack/placement/placement/requestlog.py:55}}
May 06 03:55:18.302770 n-d-768852-14 devstack@placement-api.service[75143]: INFO placement.requestlog [req-29d7672f-c88e-4dbb-a159-540e982e1fa4 req-492f8175-e4f6-4c9e-9482-a17ff3cee159 service placement] 10.222.0.41 "GET /placement/allocations/699f6fee-f50b-4b78-8989-f99abc89b02e" status: 200 len: 19 microversion: 1.28
May 06 03:55:18.307838 n-d-768852-14 devstack@placement-api.service[75143]: [pid: 75143|app: 0|req: 541/1079] 10.222.0.41 () {60 vars in 1380 bytes} [Thu May 6 03:55:18 2021] GET /placement/allocations/699f6fee-f50b-4b78-8989-f99abc89b02e => generated 19 bytes in 26 msecs (HTTP/1.1 200) 8 headers in 295 bytes (1 switches on core 0)
May 06 03:55:18.309744 n-d-768852-14 devstack@placement-api.service[75144]: DEBUG placement.requestlog [req-29d7672f-c88e-4dbb-a159-540e982e1fa4 req-ad04cbac-9b8f-41cf-a055-7fdf6d888138 None None] Starting request: 10.222.0.41 "PUT /placement/allocations/699f6fee-f50b-4b78-8989-f99abc89b02e" {{(pid=75144) __call__ /opt/stack/placement/placement/requestlog.py:55}}
May 06 03:55:18.492407 n-d-768852-14 devstack@placement-api.service[75144]: DEBUG placement.handlers.allocation [req-29d7672f-c88e-4dbb-a159-540e982e1fa4 req-ad04cbac-9b8f-41cf-a055-7fdf6d888138 service placement] Successfully wrote allocations [, , ] {{(pid=75144) _create_allocations /opt/stack/placement/placement/handlers/allocation.py:435}}
May 06 03:55:18.494128 n-d-768852-14 devstack@placement-api.service[75144]: INFO placement.requestlog [req-29d7672f-c88e-4dbb-a159-540e982e1fa4 req-ad04cbac-9b8f-41cf-a055-7fdf6d888138 service placement] 10.222.0.41 "PUT /placement/allocations/699f6fee-f50b-4b78-8989-f99abc89b02e" status: 204 len: 0 microversion: 1.35
May 06 03:55:18.495096 n-d-768852-14 devstack@placement-api.service[75144]: [pid: 75144|app: 0|req: 539/1080] 10.222.0.41 () {64 vars in 1433 bytes} [Thu May 6 03:55:18 2021] PUT /placement/allocations/699f6fee-f50b-4b78-8989-f99abc89b02e => generated 0 bytes in 185 msecs (HTTP/1.1 204) 5 headers in 199 bytes (1 switches on core 0)
May 06 03:55:19.122623 n-d-768852-14 devstack@placement-api.service[75143]: DEBUG placement.requestlog [req-29d7672f-c88e-4dbb-a159-540e982e1fa4 req-c7e42cf2-8756-4a00-8e3e-e1ba6eb426eb None None] Starting request: 10.222.0.20 "GET /placement/allocations/699f6fee-f50b-4b78-8989-f99abc89b02e" {{(pid=75143) __call__ /opt/stack/placement/placement/requestlog.py:55}}
May 06 03:55:19.171072 n-d-768852-14 devstack@placement-api.service[75143]: INFO placement.requestlog [req-29d7672f-c88e-4dbb-a159-540e982e1fa4 req-c7e42cf2-8756-4a00-8e3e-e1ba6eb426eb service placement] 10.222.0.20 "GET /placement/allocations/699f6fee-f50b-4b78-8989-f99abc89b02e" status: 200 len: 260 microversion: 1.28
May 06 03:55:19.172452 n-d-768852-14 devstack@placement-api.service[75143]: [pid: 75143|app: 0|req: 542/1081] 10.222.0.20 () {60 vars in 1378 bytes} [Thu May 6 03:55:19 2021] GET /placement/allocations/699f6fee-f50b-4b78-8989-f99abc89b02e => generated 260 bytes in 49 msecs (HTTP/1.1 200) 8 headers in 296 bytes (1 switches on core 0)
May 06 03:55:24.681762 n-d-768852-14 devstack@placement-api.service[75144]: DEBUG placement.requestlog [req-da905107-d2f1-4472-8869-e7654cd7e774 req-6e13b548-fabf-4e70-b3c3-190c12147eb3 None None] Starting request: 10.222.0.41 "GET /placement/allocation_candidates?limit=1000&resources=DISK_GB%3A1%2CMEMORY_MB%3A1024%2CVCPU%3A1&root_required=%21COMPUTE_STATUS_DISABLED" {{(pid=75144) __call__ /opt/stack/placement/placement/requestlog.py:55}}
May 06 03:55:24.766962 n-d-768852-14 devstack@placement-api.service[75144]: DEBUG placement.objects.research_context [req-da905107-d2f1-4472-8869-e7654cd7e774 req-6e13b548-fabf-4e70-b3c3-190c12147eb3 service placement] getting providers with 1 DISK_GB {{(pid=75144) __init__ /opt/stack/placement/placement/objects/research_context.py:126}}
May 06 03:55:24.780999 n-d-768852-14 devstack@placement-api.service[75144]: DEBUG placement.objects.research_context [req-da905107-d2f1-4472-8869-e7654cd7e774 req-6e13b548-fabf-4e70-b3c3-190c12147eb3 service placement] getting providers with 1024 MEMORY_MB {{(pid=75144) __init__ /opt/stack/placement/placement/objects/research_context.py:126}}
May 06 03:55:24.793693 n-d-768852-14 devstack@placement-api.service[75144]: DEBUG placement.objects.research_context [req-da905107-d2f1-4472-8869-e7654cd7e774 req-6e13b548-fabf-4e70-b3c3-190c12147eb3 service placement] getting providers with 1 VCPU {{(pid=75144) __init__ /opt/stack/placement/placement/objects/research_context.py:126}}
May 06 03:55:24.806572 n-d-768852-14 devstack@placement-api.service[75144]: DEBUG placement.objects.research_context [req-da905107-d2f1-4472-8869-e7654cd7e774 req-6e13b548-fabf-4e70-b3c3-190c12147eb3 service placement] found 2 providers with available 1 DISK_GB {{(pid=75144) get_provider_ids_matching /opt/stack/placement/placement/objects/research_context.py:549}}
May 06 03:55:24.807349 n-d-768852-14 devstack@placement-api.service[75144]: DEBUG placement.objects.research_context [req-da905107-d2f1-4472-8869-e7654cd7e774 req-6e13b548-fabf-4e70-b3c3-190c12147eb3 service placement] found 2 providers with available 1024 MEMORY_MB {{(pid=75144) get_provider_ids_matching /opt/stack/placement/placement/objects/research_context.py:549}}
May 06 03:55:24.808093 n-d-768852-14 devstack@placement-api.service[75144]: DEBUG placement.objects.research_context [req-da905107-d2f1-4472-8869-e7654cd7e774 req-6e13b548-fabf-4e70-b3c3-190c12147eb3 service placement] found 2 providers after filtering by previous result {{(pid=75144) get_provider_ids_matching /opt/stack/placement/placement/objects/research_context.py:580}}
May 06 03:55:24.808793 n-d-768852-14 devstack@placement-api.service[75144]: DEBUG placement.objects.research_context [req-da905107-d2f1-4472-8869-e7654cd7e774 req-6e13b548-fabf-4e70-b3c3-190c12147eb3 service placement] found 2 providers with available 1 VCPU {{(pid=75144) get_provider_ids_matching /opt/stack/placement/placement/objects/research_context.py:549}}
May 06 03:55:24.809494 n-d-768852-14 devstack@placement-api.service[75144]: DEBUG placement.objects.research_context [req-da905107-d2f1-4472-8869-e7654cd7e774 req-6e13b548-fabf-4e70-b3c3-190c12147eb3 service placement] found 2 providers after filtering by previous result {{(pid=75144) get_provider_ids_matching /opt/stack/placement/placement/objects/research_context.py:580}}
May 06 03:55:24.833122 n-d-768852-14 devstack@placement-api.service[75144]: DEBUG placement.objects.allocation_candidate [req-da905107-d2f1-4472-8869-e7654cd7e774 req-6e13b548-fabf-4e70-b3c3-190c12147eb3 service placement] RequestGroup(use_same_provider=False, resources={DISK_GB:1, MEMORY_MB:1024, VCPU:1}, traits=[], aggregates=[]) (suffix '') returned 2 matches {{(pid=75144) _get_by_requests /opt/stack/placement/placement/objects/allocation_candidate.py:145}}
May 06 03:55:24.834133 n-d-768852-14 devstack@placement-api.service[75144]: DEBUG placement.objects.allocation_candidate [req-da905107-d2f1-4472-8869-e7654cd7e774 req-6e13b548-fabf-4e70-b3c3-190c12147eb3 service placement] Merging candidates yields 2 allocation requests and 2 provider summaries {{(pid=75144) _merge_candidates /opt/stack/placement/placement/objects/allocation_candidate.py:783}}
May 06 03:55:24.837320 n-d-768852-14 devstack@placement-api.service[75144]: INFO placement.requestlog [req-da905107-d2f1-4472-8869-e7654cd7e774 req-6e13b548-fabf-4e70-b3c3-190c12147eb3 service placement] 10.222.0.41 "GET /placement/allocation_candidates?limit=1000&resources=DISK_GB%3A1%2CMEMORY_MB%3A1024%2CVCPU%3A1&root_required=%21COMPUTE_STATUS_DISABLED" status: 200 len: 1309 microversion: 1.35
May 06 03:55:24.840678 n-d-768852-14 devstack@placement-api.service[75144]: [pid: 75144|app: 0|req: 540/1082] 10.222.0.41 () {60 vars in 1506 bytes} [Thu May 6 03:55:24 2021] GET /placement/allocation_candidates?limit=1000&resources=DISK_GB%3A1%2CMEMORY_MB%3A1024%2CVCPU%3A1&root_required=%21COMPUTE_STATUS_DISABLED => generated 1309 bytes in 158 msecs (HTTP/1.1 200) 8 headers in 297 bytes (1 switches on core 0)
May 06 03:55:24.926946 n-d-768852-14 devstack@placement-api.service[75143]: DEBUG placement.requestlog [req-da905107-d2f1-4472-8869-e7654cd7e774 req-f13ccb7a-a38e-452a-81bb-ea4ae5aa95e3 None None] Starting request: 10.222.0.41 "GET /placement/allocations/48b7cc25-0157-440e-be3b-898e9d4ebe85" {{(pid=75143) __call__ /opt/stack/placement/placement/requestlog.py:55}}
May 06 03:55:24.944213 n-d-768852-14 devstack@placement-api.service[75143]: INFO placement.requestlog [req-da905107-d2f1-4472-8869-e7654cd7e774 req-f13ccb7a-a38e-452a-81bb-ea4ae5aa95e3 service placement] 10.222.0.41 "GET /placement/allocations/48b7cc25-0157-440e-be3b-898e9d4ebe85" status: 200 len: 19 microversion: 1.28
May 06 03:55:24.944436 n-d-768852-14 devstack@placement-api.service[75143]: [pid: 75143|app: 0|req: 543/1083] 10.222.0.41 () {60 vars in 1380 bytes} [Thu May 6 03:55:24 2021] GET /placement/allocations/48b7cc25-0157-440e-be3b-898e9d4ebe85 => generated 19 bytes in 18 msecs (HTTP/1.1 200) 8 headers in 295 bytes (1 switches on core 0)
May 06 03:55:24.950598 n-d-768852-14 devstack@placement-api.service[75144]: DEBUG placement.requestlog [req-da905107-d2f1-4472-8869-e7654cd7e774 req-946319d4-76f5-4cdf-b850-0128fc9fa676 None None] Starting request: 10.222.0.41 "PUT /placement/allocations/48b7cc25-0157-440e-be3b-898e9d4ebe85" {{(pid=75144) __call__ /opt/stack/placement/placement/requestlog.py:55}}
May 06 03:55:25.009359 n-d-768852-14 devstack@placement-api.service[75144]: DEBUG placement.handlers.allocation [req-da905107-d2f1-4472-8869-e7654cd7e774 req-946319d4-76f5-4cdf-b850-0128fc9fa676 service placement] Successfully wrote allocations [, , ] {{(pid=75144) _create_allocations /opt/stack/placement/placement/handlers/allocation.py:435}}
May 06 03:55:25.010117 n-d-768852-14 devstack@placement-api.service[75144]: INFO placement.requestlog [req-da905107-d2f1-4472-8869-e7654cd7e774 req-946319d4-76f5-4cdf-b850-0128fc9fa676 service placement] 10.222.0.41 "PUT /placement/allocations/48b7cc25-0157-440e-be3b-898e9d4ebe85" status: 204 len: 0 microversion: 1.35
May 06 03:55:25.010649 n-d-768852-14 devstack@placement-api.service[75144]: [pid: 75144|app: 0|req: 541/1084] 10.222.0.41 () {64 vars in 1433 bytes} [Thu May 6 03:55:24 2021] PUT /placement/allocations/48b7cc25-0157-440e-be3b-898e9d4ebe85 => generated 0 bytes in 60 msecs (HTTP/1.1 204) 5 headers in 199 bytes (1 switches on core 0)
May 06 03:55:25.347862 n-d-768852-14 devstack@placement-api.service[75143]: DEBUG placement.requestlog [req-da905107-d2f1-4472-8869-e7654cd7e774 req-73792f6a-2879-4ced-8a92-83578e9bb90e None None] Starting request: 10.222.0.20 "GET /placement/allocations/48b7cc25-0157-440e-be3b-898e9d4ebe85" {{(pid=75143) __call__ /opt/stack/placement/placement/requestlog.py:55}}
May 06 03:55:25.388323 n-d-768852-14 devstack@placement-api.service[75143]: INFO placement.requestlog [req-da905107-d2f1-4472-8869-e7654cd7e774 req-73792f6a-2879-4ced-8a92-83578e9bb90e service placement] 10.222.0.20 "GET /placement/allocations/48b7cc25-0157-440e-be3b-898e9d4ebe85" status: 200 len: 260 microversion: 1.28
May 06 03:55:25.389199 n-d-768852-14 devstack@placement-api.service[75143]: [pid: 75143|app: 0|req: 544/1085] 10.222.0.20 () {60 vars in 1378 bytes} [Thu May 6 03:55:25 2021] GET /placement/allocations/48b7cc25-0157-440e-be3b-898e9d4ebe85 => generated 260 bytes in 41 msecs (HTTP/1.1 200) 8 headers in 296 bytes (1 switches on core 0)
May 06 03:55:32.508394 n-d-768852-14 devstack@placement-api.service[75144]: DEBUG placement.requestlog [req-b3bbc564-16e3-4f83-9510-c7e221eec259 req-71d2ba8d-dd43-477a-8d73-29e1bc43203a None None] Starting request: 10.222.0.44 "GET /placement/allocations/937c7128-a3de-4d58-8fc4-bf4e632e7caf" {{(pid=75144) __call__ /opt/stack/placement/placement/requestlog.py:55}}
May 06 03:55:32.545049 n-d-768852-14 devstack@placement-api.service[75144]: INFO placement.requestlog [req-b3bbc564-16e3-4f83-9510-c7e221eec259 req-71d2ba8d-dd43-477a-8d73-29e1bc43203a service placement] 10.222.0.44 "GET /placement/allocations/937c7128-a3de-4d58-8fc4-bf4e632e7caf" status: 200 len: 260 microversion: 1.28
May 06 03:55:32.545976 n-d-768852-14 devstack@placement-api.service[75144]: [pid: 75144|app: 0|req: 542/1086] 10.222.0.44 () {60 vars in 1378 bytes} [Thu May 6 03:55:32 2021] GET /placement/allocations/937c7128-a3de-4d58-8fc4-bf4e632e7caf => generated 260 bytes in 41 msecs (HTTP/1.1 200) 8 headers in 296 bytes (1 switches on core 0)
May 06 03:55:32.555305 n-d-768852-14 devstack@placement-api.service[75143]: DEBUG placement.requestlog [req-b3bbc564-16e3-4f83-9510-c7e221eec259 req-e6376427-1fc9-4b59-815c-70d08677b7aa None None] Starting request: 10.222.0.44 "PUT /placement/allocations/937c7128-a3de-4d58-8fc4-bf4e632e7caf" {{(pid=75143) __call__ /opt/stack/placement/placement/requestlog.py:55}}
May 06 03:55:32.620854 n-d-768852-14 devstack@placement-api.service[75143]: DEBUG placement.handlers.allocation [req-b3bbc564-16e3-4f83-9510-c7e221eec259 req-e6376427-1fc9-4b59-815c-70d08677b7aa service placement] Successfully wrote allocations [, , ] {{(pid=75143) _create_allocations /opt/stack/placement/placement/handlers/allocation.py:435}}
May 06 03:55:32.621850 n-d-768852-14 devstack@placement-api.service[75143]: INFO placement.requestlog [req-b3bbc564-16e3-4f83-9510-c7e221eec259 req-e6376427-1fc9-4b59-815c-70d08677b7aa service placement] 10.222.0.44 "PUT /placement/allocations/937c7128-a3de-4d58-8fc4-bf4e632e7caf" status: 204 len: 0 microversion: 1.28
May 06 03:55:32.622906 n-d-768852-14 devstack@placement-api.service[75143]: [pid: 75143|app: 0|req: 545/1087] 10.222.0.44 () {64 vars in 1431 bytes} [Thu May 6 03:55:32 2021] PUT /placement/allocations/937c7128-a3de-4d58-8fc4-bf4e632e7caf => generated 0 bytes in 68 msecs (HTTP/1.1 204) 5 headers in 199 bytes (1 switches on core 0)
May 06 03:55:43.768523 n-d-768852-14 devstack@placement-api.service[75144]: DEBUG placement.requestlog [req-01773677-6dd0-42a6-8ad3-591a751dd19b req-383d7084-b9b3-40e3-9667-ae19173a9f4c None None] Starting request: 10.222.0.20 "GET /placement/allocations/699f6fee-f50b-4b78-8989-f99abc89b02e" {{(pid=75144) __call__ /opt/stack/placement/placement/requestlog.py:55}}
May 06 03:55:43.808013 n-d-768852-14 devstack@placement-api.service[75144]: INFO placement.requestlog [req-01773677-6dd0-42a6-8ad3-591a751dd19b req-383d7084-b9b3-40e3-9667-ae19173a9f4c service placement] 10.222.0.20 "GET /placement/allocations/699f6fee-f50b-4b78-8989-f99abc89b02e" status: 200 len: 260 microversion: 1.28
May 06 03:55:43.808917 n-d-768852-14 devstack@placement-api.service[75144]: [pid: 75144|app: 0|req: 543/1088] 10.222.0.20 () {60 vars in 1378 bytes} [Thu May 6 03:55:43 2021] GET /placement/allocations/699f6fee-f50b-4b78-8989-f99abc89b02e => generated 260 bytes in 41 msecs (HTTP/1.1 200) 8 headers in 296 bytes (1 switches on core 0)
May 06 03:55:43.817846 n-d-768852-14 devstack@placement-api.service[75143]: DEBUG placement.requestlog [req-01773677-6dd0-42a6-8ad3-591a751dd19b req-a56e150b-b0e1-4335-950c-d2da0d859d5a None None] Starting request: 10.222.0.20 "PUT /placement/allocations/699f6fee-f50b-4b78-8989-f99abc89b02e" {{(pid=75143) __call__ /opt/stack/placement/placement/requestlog.py:55}}
May 06 03:55:43.951301 n-d-768852-14 devstack@placement-api.service[75143]: DEBUG placement.handlers.allocation [req-01773677-6dd0-42a6-8ad3-591a751dd19b req-a56e150b-b0e1-4335-950c-d2da0d859d5a service placement] Successfully wrote allocations [, , ] {{(pid=75143) _create_allocations /opt/stack/placement/placement/handlers/allocation.py:435}}
May 06 03:55:43.953797 n-d-768852-14 devstack@placement-api.service[75143]: INFO placement.requestlog [req-01773677-6dd0-42a6-8ad3-591a751dd19b req-a56e150b-b0e1-4335-950c-d2da0d859d5a service placement] 10.222.0.20 "PUT /placement/allocations/699f6fee-f50b-4b78-8989-f99abc89b02e" status: 204 len: 0 microversion: 1.28
May 06 03:55:43.954826 n-d-768852-14 devstack@placement-api.service[75143]: [pid: 75143|app: 0|req: 546/1089] 10.222.0.20 () {64 vars in 1431 bytes} [Thu May 6 03:55:43 2021] PUT /placement/allocations/699f6fee-f50b-4b78-8989-f99abc89b02e => generated 0 bytes in 139 msecs (HTTP/1.1 204) 5 headers in 199 bytes (2 switches on core 0)
May 06 03:56:02.532881 n-d-768852-14 devstack@placement-api.service[75144]: DEBUG placement.requestlog [req-833d39f9-b632-41f0-99c9-99d19ca57eab req-71af6356-f26c-404c-b9c5-0521352bfdca None None] Starting request: 10.222.0.41 "GET /placement/resource_providers/a52cb8cb-c717-4aba-b86d-0d9c73aa15bc/traits" {{(pid=75144) __call__ /opt/stack/placement/placement/requestlog.py:55}}
May 06 03:56:02.660060 n-d-768852-14 devstack@placement-api.service[75144]: INFO placement.requestlog [req-833d39f9-b632-41f0-99c9-99d19ca57eab req-71af6356-f26c-404c-b9c5-0521352bfdca service placement] 10.222.0.41 "GET /placement/resource_providers/a52cb8cb-c717-4aba-b86d-0d9c73aa15bc/traits" status: 200 len: 213 microversion: 1.6
May 06 03:56:02.662358 n-d-768852-14 devstack@placement-api.service[75144]: [pid: 75144|app: 0|req: 544/1090] 10.222.0.41 () {60 vars in 1412 bytes} [Thu May 6 03:56:02 2021] GET /placement/resource_providers/a52cb8cb-c717-4aba-b86d-0d9c73aa15bc/traits => generated 213 bytes in 130 msecs (HTTP/1.1 200) 6 headers in 224 bytes (1 switches on core 0)
May 06 03:56:04.495043 n-d-768852-14 devstack@placement-api.service[75143]: DEBUG placement.requestlog [None req-f5f9cee9-b6b2-42f2-82da-4e441938cb1e None None] Starting request: 10.222.0.41 "GET /placement/" {{(pid=75143) __call__ /opt/stack/placement/placement/requestlog.py:55}}
May 06 03:56:04.497066 n-d-768852-14 devstack@placement-api.service[75143]: INFO placement.requestlog [None req-f5f9cee9-b6b2-42f2-82da-4e441938cb1e None None] 10.222.0.41 "GET /placement/" status: 200 len: 136 microversion: 1.0
May 06 03:56:04.497717 n-d-768852-14 devstack@placement-api.service[75143]: [pid: 75143|app: 0|req: 547/1091] 10.222.0.41 () {54 vars in 915 bytes} [Thu May 6 03:56:04 2021] GET /placement => generated 136 bytes in 3 msecs (HTTP/1.1 200) 6 headers in 224 bytes (1 switches on core 0)
May 06 03:56:04.523897 n-d-768852-14 devstack@placement-api.service[75144]: DEBUG placement.requestlog [req-833d39f9-b632-41f0-99c9-99d19ca57eab req-ced16a48-2ac3-40a9-8a8f-e41c62381538 None None] Starting request: 10.222.0.41 "GET /placement/allocations/1bd05210-2a22-43f2-aaee-f362ac0f4b38" {{(pid=75144) __call__ /opt/stack/placement/placement/requestlog.py:55}}
May 06 03:56:04.941132 n-d-768852-14 devstack@placement-api.service[75144]: INFO placement.requestlog [req-833d39f9-b632-41f0-99c9-99d19ca57eab req-ced16a48-2ac3-40a9-8a8f-e41c62381538 service placement] 10.222.0.41 "GET /placement/allocations/1bd05210-2a22-43f2-aaee-f362ac0f4b38" status: 200 len: 260 microversion: 1.28
May 06 03:56:04.962307 n-d-768852-14 devstack@placement-api.service[75143]: DEBUG placement.requestlog [req-833d39f9-b632-41f0-99c9-99d19ca57eab req-45883b64-ad1e-45e9-8235-b17b714ea4a5 None None] Starting request: 10.222.0.41 "GET /placement/allocations/1bd05210-2a22-43f2-aaee-f362ac0f4b38" {{(pid=75143) __call__ /opt/stack/placement/placement/requestlog.py:55}}
May 06 03:56:04.962747 n-d-768852-14 devstack@placement-api.service[75144]: [pid: 75144|app: 0|req: 545/1092] 10.222.0.41 () {60 vars in 1380 bytes} [Thu May 6 03:56:04 2021] GET /placement/allocations/1bd05210-2a22-43f2-aaee-f362ac0f4b38 => generated 260 bytes in 439 msecs (HTTP/1.1 200) 8 headers in 296 bytes (2 switches on core 0)
May 06 03:56:04.998118 n-d-768852-14 devstack@placement-api.service[75143]: INFO placement.requestlog [req-833d39f9-b632-41f0-99c9-99d19ca57eab req-45883b64-ad1e-45e9-8235-b17b714ea4a5 service placement] 10.222.0.41 "GET /placement/allocations/1bd05210-2a22-43f2-aaee-f362ac0f4b38" status: 200 len: 260 microversion: 1.28
May 06 03:56:05.000638 n-d-768852-14 devstack@placement-api.service[75143]: [pid: 75143|app: 0|req: 548/1093] 10.222.0.41 () {60 vars in 1380 bytes} [Thu May 6 03:56:04 2021] GET /placement/allocations/1bd05210-2a22-43f2-aaee-f362ac0f4b38 => generated 260 bytes in 38 msecs (HTTP/1.1 200) 8 headers in 296 bytes (1 switches on core 0)
May 06 03:56:05.016056 n-d-768852-14 devstack@placement-api.service[75144]: DEBUG placement.requestlog [req-833d39f9-b632-41f0-99c9-99d19ca57eab req-abcc77d5-217f-4397-bdce-6485215009f8 None None] Starting request: 10.222.0.41 "GET /placement/allocations/0a2dd0a7-53ae-48b0-9fab-af1401ecd93a" {{(pid=75144) __call__ /opt/stack/placement/placement/requestlog.py:55}}
May 06 03:56:05.072025 n-d-768852-14 devstack@placement-api.service[75144]: INFO placement.requestlog [req-833d39f9-b632-41f0-99c9-99d19ca57eab req-abcc77d5-217f-4397-bdce-6485215009f8 service placement] 10.222.0.41 "GET /placement/allocations/0a2dd0a7-53ae-48b0-9fab-af1401ecd93a" status: 200 len: 19 microversion: 1.28
May 06 03:56:05.074179 n-d-768852-14 devstack@placement-api.service[75144]: [pid: 75144|app: 0|req: 546/1094] 10.222.0.41 () {60 vars in 1380 bytes} [Thu May 6 03:56:05 2021] GET /placement/allocations/0a2dd0a7-53ae-48b0-9fab-af1401ecd93a => generated 19 bytes in 62 msecs (HTTP/1.1 200) 8 headers in 295 bytes (1 switches on core 0)
May 06 03:56:05.088775 n-d-768852-14 devstack@placement-api.service[75143]: DEBUG placement.requestlog [req-833d39f9-b632-41f0-99c9-99d19ca57eab req-7ca3f9bb-37f4-44a4-95ca-5ba7ddd2ddfb None None] Starting request: 10.222.0.41 "POST /placement/allocations" {{(pid=75143) __call__ /opt/stack/placement/placement/requestlog.py:55}}
May 06 03:56:05.252576 n-d-768852-14 devstack@placement-api.service[75143]: DEBUG placement.handlers.allocation [req-833d39f9-b632-41f0-99c9-99d19ca57eab req-7ca3f9bb-37f4-44a4-95ca-5ba7ddd2ddfb service placement] Successfully wrote allocations [, , , , , ] {{(pid=75143) _create_allocations /opt/stack/placement/placement/handlers/allocation.py:524}}
May 06 03:56:05.253199 n-d-768852-14 devstack@placement-api.service[75143]: INFO placement.requestlog [req-833d39f9-b632-41f0-99c9-99d19ca57eab req-7ca3f9bb-37f4-44a4-95ca-5ba7ddd2ddfb service placement] 10.222.0.41 "POST /placement/allocations" status: 204 len: 0 microversion: 1.28
May 06 03:56:05.253548 n-d-768852-14 devstack@placement-api.service[75143]: [pid: 75143|app: 0|req: 549/1095] 10.222.0.41 () {64 vars in 1323 bytes} [Thu May 6 03:56:05 2021] POST /placement/allocations => generated 0 bytes in 165 msecs (HTTP/1.1 204) 5 headers in 199 bytes (1 switches on core 0)
May 06 03:56:05.294370 n-d-768852-14 devstack@placement-api.service[75144]: DEBUG placement.requestlog [req-833d39f9-b632-41f0-99c9-99d19ca57eab req-990bc064-cab4-4c56-a0f3-71c2ece58f11 None None] Starting request: 10.222.0.41 "GET /placement/allocation_candidates?limit=1000&resources=DISK_GB%3A1%2CMEMORY_MB%3A1024%2CVCPU%3A1&root_required=%21COMPUTE_STATUS_DISABLED" {{(pid=75144) __call__ /opt/stack/placement/placement/requestlog.py:55}}
May 06 03:56:05.337095 n-d-768852-14 devstack@placement-api.service[75144]: DEBUG placement.objects.research_context [req-833d39f9-b632-41f0-99c9-99d19ca57eab req-990bc064-cab4-4c56-a0f3-71c2ece58f11 service placement] getting providers with 1 DISK_GB {{(pid=75144) __init__ /opt/stack/placement/placement/objects/research_context.py:126}}
May 06 03:56:05.347196 n-d-768852-14 devstack@placement-api.service[75144]: DEBUG placement.objects.research_context [req-833d39f9-b632-41f0-99c9-99d19ca57eab req-990bc064-cab4-4c56-a0f3-71c2ece58f11 service placement] getting providers with 1024 MEMORY_MB {{(pid=75144) __init__ /opt/stack/placement/placement/objects/research_context.py:126}}
May 06 03:56:05.435070 n-d-768852-14 devstack@placement-api.service[75144]: DEBUG placement.objects.research_context [req-833d39f9-b632-41f0-99c9-99d19ca57eab req-990bc064-cab4-4c56-a0f3-71c2ece58f11 service placement] getting providers with 1 VCPU {{(pid=75144) __init__ /opt/stack/placement/placement/objects/research_context.py:126}}
May 06 03:56:05.464395 n-d-768852-14 devstack@placement-api.service[75144]: DEBUG placement.objects.research_context [req-833d39f9-b632-41f0-99c9-99d19ca57eab req-990bc064-cab4-4c56-a0f3-71c2ece58f11 service placement] found 2 providers with available 1 DISK_GB {{(pid=75144) get_provider_ids_matching /opt/stack/placement/placement/objects/research_context.py:549}}
May 06 03:56:05.467060 n-d-768852-14 devstack@placement-api.service[75144]: DEBUG placement.objects.research_context [req-833d39f9-b632-41f0-99c9-99d19ca57eab req-990bc064-cab4-4c56-a0f3-71c2ece58f11 service placement] found 2 providers with available 1024 MEMORY_MB {{(pid=75144) get_provider_ids_matching /opt/stack/placement/placement/objects/research_context.py:549}}
May 06 03:56:05.467615 n-d-768852-14 devstack@placement-api.service[75144]: DEBUG placement.objects.research_context [req-833d39f9-b632-41f0-99c9-99d19ca57eab req-990bc064-cab4-4c56-a0f3-71c2ece58f11 service placement] found 2 providers after filtering by previous result {{(pid=75144) get_provider_ids_matching /opt/stack/placement/placement/objects/research_context.py:580}}
May 06 03:56:05.477276 n-d-768852-14 devstack@placement-api.service[75144]: DEBUG placement.objects.research_context [req-833d39f9-b632-41f0-99c9-99d19ca57eab req-990bc064-cab4-4c56-a0f3-71c2ece58f11 service placement] found 2 providers with available 1 VCPU {{(pid=75144) get_provider_ids_matching /opt/stack/placement/placement/objects/research_context.py:549}}
May 06 03:56:05.477765 n-d-768852-14 devstack@placement-api.service[75144]: DEBUG placement.objects.research_context [req-833d39f9-b632-41f0-99c9-99d19ca57eab req-990bc064-cab4-4c56-a0f3-71c2ece58f11 service placement] found 2 providers after filtering by previous result {{(pid=75144) get_provider_ids_matching /opt/stack/placement/placement/objects/research_context.py:580}}
May 06 03:56:05.520207 n-d-768852-14 devstack@placement-api.service[75144]: DEBUG placement.objects.allocation_candidate [req-833d39f9-b632-41f0-99c9-99d19ca57eab req-990bc064-cab4-4c56-a0f3-71c2ece58f11 service placement] RequestGroup(use_same_provider=False, resources={DISK_GB:1, MEMORY_MB:1024, VCPU:1}, traits=[], aggregates=[]) (suffix '') returned 2 matches {{(pid=75144) _get_by_requests /opt/stack/placement/placement/objects/allocation_candidate.py:145}}
May 06 03:56:05.525217 n-d-768852-14 devstack@placement-api.service[75144]: DEBUG placement.objects.allocation_candidate [req-833d39f9-b632-41f0-99c9-99d19ca57eab req-990bc064-cab4-4c56-a0f3-71c2ece58f11 service placement] Merging candidates yields 2 allocation requests and 2 provider summaries {{(pid=75144) _merge_candidates /opt/stack/placement/placement/objects/allocation_candidate.py:783}}
May 06 03:56:05.528959 n-d-768852-14 devstack@placement-api.service[75144]: INFO placement.requestlog [req-833d39f9-b632-41f0-99c9-99d19ca57eab req-990bc064-cab4-4c56-a0f3-71c2ece58f11 service placement] 10.222.0.41 "GET /placement/allocation_candidates?limit=1000&resources=DISK_GB%3A1%2CMEMORY_MB%3A1024%2CVCPU%3A1&root_required=%21COMPUTE_STATUS_DISABLED" status: 200 len: 1309 microversion: 1.35
May 06 03:56:05.539910 n-d-768852-14 devstack@placement-api.service[75144]: [pid: 75144|app: 0|req: 547/1096] 10.222.0.41 () {60 vars in 1506 bytes} [Thu May 6 03:56:05 2021] GET /placement/allocation_candidates?limit=1000&resources=DISK_GB%3A1%2CMEMORY_MB%3A1024%2CVCPU%3A1&root_required=%21COMPUTE_STATUS_DISABLED => generated 1309 bytes in 246 msecs (HTTP/1.1 200) 8 headers in 297 bytes (2 switches on core 0)
May 06 03:56:05.794637 n-d-768852-14 devstack@placement-api.service[75143]: DEBUG placement.requestlog [req-833d39f9-b632-41f0-99c9-99d19ca57eab req-ff0256d0-1d44-49d3-adee-32536699855f None None] Starting request: 10.222.0.41 "GET /placement/allocations/1bd05210-2a22-43f2-aaee-f362ac0f4b38" {{(pid=75143) __call__ /opt/stack/placement/placement/requestlog.py:55}}
May 06 03:56:05.814792 n-d-768852-14 devstack@placement-api.service[75143]: INFO placement.requestlog [req-833d39f9-b632-41f0-99c9-99d19ca57eab req-ff0256d0-1d44-49d3-adee-32536699855f service placement] 10.222.0.41 "GET /placement/allocations/1bd05210-2a22-43f2-aaee-f362ac0f4b38" status: 200 len: 19 microversion: 1.28
May 06 03:56:05.821888 n-d-768852-14 devstack@placement-api.service[75144]: DEBUG placement.requestlog [req-833d39f9-b632-41f0-99c9-99d19ca57eab req-21d3aa5d-4fb1-42be-af96-9604e27b6fb3 None None] Starting request: 10.222.0.41 "PUT /placement/allocations/1bd05210-2a22-43f2-aaee-f362ac0f4b38" {{(pid=75144) __call__ /opt/stack/placement/placement/requestlog.py:55}}
May 06 03:56:05.825596 n-d-768852-14 devstack@placement-api.service[75143]: [pid: 75143|app: 0|req: 550/1097] 10.222.0.41 () {60 vars in 1380 bytes} [Thu May 6 03:56:05 2021] GET /placement/allocations/1bd05210-2a22-43f2-aaee-f362ac0f4b38 => generated 19 bytes in 31 msecs (HTTP/1.1 200) 8 headers in 295 bytes (2 switches on core 0)
May 06 03:56:05.945360 n-d-768852-14 devstack@placement-api.service[75144]: DEBUG placement.handlers.allocation [req-833d39f9-b632-41f0-99c9-99d19ca57eab req-21d3aa5d-4fb1-42be-af96-9604e27b6fb3 service placement] Successfully wrote allocations [, , ] {{(pid=75144) _create_allocations /opt/stack/placement/placement/handlers/allocation.py:435}}
May 06 03:56:05.945959 n-d-768852-14 devstack@placement-api.service[75144]: INFO placement.requestlog [req-833d39f9-b632-41f0-99c9-99d19ca57eab req-21d3aa5d-4fb1-42be-af96-9604e27b6fb3 service placement] 10.222.0.41 "PUT /placement/allocations/1bd05210-2a22-43f2-aaee-f362ac0f4b38" status: 204 len: 0 microversion: 1.35
May 06 03:56:05.968477 n-d-768852-14 devstack@placement-api.service[75144]: [pid: 75144|app: 0|req: 548/1098] 10.222.0.41 () {64 vars in 1433 bytes} [Thu May 6 03:56:05 2021] PUT /placement/allocations/1bd05210-2a22-43f2-aaee-f362ac0f4b38 => generated 0 bytes in 126 msecs (HTTP/1.1 204) 5 headers in 199 bytes (2 switches on core 0)
May 06 03:56:06.742780 n-d-768852-14 devstack@placement-api.service[75143]: DEBUG placement.requestlog [req-bd71fbe2-db26-478d-a779-4d0fbd4539d7 req-5db1cdce-5bcd-4fba-948f-e1dee1e66c21 None None] Starting request: 10.222.0.44 "GET /placement/resource_providers/a52cb8cb-c717-4aba-b86d-0d9c73aa15bc/allocations" {{(pid=75143) __call__ /opt/stack/placement/placement/requestlog.py:55}}
May 06 03:56:06.816613 n-d-768852-14 devstack@placement-api.service[75144]: DEBUG placement.requestlog [req-833d39f9-b632-41f0-99c9-99d19ca57eab req-1e9b9bb1-8d73-455a-8666-e452db175ca0 None None] Starting request: 10.222.0.20 "GET /placement/allocations/1bd05210-2a22-43f2-aaee-f362ac0f4b38" {{(pid=75144) __call__ /opt/stack/placement/placement/requestlog.py:55}}
May 06 03:56:06.857943 n-d-768852-14 devstack@placement-api.service[75143]: INFO placement.requestlog [req-bd71fbe2-db26-478d-a779-4d0fbd4539d7 req-5db1cdce-5bcd-4fba-948f-e1dee1e66c21 service placement] 10.222.0.44 "GET /placement/resource_providers/a52cb8cb-c717-4aba-b86d-0d9c73aa15bc/allocations" status: 200 len: 646 microversion: 1.0
May 06 03:56:06.863267 n-d-768852-14 devstack@placement-api.service[75144]: INFO placement.requestlog [req-833d39f9-b632-41f0-99c9-99d19ca57eab req-1e9b9bb1-8d73-455a-8666-e452db175ca0 service placement] 10.222.0.20 "GET /placement/allocations/1bd05210-2a22-43f2-aaee-f362ac0f4b38" status: 200 len: 260 microversion: 1.28
May 06 03:56:06.871482 n-d-768852-14 devstack@placement-api.service[75143]: [pid: 75143|app: 0|req: 551/1100] 10.222.0.44 () {58 vars in 1391 bytes} [Thu May 6 03:56:06 2021] GET /placement/resource_providers/a52cb8cb-c717-4aba-b86d-0d9c73aa15bc/allocations => generated 646 bytes in 129 msecs (HTTP/1.1 200) 6 headers in 224 bytes (1 switches on core 0)
May 06 03:56:06.871752 n-d-768852-14 devstack@placement-api.service[75144]: [pid: 75144|app: 0|req: 549/1100] 10.222.0.20 () {60 vars in 1378 bytes} [Thu May 6 03:56:06 2021] GET /placement/allocations/1bd05210-2a22-43f2-aaee-f362ac0f4b38 => generated 260 bytes in 56 msecs (HTTP/1.1 200) 8 headers in 296 bytes (2 switches on core 0)
May 06 03:56:08.663331 n-d-768852-14 devstack@placement-api.service[75144]: DEBUG placement.requestlog [req-427099b4-f090-4f9c-9615-cb2e2c235c94 req-7eb73a81-9c22-4263-bdd4-fee6b624e19f None None] Starting request: 10.222.0.20 "GET /placement/resource_providers/49f72d23-6f5f-4ff5-a991-9b72453e2b21/allocations" {{(pid=75144) __call__ /opt/stack/placement/placement/requestlog.py:55}}
May 06 03:56:08.772747 n-d-768852-14 devstack@placement-api.service[75144]: INFO placement.requestlog [req-427099b4-f090-4f9c-9615-cb2e2c235c94 req-7eb73a81-9c22-4263-bdd4-fee6b624e19f service placement] 10.222.0.20 "GET /placement/resource_providers/49f72d23-6f5f-4ff5-a991-9b72453e2b21/allocations" status: 200 len: 559 microversion: 1.0
May 06 03:56:08.773749 n-d-768852-14 devstack@placement-api.service[75144]: [pid: 75144|app: 0|req: 550/1101] 10.222.0.20 () {58 vars in 1391 bytes} [Thu May 6 03:56:08 2021] GET /placement/resource_providers/49f72d23-6f5f-4ff5-a991-9b72453e2b21/allocations => generated 559 bytes in 112 msecs (HTTP/1.1 200) 6 headers in 224 bytes (1 switches on core 0)
May 06 03:56:23.373830 n-d-768852-14 devstack@placement-api.service[75143]: DEBUG placement.requestlog [req-ee131289-a468-44fe-9894-e892306fd604 req-3b5e5c35-6d0a-4690-8346-7a6e6ca37f8a None None] Starting request: 10.222.0.20 "GET /placement/allocations/48b7cc25-0157-440e-be3b-898e9d4ebe85" {{(pid=75143) __call__ /opt/stack/placement/placement/requestlog.py:55}}
May 06 03:56:23.397740 n-d-768852-14 devstack@placement-api.service[75143]: INFO placement.requestlog [req-ee131289-a468-44fe-9894-e892306fd604 req-3b5e5c35-6d0a-4690-8346-7a6e6ca37f8a service placement] 10.222.0.20 "GET /placement/allocations/48b7cc25-0157-440e-be3b-898e9d4ebe85" status: 200 len: 260 microversion: 1.28
May 06 03:56:23.398661 n-d-768852-14 devstack@placement-api.service[75143]: [pid: 75143|app: 0|req: 552/1102] 10.222.0.20 () {60 vars in 1378 bytes} [Thu May 6 03:56:23 2021] GET /placement/allocations/48b7cc25-0157-440e-be3b-898e9d4ebe85 => generated 260 bytes in 39 msecs (HTTP/1.1 200) 8 headers in 296 bytes (2 switches on core 0)
May 06 03:56:23.406837 n-d-768852-14 devstack@placement-api.service[75144]: DEBUG placement.requestlog [req-ee131289-a468-44fe-9894-e892306fd604 req-9a498b26-f4cb-4866-a8d9-d5b9dacc5fa8 None None] Starting request: 10.222.0.20 "PUT /placement/allocations/48b7cc25-0157-440e-be3b-898e9d4ebe85" {{(pid=75144) __call__ /opt/stack/placement/placement/requestlog.py:55}}
May 06 03:56:23.567641 n-d-768852-14 devstack@placement-api.service[75144]: DEBUG placement.handlers.allocation [req-ee131289-a468-44fe-9894-e892306fd604 req-9a498b26-f4cb-4866-a8d9-d5b9dacc5fa8 service placement] Successfully wrote allocations [, , ] {{(pid=75144) _create_allocations /opt/stack/placement/placement/handlers/allocation.py:435}}
May 06 03:56:23.568589 n-d-768852-14 devstack@placement-api.service[75144]: INFO placement.requestlog [req-ee131289-a468-44fe-9894-e892306fd604 req-9a498b26-f4cb-4866-a8d9-d5b9dacc5fa8 service placement] 10.222.0.20 "PUT /placement/allocations/48b7cc25-0157-440e-be3b-898e9d4ebe85" status: 204 len: 0 microversion: 1.28
May 06 03:56:23.569969 n-d-768852-14 devstack@placement-api.service[75144]: [pid: 75144|app: 0|req: 551/1103] 10.222.0.20 () {64 vars in 1431 bytes} [Thu May 6 03:56:23 2021] PUT /placement/allocations/48b7cc25-0157-440e-be3b-898e9d4ebe85 => generated 0 bytes in 163 msecs (HTTP/1.1 204) 5 headers in 199 bytes (1 switches on core 0)
May 06 03:56:30.430944 n-d-768852-14 devstack@placement-api.service[75143]: DEBUG placement.requestlog [req-833d39f9-b632-41f0-99c9-99d19ca57eab req-351408e1-ba32-4635-96e9-a448194dd6e7 None None] Starting request: 10.222.0.20 "GET /placement/allocations/1bd05210-2a22-43f2-aaee-f362ac0f4b38" {{(pid=75143) __call__ /opt/stack/placement/placement/requestlog.py:55}}
May 06 03:56:30.447013 n-d-768852-14 devstack@placement-api.service[75143]: INFO placement.requestlog [req-833d39f9-b632-41f0-99c9-99d19ca57eab req-351408e1-ba32-4635-96e9-a448194dd6e7 service placement] 10.222.0.20 "GET /placement/allocations/1bd05210-2a22-43f2-aaee-f362ac0f4b38" status: 200 len: 260 microversion: 1.28
May 06 03:56:30.447870 n-d-768852-14 devstack@placement-api.service[75143]: [pid: 75143|app: 0|req: 553/1104] 10.222.0.20 () {60 vars in 1378 bytes} [Thu May 6 03:56:30 2021] GET /placement/allocations/1bd05210-2a22-43f2-aaee-f362ac0f4b38 => generated 260 bytes in 17 msecs (HTTP/1.1 200) 8 headers in 296 bytes (1 switches on core 0)
May 06 03:56:43.508098 n-d-768852-14 devstack@placement-api.service[75144]: DEBUG placement.requestlog [req-d2272380-1275-48d3-b57d-6cb03f09a003 req-cbc313c9-bfff-4511-b1b0-799f4b4e96a6 None None] Starting request: 10.222.0.44 "GET /placement/allocations/0a2dd0a7-53ae-48b0-9fab-af1401ecd93a" {{(pid=75144) __call__ /opt/stack/placement/placement/requestlog.py:55}}
May 06 03:56:43.541865 n-d-768852-14 devstack@placement-api.service[75144]: INFO placement.requestlog [req-d2272380-1275-48d3-b57d-6cb03f09a003 req-cbc313c9-bfff-4511-b1b0-799f4b4e96a6 service placement] 10.222.0.44 "GET /placement/allocations/0a2dd0a7-53ae-48b0-9fab-af1401ecd93a" status: 200 len: 260 microversion: 1.28
May 06 03:56:43.547140 n-d-768852-14 devstack@placement-api.service[75144]: [pid: 75144|app: 0|req: 552/1105] 10.222.0.44 () {60 vars in 1378 bytes} [Thu May 6 03:56:43 2021] GET /placement/allocations/0a2dd0a7-53ae-48b0-9fab-af1401ecd93a => generated 260 bytes in 41 msecs (HTTP/1.1 200) 8 headers in 296 bytes (1 switches on core 0)
May 06 03:56:43.553926 n-d-768852-14 devstack@placement-api.service[75143]: DEBUG placement.requestlog [req-d2272380-1275-48d3-b57d-6cb03f09a003 req-370ae395-c3d7-4177-a073-0da8957317b4 None None] Starting request: 10.222.0.44 "GET /placement/allocations/0a2dd0a7-53ae-48b0-9fab-af1401ecd93a" {{(pid=75143) __call__ /opt/stack/placement/placement/requestlog.py:55}}
May 06 03:56:43.594939 n-d-768852-14 devstack@placement-api.service[75143]: INFO placement.requestlog [req-d2272380-1275-48d3-b57d-6cb03f09a003 req-370ae395-c3d7-4177-a073-0da8957317b4 service placement] 10.222.0.44 "GET /placement/allocations/0a2dd0a7-53ae-48b0-9fab-af1401ecd93a" status: 200 len: 260 microversion: 1.28
May 06 03:56:43.598523 n-d-768852-14 devstack@placement-api.service[75143]: [pid: 75143|app: 0|req: 554/1106] 10.222.0.44 () {60 vars in 1378 bytes} [Thu May 6 03:56:43 2021] GET /placement/allocations/0a2dd0a7-53ae-48b0-9fab-af1401ecd93a => generated 260 bytes in 45 msecs (HTTP/1.1 200) 8 headers in 296 bytes (1 switches on core 0)
May 06 03:56:43.602481 n-d-768852-14 devstack@placement-api.service[75144]: DEBUG placement.requestlog [req-d2272380-1275-48d3-b57d-6cb03f09a003 req-e0f78470-97d3-44c7-b4bb-f32c87bcb802 None None] Starting request: 10.222.0.44 "GET /placement/allocations/1bd05210-2a22-43f2-aaee-f362ac0f4b38" {{(pid=75144) __call__ /opt/stack/placement/placement/requestlog.py:55}}
May 06 03:56:43.630370 n-d-768852-14 devstack@placement-api.service[75144]: INFO placement.requestlog [req-d2272380-1275-48d3-b57d-6cb03f09a003 req-e0f78470-97d3-44c7-b4bb-f32c87bcb802 service placement] 10.222.0.44 "GET /placement/allocations/1bd05210-2a22-43f2-aaee-f362ac0f4b38" status: 200 len: 260 microversion: 1.28
May 06 03:56:43.631206 n-d-768852-14 devstack@placement-api.service[75144]: [pid: 75144|app: 0|req: 553/1107] 10.222.0.44 () {60 vars in 1378 bytes} [Thu May 6 03:56:43 2021] GET /placement/allocations/1bd05210-2a22-43f2-aaee-f362ac0f4b38 => generated 260 bytes in 29 msecs (HTTP/1.1 200) 8 headers in 296 bytes (1 switches on core 0)
