May 19 08:37:57.910964 n-d-768851-21 devstack@placement-api.service[105650]: DEBUG placement.requestlog [req-afecd7db-89ab-40ed-8742-e5a4ee10d0b1 req-8c1a1568-7090-45c8-8c45-3dd470d00816 None None] Starting request: 10.222.0.24 "GET /placement/allocation_candidates?limit=1000&resources=DISK_GB%3A1%2CMEMORY_MB%3A1024%2CVCPU%3A1&root_required=%21COMPUTE_STATUS_DISABLED" {{(pid=105650) __call__ /opt/stack/placement/placement/requestlog.py:55}}
May 19 08:37:57.997292 n-d-768851-21 devstack@placement-api.service[105650]: DEBUG placement.objects.research_context [req-afecd7db-89ab-40ed-8742-e5a4ee10d0b1 req-8c1a1568-7090-45c8-8c45-3dd470d00816 service placement] getting providers with 1 DISK_GB {{(pid=105650) __init__ /opt/stack/placement/placement/objects/research_context.py:136}}
May 19 08:37:58.030363 n-d-768851-21 devstack@placement-api.service[105650]: DEBUG placement.objects.research_context [req-afecd7db-89ab-40ed-8742-e5a4ee10d0b1 req-8c1a1568-7090-45c8-8c45-3dd470d00816 service placement] getting providers with 1024 MEMORY_MB {{(pid=105650) __init__ /opt/stack/placement/placement/objects/research_context.py:136}}
May 19 08:37:58.047086 n-d-768851-21 devstack@placement-api.service[105650]: DEBUG placement.objects.research_context [req-afecd7db-89ab-40ed-8742-e5a4ee10d0b1 req-8c1a1568-7090-45c8-8c45-3dd470d00816 service placement] getting providers with 1 VCPU {{(pid=105650) __init__ /opt/stack/placement/placement/objects/research_context.py:136}}
May 19 08:37:58.059594 n-d-768851-21 devstack@placement-api.service[105650]: DEBUG placement.objects.research_context [req-afecd7db-89ab-40ed-8742-e5a4ee10d0b1 req-8c1a1568-7090-45c8-8c45-3dd470d00816 service placement] found 2 providers with available 1 DISK_GB {{(pid=105650) get_provider_ids_matching /opt/stack/placement/placement/objects/research_context.py:563}}
May 19 08:37:58.059889 n-d-768851-21 devstack@placement-api.service[105650]: DEBUG placement.objects.research_context [req-afecd7db-89ab-40ed-8742-e5a4ee10d0b1 req-8c1a1568-7090-45c8-8c45-3dd470d00816 service placement] found 2 providers with available 1024 MEMORY_MB {{(pid=105650) get_provider_ids_matching /opt/stack/placement/placement/objects/research_context.py:563}}
May 19 08:37:58.060186 n-d-768851-21 devstack@placement-api.service[105650]: DEBUG placement.objects.research_context [req-afecd7db-89ab-40ed-8742-e5a4ee10d0b1 req-8c1a1568-7090-45c8-8c45-3dd470d00816 service placement] found 2 providers after filtering by previous result {{(pid=105650) get_provider_ids_matching /opt/stack/placement/placement/objects/research_context.py:594}}
May 19 08:37:58.060711 n-d-768851-21 devstack@placement-api.service[105650]: DEBUG placement.objects.research_context [req-afecd7db-89ab-40ed-8742-e5a4ee10d0b1 req-8c1a1568-7090-45c8-8c45-3dd470d00816 service placement] found 2 providers with available 1 VCPU {{(pid=105650) get_provider_ids_matching /opt/stack/placement/placement/objects/research_context.py:563}}
May 19 08:37:58.062131 n-d-768851-21 devstack@placement-api.service[105650]: DEBUG placement.objects.research_context [req-afecd7db-89ab-40ed-8742-e5a4ee10d0b1 req-8c1a1568-7090-45c8-8c45-3dd470d00816 service placement] found 2 providers after filtering by previous result {{(pid=105650) get_provider_ids_matching /opt/stack/placement/placement/objects/research_context.py:594}}
May 19 08:37:58.104274 n-d-768851-21 devstack@placement-api.service[105650]: DEBUG placement.objects.allocation_candidate [req-afecd7db-89ab-40ed-8742-e5a4ee10d0b1 req-8c1a1568-7090-45c8-8c45-3dd470d00816 service placement] RequestGroup(use_same_provider=False, resources={DISK_GB:1, MEMORY_MB:1024, VCPU:1}, traits=(), aggregates=[]) (suffix '') returned 2 matches {{(pid=105650) _get_by_requests /opt/stack/placement/placement/objects/allocation_candidate.py:156}}
May 19 08:37:58.105146 n-d-768851-21 devstack@placement-api.service[105650]: DEBUG placement.objects.allocation_candidate [req-afecd7db-89ab-40ed-8742-e5a4ee10d0b1 req-8c1a1568-7090-45c8-8c45-3dd470d00816 service placement] Merging candidates yields 2 allocation requests and 2 provider summaries {{(pid=105650) _merge_candidates /opt/stack/placement/placement/objects/allocation_candidate.py:809}}
May 19 08:37:58.119649 n-d-768851-21 devstack@placement-api.service[105650]: INFO placement.requestlog [req-afecd7db-89ab-40ed-8742-e5a4ee10d0b1 req-8c1a1568-7090-45c8-8c45-3dd470d00816 service placement] 10.222.0.24 "GET /placement/allocation_candidates?limit=1000&resources=DISK_GB%3A1%2CMEMORY_MB%3A1024%2CVCPU%3A1&root_required=%21COMPUTE_STATUS_DISABLED" status: 200 len: 1309 microversion: 1.36
May 19 08:37:58.131145 n-d-768851-21 devstack@placement-api.service[105650]: [pid: 105650|app: 0|req: 437/868] 10.222.0.24 () {60 vars in 1506 bytes} [Thu May 19 08:37:57 2022] GET /placement/allocation_candidates?limit=1000&resources=DISK_GB%3A1%2CMEMORY_MB%3A1024%2CVCPU%3A1&root_required=%21COMPUTE_STATUS_DISABLED => generated 1309 bytes in 220 msecs (HTTP/1.1 200) 8 headers in 297 bytes (1 switches on core 0)
May 19 08:37:58.227286 n-d-768851-21 devstack@placement-api.service[105649]: DEBUG placement.requestlog [req-afecd7db-89ab-40ed-8742-e5a4ee10d0b1 req-145f9601-9885-4aba-b2ff-73baae48f2b2 None None] Starting request: 10.222.0.24 "GET /placement/allocations/181b0716-9425-4db5-8656-98c65784c061" {{(pid=105649) __call__ /opt/stack/placement/placement/requestlog.py:55}}
May 19 08:37:58.265776 n-d-768851-21 devstack@placement-api.service[105649]: INFO placement.requestlog [req-afecd7db-89ab-40ed-8742-e5a4ee10d0b1 req-145f9601-9885-4aba-b2ff-73baae48f2b2 service placement] 10.222.0.24 "GET /placement/allocations/181b0716-9425-4db5-8656-98c65784c061" status: 200 len: 19 microversion: 1.28
May 19 08:37:58.286784 n-d-768851-21 devstack@placement-api.service[105649]: [pid: 105649|app: 0|req: 432/869] 10.222.0.24 () {60 vars in 1380 bytes} [Thu May 19 08:37:58 2022] GET /placement/allocations/181b0716-9425-4db5-8656-98c65784c061 => generated 19 bytes in 48 msecs (HTTP/1.1 200) 8 headers in 295 bytes (1 switches on core 0)
May 19 08:37:58.293637 n-d-768851-21 devstack@placement-api.service[105650]: DEBUG placement.requestlog [req-afecd7db-89ab-40ed-8742-e5a4ee10d0b1 req-01bb309f-629a-4430-8594-5e6fefefe71c None None] Starting request: 10.222.0.24 "PUT /placement/allocations/181b0716-9425-4db5-8656-98c65784c061" {{(pid=105650) __call__ /opt/stack/placement/placement/requestlog.py:55}}
May 19 08:37:58.504548 n-d-768851-21 devstack@placement-api.service[105650]: DEBUG placement.handlers.allocation [req-afecd7db-89ab-40ed-8742-e5a4ee10d0b1 req-01bb309f-629a-4430-8594-5e6fefefe71c service placement] Successfully wrote allocations [, , ] {{(pid=105650) _update_consumers_and_create_allocations /opt/stack/placement/placement/handlers/allocation.py:462}}
May 19 08:37:58.677480 n-d-768851-21 devstack@placement-api.service[105650]: INFO placement.requestlog [req-afecd7db-89ab-40ed-8742-e5a4ee10d0b1 req-01bb309f-629a-4430-8594-5e6fefefe71c service placement] 10.222.0.24 "PUT /placement/allocations/181b0716-9425-4db5-8656-98c65784c061" status: 204 len: 0 microversion: 1.36
May 19 08:37:58.682817 n-d-768851-21 devstack@placement-api.service[105650]: [pid: 105650|app: 0|req: 438/870] 10.222.0.24 () {64 vars in 1433 bytes} [Thu May 19 08:37:58 2022] PUT /placement/allocations/181b0716-9425-4db5-8656-98c65784c061 => generated 0 bytes in 386 msecs (HTTP/1.1 204) 5 headers in 199 bytes (2 switches on core 0)
May 19 08:37:58.709496 n-d-768851-21 devstack@placement-api.service[105649]: DEBUG placement.requestlog [req-afecd7db-89ab-40ed-8742-e5a4ee10d0b1 req-1fbba399-b58b-4a05-b3e9-8aa8e87aec5f None None] Starting request: 10.222.0.24 "GET /placement/allocations/92411a5c-6bd4-473c-88a2-ee767a41ca04" {{(pid=105649) __call__ /opt/stack/placement/placement/requestlog.py:55}}
May 19 08:37:58.725226 n-d-768851-21 devstack@placement-api.service[105649]: INFO placement.requestlog [req-afecd7db-89ab-40ed-8742-e5a4ee10d0b1 req-1fbba399-b58b-4a05-b3e9-8aa8e87aec5f service placement] 10.222.0.24 "GET /placement/allocations/92411a5c-6bd4-473c-88a2-ee767a41ca04" status: 200 len: 19 microversion: 1.28
May 19 08:37:58.728657 n-d-768851-21 devstack@placement-api.service[105649]: [pid: 105649|app: 0|req: 433/871] 10.222.0.24 () {60 vars in 1380 bytes} [Thu May 19 08:37:58 2022] GET /placement/allocations/92411a5c-6bd4-473c-88a2-ee767a41ca04 => generated 19 bytes in 20 msecs (HTTP/1.1 200) 8 headers in 295 bytes (1 switches on core 0)
May 19 08:37:58.736512 n-d-768851-21 devstack@placement-api.service[105650]: DEBUG placement.requestlog [req-afecd7db-89ab-40ed-8742-e5a4ee10d0b1 req-31fcbf08-6c0c-416d-8782-be5b717197e9 None None] Starting request: 10.222.0.24 "PUT /placement/allocations/92411a5c-6bd4-473c-88a2-ee767a41ca04" {{(pid=105650) __call__ /opt/stack/placement/placement/requestlog.py:55}}
May 19 08:37:58.888427 n-d-768851-21 devstack@placement-api.service[105649]: DEBUG placement.requestlog [req-bf8d2c86-33fd-4c1d-a035-d69b8999ffb8 req-5938d8a7-599c-452d-8553-d83be027ca10 None None] Starting request: 10.222.0.76 "DELETE /placement/allocations/fe23f2c4-8ccc-45c6-a702-add39e4fadb6" {{(pid=105649) __call__ /opt/stack/placement/placement/requestlog.py:55}}
May 19 08:37:59.142377 n-d-768851-21 devstack@placement-api.service[105650]: DEBUG placement.handlers.allocation [req-afecd7db-89ab-40ed-8742-e5a4ee10d0b1 req-31fcbf08-6c0c-416d-8782-be5b717197e9 service placement] Successfully wrote allocations [, , ] {{(pid=105650) _update_consumers_and_create_allocations /opt/stack/placement/placement/handlers/allocation.py:462}}
May 19 08:37:59.196760 n-d-768851-21 devstack@placement-api.service[105649]: DEBUG placement.handlers.allocation [req-bf8d2c86-33fd-4c1d-a035-d69b8999ffb8 req-5938d8a7-599c-452d-8553-d83be027ca10 service placement] Successfully deleted allocations [, , ] {{(pid=105649) delete_allocations /opt/stack/placement/placement/handlers/allocation.py:627}}
May 19 08:37:59.205579 n-d-768851-21 devstack@placement-api.service[105649]: INFO placement.requestlog [req-bf8d2c86-33fd-4c1d-a035-d69b8999ffb8 req-5938d8a7-599c-452d-8553-d83be027ca10 service placement] 10.222.0.76 "DELETE /placement/allocations/fe23f2c4-8ccc-45c6-a702-add39e4fadb6" status: 204 len: 0 microversion: 1.0
May 19 08:37:59.214323 n-d-768851-21 devstack@placement-api.service[105649]: [pid: 105649|app: 0|req: 434/872] 10.222.0.76 () {60 vars in 1355 bytes} [Thu May 19 08:37:58 2022] DELETE /placement/allocations/fe23f2c4-8ccc-45c6-a702-add39e4fadb6 => generated 0 bytes in 323 msecs (HTTP/1.1 204) 5 headers in 198 bytes (1 switches on core 0)
May 19 08:37:59.232113 n-d-768851-21 devstack@placement-api.service[105650]: INFO placement.requestlog [req-afecd7db-89ab-40ed-8742-e5a4ee10d0b1 req-31fcbf08-6c0c-416d-8782-be5b717197e9 service placement] 10.222.0.24 "PUT /placement/allocations/92411a5c-6bd4-473c-88a2-ee767a41ca04" status: 204 len: 0 microversion: 1.36
May 19 08:37:59.232856 n-d-768851-21 devstack@placement-api.service[105650]: [pid: 105650|app: 0|req: 439/873] 10.222.0.24 () {64 vars in 1433 bytes} [Thu May 19 08:37:58 2022] PUT /placement/allocations/92411a5c-6bd4-473c-88a2-ee767a41ca04 => generated 0 bytes in 497 msecs (HTTP/1.1 204) 5 headers in 199 bytes (1 switches on core 0)
May 19 08:38:00.810600 n-d-768851-21 devstack@placement-api.service[105649]: DEBUG placement.requestlog [req-93cc511a-2781-4f8c-8892-453442d00727 req-c7e1bd23-e5cc-440a-bf7d-11079d7a4bf1 None None] Starting request: 10.222.0.75 "DELETE /placement/allocations/93a9b70f-888d-4e5f-b939-c6ec3e3aa417" {{(pid=105649) __call__ /opt/stack/placement/placement/requestlog.py:55}}
May 19 08:38:01.153189 n-d-768851-21 devstack@placement-api.service[105649]: DEBUG placement.handlers.allocation [req-93cc511a-2781-4f8c-8892-453442d00727 req-c7e1bd23-e5cc-440a-bf7d-11079d7a4bf1 service placement] Successfully deleted allocations [, , ] {{(pid=105649) delete_allocations /opt/stack/placement/placement/handlers/allocation.py:627}}
May 19 08:38:01.153773 n-d-768851-21 devstack@placement-api.service[105649]: INFO placement.requestlog [req-93cc511a-2781-4f8c-8892-453442d00727 req-c7e1bd23-e5cc-440a-bf7d-11079d7a4bf1 service placement] 10.222.0.75 "DELETE /placement/allocations/93a9b70f-888d-4e5f-b939-c6ec3e3aa417" status: 204 len: 0 microversion: 1.0
May 19 08:38:01.154696 n-d-768851-21 devstack@placement-api.service[105649]: [pid: 105649|app: 0|req: 435/874] 10.222.0.75 () {60 vars in 1355 bytes} [Thu May 19 08:38:00 2022] DELETE /placement/allocations/93a9b70f-888d-4e5f-b939-c6ec3e3aa417 => generated 0 bytes in 344 msecs (HTTP/1.1 204) 5 headers in 198 bytes (1 switches on core 0)
May 19 08:38:01.178597 n-d-768851-21 devstack@placement-api.service[105650]: DEBUG placement.requestlog [req-afecd7db-89ab-40ed-8742-e5a4ee10d0b1 req-6cd7f105-723f-49e6-81e0-9c915847f44a None None] Starting request: 10.222.0.76 "GET /placement/allocations/181b0716-9425-4db5-8656-98c65784c061" {{(pid=105650) __call__ /opt/stack/placement/placement/requestlog.py:55}}
May 19 08:38:01.210079 n-d-768851-21 devstack@placement-api.service[105650]: INFO placement.requestlog [req-afecd7db-89ab-40ed-8742-e5a4ee10d0b1 req-6cd7f105-723f-49e6-81e0-9c915847f44a service placement] 10.222.0.76 "GET /placement/allocations/181b0716-9425-4db5-8656-98c65784c061" status: 200 len: 259 microversion: 1.28
May 19 08:38:01.218080 n-d-768851-21 devstack@placement-api.service[105650]: [pid: 105650|app: 0|req: 440/875] 10.222.0.76 () {60 vars in 1377 bytes} [Thu May 19 08:38:01 2022] GET /placement/allocations/181b0716-9425-4db5-8656-98c65784c061 => generated 259 bytes in 40 msecs (HTTP/1.1 200) 8 headers in 296 bytes (1 switches on core 0)
May 19 08:38:01.719116 n-d-768851-21 devstack@placement-api.service[105649]: DEBUG placement.requestlog [req-afecd7db-89ab-40ed-8742-e5a4ee10d0b1 req-d31694cf-185f-4ae4-9dfd-ff52c3820ccd None None] Starting request: 10.222.0.75 "GET /placement/allocations/92411a5c-6bd4-473c-88a2-ee767a41ca04" {{(pid=105649) __call__ /opt/stack/placement/placement/requestlog.py:55}}
May 19 08:38:01.736183 n-d-768851-21 devstack@placement-api.service[105649]: INFO placement.requestlog [req-afecd7db-89ab-40ed-8742-e5a4ee10d0b1 req-d31694cf-185f-4ae4-9dfd-ff52c3820ccd service placement] 10.222.0.75 "GET /placement/allocations/92411a5c-6bd4-473c-88a2-ee767a41ca04" status: 200 len: 259 microversion: 1.28
May 19 08:38:01.737137 n-d-768851-21 devstack@placement-api.service[105649]: [pid: 105649|app: 0|req: 436/876] 10.222.0.75 () {60 vars in 1377 bytes} [Thu May 19 08:38:01 2022] GET /placement/allocations/92411a5c-6bd4-473c-88a2-ee767a41ca04 => generated 259 bytes in 18 msecs (HTTP/1.1 200) 8 headers in 296 bytes (1 switches on core 0)
May 19 08:38:11.204044 n-d-768851-21 devstack@placement-api.service[105650]: DEBUG dbcounter [-] [105650] Writing DB stats placement:SELECT=42,placement:INSERT=8,placement:DELETE=4,placement:UPDATE=4 {{(pid=105650) stat_writer /usr/local/lib/python3.8/dist-packages/dbcounter.py:114}}
May 19 08:38:11.733869 n-d-768851-21 devstack@placement-api.service[105649]: DEBUG dbcounter [-] [105649] Writing DB stats placement:SELECT=28,placement:DELETE=4 {{(pid=105649) stat_writer /usr/local/lib/python3.8/dist-packages/dbcounter.py:114}}
May 19 08:38:13.908946 n-d-768851-21 devstack@placement-api.service[105650]: DEBUG placement.requestlog [req-7162847c-f3f0-4730-b5fb-d9f8f8f85a29 req-0c99f893-ebc6-4921-b86b-96a6e5f003b2 None None] Starting request: 10.222.0.75 "GET /placement/resource_providers/36dd4b8e-e603-4dda-ac0d-597b812401fa/allocations" {{(pid=105650) __call__ /opt/stack/placement/placement/requestlog.py:55}}
May 19 08:38:13.940954 n-d-768851-21 devstack@placement-api.service[105650]: INFO placement.requestlog [req-7162847c-f3f0-4730-b5fb-d9f8f8f85a29 req-0c99f893-ebc6-4921-b86b-96a6e5f003b2 service placement] 10.222.0.75 "GET /placement/resource_providers/36dd4b8e-e603-4dda-ac0d-597b812401fa/allocations" status: 200 len: 342 microversion: 1.0
May 19 08:38:13.941793 n-d-768851-21 devstack@placement-api.service[105650]: [pid: 105650|app: 0|req: 441/877] 10.222.0.75 () {58 vars in 1390 bytes} [Thu May 19 08:38:13 2022] GET /placement/resource_providers/36dd4b8e-e603-4dda-ac0d-597b812401fa/allocations => generated 342 bytes in 33 msecs (HTTP/1.1 200) 6 headers in 224 bytes (1 switches on core 0)
May 19 08:38:23.533135 n-d-768851-21 devstack@placement-api.service[105649]: DEBUG placement.requestlog [req-d9f857ac-c796-4a1c-9e0a-c4556ecce87e req-859d3d63-ef13-4b27-b9e7-3c1990a32966 None None] Starting request: 10.222.0.76 "DELETE /placement/allocations/181b0716-9425-4db5-8656-98c65784c061" {{(pid=105649) __call__ /opt/stack/placement/placement/requestlog.py:55}}
May 19 08:38:23.940246 n-d-768851-21 devstack@placement-api.service[105650]: DEBUG dbcounter [-] [105650] Writing DB stats placement:SELECT=6 {{(pid=105650) stat_writer /usr/local/lib/python3.8/dist-packages/dbcounter.py:114}}
May 19 08:38:24.057323 n-d-768851-21 devstack@placement-api.service[105649]: DEBUG placement.handlers.allocation [req-d9f857ac-c796-4a1c-9e0a-c4556ecce87e req-859d3d63-ef13-4b27-b9e7-3c1990a32966 service placement] Successfully deleted allocations [, , ] {{(pid=105649) delete_allocations /opt/stack/placement/placement/handlers/allocation.py:627}}
May 19 08:38:24.057965 n-d-768851-21 devstack@placement-api.service[105649]: INFO placement.requestlog [req-d9f857ac-c796-4a1c-9e0a-c4556ecce87e req-859d3d63-ef13-4b27-b9e7-3c1990a32966 service placement] 10.222.0.76 "DELETE /placement/allocations/181b0716-9425-4db5-8656-98c65784c061" status: 204 len: 0 microversion: 1.0
May 19 08:38:24.058422 n-d-768851-21 devstack@placement-api.service[105649]: [pid: 105649|app: 0|req: 437/878] 10.222.0.76 () {60 vars in 1355 bytes} [Thu May 19 08:38:23 2022] DELETE /placement/allocations/181b0716-9425-4db5-8656-98c65784c061 => generated 0 bytes in 526 msecs (HTTP/1.1 204) 5 headers in 198 bytes (1 switches on core 0)
May 19 08:38:25.078372 n-d-768851-21 devstack@placement-api.service[105650]: DEBUG placement.requestlog [req-a0a3e628-d24f-4c07-b7d4-c86ff7d62c81 req-e5c5fdfb-8960-4f26-b5e9-7a8c24db0835 None None] Starting request: 10.222.0.75 "DELETE /placement/allocations/92411a5c-6bd4-473c-88a2-ee767a41ca04" {{(pid=105650) __call__ /opt/stack/placement/placement/requestlog.py:55}}
May 19 08:38:25.321371 n-d-768851-21 devstack@placement-api.service[105650]: DEBUG placement.handlers.allocation [req-a0a3e628-d24f-4c07-b7d4-c86ff7d62c81 req-e5c5fdfb-8960-4f26-b5e9-7a8c24db0835 service placement] Successfully deleted allocations [, , ] {{(pid=105650) delete_allocations /opt/stack/placement/placement/handlers/allocation.py:627}}
May 19 08:38:25.326826 n-d-768851-21 devstack@placement-api.service[105650]: INFO placement.requestlog [req-a0a3e628-d24f-4c07-b7d4-c86ff7d62c81 req-e5c5fdfb-8960-4f26-b5e9-7a8c24db0835 service placement] 10.222.0.75 "DELETE /placement/allocations/92411a5c-6bd4-473c-88a2-ee767a41ca04" status: 204 len: 0 microversion: 1.0
May 19 08:38:25.326826 n-d-768851-21 devstack@placement-api.service[105650]: [pid: 105650|app: 0|req: 442/879] 10.222.0.75 () {60 vars in 1355 bytes} [Thu May 19 08:38:25 2022] DELETE /placement/allocations/92411a5c-6bd4-473c-88a2-ee767a41ca04 => generated 0 bytes in 245 msecs (HTTP/1.1 204) 5 headers in 198 bytes (1 switches on core 0)
May 19 08:38:33.891640 n-d-768851-21 devstack@placement-api.service[105649]: DEBUG dbcounter [-] [105649] Writing DB stats placement:SELECT=7,placement:DELETE=2 {{(pid=105649) stat_writer /usr/local/lib/python3.8/dist-packages/dbcounter.py:114}}
May 19 08:38:35.232014 n-d-768851-21 devstack@placement-api.service[105650]: DEBUG dbcounter [-] [105650] Writing DB stats placement:SELECT=7,placement:DELETE=2 {{(pid=105650) stat_writer /usr/local/lib/python3.8/dist-packages/dbcounter.py:114}}
May 19 08:38:47.723974 n-d-768851-21 devstack@placement-api.service[105649]: DEBUG placement.requestlog [req-11a073bb-ae5a-4e5f-a83e-124ad2d406a4 req-57231329-e52f-4fba-b422-07f1d1e92948 None None] Starting request: 10.222.0.75 "DELETE /placement/allocations/b0e8baa5-dfb9-482c-96ed-74ce3025270e" {{(pid=105649) __call__ /opt/stack/placement/placement/requestlog.py:55}}
May 19 08:38:47.962913 n-d-768851-21 devstack@placement-api.service[105649]: DEBUG placement.handlers.allocation [req-11a073bb-ae5a-4e5f-a83e-124ad2d406a4 req-57231329-e52f-4fba-b422-07f1d1e92948 service placement] Successfully deleted allocations [, , ] {{(pid=105649) delete_allocations /opt/stack/placement/placement/handlers/allocation.py:627}}
May 19 08:38:47.966768 n-d-768851-21 devstack@placement-api.service[105649]: INFO placement.requestlog [req-11a073bb-ae5a-4e5f-a83e-124ad2d406a4 req-57231329-e52f-4fba-b422-07f1d1e92948 service placement] 10.222.0.75 "DELETE /placement/allocations/b0e8baa5-dfb9-482c-96ed-74ce3025270e" status: 204 len: 0 microversion: 1.0
May 19 08:38:47.968576 n-d-768851-21 devstack@placement-api.service[105649]: [pid: 105649|app: 0|req: 438/880] 10.222.0.75 () {60 vars in 1355 bytes} [Thu May 19 08:38:47 2022] DELETE /placement/allocations/b0e8baa5-dfb9-482c-96ed-74ce3025270e => generated 0 bytes in 245 msecs (HTTP/1.1 204) 5 headers in 198 bytes (1 switches on core 0)
May 19 08:38:50.810903 n-d-768851-21 devstack@placement-api.service[105650]: DEBUG placement.requestlog [req-565c2cb3-16f6-4cda-80c1-eecee2a5454c req-bfdc09f1-1c47-42f7-a6bf-d2fcff9e25bb None None] Starting request: 10.222.0.24 "GET /placement/allocation_candidates?limit=1000&resources=DISK_GB%3A1%2CMEMORY_MB%3A1024%2CVCPU%3A1&root_required=%21COMPUTE_STATUS_DISABLED" {{(pid=105650) __call__ /opt/stack/placement/placement/requestlog.py:55}}
May 19 08:38:50.987461 n-d-768851-21 devstack@placement-api.service[105650]: DEBUG placement.objects.research_context [req-565c2cb3-16f6-4cda-80c1-eecee2a5454c req-bfdc09f1-1c47-42f7-a6bf-d2fcff9e25bb service placement] getting providers with 1 DISK_GB {{(pid=105650) __init__ /opt/stack/placement/placement/objects/research_context.py:136}}
May 19 08:38:51.019018 n-d-768851-21 devstack@placement-api.service[105650]: DEBUG placement.objects.research_context [req-565c2cb3-16f6-4cda-80c1-eecee2a5454c req-bfdc09f1-1c47-42f7-a6bf-d2fcff9e25bb service placement] getting providers with 1024 MEMORY_MB {{(pid=105650) __init__ /opt/stack/placement/placement/objects/research_context.py:136}}
May 19 08:38:51.054755 n-d-768851-21 devstack@placement-api.service[105650]: DEBUG placement.objects.research_context [req-565c2cb3-16f6-4cda-80c1-eecee2a5454c req-bfdc09f1-1c47-42f7-a6bf-d2fcff9e25bb service placement] getting providers with 1 VCPU {{(pid=105650) __init__ /opt/stack/placement/placement/objects/research_context.py:136}}
May 19 08:38:51.075897 n-d-768851-21 devstack@placement-api.service[105650]: DEBUG placement.objects.research_context [req-565c2cb3-16f6-4cda-80c1-eecee2a5454c req-bfdc09f1-1c47-42f7-a6bf-d2fcff9e25bb service placement] found 2 providers with available 1 DISK_GB {{(pid=105650) get_provider_ids_matching /opt/stack/placement/placement/objects/research_context.py:563}}
May 19 08:38:51.076184 n-d-768851-21 devstack@placement-api.service[105650]: DEBUG placement.objects.research_context [req-565c2cb3-16f6-4cda-80c1-eecee2a5454c req-bfdc09f1-1c47-42f7-a6bf-d2fcff9e25bb service placement] found 2 providers with available 1024 MEMORY_MB {{(pid=105650) get_provider_ids_matching /opt/stack/placement/placement/objects/research_context.py:563}}
May 19 08:38:51.076458 n-d-768851-21 devstack@placement-api.service[105650]: DEBUG placement.objects.research_context [req-565c2cb3-16f6-4cda-80c1-eecee2a5454c req-bfdc09f1-1c47-42f7-a6bf-d2fcff9e25bb service placement] found 2 providers after filtering by previous result {{(pid=105650) get_provider_ids_matching /opt/stack/placement/placement/objects/research_context.py:594}}
May 19 08:38:51.076721 n-d-768851-21 devstack@placement-api.service[105650]: DEBUG placement.objects.research_context [req-565c2cb3-16f6-4cda-80c1-eecee2a5454c req-bfdc09f1-1c47-42f7-a6bf-d2fcff9e25bb service placement] found 2 providers with available 1 VCPU {{(pid=105650) get_provider_ids_matching /opt/stack/placement/placement/objects/research_context.py:563}}
May 19 08:38:51.076980 n-d-768851-21 devstack@placement-api.service[105650]: DEBUG placement.objects.research_context [req-565c2cb3-16f6-4cda-80c1-eecee2a5454c req-bfdc09f1-1c47-42f7-a6bf-d2fcff9e25bb service placement] found 2 providers after filtering by previous result {{(pid=105650) get_provider_ids_matching /opt/stack/placement/placement/objects/research_context.py:594}}
May 19 08:38:51.099228 n-d-768851-21 devstack@placement-api.service[105650]: DEBUG placement.objects.allocation_candidate [req-565c2cb3-16f6-4cda-80c1-eecee2a5454c req-bfdc09f1-1c47-42f7-a6bf-d2fcff9e25bb service placement] RequestGroup(use_same_provider=False, resources={DISK_GB:1, MEMORY_MB:1024, VCPU:1}, traits=(), aggregates=[]) (suffix '') returned 2 matches {{(pid=105650) _get_by_requests /opt/stack/placement/placement/objects/allocation_candidate.py:156}}
May 19 08:38:51.099485 n-d-768851-21 devstack@placement-api.service[105650]: DEBUG placement.objects.allocation_candidate [req-565c2cb3-16f6-4cda-80c1-eecee2a5454c req-bfdc09f1-1c47-42f7-a6bf-d2fcff9e25bb service placement] Merging candidates yields 2 allocation requests and 2 provider summaries {{(pid=105650) _merge_candidates /opt/stack/placement/placement/objects/allocation_candidate.py:809}}
May 19 08:38:51.102890 n-d-768851-21 devstack@placement-api.service[105650]: INFO placement.requestlog [req-565c2cb3-16f6-4cda-80c1-eecee2a5454c req-bfdc09f1-1c47-42f7-a6bf-d2fcff9e25bb service placement] 10.222.0.24 "GET /placement/allocation_candidates?limit=1000&resources=DISK_GB%3A1%2CMEMORY_MB%3A1024%2CVCPU%3A1&root_required=%21COMPUTE_STATUS_DISABLED" status: 200 len: 1306 microversion: 1.36
May 19 08:38:51.108462 n-d-768851-21 devstack@placement-api.service[105650]: [pid: 105650|app: 0|req: 443/881] 10.222.0.24 () {60 vars in 1506 bytes} [Thu May 19 08:38:50 2022] GET /placement/allocation_candidates?limit=1000&resources=DISK_GB%3A1%2CMEMORY_MB%3A1024%2CVCPU%3A1&root_required=%21COMPUTE_STATUS_DISABLED => generated 1306 bytes in 298 msecs (HTTP/1.1 200) 8 headers in 297 bytes (1 switches on core 0)
May 19 08:38:51.198647 n-d-768851-21 devstack@placement-api.service[105649]: DEBUG placement.requestlog [req-565c2cb3-16f6-4cda-80c1-eecee2a5454c req-2728da96-5ad6-4514-a13b-90c9d2633aa2 None None] Starting request: 10.222.0.24 "GET /placement/allocations/c8028c45-60c0-463f-b2a9-fc874a266198" {{(pid=105649) __call__ /opt/stack/placement/placement/requestlog.py:55}}
May 19 08:38:51.213264 n-d-768851-21 devstack@placement-api.service[105649]: INFO placement.requestlog [req-565c2cb3-16f6-4cda-80c1-eecee2a5454c req-2728da96-5ad6-4514-a13b-90c9d2633aa2 service placement] 10.222.0.24 "GET /placement/allocations/c8028c45-60c0-463f-b2a9-fc874a266198" status: 200 len: 19 microversion: 1.28
May 19 08:38:51.218651 n-d-768851-21 devstack@placement-api.service[105649]: [pid: 105649|app: 0|req: 439/882] 10.222.0.24 () {60 vars in 1380 bytes} [Thu May 19 08:38:51 2022] GET /placement/allocations/c8028c45-60c0-463f-b2a9-fc874a266198 => generated 19 bytes in 20 msecs (HTTP/1.1 200) 8 headers in 295 bytes (1 switches on core 0)
May 19 08:38:51.220904 n-d-768851-21 devstack@placement-api.service[105650]: DEBUG placement.requestlog [req-565c2cb3-16f6-4cda-80c1-eecee2a5454c req-44ac65aa-5dc4-455a-be0d-7e072abb8e02 None None] Starting request: 10.222.0.24 "PUT /placement/allocations/c8028c45-60c0-463f-b2a9-fc874a266198" {{(pid=105650) __call__ /opt/stack/placement/placement/requestlog.py:55}}
May 19 08:38:51.536283 n-d-768851-21 devstack@placement-api.service[105650]: DEBUG placement.handlers.allocation [req-565c2cb3-16f6-4cda-80c1-eecee2a5454c req-44ac65aa-5dc4-455a-be0d-7e072abb8e02 service placement] Successfully wrote allocations [, , ] {{(pid=105650) _update_consumers_and_create_allocations /opt/stack/placement/placement/handlers/allocation.py:462}}
May 19 08:38:51.686074 n-d-768851-21 devstack@placement-api.service[105650]: INFO placement.requestlog [req-565c2cb3-16f6-4cda-80c1-eecee2a5454c req-44ac65aa-5dc4-455a-be0d-7e072abb8e02 service placement] 10.222.0.24 "PUT /placement/allocations/c8028c45-60c0-463f-b2a9-fc874a266198" status: 204 len: 0 microversion: 1.36
May 19 08:38:51.687468 n-d-768851-21 devstack@placement-api.service[105650]: [pid: 105650|app: 0|req: 444/883] 10.222.0.24 () {64 vars in 1433 bytes} [Thu May 19 08:38:51 2022] PUT /placement/allocations/c8028c45-60c0-463f-b2a9-fc874a266198 => generated 0 bytes in 466 msecs (HTTP/1.1 204) 5 headers in 199 bytes (1 switches on core 0)
May 19 08:38:52.904171 n-d-768851-21 devstack@placement-api.service[105649]: DEBUG placement.requestlog [req-57ea3659-2e99-4db5-96b5-e905b24bcdf7 req-f32aee40-f18d-477a-bb7a-e57b08b63391 None None] Starting request: 10.222.0.76 "GET /placement/resource_providers/82d34284-9e3d-449c-ab60-99c498ef3d25/allocations" {{(pid=105649) __call__ /opt/stack/placement/placement/requestlog.py:55}}
May 19 08:38:53.145430 n-d-768851-21 devstack@placement-api.service[105649]: INFO placement.requestlog [req-57ea3659-2e99-4db5-96b5-e905b24bcdf7 req-f32aee40-f18d-477a-bb7a-e57b08b63391 service placement] 10.222.0.76 "GET /placement/resource_providers/82d34284-9e3d-449c-ab60-99c498ef3d25/allocations" status: 200 len: 155 microversion: 1.0
May 19 08:38:53.146157 n-d-768851-21 devstack@placement-api.service[105649]: [pid: 105649|app: 0|req: 440/884] 10.222.0.76 () {58 vars in 1390 bytes} [Thu May 19 08:38:52 2022] GET /placement/resource_providers/82d34284-9e3d-449c-ab60-99c498ef3d25/allocations => generated 155 bytes in 242 msecs (HTTP/1.1 200) 6 headers in 224 bytes (1 switches on core 0)
May 19 08:38:53.275954 n-d-768851-21 devstack@placement-api.service[105650]: DEBUG placement.requestlog [req-565c2cb3-16f6-4cda-80c1-eecee2a5454c req-52bceeb9-ae7a-467a-9c21-bf1158ebcdd3 None None] Starting request: 10.222.0.76 "GET /placement/allocations/c8028c45-60c0-463f-b2a9-fc874a266198" {{(pid=105650) __call__ /opt/stack/placement/placement/requestlog.py:55}}
May 19 08:38:53.298324 n-d-768851-21 devstack@placement-api.service[105650]: INFO placement.requestlog [req-565c2cb3-16f6-4cda-80c1-eecee2a5454c req-52bceeb9-ae7a-467a-9c21-bf1158ebcdd3 service placement] 10.222.0.76 "GET /placement/allocations/c8028c45-60c0-463f-b2a9-fc874a266198" status: 200 len: 260 microversion: 1.28
May 19 08:38:53.299603 n-d-768851-21 devstack@placement-api.service[105650]: [pid: 105650|app: 0|req: 445/885] 10.222.0.76 () {60 vars in 1377 bytes} [Thu May 19 08:38:53 2022] GET /placement/allocations/c8028c45-60c0-463f-b2a9-fc874a266198 => generated 260 bytes in 24 msecs (HTTP/1.1 200) 8 headers in 296 bytes (1 switches on core 0)
May 19 08:38:53.372614 n-d-768851-21 devstack@placement-api.service[105649]: DEBUG placement.requestlog [req-57ea3659-2e99-4db5-96b5-e905b24bcdf7 req-7697614b-61d1-4899-932e-a0b87d894d0c None None] Starting request: 10.222.0.76 "GET /placement/resource_providers?in_tree=82d34284-9e3d-449c-ab60-99c498ef3d25" {{(pid=105649) __call__ /opt/stack/placement/placement/requestlog.py:55}}
May 19 08:38:53.409947 n-d-768851-21 devstack@placement-api.service[105649]: INFO placement.requestlog [req-57ea3659-2e99-4db5-96b5-e905b24bcdf7 req-7697614b-61d1-4899-932e-a0b87d894d0c service placement] 10.222.0.76 "GET /placement/resource_providers?in_tree=82d34284-9e3d-449c-ab60-99c498ef3d25" status: 200 len: 865 microversion: 1.14
May 19 08:38:53.412708 n-d-768851-21 devstack@placement-api.service[105649]: [pid: 105649|app: 0|req: 441/886] 10.222.0.76 () {60 vars in 1376 bytes} [Thu May 19 08:38:53 2022] GET /placement/resource_providers?in_tree=82d34284-9e3d-449c-ab60-99c498ef3d25 => generated 865 bytes in 39 msecs (HTTP/1.1 200) 6 headers in 225 bytes (1 switches on core 0)
May 19 08:38:53.420554 n-d-768851-21 devstack@placement-api.service[105650]: DEBUG placement.requestlog [req-57ea3659-2e99-4db5-96b5-e905b24bcdf7 req-503054ed-feef-4511-8ccd-ebc4ac34df8f None None] Starting request: 10.222.0.76 "GET /placement/resource_providers/82d34284-9e3d-449c-ab60-99c498ef3d25/inventories" {{(pid=105650) __call__ /opt/stack/placement/placement/requestlog.py:55}}
May 19 08:38:53.468793 n-d-768851-21 devstack@placement-api.service[105650]: INFO placement.requestlog [req-57ea3659-2e99-4db5-96b5-e905b24bcdf7 req-503054ed-feef-4511-8ccd-ebc4ac34df8f service placement] 10.222.0.76 "GET /placement/resource_providers/82d34284-9e3d-449c-ab60-99c498ef3d25/inventories" status: 200 len: 399 microversion: 1.0
May 19 08:38:53.469436 n-d-768851-21 devstack@placement-api.service[105650]: [pid: 105650|app: 0|req: 446/887] 10.222.0.76 () {58 vars in 1390 bytes} [Thu May 19 08:38:53 2022] GET /placement/resource_providers/82d34284-9e3d-449c-ab60-99c498ef3d25/inventories => generated 399 bytes in 49 msecs (HTTP/1.1 200) 6 headers in 224 bytes (1 switches on core 0)
May 19 08:38:53.478577 n-d-768851-21 devstack@placement-api.service[105649]: DEBUG placement.requestlog [req-57ea3659-2e99-4db5-96b5-e905b24bcdf7 req-7bb07867-6177-4738-b472-09df8729008e None None] Starting request: 10.222.0.76 "GET /placement/resource_providers/82d34284-9e3d-449c-ab60-99c498ef3d25/aggregates" {{(pid=105649) __call__ /opt/stack/placement/placement/requestlog.py:55}}
May 19 08:38:53.511572 n-d-768851-21 devstack@placement-api.service[105649]: INFO placement.requestlog [req-57ea3659-2e99-4db5-96b5-e905b24bcdf7 req-7bb07867-6177-4738-b472-09df8729008e service placement] 10.222.0.76 "GET /placement/resource_providers/82d34284-9e3d-449c-ab60-99c498ef3d25/aggregates" status: 200 len: 55 microversion: 1.19
May 19 08:38:53.512607 n-d-768851-21 devstack@placement-api.service[105649]: [pid: 105649|app: 0|req: 442/888] 10.222.0.76 () {60 vars in 1431 bytes} [Thu May 19 08:38:53 2022] GET /placement/resource_providers/82d34284-9e3d-449c-ab60-99c498ef3d25/aggregates => generated 55 bytes in 34 msecs (HTTP/1.1 200) 8 headers in 295 bytes (1 switches on core 0)
May 19 08:38:53.519808 n-d-768851-21 devstack@placement-api.service[105650]: DEBUG placement.requestlog [req-57ea3659-2e99-4db5-96b5-e905b24bcdf7 req-1aba406b-990a-4281-9620-f0cab3352b8d None None] Starting request: 10.222.0.76 "GET /placement/resource_providers/82d34284-9e3d-449c-ab60-99c498ef3d25/traits" {{(pid=105650) __call__ /opt/stack/placement/placement/requestlog.py:55}}
May 19 08:38:53.578177 n-d-768851-21 devstack@placement-api.service[105650]: INFO placement.requestlog [req-57ea3659-2e99-4db5-96b5-e905b24bcdf7 req-1aba406b-990a-4281-9620-f0cab3352b8d service placement] 10.222.0.76 "GET /placement/resource_providers/82d34284-9e3d-449c-ab60-99c498ef3d25/traits" status: 200 len: 213 microversion: 1.6
May 19 08:38:53.578556 n-d-768851-21 devstack@placement-api.service[105650]: [pid: 105650|app: 0|req: 447/889] 10.222.0.76 () {60 vars in 1418 bytes} [Thu May 19 08:38:53 2022] GET /placement/resource_providers/82d34284-9e3d-449c-ab60-99c498ef3d25/traits => generated 213 bytes in 59 msecs (HTTP/1.1 200) 6 headers in 224 bytes (1 switches on core 0)
May 19 08:39:03.506697 n-d-768851-21 devstack@placement-api.service[105649]: DEBUG dbcounter [-] [105649] Writing DB stats placement:SELECT=22,placement:DELETE=2 {{(pid=105649) stat_writer /usr/local/lib/python3.8/dist-packages/dbcounter.py:114}}
May 19 08:39:03.534842 n-d-768851-21 devstack@placement-api.service[105650]: DEBUG dbcounter [-] [105650] Writing DB stats placement:SELECT=42,placement:INSERT=6,placement:DELETE=2,placement:UPDATE=2 {{(pid=105650) stat_writer /usr/local/lib/python3.8/dist-packages/dbcounter.py:114}}
May 19 08:39:04.456322 n-d-768851-21 devstack@placement-api.service[105649]: DEBUG placement.requestlog [req-db137878-1622-4c60-89a4-e4b5f94ed4a1 req-8fc1f255-f93f-4f0b-b4a6-fa921b26fa1a None None] Starting request: 10.222.0.75 "GET /placement/resource_providers/36dd4b8e-e603-4dda-ac0d-597b812401fa/allocations" {{(pid=105649) __call__ /opt/stack/placement/placement/requestlog.py:55}}
May 19 08:39:04.785135 n-d-768851-21 devstack@placement-api.service[105649]: INFO placement.requestlog [req-db137878-1622-4c60-89a4-e4b5f94ed4a1 req-8fc1f255-f93f-4f0b-b4a6-fa921b26fa1a service placement] 10.222.0.75 "GET /placement/resource_providers/36dd4b8e-e603-4dda-ac0d-597b812401fa/allocations" status: 200 len: 140 microversion: 1.0
May 19 08:39:04.785942 n-d-768851-21 devstack@placement-api.service[105649]: [pid: 105649|app: 0|req: 443/890] 10.222.0.75 () {58 vars in 1390 bytes} [Thu May 19 08:39:04 2022] GET /placement/resource_providers/36dd4b8e-e603-4dda-ac0d-597b812401fa/allocations => generated 140 bytes in 330 msecs (HTTP/1.1 200) 6 headers in 224 bytes (1 switches on core 0)
May 19 08:39:04.908690 n-d-768851-21 devstack@placement-api.service[105650]: DEBUG placement.requestlog [req-db137878-1622-4c60-89a4-e4b5f94ed4a1 req-ef950cdf-6733-47ed-9dad-51137b7c8ad1 None None] Starting request: 10.222.0.75 "GET /placement/resource_providers?in_tree=36dd4b8e-e603-4dda-ac0d-597b812401fa" {{(pid=105650) __call__ /opt/stack/placement/placement/requestlog.py:55}}
May 19 08:39:04.971388 n-d-768851-21 devstack@placement-api.service[105650]: INFO placement.requestlog [req-db137878-1622-4c60-89a4-e4b5f94ed4a1 req-ef950cdf-6733-47ed-9dad-51137b7c8ad1 service placement] 10.222.0.75 "GET /placement/resource_providers?in_tree=36dd4b8e-e603-4dda-ac0d-597b812401fa" status: 200 len: 864 microversion: 1.14
May 19 08:39:04.975122 n-d-768851-21 devstack@placement-api.service[105650]: [pid: 105650|app: 0|req: 448/891] 10.222.0.75 () {60 vars in 1376 bytes} [Thu May 19 08:39:04 2022] GET /placement/resource_providers?in_tree=36dd4b8e-e603-4dda-ac0d-597b812401fa => generated 864 bytes in 63 msecs (HTTP/1.1 200) 6 headers in 225 bytes (1 switches on core 0)
May 19 08:39:04.983623 n-d-768851-21 devstack@placement-api.service[105649]: DEBUG placement.requestlog [req-db137878-1622-4c60-89a4-e4b5f94ed4a1 req-ca5d7cf6-81e8-4597-ad06-ca5148f62477 None None] Starting request: 10.222.0.75 "GET /placement/resource_providers/36dd4b8e-e603-4dda-ac0d-597b812401fa/inventories" {{(pid=105649) __call__ /opt/stack/placement/placement/requestlog.py:55}}
May 19 08:39:05.003754 n-d-768851-21 devstack@placement-api.service[105649]: INFO placement.requestlog [req-db137878-1622-4c60-89a4-e4b5f94ed4a1 req-ca5d7cf6-81e8-4597-ad06-ca5148f62477 service placement] 10.222.0.75 "GET /placement/resource_providers/36dd4b8e-e603-4dda-ac0d-597b812401fa/inventories" status: 200 len: 398 microversion: 1.0
May 19 08:39:05.004402 n-d-768851-21 devstack@placement-api.service[105649]: [pid: 105649|app: 0|req: 444/892] 10.222.0.75 () {58 vars in 1390 bytes} [Thu May 19 08:39:04 2022] GET /placement/resource_providers/36dd4b8e-e603-4dda-ac0d-597b812401fa/inventories => generated 398 bytes in 21 msecs (HTTP/1.1 200) 6 headers in 224 bytes (2 switches on core 0)
May 19 08:39:05.019335 n-d-768851-21 devstack@placement-api.service[105650]: DEBUG placement.requestlog [req-db137878-1622-4c60-89a4-e4b5f94ed4a1 req-eaea3587-3e0a-44f3-87cd-ec4d66e5eff2 None None] Starting request: 10.222.0.75 "GET /placement/resource_providers/36dd4b8e-e603-4dda-ac0d-597b812401fa/aggregates" {{(pid=105650) __call__ /opt/stack/placement/placement/requestlog.py:55}}
May 19 08:39:05.057654 n-d-768851-21 devstack@placement-api.service[105650]: INFO placement.requestlog [req-db137878-1622-4c60-89a4-e4b5f94ed4a1 req-eaea3587-3e0a-44f3-87cd-ec4d66e5eff2 service placement] 10.222.0.75 "GET /placement/resource_providers/36dd4b8e-e603-4dda-ac0d-597b812401fa/aggregates" status: 200 len: 54 microversion: 1.19
May 19 08:39:05.059030 n-d-768851-21 devstack@placement-api.service[105650]: [pid: 105650|app: 0|req: 449/893] 10.222.0.75 () {60 vars in 1431 bytes} [Thu May 19 08:39:05 2022] GET /placement/resource_providers/36dd4b8e-e603-4dda-ac0d-597b812401fa/aggregates => generated 54 bytes in 40 msecs (HTTP/1.1 200) 8 headers in 295 bytes (1 switches on core 0)
May 19 08:39:05.069624 n-d-768851-21 devstack@placement-api.service[105649]: DEBUG placement.requestlog [req-db137878-1622-4c60-89a4-e4b5f94ed4a1 req-87036f0b-67b1-4a0b-9255-29885ff74689 None None] Starting request: 10.222.0.75 "GET /placement/resource_providers/36dd4b8e-e603-4dda-ac0d-597b812401fa/traits" {{(pid=105649) __call__ /opt/stack/placement/placement/requestlog.py:55}}
May 19 08:39:05.151824 n-d-768851-21 devstack@placement-api.service[105649]: INFO placement.requestlog [req-db137878-1622-4c60-89a4-e4b5f94ed4a1 req-87036f0b-67b1-4a0b-9255-29885ff74689 service placement] 10.222.0.75 "GET /placement/resource_providers/36dd4b8e-e603-4dda-ac0d-597b812401fa/traits" status: 200 len: 212 microversion: 1.6
May 19 08:39:05.152207 n-d-768851-21 devstack@placement-api.service[105649]: [pid: 105649|app: 0|req: 445/894] 10.222.0.75 () {60 vars in 1418 bytes} [Thu May 19 08:39:05 2022] GET /placement/resource_providers/36dd4b8e-e603-4dda-ac0d-597b812401fa/traits => generated 212 bytes in 83 msecs (HTTP/1.1 200) 6 headers in 224 bytes (2 switches on core 0)
May 19 08:39:13.664868 n-d-768851-21 devstack@placement-api.service[105650]: DEBUG placement.requestlog [req-45bf459a-0022-427d-bed7-43b7455d77c7 req-e3eec9c6-069a-4924-af48-2b77774987fa None None] Starting request: 10.222.0.76 "DELETE /placement/allocations/c8028c45-60c0-463f-b2a9-fc874a266198" {{(pid=105650) __call__ /opt/stack/placement/placement/requestlog.py:55}}
May 19 08:39:13.885534 n-d-768851-21 devstack@placement-api.service[105650]: DEBUG placement.handlers.allocation [req-45bf459a-0022-427d-bed7-43b7455d77c7 req-e3eec9c6-069a-4924-af48-2b77774987fa service placement] Successfully deleted allocations [, , ] {{(pid=105650) delete_allocations /opt/stack/placement/placement/handlers/allocation.py:627}}
May 19 08:39:13.886058 n-d-768851-21 devstack@placement-api.service[105650]: INFO placement.requestlog [req-45bf459a-0022-427d-bed7-43b7455d77c7 req-e3eec9c6-069a-4924-af48-2b77774987fa service placement] 10.222.0.76 "DELETE /placement/allocations/c8028c45-60c0-463f-b2a9-fc874a266198" status: 204 len: 0 microversion: 1.0
May 19 08:39:13.888943 n-d-768851-21 devstack@placement-api.service[105650]: [pid: 105650|app: 0|req: 450/895] 10.222.0.76 () {60 vars in 1355 bytes} [Thu May 19 08:39:13 2022] DELETE /placement/allocations/c8028c45-60c0-463f-b2a9-fc874a266198 => generated 0 bytes in 224 msecs (HTTP/1.1 204) 5 headers in 198 bytes (1 switches on core 0)
May 19 08:39:15.095479 n-d-768851-21 devstack@placement-api.service[105649]: DEBUG dbcounter [-] [105649] Writing DB stats placement:SELECT=17 {{(pid=105649) stat_writer /usr/local/lib/python3.8/dist-packages/dbcounter.py:114}}
May 19 08:39:22.174747 n-d-768851-21 devstack@placement-api.service[105649]: DEBUG placement.requestlog [req-1edac446-f76e-4a56-86c6-ccc9e8ef54ba req-0f8b0dc9-e0eb-4d41-a190-e24678ba0880 None None] Starting request: 10.222.0.24 "GET /placement/allocation_candidates?limit=1000&resources=DISK_GB%3A1%2CMEMORY_MB%3A1024%2CVCPU%3A1&root_required=%21COMPUTE_STATUS_DISABLED" {{(pid=105649) __call__ /opt/stack/placement/placement/requestlog.py:55}}
May 19 08:39:22.280062 n-d-768851-21 devstack@placement-api.service[105649]: DEBUG placement.objects.research_context [req-1edac446-f76e-4a56-86c6-ccc9e8ef54ba req-0f8b0dc9-e0eb-4d41-a190-e24678ba0880 service placement] getting providers with 1 DISK_GB {{(pid=105649) __init__ /opt/stack/placement/placement/objects/research_context.py:136}}
May 19 08:39:22.291785 n-d-768851-21 devstack@placement-api.service[105649]: DEBUG placement.objects.research_context [req-1edac446-f76e-4a56-86c6-ccc9e8ef54ba req-0f8b0dc9-e0eb-4d41-a190-e24678ba0880 service placement] getting providers with 1024 MEMORY_MB {{(pid=105649) __init__ /opt/stack/placement/placement/objects/research_context.py:136}}
May 19 08:39:22.312796 n-d-768851-21 devstack@placement-api.service[105649]: DEBUG placement.objects.research_context [req-1edac446-f76e-4a56-86c6-ccc9e8ef54ba req-0f8b0dc9-e0eb-4d41-a190-e24678ba0880 service placement] getting providers with 1 VCPU {{(pid=105649) __init__ /opt/stack/placement/placement/objects/research_context.py:136}}
May 19 08:39:22.326850 n-d-768851-21 devstack@placement-api.service[105649]: DEBUG placement.objects.research_context [req-1edac446-f76e-4a56-86c6-ccc9e8ef54ba req-0f8b0dc9-e0eb-4d41-a190-e24678ba0880 service placement] found 2 providers with available 1 DISK_GB {{(pid=105649) get_provider_ids_matching /opt/stack/placement/placement/objects/research_context.py:563}}
May 19 08:39:22.327599 n-d-768851-21 devstack@placement-api.service[105649]: DEBUG placement.objects.research_context [req-1edac446-f76e-4a56-86c6-ccc9e8ef54ba req-0f8b0dc9-e0eb-4d41-a190-e24678ba0880 service placement] found 2 providers with available 1024 MEMORY_MB {{(pid=105649) get_provider_ids_matching /opt/stack/placement/placement/objects/research_context.py:563}}
May 19 08:39:22.328067 n-d-768851-21 devstack@placement-api.service[105649]: DEBUG placement.objects.research_context [req-1edac446-f76e-4a56-86c6-ccc9e8ef54ba req-0f8b0dc9-e0eb-4d41-a190-e24678ba0880 service placement] found 2 providers after filtering by previous result {{(pid=105649) get_provider_ids_matching /opt/stack/placement/placement/objects/research_context.py:594}}
May 19 08:39:22.328528 n-d-768851-21 devstack@placement-api.service[105649]: DEBUG placement.objects.research_context [req-1edac446-f76e-4a56-86c6-ccc9e8ef54ba req-0f8b0dc9-e0eb-4d41-a190-e24678ba0880 service placement] found 2 providers with available 1 VCPU {{(pid=105649) get_provider_ids_matching /opt/stack/placement/placement/objects/research_context.py:563}}
May 19 08:39:22.328971 n-d-768851-21 devstack@placement-api.service[105649]: DEBUG placement.objects.research_context [req-1edac446-f76e-4a56-86c6-ccc9e8ef54ba req-0f8b0dc9-e0eb-4d41-a190-e24678ba0880 service placement] found 2 providers after filtering by previous result {{(pid=105649) get_provider_ids_matching /opt/stack/placement/placement/objects/research_context.py:594}}
May 19 08:39:22.353505 n-d-768851-21 devstack@placement-api.service[105649]: DEBUG placement.objects.allocation_candidate [req-1edac446-f76e-4a56-86c6-ccc9e8ef54ba req-0f8b0dc9-e0eb-4d41-a190-e24678ba0880 service placement] RequestGroup(use_same_provider=False, resources={DISK_GB:1, MEMORY_MB:1024, VCPU:1}, traits=(), aggregates=[]) (suffix '') returned 2 matches {{(pid=105649) _get_by_requests /opt/stack/placement/placement/objects/allocation_candidate.py:156}}
May 19 08:39:22.355934 n-d-768851-21 devstack@placement-api.service[105649]: DEBUG placement.objects.allocation_candidate [req-1edac446-f76e-4a56-86c6-ccc9e8ef54ba req-0f8b0dc9-e0eb-4d41-a190-e24678ba0880 service placement] Merging candidates yields 2 allocation requests and 2 provider summaries {{(pid=105649) _merge_candidates /opt/stack/placement/placement/objects/allocation_candidate.py:809}}
May 19 08:39:22.359046 n-d-768851-21 devstack@placement-api.service[105649]: INFO placement.requestlog [req-1edac446-f76e-4a56-86c6-ccc9e8ef54ba req-0f8b0dc9-e0eb-4d41-a190-e24678ba0880 service placement] 10.222.0.24 "GET /placement/allocation_candidates?limit=1000&resources=DISK_GB%3A1%2CMEMORY_MB%3A1024%2CVCPU%3A1&root_required=%21COMPUTE_STATUS_DISABLED" status: 200 len: 1306 microversion: 1.36
May 19 08:39:22.365192 n-d-768851-21 devstack@placement-api.service[105649]: [pid: 105649|app: 0|req: 446/896] 10.222.0.24 () {60 vars in 1506 bytes} [Thu May 19 08:39:22 2022] GET /placement/allocation_candidates?limit=1000&resources=DISK_GB%3A1%2CMEMORY_MB%3A1024%2CVCPU%3A1&root_required=%21COMPUTE_STATUS_DISABLED => generated 1306 bytes in 191 msecs (HTTP/1.1 200) 8 headers in 297 bytes (1 switches on core 0)
May 19 08:39:22.515262 n-d-768851-21 devstack@placement-api.service[105650]: DEBUG placement.requestlog [req-1edac446-f76e-4a56-86c6-ccc9e8ef54ba req-d5ed9b6a-0cea-4ea2-bbec-eca3558add99 None None] Starting request: 10.222.0.24 "GET /placement/allocations/71a86f14-33df-4ba2-acf3-c20f995f76d6" {{(pid=105650) __call__ /opt/stack/placement/placement/requestlog.py:55}}
May 19 08:39:22.536066 n-d-768851-21 devstack@placement-api.service[105650]: INFO placement.requestlog [req-1edac446-f76e-4a56-86c6-ccc9e8ef54ba req-d5ed9b6a-0cea-4ea2-bbec-eca3558add99 service placement] 10.222.0.24 "GET /placement/allocations/71a86f14-33df-4ba2-acf3-c20f995f76d6" status: 200 len: 19 microversion: 1.28
May 19 08:39:22.536668 n-d-768851-21 devstack@placement-api.service[105650]: [pid: 105650|app: 0|req: 451/897] 10.222.0.24 () {60 vars in 1380 bytes} [Thu May 19 08:39:22 2022] GET /placement/allocations/71a86f14-33df-4ba2-acf3-c20f995f76d6 => generated 19 bytes in 22 msecs (HTTP/1.1 200) 8 headers in 295 bytes (1 switches on core 0)
May 19 08:39:22.545517 n-d-768851-21 devstack@placement-api.service[105649]: DEBUG placement.requestlog [req-1edac446-f76e-4a56-86c6-ccc9e8ef54ba req-0b27a216-3f88-4e6d-945d-43f285c12b09 None None] Starting request: 10.222.0.24 "PUT /placement/allocations/71a86f14-33df-4ba2-acf3-c20f995f76d6" {{(pid=105649) __call__ /opt/stack/placement/placement/requestlog.py:55}}
May 19 08:39:23.062373 n-d-768851-21 devstack@placement-api.service[105650]: DEBUG placement.requestlog [req-4ecb2c5b-bec4-4ac3-bcf7-b544a1916d50 req-0dd97619-2166-43ac-a61e-ad6d783197ad None None] Starting request: 10.222.0.24 "GET /placement/allocation_candidates?limit=1000&resources=DISK_GB%3A1%2CMEMORY_MB%3A1024%2CVCPU%3A1&root_required=%21COMPUTE_STATUS_DISABLED" {{(pid=105650) __call__ /opt/stack/placement/placement/requestlog.py:55}}
May 19 08:39:23.072027 n-d-768851-21 devstack@placement-api.service[105649]: DEBUG placement.handlers.allocation [req-1edac446-f76e-4a56-86c6-ccc9e8ef54ba req-0b27a216-3f88-4e6d-945d-43f285c12b09 service placement] Successfully wrote allocations [, , ] {{(pid=105649) _update_consumers_and_create_allocations /opt/stack/placement/placement/handlers/allocation.py:462}}
