May 19 08:16:11.510384 n-d-768851-21 devstack@placement-api.service[105649]: DEBUG placement.requestlog [req-41c21fd9-5c64-4b5d-a6e6-4c3b00b9eec3 req-8cebed1f-de15-4a05-b3e6-b412d16d1dab None None] Starting request: 10.222.0.75 "GET /placement/allocations/26ed8120-6481-44ee-ab07-9d4fe7ba207e" {{(pid=105649) __call__ /opt/stack/placement/placement/requestlog.py:55}}
May 19 08:16:11.540814 n-d-768851-21 devstack@placement-api.service[105649]: INFO placement.requestlog [req-41c21fd9-5c64-4b5d-a6e6-4c3b00b9eec3 req-8cebed1f-de15-4a05-b3e6-b412d16d1dab service placement] 10.222.0.75 "GET /placement/allocations/26ed8120-6481-44ee-ab07-9d4fe7ba207e" status: 200 len: 258 microversion: 1.28
May 19 08:16:11.541901 n-d-768851-21 devstack@placement-api.service[105649]: [pid: 105649|app: 0|req: 164/335] 10.222.0.75 () {60 vars in 1377 bytes} [Thu May 19 08:16:11 2022] GET /placement/allocations/26ed8120-6481-44ee-ab07-9d4fe7ba207e => generated 258 bytes in 32 msecs (HTTP/1.1 200) 8 headers in 296 bytes (1 switches on core 0)
May 19 08:16:14.212983 n-d-768851-21 devstack@placement-api.service[105650]: DEBUG placement.requestlog [req-1298c2e1-f131-4b0d-b993-957e7e919568 req-856bfa9d-3c8b-4bc7-87bd-c9c6efba205b None None] Starting request: 10.222.0.76 "DELETE /placement/allocations/cb3df616-7058-4fe3-b716-2b5ad0409b1b" {{(pid=105650) __call__ /opt/stack/placement/placement/requestlog.py:55}}
May 19 08:16:14.498328 n-d-768851-21 devstack@placement-api.service[105650]: DEBUG placement.handlers.allocation [req-1298c2e1-f131-4b0d-b993-957e7e919568 req-856bfa9d-3c8b-4bc7-87bd-c9c6efba205b service placement] Successfully deleted allocations [, , ] {{(pid=105650) delete_allocations /opt/stack/placement/placement/handlers/allocation.py:627}}
May 19 08:16:14.499181 n-d-768851-21 devstack@placement-api.service[105650]: INFO placement.requestlog [req-1298c2e1-f131-4b0d-b993-957e7e919568 req-856bfa9d-3c8b-4bc7-87bd-c9c6efba205b service placement] 10.222.0.76 "DELETE /placement/allocations/cb3df616-7058-4fe3-b716-2b5ad0409b1b" status: 204 len: 0 microversion: 1.0
May 19 08:16:14.499898 n-d-768851-21 devstack@placement-api.service[105650]: [pid: 105650|app: 0|req: 172/336] 10.222.0.76 () {60 vars in 1355 bytes} [Thu May 19 08:16:14 2022] DELETE /placement/allocations/cb3df616-7058-4fe3-b716-2b5ad0409b1b => generated 0 bytes in 287 msecs (HTTP/1.1 204) 5 headers in 198 bytes (2 switches on core 0)
May 19 08:16:19.054557 n-d-768851-21 devstack@placement-api.service[105649]: DEBUG placement.requestlog [req-3270ba6f-7330-49ef-8f83-05217efaf411 req-776801ea-fa26-47f1-b5e7-9f116d46f1f3 None None] Starting request: 10.222.0.24 "GET /placement/allocation_candidates?resources=DISK_GB%3A1%2CMEMORY_MB%3A1024%2CVCPU%3A1&root_required=%21COMPUTE_STATUS_DISABLED" {{(pid=105649) __call__ /opt/stack/placement/placement/requestlog.py:55}}
May 19 08:16:19.160315 n-d-768851-21 devstack@placement-api.service[105649]: DEBUG placement.objects.research_context [req-3270ba6f-7330-49ef-8f83-05217efaf411 req-776801ea-fa26-47f1-b5e7-9f116d46f1f3 service placement] getting providers with 1 DISK_GB {{(pid=105649) __init__ /opt/stack/placement/placement/objects/research_context.py:136}}
May 19 08:16:19.169204 n-d-768851-21 devstack@placement-api.service[105649]: DEBUG placement.objects.research_context [req-3270ba6f-7330-49ef-8f83-05217efaf411 req-776801ea-fa26-47f1-b5e7-9f116d46f1f3 service placement] getting providers with 1024 MEMORY_MB {{(pid=105649) __init__ /opt/stack/placement/placement/objects/research_context.py:136}}
May 19 08:16:19.177993 n-d-768851-21 devstack@placement-api.service[105650]: DEBUG placement.requestlog [req-d6f29be3-20f8-4734-be3a-dd22b062b6a2 req-4c40f9a8-325b-4ee0-844e-c35835e54cd0 None None] Starting request: 10.222.0.76 "GET /placement/resource_providers/82d34284-9e3d-449c-ab60-99c498ef3d25/allocations" {{(pid=105650) __call__ /opt/stack/placement/placement/requestlog.py:55}}
May 19 08:16:19.188166 n-d-768851-21 devstack@placement-api.service[105649]: DEBUG placement.objects.research_context [req-3270ba6f-7330-49ef-8f83-05217efaf411 req-776801ea-fa26-47f1-b5e7-9f116d46f1f3 service placement] getting providers with 1 VCPU {{(pid=105649) __init__ /opt/stack/placement/placement/objects/research_context.py:136}}
May 19 08:16:19.198991 n-d-768851-21 devstack@placement-api.service[105649]: DEBUG placement.objects.research_context [req-3270ba6f-7330-49ef-8f83-05217efaf411 req-776801ea-fa26-47f1-b5e7-9f116d46f1f3 service placement] found 2 providers with available 1 DISK_GB {{(pid=105649) get_provider_ids_matching /opt/stack/placement/placement/objects/research_context.py:563}}
May 19 08:16:19.200628 n-d-768851-21 devstack@placement-api.service[105649]: DEBUG placement.objects.research_context [req-3270ba6f-7330-49ef-8f83-05217efaf411 req-776801ea-fa26-47f1-b5e7-9f116d46f1f3 service placement] found 2 providers with available 1024 MEMORY_MB {{(pid=105649) get_provider_ids_matching /opt/stack/placement/placement/objects/research_context.py:563}}
May 19 08:16:19.201069 n-d-768851-21 devstack@placement-api.service[105649]: DEBUG placement.objects.research_context [req-3270ba6f-7330-49ef-8f83-05217efaf411 req-776801ea-fa26-47f1-b5e7-9f116d46f1f3 service placement] found 2 providers after filtering by previous result {{(pid=105649) get_provider_ids_matching /opt/stack/placement/placement/objects/research_context.py:594}}
May 19 08:16:19.201489 n-d-768851-21 devstack@placement-api.service[105649]: DEBUG placement.objects.research_context [req-3270ba6f-7330-49ef-8f83-05217efaf411 req-776801ea-fa26-47f1-b5e7-9f116d46f1f3 service placement] found 2 providers with available 1 VCPU {{(pid=105649) get_provider_ids_matching /opt/stack/placement/placement/objects/research_context.py:563}}
May 19 08:16:19.201985 n-d-768851-21 devstack@placement-api.service[105649]: DEBUG placement.objects.research_context [req-3270ba6f-7330-49ef-8f83-05217efaf411 req-776801ea-fa26-47f1-b5e7-9f116d46f1f3 service placement] found 2 providers after filtering by previous result {{(pid=105649) get_provider_ids_matching /opt/stack/placement/placement/objects/research_context.py:594}}
May 19 08:16:19.223638 n-d-768851-21 devstack@placement-api.service[105649]: DEBUG placement.objects.allocation_candidate [req-3270ba6f-7330-49ef-8f83-05217efaf411 req-776801ea-fa26-47f1-b5e7-9f116d46f1f3 service placement] RequestGroup(use_same_provider=False, resources={DISK_GB:1, MEMORY_MB:1024, VCPU:1}, traits=(), aggregates=[]) (suffix '') returned 2 matches {{(pid=105649) _get_by_requests /opt/stack/placement/placement/objects/allocation_candidate.py:156}}
May 19 08:16:19.224230 n-d-768851-21 devstack@placement-api.service[105649]: DEBUG placement.objects.allocation_candidate [req-3270ba6f-7330-49ef-8f83-05217efaf411 req-776801ea-fa26-47f1-b5e7-9f116d46f1f3 service placement] Merging candidates yields 2 allocation requests and 2 provider summaries {{(pid=105649) _merge_candidates /opt/stack/placement/placement/objects/allocation_candidate.py:809}}
May 19 08:16:19.226333 n-d-768851-21 devstack@placement-api.service[105649]: INFO placement.requestlog [req-3270ba6f-7330-49ef-8f83-05217efaf411 req-776801ea-fa26-47f1-b5e7-9f116d46f1f3 service placement] 10.222.0.24 "GET /placement/allocation_candidates?resources=DISK_GB%3A1%2CMEMORY_MB%3A1024%2CVCPU%3A1&root_required=%21COMPUTE_STATUS_DISABLED" status: 200 len: 1311 microversion: 1.36
May 19 08:16:19.236101 n-d-768851-21 devstack@placement-api.service[105649]: [pid: 105649|app: 0|req: 165/337] 10.222.0.24 () {60 vars in 1484 bytes} [Thu May 19 08:16:19 2022] GET /placement/allocation_candidates?resources=DISK_GB%3A1%2CMEMORY_MB%3A1024%2CVCPU%3A1&root_required=%21COMPUTE_STATUS_DISABLED => generated 1311 bytes in 180 msecs (HTTP/1.1 200) 8 headers in 297 bytes (1 switches on core 0)
May 19 08:16:19.240170 n-d-768851-21 devstack@placement-api.service[105650]: INFO placement.requestlog [req-d6f29be3-20f8-4734-be3a-dd22b062b6a2 req-4c40f9a8-325b-4ee0-844e-c35835e54cd0 service placement] 10.222.0.76 "GET /placement/resource_providers/82d34284-9e3d-449c-ab60-99c498ef3d25/allocations" status: 200 len: 356 microversion: 1.0
May 19 08:16:19.240755 n-d-768851-21 devstack@placement-api.service[105650]: [pid: 105650|app: 0|req: 173/338] 10.222.0.76 () {58 vars in 1390 bytes} [Thu May 19 08:16:19 2022] GET /placement/resource_providers/82d34284-9e3d-449c-ab60-99c498ef3d25/allocations => generated 356 bytes in 63 msecs (HTTP/1.1 200) 6 headers in 224 bytes (2 switches on core 0)
May 19 08:16:19.395604 n-d-768851-21 devstack@placement-api.service[105649]: DEBUG placement.requestlog [req-3270ba6f-7330-49ef-8f83-05217efaf411 req-b41fec4e-c7d0-43f3-91f9-dfd325a424ff None None] Starting request: 10.222.0.24 "GET /placement/allocations/781f0d42-e4a8-42b5-b843-27adb65cc70f" {{(pid=105649) __call__ /opt/stack/placement/placement/requestlog.py:55}}
May 19 08:16:19.415576 n-d-768851-21 devstack@placement-api.service[105649]: INFO placement.requestlog [req-3270ba6f-7330-49ef-8f83-05217efaf411 req-b41fec4e-c7d0-43f3-91f9-dfd325a424ff service placement] 10.222.0.24 "GET /placement/allocations/781f0d42-e4a8-42b5-b843-27adb65cc70f" status: 200 len: 19 microversion: 1.28
May 19 08:16:19.421890 n-d-768851-21 devstack@placement-api.service[105649]: [pid: 105649|app: 0|req: 166/339] 10.222.0.24 () {60 vars in 1380 bytes} [Thu May 19 08:16:19 2022] GET /placement/allocations/781f0d42-e4a8-42b5-b843-27adb65cc70f => generated 19 bytes in 27 msecs (HTTP/1.1 200) 8 headers in 295 bytes (1 switches on core 0)
May 19 08:16:19.423474 n-d-768851-21 devstack@placement-api.service[105650]: DEBUG placement.requestlog [req-3270ba6f-7330-49ef-8f83-05217efaf411 req-b76732a3-593b-4300-a5bc-3ddf1ca30eb9 None None] Starting request: 10.222.0.24 "PUT /placement/allocations/781f0d42-e4a8-42b5-b843-27adb65cc70f" {{(pid=105650) __call__ /opt/stack/placement/placement/requestlog.py:55}}
May 19 08:16:19.846720 n-d-768851-21 devstack@placement-api.service[105649]: DEBUG placement.requestlog [req-d6f29be3-20f8-4734-be3a-dd22b062b6a2 req-bfe1a3e0-65f1-4844-aa32-bfdea485eb15 None None] Starting request: 10.222.0.76 "GET /placement/allocations/8f528741-970d-4009-b580-4d968f46e08e" {{(pid=105649) __call__ /opt/stack/placement/placement/requestlog.py:55}}
May 19 08:16:19.877200 n-d-768851-21 devstack@placement-api.service[105649]: INFO placement.requestlog [req-d6f29be3-20f8-4734-be3a-dd22b062b6a2 req-bfe1a3e0-65f1-4844-aa32-bfdea485eb15 service placement] 10.222.0.76 "GET /placement/allocations/8f528741-970d-4009-b580-4d968f46e08e" status: 200 len: 259 microversion: 1.28
May 19 08:16:19.881936 n-d-768851-21 devstack@placement-api.service[105649]: [pid: 105649|app: 0|req: 167/340] 10.222.0.76 () {60 vars in 1377 bytes} [Thu May 19 08:16:19 2022] GET /placement/allocations/8f528741-970d-4009-b580-4d968f46e08e => generated 259 bytes in 36 msecs (HTTP/1.1 200) 8 headers in 296 bytes (1 switches on core 0)
May 19 08:16:19.885401 n-d-768851-21 devstack@placement-api.service[105649]: DEBUG placement.requestlog [req-d6f29be3-20f8-4734-be3a-dd22b062b6a2 req-b790238f-73b5-4737-97b0-d8d099e6b1e5 None None] Starting request: 10.222.0.76 "PUT /placement/allocations/8f528741-970d-4009-b580-4d968f46e08e" {{(pid=105649) __call__ /opt/stack/placement/placement/requestlog.py:55}}
May 19 08:16:19.894088 n-d-768851-21 devstack@placement-api.service[105650]: DEBUG placement.handlers.allocation [req-3270ba6f-7330-49ef-8f83-05217efaf411 req-b76732a3-593b-4300-a5bc-3ddf1ca30eb9 service placement] Successfully wrote allocations [, , ] {{(pid=105650) _update_consumers_and_create_allocations /opt/stack/placement/placement/handlers/allocation.py:462}}
May 19 08:16:20.016356 n-d-768851-21 devstack@placement-api.service[105649]: DEBUG placement.objects.allocation [req-d6f29be3-20f8-4734-be3a-dd22b062b6a2 req-b790238f-73b5-4737-97b0-d8d099e6b1e5 service placement] Retrying allocations write on resource provider generation conflict {{(pid=105649) replace_all /opt/stack/placement/placement/objects/allocation.py:509}}
May 19 08:16:20.019930 n-d-768851-21 devstack@placement-api.service[105650]: INFO placement.requestlog [req-3270ba6f-7330-49ef-8f83-05217efaf411 req-b76732a3-593b-4300-a5bc-3ddf1ca30eb9 service placement] 10.222.0.24 "PUT /placement/allocations/781f0d42-e4a8-42b5-b843-27adb65cc70f" status: 204 len: 0 microversion: 1.36
May 19 08:16:20.020589 n-d-768851-21 devstack@placement-api.service[105650]: [pid: 105650|app: 0|req: 174/341] 10.222.0.24 () {64 vars in 1433 bytes} [Thu May 19 08:16:19 2022] PUT /placement/allocations/781f0d42-e4a8-42b5-b843-27adb65cc70f => generated 0 bytes in 597 msecs (HTTP/1.1 204) 5 headers in 199 bytes (2 switches on core 0)
May 19 08:16:20.055580 n-d-768851-21 devstack@placement-api.service[105649]: DEBUG dbcounter [-] [105649] Writing DB stats placement:SELECT=82,placement:DELETE=8,placement:INSERT=4,placement:UPDATE=6 {{(pid=105649) stat_writer /usr/local/lib/python3.8/dist-packages/dbcounter.py:114}}
May 19 08:16:20.057066 n-d-768851-21 devstack@placement-api.service[105649]: DEBUG placement.handlers.allocation [req-d6f29be3-20f8-4734-be3a-dd22b062b6a2 req-b790238f-73b5-4737-97b0-d8d099e6b1e5 service placement] Successfully wrote allocations [, , ] {{(pid=105649) _update_consumers_and_create_allocations /opt/stack/placement/placement/handlers/allocation.py:462}}
May 19 08:16:20.197573 n-d-768851-21 devstack@placement-api.service[105649]: INFO placement.requestlog [req-d6f29be3-20f8-4734-be3a-dd22b062b6a2 req-b790238f-73b5-4737-97b0-d8d099e6b1e5 service placement] 10.222.0.76 "PUT /placement/allocations/8f528741-970d-4009-b580-4d968f46e08e" status: 204 len: 0 microversion: 1.28
May 19 08:16:20.198017 n-d-768851-21 devstack@placement-api.service[105649]: [pid: 105649|app: 0|req: 168/342] 10.222.0.76 () {64 vars in 1430 bytes} [Thu May 19 08:16:19 2022] PUT /placement/allocations/8f528741-970d-4009-b580-4d968f46e08e => generated 0 bytes in 313 msecs (HTTP/1.1 204) 5 headers in 199 bytes (1 switches on core 0)
May 19 08:16:21.957297 n-d-768851-21 devstack@placement-api.service[105650]: DEBUG placement.requestlog [req-3270ba6f-7330-49ef-8f83-05217efaf411 req-c71fe78f-3238-4458-a167-4936e6645a8e None None] Starting request: 10.222.0.76 "GET /placement/allocations/781f0d42-e4a8-42b5-b843-27adb65cc70f" {{(pid=105650) __call__ /opt/stack/placement/placement/requestlog.py:55}}
May 19 08:16:21.997287 n-d-768851-21 devstack@placement-api.service[105650]: INFO placement.requestlog [req-3270ba6f-7330-49ef-8f83-05217efaf411 req-c71fe78f-3238-4458-a167-4936e6645a8e service placement] 10.222.0.76 "GET /placement/allocations/781f0d42-e4a8-42b5-b843-27adb65cc70f" status: 200 len: 259 microversion: 1.28
May 19 08:16:21.997649 n-d-768851-21 devstack@placement-api.service[105650]: [pid: 105650|app: 0|req: 175/343] 10.222.0.76 () {60 vars in 1377 bytes} [Thu May 19 08:16:21 2022] GET /placement/allocations/781f0d42-e4a8-42b5-b843-27adb65cc70f => generated 259 bytes in 41 msecs (HTTP/1.1 200) 8 headers in 296 bytes (2 switches on core 0)
May 19 08:16:26.332468 n-d-768851-21 devstack@placement-api.service[105649]: DEBUG placement.requestlog [req-88209f03-f61c-479b-8ccd-8946e0acc429 req-3c1ab56e-f5e0-409a-991a-3993d2cff7b0 None None] Starting request: 10.222.0.24 "GET /placement/allocation_candidates?limit=1000&resources=DISK_GB%3A1%2CMEMORY_MB%3A1024%2CVCPU%3A1&root_required=%21COMPUTE_STATUS_DISABLED" {{(pid=105649) __call__ /opt/stack/placement/placement/requestlog.py:55}}
May 19 08:16:26.391278 n-d-768851-21 devstack@placement-api.service[105649]: DEBUG placement.objects.research_context [req-88209f03-f61c-479b-8ccd-8946e0acc429 req-3c1ab56e-f5e0-409a-991a-3993d2cff7b0 service placement] getting providers with 1 DISK_GB {{(pid=105649) __init__ /opt/stack/placement/placement/objects/research_context.py:136}}
May 19 08:16:26.404111 n-d-768851-21 devstack@placement-api.service[105649]: DEBUG placement.objects.research_context [req-88209f03-f61c-479b-8ccd-8946e0acc429 req-3c1ab56e-f5e0-409a-991a-3993d2cff7b0 service placement] getting providers with 1024 MEMORY_MB {{(pid=105649) __init__ /opt/stack/placement/placement/objects/research_context.py:136}}
May 19 08:16:26.426802 n-d-768851-21 devstack@placement-api.service[105649]: DEBUG placement.objects.research_context [req-88209f03-f61c-479b-8ccd-8946e0acc429 req-3c1ab56e-f5e0-409a-991a-3993d2cff7b0 service placement] getting providers with 1 VCPU {{(pid=105649) __init__ /opt/stack/placement/placement/objects/research_context.py:136}}
May 19 08:16:26.442773 n-d-768851-21 devstack@placement-api.service[105649]: DEBUG placement.objects.research_context [req-88209f03-f61c-479b-8ccd-8946e0acc429 req-3c1ab56e-f5e0-409a-991a-3993d2cff7b0 service placement] found 2 providers with available 1 DISK_GB {{(pid=105649) get_provider_ids_matching /opt/stack/placement/placement/objects/research_context.py:563}}
May 19 08:16:26.443338 n-d-768851-21 devstack@placement-api.service[105649]: DEBUG placement.objects.research_context [req-88209f03-f61c-479b-8ccd-8946e0acc429 req-3c1ab56e-f5e0-409a-991a-3993d2cff7b0 service placement] found 2 providers with available 1024 MEMORY_MB {{(pid=105649) get_provider_ids_matching /opt/stack/placement/placement/objects/research_context.py:563}}
May 19 08:16:26.444362 n-d-768851-21 devstack@placement-api.service[105649]: DEBUG placement.objects.research_context [req-88209f03-f61c-479b-8ccd-8946e0acc429 req-3c1ab56e-f5e0-409a-991a-3993d2cff7b0 service placement] found 2 providers after filtering by previous result {{(pid=105649) get_provider_ids_matching /opt/stack/placement/placement/objects/research_context.py:594}}
May 19 08:16:26.444809 n-d-768851-21 devstack@placement-api.service[105649]: DEBUG placement.objects.research_context [req-88209f03-f61c-479b-8ccd-8946e0acc429 req-3c1ab56e-f5e0-409a-991a-3993d2cff7b0 service placement] found 2 providers with available 1 VCPU {{(pid=105649) get_provider_ids_matching /opt/stack/placement/placement/objects/research_context.py:563}}
May 19 08:16:26.445260 n-d-768851-21 devstack@placement-api.service[105649]: DEBUG placement.objects.research_context [req-88209f03-f61c-479b-8ccd-8946e0acc429 req-3c1ab56e-f5e0-409a-991a-3993d2cff7b0 service placement] found 2 providers after filtering by previous result {{(pid=105649) get_provider_ids_matching /opt/stack/placement/placement/objects/research_context.py:594}}
May 19 08:16:26.474635 n-d-768851-21 devstack@placement-api.service[105649]: DEBUG placement.objects.allocation_candidate [req-88209f03-f61c-479b-8ccd-8946e0acc429 req-3c1ab56e-f5e0-409a-991a-3993d2cff7b0 service placement] RequestGroup(use_same_provider=False, resources={DISK_GB:1, MEMORY_MB:1024, VCPU:1}, traits=(), aggregates=[]) (suffix '') returned 2 matches {{(pid=105649) _get_by_requests /opt/stack/placement/placement/objects/allocation_candidate.py:156}}
May 19 08:16:26.475330 n-d-768851-21 devstack@placement-api.service[105649]: DEBUG placement.objects.allocation_candidate [req-88209f03-f61c-479b-8ccd-8946e0acc429 req-3c1ab56e-f5e0-409a-991a-3993d2cff7b0 service placement] Merging candidates yields 2 allocation requests and 2 provider summaries {{(pid=105649) _merge_candidates /opt/stack/placement/placement/objects/allocation_candidate.py:809}}
May 19 08:16:26.477267 n-d-768851-21 devstack@placement-api.service[105649]: INFO placement.requestlog [req-88209f03-f61c-479b-8ccd-8946e0acc429 req-3c1ab56e-f5e0-409a-991a-3993d2cff7b0 service placement] 10.222.0.24 "GET /placement/allocation_candidates?limit=1000&resources=DISK_GB%3A1%2CMEMORY_MB%3A1024%2CVCPU%3A1&root_required=%21COMPUTE_STATUS_DISABLED" status: 200 len: 1311 microversion: 1.36
May 19 08:16:26.489778 n-d-768851-21 devstack@placement-api.service[105649]: [pid: 105649|app: 0|req: 169/344] 10.222.0.24 () {60 vars in 1506 bytes} [Thu May 19 08:16:26 2022] GET /placement/allocation_candidates?limit=1000&resources=DISK_GB%3A1%2CMEMORY_MB%3A1024%2CVCPU%3A1&root_required=%21COMPUTE_STATUS_DISABLED => generated 1311 bytes in 146 msecs (HTTP/1.1 200) 8 headers in 297 bytes (2 switches on core 0)
May 19 08:16:26.626063 n-d-768851-21 devstack@placement-api.service[105650]: DEBUG placement.requestlog [req-88209f03-f61c-479b-8ccd-8946e0acc429 req-7a014683-35ad-40d5-a881-d8d81a9ac728 None None] Starting request: 10.222.0.24 "GET /placement/allocations/27f90754-ba01-443c-b241-78b3dc4d85a6" {{(pid=105650) __call__ /opt/stack/placement/placement/requestlog.py:55}}
May 19 08:16:26.658888 n-d-768851-21 devstack@placement-api.service[105650]: INFO placement.requestlog [req-88209f03-f61c-479b-8ccd-8946e0acc429 req-7a014683-35ad-40d5-a881-d8d81a9ac728 service placement] 10.222.0.24 "GET /placement/allocations/27f90754-ba01-443c-b241-78b3dc4d85a6" status: 200 len: 19 microversion: 1.28
May 19 08:16:26.659616 n-d-768851-21 devstack@placement-api.service[105650]: [pid: 105650|app: 0|req: 176/345] 10.222.0.24 () {60 vars in 1380 bytes} [Thu May 19 08:16:26 2022] GET /placement/allocations/27f90754-ba01-443c-b241-78b3dc4d85a6 => generated 19 bytes in 34 msecs (HTTP/1.1 200) 8 headers in 295 bytes (1 switches on core 0)
May 19 08:16:26.665758 n-d-768851-21 devstack@placement-api.service[105649]: DEBUG placement.requestlog [req-88209f03-f61c-479b-8ccd-8946e0acc429 req-7aaec91d-8109-47a4-bc77-dbce27cbdf85 None None] Starting request: 10.222.0.24 "PUT /placement/allocations/27f90754-ba01-443c-b241-78b3dc4d85a6" {{(pid=105649) __call__ /opt/stack/placement/placement/requestlog.py:55}}
May 19 08:16:26.826998 n-d-768851-21 devstack@placement-api.service[105649]: DEBUG placement.handlers.allocation [req-88209f03-f61c-479b-8ccd-8946e0acc429 req-7aaec91d-8109-47a4-bc77-dbce27cbdf85 service placement] Successfully wrote allocations [, , ] {{(pid=105649) _update_consumers_and_create_allocations /opt/stack/placement/placement/handlers/allocation.py:462}}
May 19 08:16:26.902935 n-d-768851-21 devstack@placement-api.service[105649]: INFO placement.requestlog [req-88209f03-f61c-479b-8ccd-8946e0acc429 req-7aaec91d-8109-47a4-bc77-dbce27cbdf85 service placement] 10.222.0.24 "PUT /placement/allocations/27f90754-ba01-443c-b241-78b3dc4d85a6" status: 204 len: 0 microversion: 1.36
May 19 08:16:26.903554 n-d-768851-21 devstack@placement-api.service[105649]: [pid: 105649|app: 0|req: 170/346] 10.222.0.24 () {64 vars in 1433 bytes} [Thu May 19 08:16:26 2022] PUT /placement/allocations/27f90754-ba01-443c-b241-78b3dc4d85a6 => generated 0 bytes in 238 msecs (HTTP/1.1 204) 5 headers in 199 bytes (1 switches on core 0)
May 19 08:16:28.129699 n-d-768851-21 devstack@placement-api.service[105650]: DEBUG placement.requestlog [req-88209f03-f61c-479b-8ccd-8946e0acc429 req-de5d6035-14c6-40f9-84ab-591cced27b07 None None] Starting request: 10.222.0.76 "GET /placement/allocations/27f90754-ba01-443c-b241-78b3dc4d85a6" {{(pid=105650) __call__ /opt/stack/placement/placement/requestlog.py:55}}
May 19 08:16:28.159740 n-d-768851-21 devstack@placement-api.service[105650]: DEBUG dbcounter [-] [105650] Writing DB stats placement:SELECT=76,placement:DELETE=10,placement:INSERT=10,placement:UPDATE=4 {{(pid=105650) stat_writer /usr/local/lib/python3.8/dist-packages/dbcounter.py:114}}
May 19 08:16:28.166269 n-d-768851-21 devstack@placement-api.service[105650]: INFO placement.requestlog [req-88209f03-f61c-479b-8ccd-8946e0acc429 req-de5d6035-14c6-40f9-84ab-591cced27b07 service placement] 10.222.0.76 "GET /placement/allocations/27f90754-ba01-443c-b241-78b3dc4d85a6" status: 200 len: 259 microversion: 1.28
May 19 08:16:28.166901 n-d-768851-21 devstack@placement-api.service[105650]: [pid: 105650|app: 0|req: 177/347] 10.222.0.76 () {60 vars in 1377 bytes} [Thu May 19 08:16:28 2022] GET /placement/allocations/27f90754-ba01-443c-b241-78b3dc4d85a6 => generated 259 bytes in 38 msecs (HTTP/1.1 200) 8 headers in 296 bytes (1 switches on core 0)
May 19 08:16:31.796093 n-d-768851-21 devstack@placement-api.service[105649]: DEBUG placement.requestlog [req-ae1857eb-7072-49c9-9d9a-c958b1033126 req-12c7faa7-3238-4707-8a03-3de04f2ca673 None None] Starting request: 10.222.0.24 "GET /placement/allocation_candidates?limit=1000&resources=MEMORY_MB%3A1024%2CVCPU%3A1&root_required=%21COMPUTE_STATUS_DISABLED" {{(pid=105649) __call__ /opt/stack/placement/placement/requestlog.py:55}}
May 19 08:16:31.838362 n-d-768851-21 devstack@placement-api.service[105649]: DEBUG placement.objects.research_context [req-ae1857eb-7072-49c9-9d9a-c958b1033126 req-12c7faa7-3238-4707-8a03-3de04f2ca673 service placement] getting providers with 1024 MEMORY_MB {{(pid=105649) __init__ /opt/stack/placement/placement/objects/research_context.py:136}}
May 19 08:16:31.844979 n-d-768851-21 devstack@placement-api.service[105649]: DEBUG placement.objects.research_context [req-ae1857eb-7072-49c9-9d9a-c958b1033126 req-12c7faa7-3238-4707-8a03-3de04f2ca673 service placement] getting providers with 1 VCPU {{(pid=105649) __init__ /opt/stack/placement/placement/objects/research_context.py:136}}
May 19 08:16:31.852307 n-d-768851-21 devstack@placement-api.service[105649]: DEBUG placement.objects.research_context [req-ae1857eb-7072-49c9-9d9a-c958b1033126 req-12c7faa7-3238-4707-8a03-3de04f2ca673 service placement] found 2 providers with available 1024 MEMORY_MB {{(pid=105649) get_provider_ids_matching /opt/stack/placement/placement/objects/research_context.py:563}}
May 19 08:16:31.852841 n-d-768851-21 devstack@placement-api.service[105649]: DEBUG placement.objects.research_context [req-ae1857eb-7072-49c9-9d9a-c958b1033126 req-12c7faa7-3238-4707-8a03-3de04f2ca673 service placement] found 2 providers with available 1 VCPU {{(pid=105649) get_provider_ids_matching /opt/stack/placement/placement/objects/research_context.py:563}}
May 19 08:16:31.853282 n-d-768851-21 devstack@placement-api.service[105649]: DEBUG placement.objects.research_context [req-ae1857eb-7072-49c9-9d9a-c958b1033126 req-12c7faa7-3238-4707-8a03-3de04f2ca673 service placement] found 2 providers after filtering by previous result {{(pid=105649) get_provider_ids_matching /opt/stack/placement/placement/objects/research_context.py:594}}
May 19 08:16:31.896056 n-d-768851-21 devstack@placement-api.service[105649]: DEBUG placement.objects.allocation_candidate [req-ae1857eb-7072-49c9-9d9a-c958b1033126 req-12c7faa7-3238-4707-8a03-3de04f2ca673 service placement] RequestGroup(use_same_provider=False, resources={MEMORY_MB:1024, VCPU:1}, traits=(), aggregates=[]) (suffix '') returned 2 matches {{(pid=105649) _get_by_requests /opt/stack/placement/placement/objects/allocation_candidate.py:156}}
May 19 08:16:31.896717 n-d-768851-21 devstack@placement-api.service[105649]: DEBUG placement.objects.allocation_candidate [req-ae1857eb-7072-49c9-9d9a-c958b1033126 req-12c7faa7-3238-4707-8a03-3de04f2ca673 service placement] Merging candidates yields 2 allocation requests and 2 provider summaries {{(pid=105649) _merge_candidates /opt/stack/placement/placement/objects/allocation_candidate.py:809}}
May 19 08:16:31.898774 n-d-768851-21 devstack@placement-api.service[105649]: INFO placement.requestlog [req-ae1857eb-7072-49c9-9d9a-c958b1033126 req-12c7faa7-3238-4707-8a03-3de04f2ca673 service placement] 10.222.0.24 "GET /placement/allocation_candidates?limit=1000&resources=MEMORY_MB%3A1024%2CVCPU%3A1&root_required=%21COMPUTE_STATUS_DISABLED" status: 200 len: 1283 microversion: 1.36
May 19 08:16:31.899695 n-d-768851-21 devstack@placement-api.service[105649]: [pid: 105649|app: 0|req: 171/348] 10.222.0.24 () {60 vars in 1478 bytes} [Thu May 19 08:16:31 2022] GET /placement/allocation_candidates?limit=1000&resources=MEMORY_MB%3A1024%2CVCPU%3A1&root_required=%21COMPUTE_STATUS_DISABLED => generated 1283 bytes in 104 msecs (HTTP/1.1 200) 8 headers in 297 bytes (1 switches on core 0)
May 19 08:16:32.007581 n-d-768851-21 devstack@placement-api.service[105650]: DEBUG placement.requestlog [req-ae1857eb-7072-49c9-9d9a-c958b1033126 req-21750d09-cd30-465b-a64b-ef5fa7251df5 None None] Starting request: 10.222.0.24 "GET /placement/allocations/d3e6c667-88d8-4442-995b-7edb3cb339f0" {{(pid=105650) __call__ /opt/stack/placement/placement/requestlog.py:55}}
May 19 08:16:32.030199 n-d-768851-21 devstack@placement-api.service[105650]: INFO placement.requestlog [req-ae1857eb-7072-49c9-9d9a-c958b1033126 req-21750d09-cd30-465b-a64b-ef5fa7251df5 service placement] 10.222.0.24 "GET /placement/allocations/d3e6c667-88d8-4442-995b-7edb3cb339f0" status: 200 len: 19 microversion: 1.28
May 19 08:16:32.031268 n-d-768851-21 devstack@placement-api.service[105650]: [pid: 105650|app: 0|req: 178/349] 10.222.0.24 () {60 vars in 1380 bytes} [Thu May 19 08:16:32 2022] GET /placement/allocations/d3e6c667-88d8-4442-995b-7edb3cb339f0 => generated 19 bytes in 24 msecs (HTTP/1.1 200) 8 headers in 295 bytes (1 switches on core 0)
May 19 08:16:32.045258 n-d-768851-21 devstack@placement-api.service[105649]: DEBUG placement.requestlog [req-ae1857eb-7072-49c9-9d9a-c958b1033126 req-bdf3ec84-ada5-428b-a509-2dac93c81964 None None] Starting request: 10.222.0.24 "PUT /placement/allocations/d3e6c667-88d8-4442-995b-7edb3cb339f0" {{(pid=105649) __call__ /opt/stack/placement/placement/requestlog.py:55}}
May 19 08:16:32.203652 n-d-768851-21 devstack@placement-api.service[105649]: DEBUG placement.handlers.allocation [req-ae1857eb-7072-49c9-9d9a-c958b1033126 req-bdf3ec84-ada5-428b-a509-2dac93c81964 service placement] Successfully wrote allocations [, ] {{(pid=105649) _update_consumers_and_create_allocations /opt/stack/placement/placement/handlers/allocation.py:462}}
May 19 08:16:32.332428 n-d-768851-21 devstack@placement-api.service[105649]: INFO placement.requestlog [req-ae1857eb-7072-49c9-9d9a-c958b1033126 req-bdf3ec84-ada5-428b-a509-2dac93c81964 service placement] 10.222.0.24 "PUT /placement/allocations/d3e6c667-88d8-4442-995b-7edb3cb339f0" status: 204 len: 0 microversion: 1.36
May 19 08:16:32.333209 n-d-768851-21 devstack@placement-api.service[105649]: [pid: 105649|app: 0|req: 172/350] 10.222.0.24 () {64 vars in 1433 bytes} [Thu May 19 08:16:32 2022] PUT /placement/allocations/d3e6c667-88d8-4442-995b-7edb3cb339f0 => generated 0 bytes in 288 msecs (HTTP/1.1 204) 5 headers in 199 bytes (1 switches on core 0)
May 19 08:16:33.319712 n-d-768851-21 devstack@placement-api.service[105650]: DEBUG placement.requestlog [req-032c5218-2478-4170-994e-ec39d6ec8a12 req-4b38e50e-d415-447a-9397-1388fce6880a None None] Starting request: 10.222.0.76 "GET /placement/resource_providers/82d34284-9e3d-449c-ab60-99c498ef3d25/allocations" {{(pid=105650) __call__ /opt/stack/placement/placement/requestlog.py:55}}
May 19 08:16:33.392172 n-d-768851-21 devstack@placement-api.service[105650]: INFO placement.requestlog [req-032c5218-2478-4170-994e-ec39d6ec8a12 req-4b38e50e-d415-447a-9397-1388fce6880a service placement] 10.222.0.76 "GET /placement/resource_providers/82d34284-9e3d-449c-ab60-99c498ef3d25/allocations" status: 200 len: 457 microversion: 1.0
May 19 08:16:33.397236 n-d-768851-21 devstack@placement-api.service[105650]: [pid: 105650|app: 0|req: 179/351] 10.222.0.76 () {58 vars in 1390 bytes} [Thu May 19 08:16:33 2022] GET /placement/resource_providers/82d34284-9e3d-449c-ab60-99c498ef3d25/allocations => generated 457 bytes in 78 msecs (HTTP/1.1 200) 6 headers in 224 bytes (1 switches on core 0)
May 19 08:16:33.809056 n-d-768851-21 devstack@placement-api.service[105649]: DEBUG placement.requestlog [req-ae1857eb-7072-49c9-9d9a-c958b1033126 req-c94ff26e-35a2-4981-b265-d1822806d83f None None] Starting request: 10.222.0.75 "GET /placement/allocations/d3e6c667-88d8-4442-995b-7edb3cb339f0" {{(pid=105649) __call__ /opt/stack/placement/placement/requestlog.py:55}}
May 19 08:16:33.849525 n-d-768851-21 devstack@placement-api.service[105649]: INFO placement.requestlog [req-ae1857eb-7072-49c9-9d9a-c958b1033126 req-c94ff26e-35a2-4981-b265-d1822806d83f service placement] 10.222.0.75 "GET /placement/allocations/d3e6c667-88d8-4442-995b-7edb3cb339f0" status: 200 len: 245 microversion: 1.28
May 19 08:16:33.850042 n-d-768851-21 devstack@placement-api.service[105649]: [pid: 105649|app: 0|req: 173/352] 10.222.0.75 () {60 vars in 1377 bytes} [Thu May 19 08:16:33 2022] GET /placement/allocations/d3e6c667-88d8-4442-995b-7edb3cb339f0 => generated 245 bytes in 41 msecs (HTTP/1.1 200) 8 headers in 296 bytes (2 switches on core 0)
May 19 08:16:37.686715 n-d-768851-21 devstack@placement-api.service[105650]: DEBUG placement.requestlog [req-0c1b8439-c22f-4fac-b063-848ce2c49a1d req-4ea53e5a-be20-488b-bc26-90428dee4dd1 None None] Starting request: 10.222.0.75 "GET /placement/resource_providers/36dd4b8e-e603-4dda-ac0d-597b812401fa/allocations" {{(pid=105650) __call__ /opt/stack/placement/placement/requestlog.py:55}}
May 19 08:16:37.749990 n-d-768851-21 devstack@placement-api.service[105650]: INFO placement.requestlog [req-0c1b8439-c22f-4fac-b063-848ce2c49a1d req-4ea53e5a-be20-488b-bc26-90428dee4dd1 service placement] 10.222.0.75 "GET /placement/resource_providers/36dd4b8e-e603-4dda-ac0d-597b812401fa/allocations" status: 200 len: 1148 microversion: 1.0
May 19 08:16:37.750727 n-d-768851-21 devstack@placement-api.service[105650]: [pid: 105650|app: 0|req: 180/353] 10.222.0.75 () {58 vars in 1390 bytes} [Thu May 19 08:16:37 2022] GET /placement/resource_providers/36dd4b8e-e603-4dda-ac0d-597b812401fa/allocations => generated 1148 bytes in 66 msecs (HTTP/1.1 200) 6 headers in 225 bytes (1 switches on core 0)
May 19 08:16:40.052688 n-d-768851-21 devstack@placement-api.service[105649]: DEBUG placement.requestlog [req-b1110eb4-813e-4b84-a4f6-bca9d01b1623 req-26c05170-4573-4d26-9340-e15a8b28ca1a None None] Starting request: 10.222.0.75 "DELETE /placement/allocations/59bf215f-fe8e-4685-b260-0e767da0e7cf" {{(pid=105649) __call__ /opt/stack/placement/placement/requestlog.py:55}}
May 19 08:16:40.268426 n-d-768851-21 devstack@placement-api.service[105649]: DEBUG placement.handlers.allocation [req-b1110eb4-813e-4b84-a4f6-bca9d01b1623 req-26c05170-4573-4d26-9340-e15a8b28ca1a service placement] Successfully deleted allocations [, , ] {{(pid=105649) delete_allocations /opt/stack/placement/placement/handlers/allocation.py:627}}
May 19 08:16:40.270002 n-d-768851-21 devstack@placement-api.service[105649]: INFO placement.requestlog [req-b1110eb4-813e-4b84-a4f6-bca9d01b1623 req-26c05170-4573-4d26-9340-e15a8b28ca1a service placement] 10.222.0.75 "DELETE /placement/allocations/59bf215f-fe8e-4685-b260-0e767da0e7cf" status: 204 len: 0 microversion: 1.0
May 19 08:16:40.270897 n-d-768851-21 devstack@placement-api.service[105649]: [pid: 105649|app: 0|req: 174/354] 10.222.0.75 () {60 vars in 1355 bytes} [Thu May 19 08:16:40 2022] DELETE /placement/allocations/59bf215f-fe8e-4685-b260-0e767da0e7cf => generated 0 bytes in 218 msecs (HTTP/1.1 204) 5 headers in 198 bytes (2 switches on core 0)
May 19 08:16:41.515445 n-d-768851-21 devstack@placement-api.service[105650]: DEBUG placement.requestlog [req-41c21fd9-5c64-4b5d-a6e6-4c3b00b9eec3 req-3d8e03e8-3d84-415f-bab6-f2649e82124b None None] Starting request: 10.222.0.75 "GET /placement/allocations/26ed8120-6481-44ee-ab07-9d4fe7ba207e" {{(pid=105650) __call__ /opt/stack/placement/placement/requestlog.py:55}}
May 19 08:16:41.554684 n-d-768851-21 devstack@placement-api.service[105650]: INFO placement.requestlog [req-41c21fd9-5c64-4b5d-a6e6-4c3b00b9eec3 req-3d8e03e8-3d84-415f-bab6-f2649e82124b service placement] 10.222.0.75 "GET /placement/allocations/26ed8120-6481-44ee-ab07-9d4fe7ba207e" status: 200 len: 258 microversion: 1.28
May 19 08:16:41.555966 n-d-768851-21 devstack@placement-api.service[105650]: [pid: 105650|app: 0|req: 181/355] 10.222.0.75 () {60 vars in 1377 bytes} [Thu May 19 08:16:41 2022] GET /placement/allocations/26ed8120-6481-44ee-ab07-9d4fe7ba207e => generated 258 bytes in 41 msecs (HTTP/1.1 200) 8 headers in 296 bytes (1 switches on core 0)
May 19 08:16:45.887759 n-d-768851-21 devstack@placement-api.service[105649]: DEBUG placement.requestlog [req-cf631720-4cc4-4a0d-8cc6-765ef8614c89 req-8491ea78-e803-483e-8a2a-d1b6185d6890 None None] Starting request: 10.222.0.76 "DELETE /placement/allocations/781f0d42-e4a8-42b5-b843-27adb65cc70f" {{(pid=105649) __call__ /opt/stack/placement/placement/requestlog.py:55}}
May 19 08:16:46.090179 n-d-768851-21 devstack@placement-api.service[105649]: DEBUG placement.handlers.allocation [req-cf631720-4cc4-4a0d-8cc6-765ef8614c89 req-8491ea78-e803-483e-8a2a-d1b6185d6890 service placement] Successfully deleted allocations [, , ] {{(pid=105649) delete_allocations /opt/stack/placement/placement/handlers/allocation.py:627}}
May 19 08:16:46.090675 n-d-768851-21 devstack@placement-api.service[105649]: INFO placement.requestlog [req-cf631720-4cc4-4a0d-8cc6-765ef8614c89 req-8491ea78-e803-483e-8a2a-d1b6185d6890 service placement] 10.222.0.76 "DELETE /placement/allocations/781f0d42-e4a8-42b5-b843-27adb65cc70f" status: 204 len: 0 microversion: 1.0
May 19 08:16:46.091161 n-d-768851-21 devstack@placement-api.service[105649]: [pid: 105649|app: 0|req: 175/356] 10.222.0.76 () {60 vars in 1355 bytes} [Thu May 19 08:16:45 2022] DELETE /placement/allocations/781f0d42-e4a8-42b5-b843-27adb65cc70f => generated 0 bytes in 204 msecs (HTTP/1.1 204) 5 headers in 198 bytes (1 switches on core 0)
May 19 08:16:51.543192 n-d-768851-21 devstack@placement-api.service[105650]: DEBUG dbcounter [-] [105650] Writing DB stats placement:SELECT=18 {{(pid=105650) stat_writer /usr/local/lib/python3.8/dist-packages/dbcounter.py:114}}
May 19 08:16:51.645089 n-d-768851-21 devstack@placement-api.service[105650]: DEBUG placement.requestlog [req-733c9afc-9eaa-4849-938e-3a4691d30dab req-94c7f4d4-cff4-46b4-a512-68ab153d0a59 None None] Starting request: 10.222.0.76 "GET /placement/allocations/47230311-27a0-4c2a-a3a1-108d9668417c" {{(pid=105650) __call__ /opt/stack/placement/placement/requestlog.py:55}}
May 19 08:16:51.677703 n-d-768851-21 devstack@placement-api.service[105650]: INFO placement.requestlog [req-733c9afc-9eaa-4849-938e-3a4691d30dab req-94c7f4d4-cff4-46b4-a512-68ab153d0a59 service placement] 10.222.0.76 "GET /placement/allocations/47230311-27a0-4c2a-a3a1-108d9668417c" status: 200 len: 259 microversion: 1.28
May 19 08:16:51.684851 n-d-768851-21 devstack@placement-api.service[105650]: [pid: 105650|app: 0|req: 182/357] 10.222.0.76 () {60 vars in 1377 bytes} [Thu May 19 08:16:51 2022] GET /placement/allocations/47230311-27a0-4c2a-a3a1-108d9668417c => generated 259 bytes in 41 msecs (HTTP/1.1 200) 8 headers in 296 bytes (2 switches on core 0)
May 19 08:16:51.686443 n-d-768851-21 devstack@placement-api.service[105649]: DEBUG placement.requestlog [req-733c9afc-9eaa-4849-938e-3a4691d30dab req-3e6da484-7c89-4d20-a118-686061d1e5d4 None None] Starting request: 10.222.0.76 "GET /placement/allocations/47230311-27a0-4c2a-a3a1-108d9668417c" {{(pid=105649) __call__ /opt/stack/placement/placement/requestlog.py:55}}
May 19 08:16:51.723737 n-d-768851-21 devstack@placement-api.service[105649]: INFO placement.requestlog [req-733c9afc-9eaa-4849-938e-3a4691d30dab req-3e6da484-7c89-4d20-a118-686061d1e5d4 service placement] 10.222.0.76 "GET /placement/allocations/47230311-27a0-4c2a-a3a1-108d9668417c" status: 200 len: 259 microversion: 1.28
May 19 08:16:51.724375 n-d-768851-21 devstack@placement-api.service[105649]: [pid: 105649|app: 0|req: 176/358] 10.222.0.76 () {60 vars in 1377 bytes} [Thu May 19 08:16:51 2022] GET /placement/allocations/47230311-27a0-4c2a-a3a1-108d9668417c => generated 259 bytes in 38 msecs (HTTP/1.1 200) 8 headers in 296 bytes (1 switches on core 0)
May 19 08:16:51.734401 n-d-768851-21 devstack@placement-api.service[105650]: DEBUG placement.requestlog [req-733c9afc-9eaa-4849-938e-3a4691d30dab req-a4fa6312-0932-42fd-a89a-ae552241cc85 None None] Starting request: 10.222.0.76 "GET /placement/allocations/26ed8120-6481-44ee-ab07-9d4fe7ba207e" {{(pid=105650) __call__ /opt/stack/placement/placement/requestlog.py:55}}
May 19 08:16:51.764619 n-d-768851-21 devstack@placement-api.service[105650]: INFO placement.requestlog [req-733c9afc-9eaa-4849-938e-3a4691d30dab req-a4fa6312-0932-42fd-a89a-ae552241cc85 service placement] 10.222.0.76 "GET /placement/allocations/26ed8120-6481-44ee-ab07-9d4fe7ba207e" status: 200 len: 258 microversion: 1.28
May 19 08:16:51.770618 n-d-768851-21 devstack@placement-api.service[105650]: [pid: 105650|app: 0|req: 183/359] 10.222.0.76 () {60 vars in 1377 bytes} [Thu May 19 08:16:51 2022] GET /placement/allocations/26ed8120-6481-44ee-ab07-9d4fe7ba207e => generated 258 bytes in 31 msecs (HTTP/1.1 200) 8 headers in 296 bytes (1 switches on core 0)
May 19 08:16:51.772704 n-d-768851-21 devstack@placement-api.service[105649]: DEBUG placement.requestlog [req-733c9afc-9eaa-4849-938e-3a4691d30dab req-726bf216-cdfc-46d8-9270-67699185795d None None] Starting request: 10.222.0.76 "POST /placement/allocations" {{(pid=105649) __call__ /opt/stack/placement/placement/requestlog.py:55}}
May 19 08:16:51.831141 n-d-768851-21 devstack@placement-api.service[105649]: DEBUG dbcounter [-] [105649] Writing DB stats placement:SELECT=81,placement:INSERT=7,placement:DELETE=8,placement:UPDATE=4 {{(pid=105649) stat_writer /usr/local/lib/python3.8/dist-packages/dbcounter.py:114}}
May 19 08:16:51.938097 n-d-768851-21 devstack@placement-api.service[105649]: DEBUG placement.handlers.allocation [req-733c9afc-9eaa-4849-938e-3a4691d30dab req-726bf216-cdfc-46d8-9270-67699185795d service placement] Successfully wrote allocations [, , , , , ] {{(pid=105649) _update_consumers_and_create_allocations /opt/stack/placement/placement/handlers/allocation.py:572}}
May 19 08:16:51.999003 n-d-768851-21 devstack@placement-api.service[105649]: INFO placement.requestlog [req-733c9afc-9eaa-4849-938e-3a4691d30dab req-726bf216-cdfc-46d8-9270-67699185795d service placement] 10.222.0.76 "POST /placement/allocations" status: 204 len: 0 microversion: 1.28
May 19 08:16:52.002570 n-d-768851-21 devstack@placement-api.service[105649]: [pid: 105649|app: 0|req: 177/360] 10.222.0.76 () {64 vars in 1320 bytes} [Thu May 19 08:16:51 2022] POST /placement/allocations => generated 0 bytes in 229 msecs (HTTP/1.1 204) 5 headers in 199 bytes (1 switches on core 0)
May 19 08:16:56.092203 n-d-768851-21 devstack@placement-api.service[105650]: DEBUG placement.requestlog [req-554d7da4-383a-4a59-8729-676dd508d2f8 req-da035eae-5052-430f-bdd5-a39dda8e391b None None] Starting request: 10.222.0.76 "DELETE /placement/allocations/27f90754-ba01-443c-b241-78b3dc4d85a6" {{(pid=105650) __call__ /opt/stack/placement/placement/requestlog.py:55}}
May 19 08:16:56.295338 n-d-768851-21 devstack@placement-api.service[105650]: DEBUG placement.handlers.allocation [req-554d7da4-383a-4a59-8729-676dd508d2f8 req-da035eae-5052-430f-bdd5-a39dda8e391b service placement] Successfully deleted allocations [, , ] {{(pid=105650) delete_allocations /opt/stack/placement/placement/handlers/allocation.py:627}}
May 19 08:16:56.295850 n-d-768851-21 devstack@placement-api.service[105650]: INFO placement.requestlog [req-554d7da4-383a-4a59-8729-676dd508d2f8 req-da035eae-5052-430f-bdd5-a39dda8e391b service placement] 10.222.0.76 "DELETE /placement/allocations/27f90754-ba01-443c-b241-78b3dc4d85a6" status: 204 len: 0 microversion: 1.0
May 19 08:16:56.296238 n-d-768851-21 devstack@placement-api.service[105650]: [pid: 105650|app: 0|req: 184/361] 10.222.0.76 () {60 vars in 1355 bytes} [Thu May 19 08:16:56 2022] DELETE /placement/allocations/27f90754-ba01-443c-b241-78b3dc4d85a6 => generated 0 bytes in 204 msecs (HTTP/1.1 204) 5 headers in 198 bytes (1 switches on core 0)
May 19 08:17:03.290699 n-d-768851-21 devstack@placement-api.service[105649]: DEBUG dbcounter [-] [105649] Writing DB stats placement:SELECT=11,placement:DELETE=3,placement:INSERT=3,placement:UPDATE=3 {{(pid=105649) stat_writer /usr/local/lib/python3.8/dist-packages/dbcounter.py:114}}
May 19 08:17:03.599959 n-d-768851-21 devstack@placement-api.service[105649]: DEBUG placement.requestlog [req-f1e4dca1-5039-4646-9e65-4ef31aee2132 req-4a860f65-68d4-4732-96d7-97aa36179141 None None] Starting request: 10.222.0.24 "GET /placement/allocation_candidates?limit=1000&resources=DISK_GB%3A1%2CMEMORY_MB%3A1024%2CVCPU%3A1&root_required=%21COMPUTE_STATUS_DISABLED" {{(pid=105649) __call__ /opt/stack/placement/placement/requestlog.py:55}}
May 19 08:17:03.694724 n-d-768851-21 devstack@placement-api.service[105649]: DEBUG placement.objects.research_context [req-f1e4dca1-5039-4646-9e65-4ef31aee2132 req-4a860f65-68d4-4732-96d7-97aa36179141 service placement] getting providers with 1 DISK_GB {{(pid=105649) __init__ /opt/stack/placement/placement/objects/research_context.py:136}}
May 19 08:17:03.719462 n-d-768851-21 devstack@placement-api.service[105649]: DEBUG placement.objects.research_context [req-f1e4dca1-5039-4646-9e65-4ef31aee2132 req-4a860f65-68d4-4732-96d7-97aa36179141 service placement] getting providers with 1024 MEMORY_MB {{(pid=105649) __init__ /opt/stack/placement/placement/objects/research_context.py:136}}
May 19 08:17:03.739757 n-d-768851-21 devstack@placement-api.service[105649]: DEBUG placement.objects.research_context [req-f1e4dca1-5039-4646-9e65-4ef31aee2132 req-4a860f65-68d4-4732-96d7-97aa36179141 service placement] getting providers with 1 VCPU {{(pid=105649) __init__ /opt/stack/placement/placement/objects/research_context.py:136}}
May 19 08:17:03.765232 n-d-768851-21 devstack@placement-api.service[105649]: DEBUG placement.objects.research_context [req-f1e4dca1-5039-4646-9e65-4ef31aee2132 req-4a860f65-68d4-4732-96d7-97aa36179141 service placement] found 2 providers with available 1 DISK_GB {{(pid=105649) get_provider_ids_matching /opt/stack/placement/placement/objects/research_context.py:563}}
May 19 08:17:03.765515 n-d-768851-21 devstack@placement-api.service[105649]: DEBUG placement.objects.research_context [req-f1e4dca1-5039-4646-9e65-4ef31aee2132 req-4a860f65-68d4-4732-96d7-97aa36179141 service placement] found 2 providers with available 1024 MEMORY_MB {{(pid=105649) get_provider_ids_matching /opt/stack/placement/placement/objects/research_context.py:563}}
May 19 08:17:03.765823 n-d-768851-21 devstack@placement-api.service[105649]: DEBUG placement.objects.research_context [req-f1e4dca1-5039-4646-9e65-4ef31aee2132 req-4a860f65-68d4-4732-96d7-97aa36179141 service placement] found 2 providers after filtering by previous result {{(pid=105649) get_provider_ids_matching /opt/stack/placement/placement/objects/research_context.py:594}}
May 19 08:17:03.766078 n-d-768851-21 devstack@placement-api.service[105649]: DEBUG placement.objects.research_context [req-f1e4dca1-5039-4646-9e65-4ef31aee2132 req-4a860f65-68d4-4732-96d7-97aa36179141 service placement] found 2 providers with available 1 VCPU {{(pid=105649) get_provider_ids_matching /opt/stack/placement/placement/objects/research_context.py:563}}
May 19 08:17:03.776529 n-d-768851-21 devstack@placement-api.service[105649]: DEBUG placement.objects.research_context [req-f1e4dca1-5039-4646-9e65-4ef31aee2132 req-4a860f65-68d4-4732-96d7-97aa36179141 service placement] found 2 providers after filtering by previous result {{(pid=105649) get_provider_ids_matching /opt/stack/placement/placement/objects/research_context.py:594}}
May 19 08:17:03.808725 n-d-768851-21 devstack@placement-api.service[105649]: DEBUG placement.objects.allocation_candidate [req-f1e4dca1-5039-4646-9e65-4ef31aee2132 req-4a860f65-68d4-4732-96d7-97aa36179141 service placement] RequestGroup(use_same_provider=False, resources={DISK_GB:1, MEMORY_MB:1024, VCPU:1}, traits=(), aggregates=[]) (suffix '') returned 2 matches {{(pid=105649) _get_by_requests /opt/stack/placement/placement/objects/allocation_candidate.py:156}}
May 19 08:17:03.812028 n-d-768851-21 devstack@placement-api.service[105649]: DEBUG placement.objects.allocation_candidate [req-f1e4dca1-5039-4646-9e65-4ef31aee2132 req-4a860f65-68d4-4732-96d7-97aa36179141 service placement] Merging candidates yields 2 allocation requests and 2 provider summaries {{(pid=105649) _merge_candidates /opt/stack/placement/placement/objects/allocation_candidate.py:809}}
May 19 08:17:03.812028 n-d-768851-21 devstack@placement-api.service[105649]: INFO placement.requestlog [req-f1e4dca1-5039-4646-9e65-4ef31aee2132 req-4a860f65-68d4-4732-96d7-97aa36179141 service placement] 10.222.0.24 "GET /placement/allocation_candidates?limit=1000&resources=DISK_GB%3A1%2CMEMORY_MB%3A1024%2CVCPU%3A1&root_required=%21COMPUTE_STATUS_DISABLED" status: 200 len: 1309 microversion: 1.36
May 19 08:17:03.812342 n-d-768851-21 devstack@placement-api.service[105649]: [pid: 105649|app: 0|req: 178/362] 10.222.0.24 () {60 vars in 1506 bytes} [Thu May 19 08:17:03 2022] GET /placement/allocation_candidates?limit=1000&resources=DISK_GB%3A1%2CMEMORY_MB%3A1024%2CVCPU%3A1&root_required=%21COMPUTE_STATUS_DISABLED => generated 1309 bytes in 213 msecs (HTTP/1.1 200) 8 headers in 297 bytes (1 switches on core 0)
May 19 08:17:03.958754 n-d-768851-21 devstack@placement-api.service[105650]: DEBUG placement.requestlog [req-f1e4dca1-5039-4646-9e65-4ef31aee2132 req-951e9943-16b6-450b-8af2-b46ca01900f3 None None] Starting request: 10.222.0.24 "GET /placement/allocations/0f0a4696-b509-4cac-83ac-a17139e117e4" {{(pid=105650) __call__ /opt/stack/placement/placement/requestlog.py:55}}
May 19 08:17:03.975250 n-d-768851-21 devstack@placement-api.service[105650]: INFO placement.requestlog [req-f1e4dca1-5039-4646-9e65-4ef31aee2132 req-951e9943-16b6-450b-8af2-b46ca01900f3 service placement] 10.222.0.24 "GET /placement/allocations/0f0a4696-b509-4cac-83ac-a17139e117e4" status: 200 len: 19 microversion: 1.28
May 19 08:17:03.977854 n-d-768851-21 devstack@placement-api.service[105650]: [pid: 105650|app: 0|req: 185/363] 10.222.0.24 () {60 vars in 1380 bytes} [Thu May 19 08:17:03 2022] GET /placement/allocations/0f0a4696-b509-4cac-83ac-a17139e117e4 => generated 19 bytes in 18 msecs (HTTP/1.1 200) 8 headers in 295 bytes (1 switches on core 0)
