May 19 08:12:35.343145 n-d-768851-21 devstack@placement-api.service[105649]: INFO placement.requestlog [req-4a6c3621-1af4-4142-a17c-456c8dc4bb2e req-0046a702-b961-47b4-b273-3df07caa514a service placement] 10.222.0.24 "GET /placement/allocation_candidates?resources=DISK_GB%3A1%2CMEMORY_MB%3A1024%2CVCPU%3A1&root_required=%21COMPUTE_STATUS_DISABLED" status: 200 len: 1309 microversion: 1.36
May 19 08:12:35.343715 n-d-768851-21 devstack@placement-api.service[105649]: [pid: 105649|app: 0|req: 71/149] 10.222.0.24 () {60 vars in 1484 bytes} [Thu May 19 08:12:35 2022] GET /placement/allocation_candidates?resources=DISK_GB%3A1%2CMEMORY_MB%3A1024%2CVCPU%3A1&root_required=%21COMPUTE_STATUS_DISABLED => generated 1309 bytes in 143 msecs (HTTP/1.1 200) 8 headers in 297 bytes (1 switches on core 0)
May 19 08:12:35.444821 n-d-768851-21 devstack@placement-api.service[105650]: DEBUG placement.requestlog [req-4a6c3621-1af4-4142-a17c-456c8dc4bb2e req-8bb4b06b-753d-40a4-ab5d-aa5559f137df None None] Starting request: 10.222.0.24 "GET /placement/allocations/912c8560-e808-4be1-ae69-671938213aae" {{(pid=105650) __call__ /opt/stack/placement/placement/requestlog.py:55}}
May 19 08:12:35.454785 n-d-768851-21 devstack@placement-api.service[105650]: DEBUG dbcounter [-] [105650] Writing DB stats placement:SELECT=80,placement:INSERT=8,placement:DELETE=6,placement:UPDATE=6 {{(pid=105650) stat_writer /usr/local/lib/python3.8/dist-packages/dbcounter.py:114}}
May 19 08:12:35.461565 n-d-768851-21 devstack@placement-api.service[105650]: INFO placement.requestlog [req-4a6c3621-1af4-4142-a17c-456c8dc4bb2e req-8bb4b06b-753d-40a4-ab5d-aa5559f137df service placement] 10.222.0.24 "GET /placement/allocations/912c8560-e808-4be1-ae69-671938213aae" status: 200 len: 19 microversion: 1.28
May 19 08:12:35.464433 n-d-768851-21 devstack@placement-api.service[105650]: [pid: 105650|app: 0|req: 79/150] 10.222.0.24 () {60 vars in 1380 bytes} [Thu May 19 08:12:35 2022] GET /placement/allocations/912c8560-e808-4be1-ae69-671938213aae => generated 19 bytes in 20 msecs (HTTP/1.1 200) 8 headers in 295 bytes (2 switches on core 0)
May 19 08:12:35.478080 n-d-768851-21 devstack@placement-api.service[105649]: DEBUG placement.requestlog [req-4a6c3621-1af4-4142-a17c-456c8dc4bb2e req-91aa2c1f-5fcd-4a07-a3e5-240f48c02ff4 None None] Starting request: 10.222.0.24 "PUT /placement/allocations/912c8560-e808-4be1-ae69-671938213aae" {{(pid=105649) __call__ /opt/stack/placement/placement/requestlog.py:55}}
May 19 08:12:35.688613 n-d-768851-21 devstack@placement-api.service[105649]: DEBUG placement.handlers.allocation [req-4a6c3621-1af4-4142-a17c-456c8dc4bb2e req-91aa2c1f-5fcd-4a07-a3e5-240f48c02ff4 service placement] Successfully wrote allocations [, , ] {{(pid=105649) _update_consumers_and_create_allocations /opt/stack/placement/placement/handlers/allocation.py:462}}
May 19 08:12:35.750261 n-d-768851-21 devstack@placement-api.service[105649]: INFO placement.requestlog [req-4a6c3621-1af4-4142-a17c-456c8dc4bb2e req-91aa2c1f-5fcd-4a07-a3e5-240f48c02ff4 service placement] 10.222.0.24 "PUT /placement/allocations/912c8560-e808-4be1-ae69-671938213aae" status: 204 len: 0 microversion: 1.36
May 19 08:12:35.750651 n-d-768851-21 devstack@placement-api.service[105649]: [pid: 105649|app: 0|req: 72/151] 10.222.0.24 () {64 vars in 1433 bytes} [Thu May 19 08:12:35 2022] PUT /placement/allocations/912c8560-e808-4be1-ae69-671938213aae => generated 0 bytes in 273 msecs (HTTP/1.1 204) 5 headers in 199 bytes (1 switches on core 0)
May 19 08:12:37.043793 n-d-768851-21 devstack@placement-api.service[105650]: DEBUG placement.requestlog [req-4a6c3621-1af4-4142-a17c-456c8dc4bb2e req-e90f1345-2a36-4e38-94aa-7a019b2ac583 None None] Starting request: 10.222.0.76 "GET /placement/allocations/912c8560-e808-4be1-ae69-671938213aae" {{(pid=105650) __call__ /opt/stack/placement/placement/requestlog.py:55}}
May 19 08:12:37.084728 n-d-768851-21 devstack@placement-api.service[105650]: INFO placement.requestlog [req-4a6c3621-1af4-4142-a17c-456c8dc4bb2e req-e90f1345-2a36-4e38-94aa-7a019b2ac583 service placement] 10.222.0.76 "GET /placement/allocations/912c8560-e808-4be1-ae69-671938213aae" status: 200 len: 259 microversion: 1.28
May 19 08:12:37.085529 n-d-768851-21 devstack@placement-api.service[105650]: [pid: 105650|app: 0|req: 80/152] 10.222.0.76 () {60 vars in 1377 bytes} [Thu May 19 08:12:37 2022] GET /placement/allocations/912c8560-e808-4be1-ae69-671938213aae => generated 259 bytes in 43 msecs (HTTP/1.1 200) 8 headers in 296 bytes (1 switches on core 0)
May 19 08:12:39.897019 n-d-768851-21 devstack@placement-api.service[105649]: DEBUG placement.requestlog [req-05291c93-fb24-49e9-b849-aef0187c4094 req-f77b0f0b-33a9-46d7-9e09-cfdc327dd343 None None] Starting request: 10.222.0.24 "GET /placement/allocation_candidates?limit=1000&resources=DISK_GB%3A1%2CMEMORY_MB%3A1024%2CVCPU%3A1&root_required=%21COMPUTE_STATUS_DISABLED" {{(pid=105649) __call__ /opt/stack/placement/placement/requestlog.py:55}}
May 19 08:12:39.935975 n-d-768851-21 devstack@placement-api.service[105649]: DEBUG placement.objects.research_context [req-05291c93-fb24-49e9-b849-aef0187c4094 req-f77b0f0b-33a9-46d7-9e09-cfdc327dd343 service placement] getting providers with 1 DISK_GB {{(pid=105649) __init__ /opt/stack/placement/placement/objects/research_context.py:136}}
May 19 08:12:39.943115 n-d-768851-21 devstack@placement-api.service[105649]: DEBUG placement.objects.research_context [req-05291c93-fb24-49e9-b849-aef0187c4094 req-f77b0f0b-33a9-46d7-9e09-cfdc327dd343 service placement] getting providers with 1024 MEMORY_MB {{(pid=105649) __init__ /opt/stack/placement/placement/objects/research_context.py:136}}
May 19 08:12:39.950286 n-d-768851-21 devstack@placement-api.service[105649]: DEBUG placement.objects.research_context [req-05291c93-fb24-49e9-b849-aef0187c4094 req-f77b0f0b-33a9-46d7-9e09-cfdc327dd343 service placement] getting providers with 1 VCPU {{(pid=105649) __init__ /opt/stack/placement/placement/objects/research_context.py:136}}
May 19 08:12:39.958389 n-d-768851-21 devstack@placement-api.service[105649]: DEBUG placement.objects.research_context [req-05291c93-fb24-49e9-b849-aef0187c4094 req-f77b0f0b-33a9-46d7-9e09-cfdc327dd343 service placement] found 2 providers with available 1 DISK_GB {{(pid=105649) get_provider_ids_matching /opt/stack/placement/placement/objects/research_context.py:563}}
May 19 08:12:39.959042 n-d-768851-21 devstack@placement-api.service[105649]: DEBUG placement.objects.research_context [req-05291c93-fb24-49e9-b849-aef0187c4094 req-f77b0f0b-33a9-46d7-9e09-cfdc327dd343 service placement] found 2 providers with available 1024 MEMORY_MB {{(pid=105649) get_provider_ids_matching /opt/stack/placement/placement/objects/research_context.py:563}}
May 19 08:12:39.959528 n-d-768851-21 devstack@placement-api.service[105649]: DEBUG placement.objects.research_context [req-05291c93-fb24-49e9-b849-aef0187c4094 req-f77b0f0b-33a9-46d7-9e09-cfdc327dd343 service placement] found 2 providers after filtering by previous result {{(pid=105649) get_provider_ids_matching /opt/stack/placement/placement/objects/research_context.py:594}}
May 19 08:12:39.959918 n-d-768851-21 devstack@placement-api.service[105649]: DEBUG placement.objects.research_context [req-05291c93-fb24-49e9-b849-aef0187c4094 req-f77b0f0b-33a9-46d7-9e09-cfdc327dd343 service placement] found 2 providers with available 1 VCPU {{(pid=105649) get_provider_ids_matching /opt/stack/placement/placement/objects/research_context.py:563}}
May 19 08:12:39.960467 n-d-768851-21 devstack@placement-api.service[105649]: DEBUG placement.objects.research_context [req-05291c93-fb24-49e9-b849-aef0187c4094 req-f77b0f0b-33a9-46d7-9e09-cfdc327dd343 service placement] found 2 providers after filtering by previous result {{(pid=105649) get_provider_ids_matching /opt/stack/placement/placement/objects/research_context.py:594}}
May 19 08:12:39.975388 n-d-768851-21 devstack@placement-api.service[105649]: DEBUG placement.objects.allocation_candidate [req-05291c93-fb24-49e9-b849-aef0187c4094 req-f77b0f0b-33a9-46d7-9e09-cfdc327dd343 service placement] RequestGroup(use_same_provider=False, resources={DISK_GB:1, MEMORY_MB:1024, VCPU:1}, traits=(), aggregates=[]) (suffix '') returned 2 matches {{(pid=105649) _get_by_requests /opt/stack/placement/placement/objects/allocation_candidate.py:156}}
May 19 08:12:39.976231 n-d-768851-21 devstack@placement-api.service[105649]: DEBUG placement.objects.allocation_candidate [req-05291c93-fb24-49e9-b849-aef0187c4094 req-f77b0f0b-33a9-46d7-9e09-cfdc327dd343 service placement] Merging candidates yields 2 allocation requests and 2 provider summaries {{(pid=105649) _merge_candidates /opt/stack/placement/placement/objects/allocation_candidate.py:809}}
May 19 08:12:39.979897 n-d-768851-21 devstack@placement-api.service[105649]: INFO placement.requestlog [req-05291c93-fb24-49e9-b849-aef0187c4094 req-f77b0f0b-33a9-46d7-9e09-cfdc327dd343 service placement] 10.222.0.24 "GET /placement/allocation_candidates?limit=1000&resources=DISK_GB%3A1%2CMEMORY_MB%3A1024%2CVCPU%3A1&root_required=%21COMPUTE_STATUS_DISABLED" status: 200 len: 1309 microversion: 1.36
May 19 08:12:39.980368 n-d-768851-21 devstack@placement-api.service[105649]: [pid: 105649|app: 0|req: 73/153] 10.222.0.24 () {60 vars in 1506 bytes} [Thu May 19 08:12:39 2022] GET /placement/allocation_candidates?limit=1000&resources=DISK_GB%3A1%2CMEMORY_MB%3A1024%2CVCPU%3A1&root_required=%21COMPUTE_STATUS_DISABLED => generated 1309 bytes in 85 msecs (HTTP/1.1 200) 8 headers in 297 bytes (1 switches on core 0)
May 19 08:12:40.072991 n-d-768851-21 devstack@placement-api.service[105650]: DEBUG placement.requestlog [req-05291c93-fb24-49e9-b849-aef0187c4094 req-7bce9f94-38f6-4511-8bff-d6282010e61e None None] Starting request: 10.222.0.24 "GET /placement/allocations/8a413b49-ea74-423b-a748-cc17868f85c4" {{(pid=105650) __call__ /opt/stack/placement/placement/requestlog.py:55}}
May 19 08:12:40.085928 n-d-768851-21 devstack@placement-api.service[105650]: INFO placement.requestlog [req-05291c93-fb24-49e9-b849-aef0187c4094 req-7bce9f94-38f6-4511-8bff-d6282010e61e service placement] 10.222.0.24 "GET /placement/allocations/8a413b49-ea74-423b-a748-cc17868f85c4" status: 200 len: 19 microversion: 1.28
May 19 08:12:40.086464 n-d-768851-21 devstack@placement-api.service[105650]: [pid: 105650|app: 0|req: 81/154] 10.222.0.24 () {60 vars in 1380 bytes} [Thu May 19 08:12:40 2022] GET /placement/allocations/8a413b49-ea74-423b-a748-cc17868f85c4 => generated 19 bytes in 14 msecs (HTTP/1.1 200) 8 headers in 295 bytes (1 switches on core 0)
May 19 08:12:40.096618 n-d-768851-21 devstack@placement-api.service[105649]: DEBUG placement.requestlog [req-05291c93-fb24-49e9-b849-aef0187c4094 req-5085c51e-3dbe-4071-9923-ecb4eaea8123 None None] Starting request: 10.222.0.24 "PUT /placement/allocations/8a413b49-ea74-423b-a748-cc17868f85c4" {{(pid=105649) __call__ /opt/stack/placement/placement/requestlog.py:55}}
May 19 08:12:40.444723 n-d-768851-21 devstack@placement-api.service[105649]: DEBUG dbcounter [-] [105649] Writing DB stats placement:SELECT=83,placement:DELETE=7,placement:INSERT=8,placement:UPDATE=2 {{(pid=105649) stat_writer /usr/local/lib/python3.8/dist-packages/dbcounter.py:114}}
May 19 08:12:40.469116 n-d-768851-21 devstack@placement-api.service[105649]: DEBUG placement.handlers.allocation [req-05291c93-fb24-49e9-b849-aef0187c4094 req-5085c51e-3dbe-4071-9923-ecb4eaea8123 service placement] Successfully wrote allocations [, , ] {{(pid=105649) _update_consumers_and_create_allocations /opt/stack/placement/placement/handlers/allocation.py:462}}
May 19 08:12:40.567958 n-d-768851-21 devstack@placement-api.service[105649]: INFO placement.requestlog [req-05291c93-fb24-49e9-b849-aef0187c4094 req-5085c51e-3dbe-4071-9923-ecb4eaea8123 service placement] 10.222.0.24 "PUT /placement/allocations/8a413b49-ea74-423b-a748-cc17868f85c4" status: 204 len: 0 microversion: 1.36
May 19 08:12:40.570503 n-d-768851-21 devstack@placement-api.service[105649]: [pid: 105649|app: 0|req: 74/155] 10.222.0.24 () {64 vars in 1433 bytes} [Thu May 19 08:12:40 2022] PUT /placement/allocations/8a413b49-ea74-423b-a748-cc17868f85c4 => generated 0 bytes in 473 msecs (HTTP/1.1 204) 5 headers in 199 bytes (1 switches on core 0)
May 19 08:12:41.696839 n-d-768851-21 devstack@placement-api.service[105650]: DEBUG placement.requestlog [req-fcfae8a0-ca4e-4d85-b5ea-7751256617eb req-7f33e46b-ae7b-4889-8133-ba4cd64377c2 None None] Starting request: 10.222.0.24 "GET /placement/allocation_candidates?limit=1000&resources=DISK_GB%3A1%2CMEMORY_MB%3A1024%2CVCPU%3A1&root_required=%21COMPUTE_STATUS_DISABLED" {{(pid=105650) __call__ /opt/stack/placement/placement/requestlog.py:55}}
May 19 08:12:41.777587 n-d-768851-21 devstack@placement-api.service[105650]: DEBUG placement.objects.research_context [req-fcfae8a0-ca4e-4d85-b5ea-7751256617eb req-7f33e46b-ae7b-4889-8133-ba4cd64377c2 service placement] getting providers with 1 DISK_GB {{(pid=105650) __init__ /opt/stack/placement/placement/objects/research_context.py:136}}
May 19 08:12:41.789116 n-d-768851-21 devstack@placement-api.service[105650]: DEBUG placement.objects.research_context [req-fcfae8a0-ca4e-4d85-b5ea-7751256617eb req-7f33e46b-ae7b-4889-8133-ba4cd64377c2 service placement] getting providers with 1024 MEMORY_MB {{(pid=105650) __init__ /opt/stack/placement/placement/objects/research_context.py:136}}
May 19 08:12:41.796499 n-d-768851-21 devstack@placement-api.service[105650]: DEBUG placement.objects.research_context [req-fcfae8a0-ca4e-4d85-b5ea-7751256617eb req-7f33e46b-ae7b-4889-8133-ba4cd64377c2 service placement] getting providers with 1 VCPU {{(pid=105650) __init__ /opt/stack/placement/placement/objects/research_context.py:136}}
May 19 08:12:41.802520 n-d-768851-21 devstack@placement-api.service[105650]: DEBUG placement.objects.research_context [req-fcfae8a0-ca4e-4d85-b5ea-7751256617eb req-7f33e46b-ae7b-4889-8133-ba4cd64377c2 service placement] found 2 providers with available 1 DISK_GB {{(pid=105650) get_provider_ids_matching /opt/stack/placement/placement/objects/research_context.py:563}}
May 19 08:12:41.802794 n-d-768851-21 devstack@placement-api.service[105650]: DEBUG placement.objects.research_context [req-fcfae8a0-ca4e-4d85-b5ea-7751256617eb req-7f33e46b-ae7b-4889-8133-ba4cd64377c2 service placement] found 2 providers with available 1024 MEMORY_MB {{(pid=105650) get_provider_ids_matching /opt/stack/placement/placement/objects/research_context.py:563}}
May 19 08:12:41.803413 n-d-768851-21 devstack@placement-api.service[105650]: DEBUG placement.objects.research_context [req-fcfae8a0-ca4e-4d85-b5ea-7751256617eb req-7f33e46b-ae7b-4889-8133-ba4cd64377c2 service placement] found 2 providers after filtering by previous result {{(pid=105650) get_provider_ids_matching /opt/stack/placement/placement/objects/research_context.py:594}}
May 19 08:12:41.804986 n-d-768851-21 devstack@placement-api.service[105650]: DEBUG placement.objects.research_context [req-fcfae8a0-ca4e-4d85-b5ea-7751256617eb req-7f33e46b-ae7b-4889-8133-ba4cd64377c2 service placement] found 2 providers with available 1 VCPU {{(pid=105650) get_provider_ids_matching /opt/stack/placement/placement/objects/research_context.py:563}}
May 19 08:12:41.805458 n-d-768851-21 devstack@placement-api.service[105650]: DEBUG placement.objects.research_context [req-fcfae8a0-ca4e-4d85-b5ea-7751256617eb req-7f33e46b-ae7b-4889-8133-ba4cd64377c2 service placement] found 2 providers after filtering by previous result {{(pid=105650) get_provider_ids_matching /opt/stack/placement/placement/objects/research_context.py:594}}
May 19 08:12:41.824094 n-d-768851-21 devstack@placement-api.service[105650]: DEBUG placement.objects.allocation_candidate [req-fcfae8a0-ca4e-4d85-b5ea-7751256617eb req-7f33e46b-ae7b-4889-8133-ba4cd64377c2 service placement] RequestGroup(use_same_provider=False, resources={DISK_GB:1, MEMORY_MB:1024, VCPU:1}, traits=(), aggregates=[]) (suffix '') returned 2 matches {{(pid=105650) _get_by_requests /opt/stack/placement/placement/objects/allocation_candidate.py:156}}
May 19 08:12:41.825076 n-d-768851-21 devstack@placement-api.service[105650]: DEBUG placement.objects.allocation_candidate [req-fcfae8a0-ca4e-4d85-b5ea-7751256617eb req-7f33e46b-ae7b-4889-8133-ba4cd64377c2 service placement] Merging candidates yields 2 allocation requests and 2 provider summaries {{(pid=105650) _merge_candidates /opt/stack/placement/placement/objects/allocation_candidate.py:809}}
May 19 08:12:41.827329 n-d-768851-21 devstack@placement-api.service[105650]: INFO placement.requestlog [req-fcfae8a0-ca4e-4d85-b5ea-7751256617eb req-7f33e46b-ae7b-4889-8133-ba4cd64377c2 service placement] 10.222.0.24 "GET /placement/allocation_candidates?limit=1000&resources=DISK_GB%3A1%2CMEMORY_MB%3A1024%2CVCPU%3A1&root_required=%21COMPUTE_STATUS_DISABLED" status: 200 len: 1309 microversion: 1.36
May 19 08:12:41.828371 n-d-768851-21 devstack@placement-api.service[105650]: [pid: 105650|app: 0|req: 82/156] 10.222.0.24 () {60 vars in 1506 bytes} [Thu May 19 08:12:41 2022] GET /placement/allocation_candidates?limit=1000&resources=DISK_GB%3A1%2CMEMORY_MB%3A1024%2CVCPU%3A1&root_required=%21COMPUTE_STATUS_DISABLED => generated 1309 bytes in 132 msecs (HTTP/1.1 200) 8 headers in 297 bytes (2 switches on core 0)
May 19 08:12:41.966871 n-d-768851-21 devstack@placement-api.service[105649]: DEBUG placement.requestlog [req-05291c93-fb24-49e9-b849-aef0187c4094 req-f4505fbc-b882-450c-918c-6bcf34af9534 None None] Starting request: 10.222.0.75 "GET /placement/allocations/8a413b49-ea74-423b-a748-cc17868f85c4" {{(pid=105649) __call__ /opt/stack/placement/placement/requestlog.py:55}}
May 19 08:12:41.975189 n-d-768851-21 devstack@placement-api.service[105650]: DEBUG placement.requestlog [req-fcfae8a0-ca4e-4d85-b5ea-7751256617eb req-c8e5c340-06fc-494d-946c-b8b58854b65f None None] Starting request: 10.222.0.24 "GET /placement/allocations/dda2c95f-5355-4936-aaac-f46a9763ae57" {{(pid=105650) __call__ /opt/stack/placement/placement/requestlog.py:55}}
May 19 08:12:42.009273 n-d-768851-21 devstack@placement-api.service[105650]: INFO placement.requestlog [req-fcfae8a0-ca4e-4d85-b5ea-7751256617eb req-c8e5c340-06fc-494d-946c-b8b58854b65f service placement] 10.222.0.24 "GET /placement/allocations/dda2c95f-5355-4936-aaac-f46a9763ae57" status: 200 len: 19 microversion: 1.28
May 19 08:12:42.011318 n-d-768851-21 devstack@placement-api.service[105650]: [pid: 105650|app: 0|req: 83/157] 10.222.0.24 () {60 vars in 1380 bytes} [Thu May 19 08:12:41 2022] GET /placement/allocations/dda2c95f-5355-4936-aaac-f46a9763ae57 => generated 19 bytes in 36 msecs (HTTP/1.1 200) 8 headers in 295 bytes (2 switches on core 0)
May 19 08:12:42.014841 n-d-768851-21 devstack@placement-api.service[105649]: INFO placement.requestlog [req-05291c93-fb24-49e9-b849-aef0187c4094 req-f4505fbc-b882-450c-918c-6bcf34af9534 service placement] 10.222.0.75 "GET /placement/allocations/8a413b49-ea74-423b-a748-cc17868f85c4" status: 200 len: 259 microversion: 1.28
May 19 08:12:42.015399 n-d-768851-21 devstack@placement-api.service[105649]: [pid: 105649|app: 0|req: 75/158] 10.222.0.75 () {60 vars in 1377 bytes} [Thu May 19 08:12:41 2022] GET /placement/allocations/8a413b49-ea74-423b-a748-cc17868f85c4 => generated 259 bytes in 49 msecs (HTTP/1.1 200) 8 headers in 296 bytes (2 switches on core 0)
May 19 08:12:42.018665 n-d-768851-21 devstack@placement-api.service[105650]: DEBUG placement.requestlog [req-fcfae8a0-ca4e-4d85-b5ea-7751256617eb req-b9a53200-65ea-4391-8fa6-7a3fbebc38eb None None] Starting request: 10.222.0.24 "PUT /placement/allocations/dda2c95f-5355-4936-aaac-f46a9763ae57" {{(pid=105650) __call__ /opt/stack/placement/placement/requestlog.py:55}}
May 19 08:12:42.411684 n-d-768851-21 devstack@placement-api.service[105650]: DEBUG placement.handlers.allocation [req-fcfae8a0-ca4e-4d85-b5ea-7751256617eb req-b9a53200-65ea-4391-8fa6-7a3fbebc38eb service placement] Successfully wrote allocations [, , ] {{(pid=105650) _update_consumers_and_create_allocations /opt/stack/placement/placement/handlers/allocation.py:462}}
May 19 08:12:42.522741 n-d-768851-21 devstack@placement-api.service[105650]: INFO placement.requestlog [req-fcfae8a0-ca4e-4d85-b5ea-7751256617eb req-b9a53200-65ea-4391-8fa6-7a3fbebc38eb service placement] 10.222.0.24 "PUT /placement/allocations/dda2c95f-5355-4936-aaac-f46a9763ae57" status: 204 len: 0 microversion: 1.36
May 19 08:12:42.523567 n-d-768851-21 devstack@placement-api.service[105650]: [pid: 105650|app: 0|req: 84/159] 10.222.0.24 () {64 vars in 1433 bytes} [Thu May 19 08:12:42 2022] PUT /placement/allocations/dda2c95f-5355-4936-aaac-f46a9763ae57 => generated 0 bytes in 505 msecs (HTTP/1.1 204) 5 headers in 199 bytes (2 switches on core 0)
May 19 08:12:44.041404 n-d-768851-21 devstack@placement-api.service[105649]: DEBUG placement.requestlog [req-fcfae8a0-ca4e-4d85-b5ea-7751256617eb req-a61e6def-fe3d-42d5-a001-0602d6fdbab0 None None] Starting request: 10.222.0.75 "GET /placement/allocations/dda2c95f-5355-4936-aaac-f46a9763ae57" {{(pid=105649) __call__ /opt/stack/placement/placement/requestlog.py:55}}
May 19 08:12:44.080752 n-d-768851-21 devstack@placement-api.service[105649]: INFO placement.requestlog [req-fcfae8a0-ca4e-4d85-b5ea-7751256617eb req-a61e6def-fe3d-42d5-a001-0602d6fdbab0 service placement] 10.222.0.75 "GET /placement/allocations/dda2c95f-5355-4936-aaac-f46a9763ae57" status: 200 len: 259 microversion: 1.28
May 19 08:12:44.082970 n-d-768851-21 devstack@placement-api.service[105649]: [pid: 105649|app: 0|req: 76/160] 10.222.0.75 () {60 vars in 1377 bytes} [Thu May 19 08:12:44 2022] GET /placement/allocations/dda2c95f-5355-4936-aaac-f46a9763ae57 => generated 259 bytes in 42 msecs (HTTP/1.1 200) 8 headers in 296 bytes (1 switches on core 0)
May 19 08:12:52.404562 n-d-768851-21 devstack@placement-api.service[105650]: DEBUG dbcounter [-] [105650] Writing DB stats placement:SELECT=36,placement:INSERT=6,placement:DELETE=2,placement:UPDATE=2 {{(pid=105650) stat_writer /usr/local/lib/python3.8/dist-packages/dbcounter.py:114}}
May 19 08:12:54.077504 n-d-768851-21 devstack@placement-api.service[105649]: DEBUG dbcounter [-] [105649] Writing DB stats placement:INSERT=2,placement:UPDATE=2,placement:SELECT=9,placement:DELETE=1 {{(pid=105649) stat_writer /usr/local/lib/python3.8/dist-packages/dbcounter.py:114}}
May 19 08:12:56.999185 n-d-768851-21 devstack@placement-api.service[105650]: DEBUG placement.requestlog [req-3bb17236-92df-487e-a6e7-827e11f73e17 req-0517417b-9ec7-4ae7-8164-64accf03f509 None None] Starting request: 10.222.0.24 "GET /placement/allocation_candidates?resources=DISK_GB%3A1%2CMEMORY_MB%3A1024%2CVCPU%3A1&root_required=%21COMPUTE_STATUS_DISABLED" {{(pid=105650) __call__ /opt/stack/placement/placement/requestlog.py:55}}
May 19 08:12:57.048408 n-d-768851-21 devstack@placement-api.service[105650]: DEBUG placement.objects.research_context [req-3bb17236-92df-487e-a6e7-827e11f73e17 req-0517417b-9ec7-4ae7-8164-64accf03f509 service placement] getting providers with 1 DISK_GB {{(pid=105650) __init__ /opt/stack/placement/placement/objects/research_context.py:136}}
May 19 08:12:57.058270 n-d-768851-21 devstack@placement-api.service[105650]: DEBUG placement.objects.research_context [req-3bb17236-92df-487e-a6e7-827e11f73e17 req-0517417b-9ec7-4ae7-8164-64accf03f509 service placement] getting providers with 1024 MEMORY_MB {{(pid=105650) __init__ /opt/stack/placement/placement/objects/research_context.py:136}}
May 19 08:12:57.092748 n-d-768851-21 devstack@placement-api.service[105650]: DEBUG placement.objects.research_context [req-3bb17236-92df-487e-a6e7-827e11f73e17 req-0517417b-9ec7-4ae7-8164-64accf03f509 service placement] getting providers with 1 VCPU {{(pid=105650) __init__ /opt/stack/placement/placement/objects/research_context.py:136}}
May 19 08:12:57.111933 n-d-768851-21 devstack@placement-api.service[105650]: DEBUG placement.objects.research_context [req-3bb17236-92df-487e-a6e7-827e11f73e17 req-0517417b-9ec7-4ae7-8164-64accf03f509 service placement] found 2 providers with available 1 DISK_GB {{(pid=105650) get_provider_ids_matching /opt/stack/placement/placement/objects/research_context.py:563}}
May 19 08:12:57.117726 n-d-768851-21 devstack@placement-api.service[105650]: DEBUG placement.objects.research_context [req-3bb17236-92df-487e-a6e7-827e11f73e17 req-0517417b-9ec7-4ae7-8164-64accf03f509 service placement] found 2 providers with available 1024 MEMORY_MB {{(pid=105650) get_provider_ids_matching /opt/stack/placement/placement/objects/research_context.py:563}}
May 19 08:12:57.121480 n-d-768851-21 devstack@placement-api.service[105650]: DEBUG placement.objects.research_context [req-3bb17236-92df-487e-a6e7-827e11f73e17 req-0517417b-9ec7-4ae7-8164-64accf03f509 service placement] found 2 providers after filtering by previous result {{(pid=105650) get_provider_ids_matching /opt/stack/placement/placement/objects/research_context.py:594}}
May 19 08:12:57.122062 n-d-768851-21 devstack@placement-api.service[105650]: DEBUG placement.objects.research_context [req-3bb17236-92df-487e-a6e7-827e11f73e17 req-0517417b-9ec7-4ae7-8164-64accf03f509 service placement] found 2 providers with available 1 VCPU {{(pid=105650) get_provider_ids_matching /opt/stack/placement/placement/objects/research_context.py:563}}
May 19 08:12:57.122555 n-d-768851-21 devstack@placement-api.service[105650]: DEBUG placement.objects.research_context [req-3bb17236-92df-487e-a6e7-827e11f73e17 req-0517417b-9ec7-4ae7-8164-64accf03f509 service placement] found 2 providers after filtering by previous result {{(pid=105650) get_provider_ids_matching /opt/stack/placement/placement/objects/research_context.py:594}}
May 19 08:12:57.159444 n-d-768851-21 devstack@placement-api.service[105650]: DEBUG placement.objects.allocation_candidate [req-3bb17236-92df-487e-a6e7-827e11f73e17 req-0517417b-9ec7-4ae7-8164-64accf03f509 service placement] RequestGroup(use_same_provider=False, resources={DISK_GB:1, MEMORY_MB:1024, VCPU:1}, traits=(), aggregates=[]) (suffix '') returned 2 matches {{(pid=105650) _get_by_requests /opt/stack/placement/placement/objects/allocation_candidate.py:156}}
May 19 08:12:57.161740 n-d-768851-21 devstack@placement-api.service[105650]: DEBUG placement.objects.allocation_candidate [req-3bb17236-92df-487e-a6e7-827e11f73e17 req-0517417b-9ec7-4ae7-8164-64accf03f509 service placement] Merging candidates yields 2 allocation requests and 2 provider summaries {{(pid=105650) _merge_candidates /opt/stack/placement/placement/objects/allocation_candidate.py:809}}
May 19 08:12:57.167493 n-d-768851-21 devstack@placement-api.service[105650]: INFO placement.requestlog [req-3bb17236-92df-487e-a6e7-827e11f73e17 req-0517417b-9ec7-4ae7-8164-64accf03f509 service placement] 10.222.0.24 "GET /placement/allocation_candidates?resources=DISK_GB%3A1%2CMEMORY_MB%3A1024%2CVCPU%3A1&root_required=%21COMPUTE_STATUS_DISABLED" status: 200 len: 1310 microversion: 1.36
May 19 08:12:57.168830 n-d-768851-21 devstack@placement-api.service[105650]: [pid: 105650|app: 0|req: 85/161] 10.222.0.24 () {60 vars in 1484 bytes} [Thu May 19 08:12:56 2022] GET /placement/allocation_candidates?resources=DISK_GB%3A1%2CMEMORY_MB%3A1024%2CVCPU%3A1&root_required=%21COMPUTE_STATUS_DISABLED => generated 1310 bytes in 170 msecs (HTTP/1.1 200) 8 headers in 297 bytes (1 switches on core 0)
May 19 08:12:57.380896 n-d-768851-21 devstack@placement-api.service[105649]: DEBUG placement.requestlog [req-3bb17236-92df-487e-a6e7-827e11f73e17 req-00982eb9-fa54-4be6-8dde-6c3a009bba5d None None] Starting request: 10.222.0.24 "GET /placement/allocations/e41cc0d8-d009-4dc3-b94f-785a5805e23a" {{(pid=105649) __call__ /opt/stack/placement/placement/requestlog.py:55}}
May 19 08:12:57.393415 n-d-768851-21 devstack@placement-api.service[105649]: INFO placement.requestlog [req-3bb17236-92df-487e-a6e7-827e11f73e17 req-00982eb9-fa54-4be6-8dde-6c3a009bba5d service placement] 10.222.0.24 "GET /placement/allocations/e41cc0d8-d009-4dc3-b94f-785a5805e23a" status: 200 len: 19 microversion: 1.28
May 19 08:12:57.396169 n-d-768851-21 devstack@placement-api.service[105649]: [pid: 105649|app: 0|req: 77/162] 10.222.0.24 () {60 vars in 1380 bytes} [Thu May 19 08:12:57 2022] GET /placement/allocations/e41cc0d8-d009-4dc3-b94f-785a5805e23a => generated 19 bytes in 14 msecs (HTTP/1.1 200) 8 headers in 295 bytes (1 switches on core 0)
May 19 08:12:57.410579 n-d-768851-21 devstack@placement-api.service[105650]: DEBUG placement.requestlog [req-3bb17236-92df-487e-a6e7-827e11f73e17 req-fdc0c969-bb69-439a-bdb2-be8927ab05a9 None None] Starting request: 10.222.0.24 "PUT /placement/allocations/e41cc0d8-d009-4dc3-b94f-785a5805e23a" {{(pid=105650) __call__ /opt/stack/placement/placement/requestlog.py:55}}
May 19 08:12:57.687107 n-d-768851-21 devstack@placement-api.service[105650]: DEBUG placement.handlers.allocation [req-3bb17236-92df-487e-a6e7-827e11f73e17 req-fdc0c969-bb69-439a-bdb2-be8927ab05a9 service placement] Successfully wrote allocations [, , ] {{(pid=105650) _update_consumers_and_create_allocations /opt/stack/placement/placement/handlers/allocation.py:462}}
May 19 08:12:57.739049 n-d-768851-21 devstack@placement-api.service[105650]: INFO placement.requestlog [req-3bb17236-92df-487e-a6e7-827e11f73e17 req-fdc0c969-bb69-439a-bdb2-be8927ab05a9 service placement] 10.222.0.24 "PUT /placement/allocations/e41cc0d8-d009-4dc3-b94f-785a5805e23a" status: 204 len: 0 microversion: 1.36
May 19 08:12:57.739446 n-d-768851-21 devstack@placement-api.service[105650]: [pid: 105650|app: 0|req: 86/163] 10.222.0.24 () {64 vars in 1433 bytes} [Thu May 19 08:12:57 2022] PUT /placement/allocations/e41cc0d8-d009-4dc3-b94f-785a5805e23a => generated 0 bytes in 329 msecs (HTTP/1.1 204) 5 headers in 199 bytes (1 switches on core 0)
May 19 08:12:58.811885 n-d-768851-21 devstack@placement-api.service[105649]: DEBUG placement.requestlog [None req-5d237df8-cb6f-450c-9dfb-265ef2600136 None None] Starting request: 10.222.0.24 "GET /placement/" {{(pid=105649) __call__ /opt/stack/placement/placement/requestlog.py:55}}
May 19 08:12:58.814297 n-d-768851-21 devstack@placement-api.service[105649]: INFO placement.requestlog [None req-5d237df8-cb6f-450c-9dfb-265ef2600136 None None] 10.222.0.24 "GET /placement/" status: 200 len: 136 microversion: 1.0
May 19 08:12:58.815451 n-d-768851-21 devstack@placement-api.service[105649]: [pid: 105649|app: 0|req: 78/164] 10.222.0.24 () {54 vars in 916 bytes} [Thu May 19 08:12:58 2022] GET /placement => generated 136 bytes in 5 msecs (HTTP/1.1 200) 6 headers in 224 bytes (1 switches on core 0)
May 19 08:12:58.845182 n-d-768851-21 devstack@placement-api.service[105650]: DEBUG placement.requestlog [req-5d52df51-f5c6-4056-a4e3-63a8743ca0e4 req-54e62797-c774-486d-8da6-04208d96a9dc None None] Starting request: 10.222.0.24 "GET /placement/allocations/e880b662-46aa-47b2-ae3d-603112b5c074" {{(pid=105650) __call__ /opt/stack/placement/placement/requestlog.py:55}}
May 19 08:12:58.982047 n-d-768851-21 devstack@placement-api.service[105650]: INFO placement.requestlog [req-5d52df51-f5c6-4056-a4e3-63a8743ca0e4 req-54e62797-c774-486d-8da6-04208d96a9dc service placement] 10.222.0.24 "GET /placement/allocations/e880b662-46aa-47b2-ae3d-603112b5c074" status: 200 len: 259 microversion: 1.28
May 19 08:12:58.989491 n-d-768851-21 devstack@placement-api.service[105649]: DEBUG placement.requestlog [req-5d52df51-f5c6-4056-a4e3-63a8743ca0e4 req-6a4839c2-ad3c-4647-914b-6a10f4a92917 None None] Starting request: 10.222.0.24 "GET /placement/allocations/e880b662-46aa-47b2-ae3d-603112b5c074" {{(pid=105649) __call__ /opt/stack/placement/placement/requestlog.py:55}}
May 19 08:12:59.008943 n-d-768851-21 devstack@placement-api.service[105650]: [pid: 105650|app: 0|req: 87/165] 10.222.0.24 () {60 vars in 1380 bytes} [Thu May 19 08:12:58 2022] GET /placement/allocations/e880b662-46aa-47b2-ae3d-603112b5c074 => generated 259 bytes in 164 msecs (HTTP/1.1 200) 8 headers in 296 bytes (1 switches on core 0)
May 19 08:12:59.060344 n-d-768851-21 devstack@placement-api.service[105649]: INFO placement.requestlog [req-5d52df51-f5c6-4056-a4e3-63a8743ca0e4 req-6a4839c2-ad3c-4647-914b-6a10f4a92917 service placement] 10.222.0.24 "GET /placement/allocations/e880b662-46aa-47b2-ae3d-603112b5c074" status: 200 len: 259 microversion: 1.28
May 19 08:12:59.063491 n-d-768851-21 devstack@placement-api.service[105649]: [pid: 105649|app: 0|req: 79/166] 10.222.0.24 () {60 vars in 1380 bytes} [Thu May 19 08:12:58 2022] GET /placement/allocations/e880b662-46aa-47b2-ae3d-603112b5c074 => generated 259 bytes in 75 msecs (HTTP/1.1 200) 8 headers in 296 bytes (1 switches on core 0)
May 19 08:12:59.070175 n-d-768851-21 devstack@placement-api.service[105650]: DEBUG placement.requestlog [req-5d52df51-f5c6-4056-a4e3-63a8743ca0e4 req-052ada86-6aec-4e35-b96c-fd36fe6f2de4 None None] Starting request: 10.222.0.24 "GET /placement/allocations/fcae8d4e-407a-4a04-b4fa-9c77af36b3ca" {{(pid=105650) __call__ /opt/stack/placement/placement/requestlog.py:55}}
May 19 08:12:59.090655 n-d-768851-21 devstack@placement-api.service[105650]: INFO placement.requestlog [req-5d52df51-f5c6-4056-a4e3-63a8743ca0e4 req-052ada86-6aec-4e35-b96c-fd36fe6f2de4 service placement] 10.222.0.24 "GET /placement/allocations/fcae8d4e-407a-4a04-b4fa-9c77af36b3ca" status: 200 len: 19 microversion: 1.28
May 19 08:12:59.092547 n-d-768851-21 devstack@placement-api.service[105650]: [pid: 105650|app: 0|req: 88/167] 10.222.0.24 () {60 vars in 1380 bytes} [Thu May 19 08:12:59 2022] GET /placement/allocations/fcae8d4e-407a-4a04-b4fa-9c77af36b3ca => generated 19 bytes in 23 msecs (HTTP/1.1 200) 8 headers in 295 bytes (1 switches on core 0)
May 19 08:12:59.099470 n-d-768851-21 devstack@placement-api.service[105649]: DEBUG placement.requestlog [req-5d52df51-f5c6-4056-a4e3-63a8743ca0e4 req-4886a602-bbd8-4739-a22b-46d733a75ad8 None None] Starting request: 10.222.0.24 "POST /placement/allocations" {{(pid=105649) __call__ /opt/stack/placement/placement/requestlog.py:55}}
May 19 08:12:59.231563 n-d-768851-21 devstack@placement-api.service[105650]: DEBUG placement.requestlog [req-3bb17236-92df-487e-a6e7-827e11f73e17 req-f4db37d9-2315-435d-b6f2-b86bb9bf2dc2 None None] Starting request: 10.222.0.76 "GET /placement/allocations/e41cc0d8-d009-4dc3-b94f-785a5805e23a" {{(pid=105650) __call__ /opt/stack/placement/placement/requestlog.py:55}}
May 19 08:12:59.276238 n-d-768851-21 devstack@placement-api.service[105650]: INFO placement.requestlog [req-3bb17236-92df-487e-a6e7-827e11f73e17 req-f4db37d9-2315-435d-b6f2-b86bb9bf2dc2 service placement] 10.222.0.76 "GET /placement/allocations/e41cc0d8-d009-4dc3-b94f-785a5805e23a" status: 200 len: 259 microversion: 1.28
May 19 08:12:59.277185 n-d-768851-21 devstack@placement-api.service[105650]: [pid: 105650|app: 0|req: 89/168] 10.222.0.76 () {60 vars in 1377 bytes} [Thu May 19 08:12:59 2022] GET /placement/allocations/e41cc0d8-d009-4dc3-b94f-785a5805e23a => generated 259 bytes in 46 msecs (HTTP/1.1 200) 8 headers in 296 bytes (2 switches on core 0)
May 19 08:12:59.327347 n-d-768851-21 devstack@placement-api.service[105649]: DEBUG placement.handlers.allocation [req-5d52df51-f5c6-4056-a4e3-63a8743ca0e4 req-4886a602-bbd8-4739-a22b-46d733a75ad8 service placement] Successfully wrote allocations [, , , , , ] {{(pid=105649) _update_consumers_and_create_allocations /opt/stack/placement/placement/handlers/allocation.py:572}}
May 19 08:12:59.413563 n-d-768851-21 devstack@placement-api.service[105649]: INFO placement.requestlog [req-5d52df51-f5c6-4056-a4e3-63a8743ca0e4 req-4886a602-bbd8-4739-a22b-46d733a75ad8 service placement] 10.222.0.24 "POST /placement/allocations" status: 204 len: 0 microversion: 1.28
May 19 08:12:59.425831 n-d-768851-21 devstack@placement-api.service[105649]: [pid: 105649|app: 0|req: 80/169] 10.222.0.24 () {64 vars in 1323 bytes} [Thu May 19 08:12:59 2022] POST /placement/allocations => generated 0 bytes in 315 msecs (HTTP/1.1 204) 5 headers in 199 bytes (2 switches on core 0)
May 19 08:12:59.461341 n-d-768851-21 devstack@placement-api.service[105650]: DEBUG placement.requestlog [req-5d52df51-f5c6-4056-a4e3-63a8743ca0e4 req-9c429d9f-fac0-4551-ae1e-168ad30ce99e None None] Starting request: 10.222.0.24 "GET /placement/allocations/e880b662-46aa-47b2-ae3d-603112b5c074" {{(pid=105650) __call__ /opt/stack/placement/placement/requestlog.py:55}}
May 19 08:12:59.477054 n-d-768851-21 devstack@placement-api.service[105650]: INFO placement.requestlog [req-5d52df51-f5c6-4056-a4e3-63a8743ca0e4 req-9c429d9f-fac0-4551-ae1e-168ad30ce99e service placement] 10.222.0.24 "GET /placement/allocations/e880b662-46aa-47b2-ae3d-603112b5c074" status: 200 len: 19 microversion: 1.28
May 19 08:12:59.480843 n-d-768851-21 devstack@placement-api.service[105650]: [pid: 105650|app: 0|req: 90/170] 10.222.0.24 () {60 vars in 1380 bytes} [Thu May 19 08:12:59 2022] GET /placement/allocations/e880b662-46aa-47b2-ae3d-603112b5c074 => generated 19 bytes in 20 msecs (HTTP/1.1 200) 8 headers in 295 bytes (1 switches on core 0)
May 19 08:12:59.488787 n-d-768851-21 devstack@placement-api.service[105649]: DEBUG placement.requestlog [req-5d52df51-f5c6-4056-a4e3-63a8743ca0e4 req-22e7020f-4cf1-4f52-aab4-fc7dfad084c2 None None] Starting request: 10.222.0.24 "PUT /placement/allocations/e880b662-46aa-47b2-ae3d-603112b5c074" {{(pid=105649) __call__ /opt/stack/placement/placement/requestlog.py:55}}
May 19 08:12:59.786006 n-d-768851-21 devstack@placement-api.service[105649]: DEBUG placement.handlers.allocation [req-5d52df51-f5c6-4056-a4e3-63a8743ca0e4 req-22e7020f-4cf1-4f52-aab4-fc7dfad084c2 service placement] Successfully wrote allocations [, , ] {{(pid=105649) _update_consumers_and_create_allocations /opt/stack/placement/placement/handlers/allocation.py:462}}
May 19 08:12:59.854184 n-d-768851-21 devstack@placement-api.service[105649]: INFO placement.requestlog [req-5d52df51-f5c6-4056-a4e3-63a8743ca0e4 req-22e7020f-4cf1-4f52-aab4-fc7dfad084c2 service placement] 10.222.0.24 "PUT /placement/allocations/e880b662-46aa-47b2-ae3d-603112b5c074" status: 204 len: 0 microversion: 1.28
May 19 08:12:59.862543 n-d-768851-21 devstack@placement-api.service[105649]: [pid: 105649|app: 0|req: 81/171] 10.222.0.24 () {64 vars in 1433 bytes} [Thu May 19 08:12:59 2022] PUT /placement/allocations/e880b662-46aa-47b2-ae3d-603112b5c074 => generated 0 bytes in 374 msecs (HTTP/1.1 204) 5 headers in 199 bytes (2 switches on core 0)
May 19 08:13:00.138426 n-d-768851-21 devstack@placement-api.service[105650]: DEBUG placement.requestlog [req-5d52df51-f5c6-4056-a4e3-63a8743ca0e4 req-55768573-ca22-4a4f-bc7f-90dae567b528 None None] Starting request: 10.222.0.75 "GET /placement/allocations/e880b662-46aa-47b2-ae3d-603112b5c074" {{(pid=105650) __call__ /opt/stack/placement/placement/requestlog.py:55}}
May 19 08:13:00.169957 n-d-768851-21 devstack@placement-api.service[105650]: INFO placement.requestlog [req-5d52df51-f5c6-4056-a4e3-63a8743ca0e4 req-55768573-ca22-4a4f-bc7f-90dae567b528 service placement] 10.222.0.75 "GET /placement/allocations/e880b662-46aa-47b2-ae3d-603112b5c074" status: 200 len: 259 microversion: 1.28
May 19 08:13:00.170997 n-d-768851-21 devstack@placement-api.service[105650]: [pid: 105650|app: 0|req: 91/172] 10.222.0.75 () {60 vars in 1377 bytes} [Thu May 19 08:13:00 2022] GET /placement/allocations/e880b662-46aa-47b2-ae3d-603112b5c074 => generated 259 bytes in 33 msecs (HTTP/1.1 200) 8 headers in 296 bytes (1 switches on core 0)
May 19 08:13:00.350694 n-d-768851-21 devstack@placement-api.service[105649]: DEBUG placement.requestlog [req-eb06c60b-70ad-4eaa-b590-e773abc8dd4c req-d07b1843-2f48-4f82-9155-86235482f5ce None None] Starting request: 10.222.0.76 "GET /placement/resource_providers/82d34284-9e3d-449c-ab60-99c498ef3d25/allocations" {{(pid=105649) __call__ /opt/stack/placement/placement/requestlog.py:55}}
May 19 08:13:00.411033 n-d-768851-21 devstack@placement-api.service[105649]: INFO placement.requestlog [req-eb06c60b-70ad-4eaa-b590-e773abc8dd4c req-d07b1843-2f48-4f82-9155-86235482f5ce service placement] 10.222.0.76 "GET /placement/resource_providers/82d34284-9e3d-449c-ab60-99c498ef3d25/allocations" status: 200 len: 558 microversion: 1.0
May 19 08:13:00.414710 n-d-768851-21 devstack@placement-api.service[105649]: [pid: 105649|app: 0|req: 82/173] 10.222.0.76 () {58 vars in 1390 bytes} [Thu May 19 08:13:00 2022] GET /placement/resource_providers/82d34284-9e3d-449c-ab60-99c498ef3d25/allocations => generated 558 bytes in 64 msecs (HTTP/1.1 200) 6 headers in 224 bytes (2 switches on core 0)
May 19 08:13:00.984579 n-d-768851-21 devstack@placement-api.service[105650]: DEBUG placement.requestlog [req-eb06c60b-70ad-4eaa-b590-e773abc8dd4c req-cf7b763d-88d2-4061-a19d-f26baa31b7a7 None None] Starting request: 10.222.0.76 "GET /placement/allocations/25e65de2-aef7-4a75-bb38-de2388b7f9a6" {{(pid=105650) __call__ /opt/stack/placement/placement/requestlog.py:55}}
May 19 08:13:01.011795 n-d-768851-21 devstack@placement-api.service[105650]: INFO placement.requestlog [req-eb06c60b-70ad-4eaa-b590-e773abc8dd4c req-cf7b763d-88d2-4061-a19d-f26baa31b7a7 service placement] 10.222.0.76 "GET /placement/allocations/25e65de2-aef7-4a75-bb38-de2388b7f9a6" status: 200 len: 259 microversion: 1.28
May 19 08:13:01.012502 n-d-768851-21 devstack@placement-api.service[105650]: [pid: 105650|app: 0|req: 92/174] 10.222.0.76 () {60 vars in 1377 bytes} [Thu May 19 08:13:00 2022] GET /placement/allocations/25e65de2-aef7-4a75-bb38-de2388b7f9a6 => generated 259 bytes in 28 msecs (HTTP/1.1 200) 8 headers in 296 bytes (1 switches on core 0)
May 19 08:13:01.019806 n-d-768851-21 devstack@placement-api.service[105649]: DEBUG placement.requestlog [req-eb06c60b-70ad-4eaa-b590-e773abc8dd4c req-a8ff4182-dd73-4f88-8f60-fde1e6e7abc0 None None] Starting request: 10.222.0.76 "PUT /placement/allocations/25e65de2-aef7-4a75-bb38-de2388b7f9a6" {{(pid=105649) __call__ /opt/stack/placement/placement/requestlog.py:55}}
May 19 08:13:01.076805 n-d-768851-21 devstack@placement-api.service[105649]: DEBUG placement.handlers.allocation [req-eb06c60b-70ad-4eaa-b590-e773abc8dd4c req-a8ff4182-dd73-4f88-8f60-fde1e6e7abc0 service placement] Successfully wrote allocations [, , ] {{(pid=105649) _update_consumers_and_create_allocations /opt/stack/placement/placement/handlers/allocation.py:462}}
May 19 08:13:01.155227 n-d-768851-21 devstack@placement-api.service[105649]: INFO placement.requestlog [req-eb06c60b-70ad-4eaa-b590-e773abc8dd4c req-a8ff4182-dd73-4f88-8f60-fde1e6e7abc0 service placement] 10.222.0.76 "PUT /placement/allocations/25e65de2-aef7-4a75-bb38-de2388b7f9a6" status: 204 len: 0 microversion: 1.28
May 19 08:13:01.156909 n-d-768851-21 devstack@placement-api.service[105649]: [pid: 105649|app: 0|req: 83/175] 10.222.0.76 () {64 vars in 1430 bytes} [Thu May 19 08:13:01 2022] PUT /placement/allocations/25e65de2-aef7-4a75-bb38-de2388b7f9a6 => generated 0 bytes in 137 msecs (HTTP/1.1 204) 5 headers in 199 bytes (2 switches on core 0)
May 19 08:13:02.309143 n-d-768851-21 devstack@placement-api.service[105650]: DEBUG placement.requestlog [req-66adb9f1-12f5-4dd4-b674-88959abbb7af req-99addbaa-a6d1-4640-bf61-b9d2fed6126c None None] Starting request: 10.222.0.24 "GET /placement/allocation_candidates?limit=1000&resources=DISK_GB%3A1%2CMEMORY_MB%3A1024%2CVCPU%3A1&root_required=%21COMPUTE_STATUS_DISABLED" {{(pid=105650) __call__ /opt/stack/placement/placement/requestlog.py:55}}
May 19 08:13:02.403458 n-d-768851-21 devstack@placement-api.service[105650]: DEBUG placement.objects.research_context [req-66adb9f1-12f5-4dd4-b674-88959abbb7af req-99addbaa-a6d1-4640-bf61-b9d2fed6126c service placement] getting providers with 1 DISK_GB {{(pid=105650) __init__ /opt/stack/placement/placement/objects/research_context.py:136}}
May 19 08:13:02.411406 n-d-768851-21 devstack@placement-api.service[105650]: DEBUG placement.objects.research_context [req-66adb9f1-12f5-4dd4-b674-88959abbb7af req-99addbaa-a6d1-4640-bf61-b9d2fed6126c service placement] getting providers with 1024 MEMORY_MB {{(pid=105650) __init__ /opt/stack/placement/placement/objects/research_context.py:136}}
May 19 08:13:02.420506 n-d-768851-21 devstack@placement-api.service[105650]: DEBUG placement.objects.research_context [req-66adb9f1-12f5-4dd4-b674-88959abbb7af req-99addbaa-a6d1-4640-bf61-b9d2fed6126c service placement] getting providers with 1 VCPU {{(pid=105650) __init__ /opt/stack/placement/placement/objects/research_context.py:136}}
May 19 08:13:02.436676 n-d-768851-21 devstack@placement-api.service[105650]: DEBUG placement.objects.research_context [req-66adb9f1-12f5-4dd4-b674-88959abbb7af req-99addbaa-a6d1-4640-bf61-b9d2fed6126c service placement] found 2 providers with available 1 DISK_GB {{(pid=105650) get_provider_ids_matching /opt/stack/placement/placement/objects/research_context.py:563}}
May 19 08:13:02.437026 n-d-768851-21 devstack@placement-api.service[105650]: DEBUG placement.objects.research_context [req-66adb9f1-12f5-4dd4-b674-88959abbb7af req-99addbaa-a6d1-4640-bf61-b9d2fed6126c service placement] found 2 providers with available 1024 MEMORY_MB {{(pid=105650) get_provider_ids_matching /opt/stack/placement/placement/objects/research_context.py:563}}
May 19 08:13:02.437403 n-d-768851-21 devstack@placement-api.service[105650]: DEBUG placement.objects.research_context [req-66adb9f1-12f5-4dd4-b674-88959abbb7af req-99addbaa-a6d1-4640-bf61-b9d2fed6126c service placement] found 2 providers after filtering by previous result {{(pid=105650) get_provider_ids_matching /opt/stack/placement/placement/objects/research_context.py:594}}
May 19 08:13:02.439929 n-d-768851-21 devstack@placement-api.service[105650]: DEBUG placement.objects.research_context [req-66adb9f1-12f5-4dd4-b674-88959abbb7af req-99addbaa-a6d1-4640-bf61-b9d2fed6126c service placement] found 2 providers with available 1 VCPU {{(pid=105650) get_provider_ids_matching /opt/stack/placement/placement/objects/research_context.py:563}}
May 19 08:13:02.440338 n-d-768851-21 devstack@placement-api.service[105650]: DEBUG placement.objects.research_context [req-66adb9f1-12f5-4dd4-b674-88959abbb7af req-99addbaa-a6d1-4640-bf61-b9d2fed6126c service placement] found 2 providers after filtering by previous result {{(pid=105650) get_provider_ids_matching /opt/stack/placement/placement/objects/research_context.py:594}}
May 19 08:13:02.473885 n-d-768851-21 devstack@placement-api.service[105650]: DEBUG placement.objects.allocation_candidate [req-66adb9f1-12f5-4dd4-b674-88959abbb7af req-99addbaa-a6d1-4640-bf61-b9d2fed6126c service placement] RequestGroup(use_same_provider=False, resources={DISK_GB:1, MEMORY_MB:1024, VCPU:1}, traits=(), aggregates=[]) (suffix '') returned 2 matches {{(pid=105650) _get_by_requests /opt/stack/placement/placement/objects/allocation_candidate.py:156}}
May 19 08:13:02.474928 n-d-768851-21 devstack@placement-api.service[105650]: DEBUG placement.objects.allocation_candidate [req-66adb9f1-12f5-4dd4-b674-88959abbb7af req-99addbaa-a6d1-4640-bf61-b9d2fed6126c service placement] Merging candidates yields 2 allocation requests and 2 provider summaries {{(pid=105650) _merge_candidates /opt/stack/placement/placement/objects/allocation_candidate.py:809}}
May 19 08:13:02.483255 n-d-768851-21 devstack@placement-api.service[105650]: INFO placement.requestlog [req-66adb9f1-12f5-4dd4-b674-88959abbb7af req-99addbaa-a6d1-4640-bf61-b9d2fed6126c service placement] 10.222.0.24 "GET /placement/allocation_candidates?limit=1000&resources=DISK_GB%3A1%2CMEMORY_MB%3A1024%2CVCPU%3A1&root_required=%21COMPUTE_STATUS_DISABLED" status: 200 len: 1312 microversion: 1.36
May 19 08:13:02.512459 n-d-768851-21 devstack@placement-api.service[105650]: [pid: 105650|app: 0|req: 93/176] 10.222.0.24 () {60 vars in 1506 bytes} [Thu May 19 08:13:02 2022] GET /placement/allocation_candidates?limit=1000&resources=DISK_GB%3A1%2CMEMORY_MB%3A1024%2CVCPU%3A1&root_required=%21COMPUTE_STATUS_DISABLED => generated 1312 bytes in 203 msecs (HTTP/1.1 200) 8 headers in 297 bytes (1 switches on core 0)
May 19 08:13:02.766600 n-d-768851-21 devstack@placement-api.service[105649]: DEBUG placement.requestlog [req-66adb9f1-12f5-4dd4-b674-88959abbb7af req-b1696ac9-fd26-414a-8e99-87866afe8e1b None None] Starting request: 10.222.0.24 "GET /placement/allocations/9f9f5e22-81ce-43be-bb96-570bbab51b2e" {{(pid=105649) __call__ /opt/stack/placement/placement/requestlog.py:55}}
May 19 08:13:02.782559 n-d-768851-21 devstack@placement-api.service[105649]: INFO placement.requestlog [req-66adb9f1-12f5-4dd4-b674-88959abbb7af req-b1696ac9-fd26-414a-8e99-87866afe8e1b service placement] 10.222.0.24 "GET /placement/allocations/9f9f5e22-81ce-43be-bb96-570bbab51b2e" status: 200 len: 19 microversion: 1.28
May 19 08:13:02.788134 n-d-768851-21 devstack@placement-api.service[105649]: [pid: 105649|app: 0|req: 84/177] 10.222.0.24 () {60 vars in 1380 bytes} [Thu May 19 08:13:02 2022] GET /placement/allocations/9f9f5e22-81ce-43be-bb96-570bbab51b2e => generated 19 bytes in 22 msecs (HTTP/1.1 200) 8 headers in 295 bytes (1 switches on core 0)
May 19 08:13:02.804108 n-d-768851-21 devstack@placement-api.service[105650]: DEBUG placement.requestlog [req-66adb9f1-12f5-4dd4-b674-88959abbb7af req-a4db62f2-bed4-4c51-b8de-6007e49c7fb3 None None] Starting request: 10.222.0.24 "PUT /placement/allocations/9f9f5e22-81ce-43be-bb96-570bbab51b2e" {{(pid=105650) __call__ /opt/stack/placement/placement/requestlog.py:55}}
May 19 08:13:03.020016 n-d-768851-21 devstack@placement-api.service[105650]: DEBUG placement.handlers.allocation [req-66adb9f1-12f5-4dd4-b674-88959abbb7af req-a4db62f2-bed4-4c51-b8de-6007e49c7fb3 service placement] Successfully wrote allocations [, , ] {{(pid=105650) _update_consumers_and_create_allocations /opt/stack/placement/placement/handlers/allocation.py:462}}
May 19 08:13:03.190601 n-d-768851-21 devstack@placement-api.service[105650]: INFO placement.requestlog [req-66adb9f1-12f5-4dd4-b674-88959abbb7af req-a4db62f2-bed4-4c51-b8de-6007e49c7fb3 service placement] 10.222.0.24 "PUT /placement/allocations/9f9f5e22-81ce-43be-bb96-570bbab51b2e" status: 204 len: 0 microversion: 1.36
