May 19 07:47:37.911111 n-d-768851-21 devstack@keystone.service[80846]: DEBUG keystone.server.flask.request_processing.middleware.auth_context [None req-769dc6ef-7ab6-443c-a56e-5662f278ff12 None admin] Validating token access rules against request {{(pid=80846) validate_allowed_request /usr/local/lib/python3.8/dist-packages/keystonemiddleware/auth_token/__init__.py:545}}
May 19 07:47:37.932773 n-d-768851-21 devstack@keystone.service[80845]: DEBUG dbcounter [-] [80845] Writing DB stats keystone:SELECT=99,keystone:INSERT=1 {{(pid=80845) stat_writer /usr/local/lib/python3.8/dist-packages/dbcounter.py:114}}
May 19 07:47:37.951535 n-d-768851-21 devstack@keystone.service[80846]: DEBUG keystone.server.flask.request_processing.middleware.auth_context [None req-537301c2-fc37-47b8-9067-83f99b3ffeaf None admin] RBAC: auth_context: {'token': , 'domain_id': None, 'trust_id': None, 'trustor_id': None, 'trustee_id': None, 'domain_name': None, 'group_ids': [], 'user_id': '995e617b52cc4acdb06041a7a82a33b6', 'user_domain_id': 'default', 'system_scope': 'all', 'project_id': None, 'project_domain_id': None, 'roles': ['admin', 'member', 'reader'], 'is_admin_project': True, 'service_user_id': None, 'service_user_domain_id': None, 'service_project_id': None, 'service_project_domain_id': None, 'service_roles': []} {{(pid=80846) fill_context /opt/stack/keystone/keystone/server/flask/request_processing/middleware/auth_context.py:478}}
May 19 07:47:37.952480 n-d-768851-21 devstack@keystone.service[80846]: DEBUG keystone.server.flask.request_processing.req_logging [None req-537301c2-fc37-47b8-9067-83f99b3ffeaf None admin] REQUEST_METHOD: `GET` {{(pid=80846) log_request_info /opt/stack/keystone/keystone/server/flask/request_processing/req_logging.py:27}}
May 19 07:47:37.952928 n-d-768851-21 devstack@keystone.service[80846]: DEBUG keystone.server.flask.request_processing.req_logging [None req-537301c2-fc37-47b8-9067-83f99b3ffeaf None admin] SCRIPT_NAME: `/identity` {{(pid=80846) log_request_info /opt/stack/keystone/keystone/server/flask/request_processing/req_logging.py:28}}
May 19 07:47:37.953343 n-d-768851-21 devstack@keystone.service[80846]: DEBUG keystone.server.flask.request_processing.req_logging [None req-537301c2-fc37-47b8-9067-83f99b3ffeaf None admin] PATH_INFO: `/v3/auth/tokens` {{(pid=80846) log_request_info /opt/stack/keystone/keystone/server/flask/request_processing/req_logging.py:29}}
May 19 07:47:37.971752 n-d-768851-21 devstack@keystone.service[80846]: DEBUG dbcounter [-] [80846] Writing DB stats keystone:SELECT=100 {{(pid=80846) stat_writer /usr/local/lib/python3.8/dist-packages/dbcounter.py:114}}
May 19 07:47:37.989268 n-d-768851-21 devstack@keystone.service[80845]: DEBUG keystone.server.flask.request_processing.middleware.auth_context [None req-ce808b70-e181-432f-8cf9-a9280a252f61 None None] Validating token access rules against request {{(pid=80845) validate_allowed_request /usr/local/lib/python3.8/dist-packages/keystonemiddleware/auth_token/__init__.py:545}}
May 19 07:47:38.074808 n-d-768851-21 devstack@keystone.service[80845]: DEBUG keystone.server.flask.request_processing.middleware.auth_context [None req-d2c1b1b4-eb42-4ce1-ba54-8115001dedc5 None admin] RBAC: auth_context: {'token': , 'domain_id': None, 'trust_id': None, 'trustor_id': None, 'trustee_id': None, 'domain_name': None, 'group_ids': [], 'user_id': '995e617b52cc4acdb06041a7a82a33b6', 'user_domain_id': 'default', 'system_scope': 'all', 'project_id': None, 'project_domain_id': None, 'roles': ['admin', 'member', 'reader'], 'is_admin_project': True, 'service_user_id': None, 'service_user_domain_id': None, 'service_project_id': None, 'service_project_domain_id': None, 'service_roles': []} {{(pid=80845) fill_context /opt/stack/keystone/keystone/server/flask/request_processing/middleware/auth_context.py:478}}
May 19 07:47:38.075751 n-d-768851-21 devstack@keystone.service[80845]: DEBUG keystone.server.flask.request_processing.req_logging [None req-d2c1b1b4-eb42-4ce1-ba54-8115001dedc5 None admin] REQUEST_METHOD: `GET` {{(pid=80845) log_request_info /opt/stack/keystone/keystone/server/flask/request_processing/req_logging.py:27}}
May 19 07:47:38.076041 n-d-768851-21 devstack@keystone.service[80845]: DEBUG keystone.server.flask.request_processing.req_logging [None req-d2c1b1b4-eb42-4ce1-ba54-8115001dedc5 None admin] SCRIPT_NAME: `/identity` {{(pid=80845) log_request_info /opt/stack/keystone/keystone/server/flask/request_processing/req_logging.py:28}}
May 19 07:47:38.076319 n-d-768851-21 devstack@keystone.service[80845]: DEBUG keystone.server.flask.request_processing.req_logging [None req-d2c1b1b4-eb42-4ce1-ba54-8115001dedc5 None admin] PATH_INFO: `/v3/roles/anotherrole` {{(pid=80845) log_request_info /opt/stack/keystone/keystone/server/flask/request_processing/req_logging.py:29}}
May 19 07:47:38.092835 n-d-768851-21 devstack@keystone.service[80846]: DEBUG keystone.common.rbac_enforcer.enforcer [None req-537301c2-fc37-47b8-9067-83f99b3ffeaf None admin] RBAC: Authorizing `identity:validate_token()` {{(pid=80846) enforce_call /opt/stack/keystone/keystone/common/rbac_enforcer/enforcer.py:449}}
May 19 07:47:38.095015 n-d-768851-21 devstack@keystone.service[80846]: DEBUG keystone.common.rbac_enforcer.enforcer [None req-537301c2-fc37-47b8-9067-83f99b3ffeaf None admin] RBAC: Authorization granted {{(pid=80846) enforce_call /opt/stack/keystone/keystone/common/rbac_enforcer/enforcer.py:457}}
May 19 07:47:38.102638 n-d-768851-21 devstack@keystone.service[80845]: DEBUG keystone.common.rbac_enforcer.enforcer [None req-d2c1b1b4-eb42-4ce1-ba54-8115001dedc5 None admin] Extracting inferred target data resulted in "NOT FOUND (404)". {{(pid=80845) enforce_call /opt/stack/keystone/keystone/common/rbac_enforcer/enforcer.py:409}}
May 19 07:47:38.117706 n-d-768851-21 devstack@keystone.service[80845]: ERROR keystone.server.flask.application [None req-d2c1b1b4-eb42-4ce1-ba54-8115001dedc5 None admin] Could not find role: anotherrole.: keystone.exception.RoleNotFound: Could not find role: anotherrole.
May 19 07:47:38.117706 n-d-768851-21 devstack@keystone.service[80845]: ERROR keystone.server.flask.application
Traceback (most recent call last):
May 19 07:47:38.117706 n-d-768851-21 devstack@keystone.service[80845]: ERROR keystone.server.flask.application
File "/usr/local/lib/python3.8/dist-packages/flask/app.py", line 1523, in full_dispatch_request
May 19 07:47:38.117706 n-d-768851-21 devstack@keystone.service[80845]: ERROR keystone.server.flask.application rv = self.dispatch_request()
May 19 07:47:38.117706 n-d-768851-21 devstack@keystone.service[80845]: ERROR keystone.server.flask.application
File "/usr/local/lib/python3.8/dist-packages/flask/app.py", line 1509, in dispatch_request
May 19 07:47:38.117706 n-d-768851-21 devstack@keystone.service[80845]: ERROR keystone.server.flask.application return self.ensure_sync(self.view_functions[rule.endpoint])(**req.view_args)
May 19 07:47:38.117706 n-d-768851-21 devstack@keystone.service[80845]: ERROR keystone.server.flask.application
File "/usr/local/lib/python3.8/dist-packages/flask_restful/__init__.py", line 467, in wrapper
May 19 07:47:38.117706 n-d-768851-21 devstack@keystone.service[80845]: ERROR keystone.server.flask.application resp = resource(*args, **kwargs)
May 19 07:47:38.117706 n-d-768851-21 devstack@keystone.service[80845]: ERROR keystone.server.flask.application
File "/usr/local/lib/python3.8/dist-packages/flask/views.py", line 84, in view
May 19 07:47:38.117706 n-d-768851-21 devstack@keystone.service[80845]: ERROR keystone.server.flask.application return current_app.ensure_sync(self.dispatch_request)(*args, **kwargs)
May 19 07:47:38.117706 n-d-768851-21 devstack@keystone.service[80845]: ERROR keystone.server.flask.application
File "/usr/local/lib/python3.8/dist-packages/flask_restful/__init__.py", line 582, in dispatch_request
May 19 07:47:38.117706 n-d-768851-21 devstack@keystone.service[80845]: ERROR keystone.server.flask.application resp = meth(*args, **kwargs)
May 19 07:47:38.117706 n-d-768851-21 devstack@keystone.service[80845]: ERROR keystone.server.flask.application
File "/opt/stack/keystone/keystone/api/roles.py", line 50, in get
May 19 07:47:38.117706 n-d-768851-21 devstack@keystone.service[80845]: ERROR keystone.server.flask.application return self._get_role(role_id)
May 19 07:47:38.117706 n-d-768851-21 devstack@keystone.service[80845]: ERROR keystone.server.flask.application
File "/opt/stack/keystone/keystone/api/roles.py", line 70, in _get_role
May 19 07:47:38.117706 n-d-768851-21 devstack@keystone.service[80845]: ERROR keystone.server.flask.application ENFORCER.enforce_call(action='identity:get_role')
May 19 07:47:38.118623 n-d-768851-21 devstack@keystone.service[80845]: ERROR keystone.server.flask.application
File "/opt/stack/keystone/keystone/common/rbac_enforcer/enforcer.py", line 402, in enforce_call
May 19 07:47:38.118623 n-d-768851-21 devstack@keystone.service[80845]: ERROR keystone.server.flask.application policy_dict.update(cls._extract_member_target_data(
May 19 07:47:38.118623 n-d-768851-21 devstack@keystone.service[80845]: ERROR keystone.server.flask.application
File "/opt/stack/keystone/keystone/common/rbac_enforcer/enforcer.py", line 234, in _extract_member_target_data
May 19 07:47:38.118623 n-d-768851-21 devstack@keystone.service[80845]: ERROR keystone.server.flask.application member_name: func(flask.request.view_args[key])
May 19 07:47:38.118623 n-d-768851-21 devstack@keystone.service[80845]: ERROR keystone.server.flask.application
File "/opt/stack/keystone/keystone/common/manager.py", line 115, in wrapped
May 19 07:47:38.118623 n-d-768851-21 devstack@keystone.service[80845]: ERROR keystone.server.flask.application __ret_val = __f(*args, **kwargs)
May 19 07:47:38.118623 n-d-768851-21 devstack@keystone.service[80845]: ERROR keystone.server.flask.application
File "/usr/local/lib/python3.8/dist-packages/decorator.py", line 232, in fun
May 19 07:47:38.118623 n-d-768851-21 devstack@keystone.service[80845]: ERROR keystone.server.flask.application return caller(func, *(extras + args), **kw)
May 19 07:47:38.118623 n-d-768851-21 devstack@keystone.service[80845]: ERROR keystone.server.flask.application
File "/usr/local/lib/python3.8/dist-packages/dogpile/cache/region.py", line 1577, in get_or_create_for_user_func
May 19 07:47:38.118623 n-d-768851-21 devstack@keystone.service[80845]: ERROR keystone.server.flask.application return self.get_or_create(
May 19 07:47:38.118623 n-d-768851-21 devstack@keystone.service[80845]: ERROR keystone.server.flask.application
File "/usr/local/lib/python3.8/dist-packages/dogpile/cache/region.py", line 1042, in get_or_create
May 19 07:47:38.118623 n-d-768851-21 devstack@keystone.service[80845]: ERROR keystone.server.flask.application with Lock(
May 19 07:47:38.118623 n-d-768851-21 devstack@keystone.service[80845]: ERROR keystone.server.flask.application
File "/usr/local/lib/python3.8/dist-packages/dogpile/lock.py", line 185, in __enter__
May 19 07:47:38.118623 n-d-768851-21 devstack@keystone.service[80845]: ERROR keystone.server.flask.application return self._enter()
May 19 07:47:38.118623 n-d-768851-21 devstack@keystone.service[80845]: ERROR keystone.server.flask.application
File "/usr/local/lib/python3.8/dist-packages/dogpile/lock.py", line 94, in _enter
May 19 07:47:38.118623 n-d-768851-21 devstack@keystone.service[80845]: ERROR keystone.server.flask.application generated = self._enter_create(value, createdtime)
May 19 07:47:38.119401 n-d-768851-21 devstack@keystone.service[80845]: ERROR keystone.server.flask.application
File "/usr/local/lib/python3.8/dist-packages/dogpile/lock.py", line 178, in _enter_create
May 19 07:47:38.119401 n-d-768851-21 devstack@keystone.service[80845]: ERROR keystone.server.flask.application return self.creator()
May 19 07:47:38.119401 n-d-768851-21 devstack@keystone.service[80845]: ERROR keystone.server.flask.application
File "/usr/local/lib/python3.8/dist-packages/dogpile/cache/region.py", line 995, in gen_value
May 19 07:47:38.119401 n-d-768851-21 devstack@keystone.service[80845]: ERROR keystone.server.flask.application created_value = creator(
May 19 07:47:38.119401 n-d-768851-21 devstack@keystone.service[80845]: ERROR keystone.server.flask.application
File "/opt/stack/keystone/keystone/assignment/core.py", line 1276, in get_role
May 19 07:47:38.119401 n-d-768851-21 devstack@keystone.service[80845]: ERROR keystone.server.flask.application return self.driver.get_role(role_id)
May 19 07:47:38.119401 n-d-768851-21 devstack@keystone.service[80845]: ERROR keystone.server.flask.application
File "/opt/stack/keystone/keystone/assignment/role_backends/sql.py", line 70, in get_role
May 19 07:47:38.119401 n-d-768851-21 devstack@keystone.service[80845]: ERROR keystone.server.flask.application return self._get_role(session, role_id).to_dict()
May 19 07:47:38.119401 n-d-768851-21 devstack@keystone.service[80845]: ERROR keystone.server.flask.application
File "/opt/stack/keystone/keystone/assignment/role_backends/sql.py", line 65, in _get_role
May 19 07:47:38.119401 n-d-768851-21 devstack@keystone.service[80845]: ERROR keystone.server.flask.application raise exception.RoleNotFound(role_id=role_id)
May 19 07:47:38.119401 n-d-768851-21 devstack@keystone.service[80845]: ERROR keystone.server.flask.application keystone.exception.RoleNotFound: Could not find role: anotherrole.
May 19 07:47:38.119401 n-d-768851-21 devstack@keystone.service[80845]: ERROR keystone.server.flask.application
May 19 07:47:38.122068 n-d-768851-21 devstack@keystone.service[80845]: [pid: 80845|app: 0|req: 127/261] 10.222.0.24 () {56 vars in 1114 bytes} [Thu May 19 07:47:37 2022] GET /identity/v3/roles/anotherrole => generated 89 bytes in 356 msecs (HTTP/1.1 404) 5 headers in 183 bytes (1 switches on core 0)
May 19 07:47:38.128702 n-d-768851-21 devstack@keystone.service[80845]: DEBUG keystone.server.flask.request_processing.middleware.auth_context [None req-d2c1b1b4-eb42-4ce1-ba54-8115001dedc5 None admin] Authenticating user token {{(pid=80845) process_request /usr/local/lib/python3.8/dist-packages/keystonemiddleware/auth_token/__init__.py:407}}
May 19 07:47:38.212124 n-d-768851-21 devstack@keystone.service[80846]: [pid: 80846|app: 0|req: 135/262] 10.222.0.24 () {58 vars in 1282 bytes} [Thu May 19 07:47:37 2022] GET /identity/v3/auth/tokens => generated 799 bytes in 437 msecs (HTTP/1.1 200) 6 headers in 358 bytes (1 switches on core 0)
May 19 07:47:38.217969 n-d-768851-21 devstack@keystone.service[80846]: DEBUG keystone.server.flask.request_processing.middleware.auth_context [None req-537301c2-fc37-47b8-9067-83f99b3ffeaf None admin] Authenticating user token {{(pid=80846) process_request /usr/local/lib/python3.8/dist-packages/keystonemiddleware/auth_token/__init__.py:407}}
May 19 07:47:38.290043 n-d-768851-21 devstack@keystone.service[80846]: DEBUG dbcounter [-] [80846] Writing DB stats keystone:SELECT=100 {{(pid=80846) stat_writer /usr/local/lib/python3.8/dist-packages/dbcounter.py:114}}
May 19 07:47:38.330455 n-d-768851-21 devstack@keystone.service[80845]: DEBUG keystone.server.flask.request_processing.middleware.auth_context [None req-d2c1b1b4-eb42-4ce1-ba54-8115001dedc5 None admin] Validating token access rules against request {{(pid=80845) validate_allowed_request /usr/local/lib/python3.8/dist-packages/keystonemiddleware/auth_token/__init__.py:545}}
May 19 07:47:38.374953 n-d-768851-21 devstack@keystone.service[80845]: DEBUG dbcounter [-] [80845] Writing DB stats keystone:SELECT=100 {{(pid=80845) stat_writer /usr/local/lib/python3.8/dist-packages/dbcounter.py:114}}
May 19 07:47:38.387126 n-d-768851-21 devstack@keystone.service[80846]: DEBUG keystone.server.flask.request_processing.middleware.auth_context [None req-537301c2-fc37-47b8-9067-83f99b3ffeaf None admin] Validating token access rules against request {{(pid=80846) validate_allowed_request /usr/local/lib/python3.8/dist-packages/keystonemiddleware/auth_token/__init__.py:545}}
May 19 07:47:38.390353 n-d-768851-21 devstack@keystone.service[80845]: DEBUG keystone.server.flask.request_processing.middleware.auth_context [None req-a4ba9c04-1f2c-4489-b51f-be4159623939 None admin] RBAC: auth_context: {'token': , 'domain_id': None, 'trust_id': None, 'trustor_id': None, 'trustee_id': None, 'domain_name': None, 'group_ids': [], 'user_id': '995e617b52cc4acdb06041a7a82a33b6', 'user_domain_id': 'default', 'system_scope': 'all', 'project_id': None, 'project_domain_id': None, 'roles': ['admin', 'member', 'reader'], 'is_admin_project': True, 'service_user_id': None, 'service_user_domain_id': None, 'service_project_id': None, 'service_project_domain_id': None, 'service_roles': []} {{(pid=80845) fill_context /opt/stack/keystone/keystone/server/flask/request_processing/middleware/auth_context.py:478}}
May 19 07:47:38.391387 n-d-768851-21 devstack@keystone.service[80845]: DEBUG keystone.server.flask.request_processing.req_logging [None req-a4ba9c04-1f2c-4489-b51f-be4159623939 None admin] REQUEST_METHOD: `GET` {{(pid=80845) log_request_info /opt/stack/keystone/keystone/server/flask/request_processing/req_logging.py:27}}
May 19 07:47:38.391894 n-d-768851-21 devstack@keystone.service[80845]: DEBUG keystone.server.flask.request_processing.req_logging [None req-a4ba9c04-1f2c-4489-b51f-be4159623939 None admin] SCRIPT_NAME: `/identity` {{(pid=80845) log_request_info /opt/stack/keystone/keystone/server/flask/request_processing/req_logging.py:28}}
May 19 07:47:38.392381 n-d-768851-21 devstack@keystone.service[80845]: DEBUG keystone.server.flask.request_processing.req_logging [None req-a4ba9c04-1f2c-4489-b51f-be4159623939 None admin] PATH_INFO: `/v3/roles` {{(pid=80845) log_request_info /opt/stack/keystone/keystone/server/flask/request_processing/req_logging.py:29}}
May 19 07:47:38.393351 n-d-768851-21 devstack@keystone.service[80845]: DEBUG keystone.common.rbac_enforcer.enforcer [None req-a4ba9c04-1f2c-4489-b51f-be4159623939 None admin] RBAC: Adding query filter params (name=anotherrole) {{(pid=80845) _extract_filter_values /opt/stack/keystone/keystone/common/rbac_enforcer/enforcer.py:167}}
May 19 07:47:38.393896 n-d-768851-21 devstack@keystone.service[80845]: DEBUG keystone.common.rbac_enforcer.enforcer [None req-a4ba9c04-1f2c-4489-b51f-be4159623939 None admin] RBAC: Authorizing `identity:list_roles()` {{(pid=80845) enforce_call /opt/stack/keystone/keystone/common/rbac_enforcer/enforcer.py:449}}
May 19 07:47:38.398703 n-d-768851-21 devstack@keystone.service[80845]: DEBUG keystone.common.rbac_enforcer.enforcer [None req-a4ba9c04-1f2c-4489-b51f-be4159623939 None admin] RBAC: Authorization granted {{(pid=80845) enforce_call /opt/stack/keystone/keystone/common/rbac_enforcer/enforcer.py:457}}
May 19 07:47:38.414758 n-d-768851-21 devstack@keystone.service[80845]: [pid: 80845|app: 0|req: 128/263] 10.222.0.24 () {56 vars in 1111 bytes} [Thu May 19 07:47:38 2022] GET /identity/v3/roles?name=anotherrole => generated 334 bytes in 286 msecs (HTTP/1.1 200) 5 headers in 177 bytes (1 switches on core 0)
May 19 07:47:38.419907 n-d-768851-21 devstack@keystone.service[80845]: DEBUG keystone.server.flask.request_processing.middleware.auth_context [None req-a4ba9c04-1f2c-4489-b51f-be4159623939 None admin] Authenticating user token {{(pid=80845) process_request /usr/local/lib/python3.8/dist-packages/keystonemiddleware/auth_token/__init__.py:407}}
May 19 07:47:38.428931 n-d-768851-21 devstack@keystone.service[80846]: DEBUG keystone.server.flask.request_processing.middleware.auth_context [None req-a8fd16b3-4135-4f1a-9533-9255d419c18a None admin] RBAC: auth_context: {'token': , 'domain_id': None, 'trust_id': None, 'trustor_id': None, 'trustee_id': None, 'domain_name': None, 'group_ids': [], 'user_id': '995e617b52cc4acdb06041a7a82a33b6', 'user_domain_id': 'default', 'system_scope': 'all', 'project_id': None, 'project_domain_id': None, 'roles': ['admin', 'member', 'reader'], 'is_admin_project': True, 'service_user_id': None, 'service_user_domain_id': None, 'service_project_id': None, 'service_project_domain_id': None, 'service_roles': []} {{(pid=80846) fill_context /opt/stack/keystone/keystone/server/flask/request_processing/middleware/auth_context.py:478}}
May 19 07:47:38.429903 n-d-768851-21 devstack@keystone.service[80846]: DEBUG keystone.server.flask.request_processing.req_logging [None req-a8fd16b3-4135-4f1a-9533-9255d419c18a None admin] REQUEST_METHOD: `GET` {{(pid=80846) log_request_info /opt/stack/keystone/keystone/server/flask/request_processing/req_logging.py:27}}
May 19 07:47:38.430399 n-d-768851-21 devstack@keystone.service[80846]: DEBUG keystone.server.flask.request_processing.req_logging [None req-a8fd16b3-4135-4f1a-9533-9255d419c18a None admin] SCRIPT_NAME: `/identity` {{(pid=80846) log_request_info /opt/stack/keystone/keystone/server/flask/request_processing/req_logging.py:28}}
May 19 07:47:38.430840 n-d-768851-21 devstack@keystone.service[80846]: DEBUG keystone.server.flask.request_processing.req_logging [None req-a8fd16b3-4135-4f1a-9533-9255d419c18a None admin] PATH_INFO: `/v3/projects/9cfb5626e2354e05aedd6b46f3848f61` {{(pid=80846) log_request_info /opt/stack/keystone/keystone/server/flask/request_processing/req_logging.py:29}}
May 19 07:47:38.432195 n-d-768851-21 devstack@keystone.service[80846]: DEBUG keystone.common.rbac_enforcer.enforcer [None req-a8fd16b3-4135-4f1a-9533-9255d419c18a None admin] RBAC: Authorizing `identity:get_project(project_id=9cfb5626e2354e05aedd6b46f3848f61)` {{(pid=80846) enforce_call /opt/stack/keystone/keystone/common/rbac_enforcer/enforcer.py:449}}
May 19 07:47:38.434341 n-d-768851-21 devstack@keystone.service[80846]: DEBUG keystone.common.rbac_enforcer.enforcer [None req-a8fd16b3-4135-4f1a-9533-9255d419c18a None admin] RBAC: Authorization granted {{(pid=80846) enforce_call /opt/stack/keystone/keystone/common/rbac_enforcer/enforcer.py:457}}
May 19 07:47:38.436908 n-d-768851-21 devstack@keystone.service[80846]: [pid: 80846|app: 0|req: 136/264] 10.222.0.24 () {56 vars in 1186 bytes} [Thu May 19 07:47:38 2022] GET /identity/v3/projects/9cfb5626e2354e05aedd6b46f3848f61 => generated 302 bytes in 220 msecs (HTTP/1.1 200) 5 headers in 177 bytes (2 switches on core 0)
May 19 07:47:38.442553 n-d-768851-21 devstack@keystone.service[80846]: DEBUG keystone.server.flask.request_processing.middleware.auth_context [None req-a8fd16b3-4135-4f1a-9533-9255d419c18a None admin] Authenticating user token {{(pid=80846) process_request /usr/local/lib/python3.8/dist-packages/keystonemiddleware/auth_token/__init__.py:407}}
May 19 07:47:38.552567 n-d-768851-21 devstack@keystone.service[80845]: DEBUG keystone.server.flask.request_processing.middleware.auth_context [None req-a4ba9c04-1f2c-4489-b51f-be4159623939 None admin] Validating token access rules against request {{(pid=80845) validate_allowed_request /usr/local/lib/python3.8/dist-packages/keystonemiddleware/auth_token/__init__.py:545}}
May 19 07:47:38.598055 n-d-768851-21 devstack@keystone.service[80845]: DEBUG keystone.server.flask.request_processing.middleware.auth_context [None req-bd059795-4f83-483c-8199-087c77c1fcc4 None admin] RBAC: auth_context: {'token': , 'domain_id': None, 'trust_id': None, 'trustor_id': None, 'trustee_id': None, 'domain_name': None, 'group_ids': [], 'user_id': '995e617b52cc4acdb06041a7a82a33b6', 'user_domain_id': 'default', 'system_scope': 'all', 'project_id': None, 'project_domain_id': None, 'roles': ['admin', 'member', 'reader'], 'is_admin_project': True, 'service_user_id': None, 'service_user_domain_id': None, 'service_project_id': None, 'service_project_domain_id': None, 'service_roles': []} {{(pid=80845) fill_context /opt/stack/keystone/keystone/server/flask/request_processing/middleware/auth_context.py:478}}
May 19 07:47:38.599205 n-d-768851-21 devstack@keystone.service[80845]: DEBUG keystone.server.flask.request_processing.req_logging [None req-bd059795-4f83-483c-8199-087c77c1fcc4 None admin] REQUEST_METHOD: `GET` {{(pid=80845) log_request_info /opt/stack/keystone/keystone/server/flask/request_processing/req_logging.py:27}}
May 19 07:47:38.599638 n-d-768851-21 devstack@keystone.service[80845]: DEBUG keystone.server.flask.request_processing.req_logging [None req-bd059795-4f83-483c-8199-087c77c1fcc4 None admin] SCRIPT_NAME: `/identity` {{(pid=80845) log_request_info /opt/stack/keystone/keystone/server/flask/request_processing/req_logging.py:28}}
May 19 07:47:38.600105 n-d-768851-21 devstack@keystone.service[80845]: DEBUG keystone.server.flask.request_processing.req_logging [None req-bd059795-4f83-483c-8199-087c77c1fcc4 None admin] PATH_INFO: `/v3/users/7931adcbbb534eacb797c4f07cdb9180` {{(pid=80845) log_request_info /opt/stack/keystone/keystone/server/flask/request_processing/req_logging.py:29}}
May 19 07:47:38.602858 n-d-768851-21 devstack@keystone.service[80845]: DEBUG keystone.common.rbac_enforcer.enforcer [None req-bd059795-4f83-483c-8199-087c77c1fcc4 None admin] RBAC: Authorizing `identity:get_user(user_id=7931adcbbb534eacb797c4f07cdb9180)` {{(pid=80845) enforce_call /opt/stack/keystone/keystone/common/rbac_enforcer/enforcer.py:449}}
May 19 07:47:38.603954 n-d-768851-21 devstack@keystone.service[80845]: DEBUG keystone.common.rbac_enforcer.enforcer [None req-bd059795-4f83-483c-8199-087c77c1fcc4 None admin] RBAC: Authorization granted {{(pid=80845) enforce_call /opt/stack/keystone/keystone/common/rbac_enforcer/enforcer.py:457}}
May 19 07:47:38.605821 n-d-768851-21 devstack@keystone.service[80845]: [pid: 80845|app: 0|req: 129/265] 10.222.0.24 () {56 vars in 1177 bytes} [Thu May 19 07:47:38 2022] GET /identity/v3/users/7931adcbbb534eacb797c4f07cdb9180 => generated 283 bytes in 186 msecs (HTTP/1.1 200) 5 headers in 177 bytes (2 switches on core 0)
May 19 07:47:38.610115 n-d-768851-21 devstack@keystone.service[80846]: DEBUG keystone.server.flask.request_processing.middleware.auth_context [None req-a8fd16b3-4135-4f1a-9533-9255d419c18a None admin] Validating token access rules against request {{(pid=80846) validate_allowed_request /usr/local/lib/python3.8/dist-packages/keystonemiddleware/auth_token/__init__.py:545}}
May 19 07:47:38.611538 n-d-768851-21 devstack@keystone.service[80845]: DEBUG keystone.server.flask.request_processing.middleware.auth_context [None req-bd059795-4f83-483c-8199-087c77c1fcc4 None admin] Authenticating user token {{(pid=80845) process_request /usr/local/lib/python3.8/dist-packages/keystonemiddleware/auth_token/__init__.py:407}}
May 19 07:47:38.653957 n-d-768851-21 devstack@keystone.service[80846]: DEBUG dbcounter [-] [80846] Writing DB stats keystone:SELECT=100 {{(pid=80846) stat_writer /usr/local/lib/python3.8/dist-packages/dbcounter.py:114}}
May 19 07:47:38.670556 n-d-768851-21 devstack@keystone.service[80846]: DEBUG keystone.server.flask.request_processing.middleware.auth_context [None req-b22d4bd0-7eb9-4a34-bbc0-874787544416 None admin] RBAC: auth_context: {'token': , 'domain_id': None, 'trust_id': None, 'trustor_id': None, 'trustee_id': None, 'domain_name': None, 'group_ids': [], 'user_id': '995e617b52cc4acdb06041a7a82a33b6', 'user_domain_id': 'default', 'system_scope': 'all', 'project_id': None, 'project_domain_id': None, 'roles': ['admin', 'member', 'reader'], 'is_admin_project': True, 'service_user_id': None, 'service_user_domain_id': None, 'service_project_id': None, 'service_project_domain_id': None, 'service_roles': []} {{(pid=80846) fill_context /opt/stack/keystone/keystone/server/flask/request_processing/middleware/auth_context.py:478}}
May 19 07:47:38.671627 n-d-768851-21 devstack@keystone.service[80846]: DEBUG keystone.server.flask.request_processing.req_logging [None req-b22d4bd0-7eb9-4a34-bbc0-874787544416 None admin] REQUEST_METHOD: `GET` {{(pid=80846) log_request_info /opt/stack/keystone/keystone/server/flask/request_processing/req_logging.py:27}}
May 19 07:47:38.671916 n-d-768851-21 devstack@keystone.service[80846]: DEBUG keystone.server.flask.request_processing.req_logging [None req-b22d4bd0-7eb9-4a34-bbc0-874787544416 None admin] SCRIPT_NAME: `/identity` {{(pid=80846) log_request_info /opt/stack/keystone/keystone/server/flask/request_processing/req_logging.py:28}}
May 19 07:47:38.672195 n-d-768851-21 devstack@keystone.service[80846]: DEBUG keystone.server.flask.request_processing.req_logging [None req-b22d4bd0-7eb9-4a34-bbc0-874787544416 None admin] PATH_INFO: `/v3/role_assignments` {{(pid=80846) log_request_info /opt/stack/keystone/keystone/server/flask/request_processing/req_logging.py:29}}
May 19 07:47:38.673047 n-d-768851-21 devstack@keystone.service[80846]: DEBUG keystone.common.rbac_enforcer.enforcer [None req-b22d4bd0-7eb9-4a34-bbc0-874787544416 None admin] RBAC: Adding query filter params (role.id=814e9c971b574f85aec50286cf81ac5e, scope.project.id=9cfb5626e2354e05aedd6b46f3848f61, user.id=7931adcbbb534eacb797c4f07cdb9180) {{(pid=80846) _extract_filter_values /opt/stack/keystone/keystone/common/rbac_enforcer/enforcer.py:167}}
May 19 07:47:38.673418 n-d-768851-21 devstack@keystone.service[80846]: DEBUG keystone.common.rbac_enforcer.enforcer [None req-b22d4bd0-7eb9-4a34-bbc0-874787544416 None admin] RBAC: Authorizing `identity:list_role_assignments()` {{(pid=80846) enforce_call /opt/stack/keystone/keystone/common/rbac_enforcer/enforcer.py:449}}
May 19 07:47:38.674974 n-d-768851-21 devstack@keystone.service[80846]: DEBUG keystone.common.rbac_enforcer.enforcer [None req-b22d4bd0-7eb9-4a34-bbc0-874787544416 None admin] RBAC: Authorization granted {{(pid=80846) enforce_call /opt/stack/keystone/keystone/common/rbac_enforcer/enforcer.py:457}}
May 19 07:47:38.688926 n-d-768851-21 devstack@keystone.service[80846]: [pid: 80846|app: 0|req: 137/266] 10.222.0.24 () {56 vars in 1374 bytes} [Thu May 19 07:47:38 2022] GET /identity/v3/role_assignments?user.id=7931adcbbb534eacb797c4f07cdb9180&scope.project.id=9cfb5626e2354e05aedd6b46f3848f61&role.id=814e9c971b574f85aec50286cf81ac5e => generated 608 bytes in 247 msecs (HTTP/1.1 200) 5 headers in 177 bytes (2 switches on core 0)
May 19 07:47:38.776382 n-d-768851-21 devstack@keystone.service[80845]: DEBUG dbcounter [-] [80845] Writing DB stats keystone:SELECT=100 {{(pid=80845) stat_writer /usr/local/lib/python3.8/dist-packages/dbcounter.py:114}}
May 19 07:47:38.846131 n-d-768851-21 devstack@keystone.service[80845]: DEBUG keystone.server.flask.request_processing.middleware.auth_context [None req-bd059795-4f83-483c-8199-087c77c1fcc4 None admin] Validating token access rules against request {{(pid=80845) validate_allowed_request /usr/local/lib/python3.8/dist-packages/keystonemiddleware/auth_token/__init__.py:545}}
May 19 07:47:38.897377 n-d-768851-21 devstack@keystone.service[80845]: DEBUG keystone.server.flask.request_processing.middleware.auth_context [None req-04dc44c4-6764-47a6-b8c0-d800a86b67b5 None admin] RBAC: auth_context: {'token': , 'domain_id': None, 'trust_id': None, 'trustor_id': None, 'trustee_id': None, 'domain_name': None, 'group_ids': [], 'user_id': '995e617b52cc4acdb06041a7a82a33b6', 'user_domain_id': 'default', 'system_scope': 'all', 'project_id': None, 'project_domain_id': None, 'roles': ['admin', 'member', 'reader'], 'is_admin_project': True, 'service_user_id': None, 'service_user_domain_id': None, 'service_project_id': None, 'service_project_domain_id': None, 'service_roles': []} {{(pid=80845) fill_context /opt/stack/keystone/keystone/server/flask/request_processing/middleware/auth_context.py:478}}
May 19 07:47:38.898553 n-d-768851-21 devstack@keystone.service[80845]: DEBUG keystone.server.flask.request_processing.req_logging [None req-04dc44c4-6764-47a6-b8c0-d800a86b67b5 None admin] REQUEST_METHOD: `GET` {{(pid=80845) log_request_info /opt/stack/keystone/keystone/server/flask/request_processing/req_logging.py:27}}
May 19 07:47:38.898985 n-d-768851-21 devstack@keystone.service[80845]: DEBUG keystone.server.flask.request_processing.req_logging [None req-04dc44c4-6764-47a6-b8c0-d800a86b67b5 None admin] SCRIPT_NAME: `/identity` {{(pid=80845) log_request_info /opt/stack/keystone/keystone/server/flask/request_processing/req_logging.py:28}}
May 19 07:47:38.899409 n-d-768851-21 devstack@keystone.service[80845]: DEBUG keystone.server.flask.request_processing.req_logging [None req-04dc44c4-6764-47a6-b8c0-d800a86b67b5 None admin] PATH_INFO: `/v3/auth/tokens` {{(pid=80845) log_request_info /opt/stack/keystone/keystone/server/flask/request_processing/req_logging.py:29}}
May 19 07:47:38.997918 n-d-768851-21 devstack@keystone.service[80845]: DEBUG keystone.common.rbac_enforcer.enforcer [None req-04dc44c4-6764-47a6-b8c0-d800a86b67b5 None admin] RBAC: Authorizing `identity:validate_token()` {{(pid=80845) enforce_call /opt/stack/keystone/keystone/common/rbac_enforcer/enforcer.py:449}}
May 19 07:47:39.000353 n-d-768851-21 devstack@keystone.service[80845]: DEBUG keystone.common.rbac_enforcer.enforcer [None req-04dc44c4-6764-47a6-b8c0-d800a86b67b5 None admin] RBAC: Authorization granted {{(pid=80845) enforce_call /opt/stack/keystone/keystone/common/rbac_enforcer/enforcer.py:457}}
May 19 07:47:39.095240 n-d-768851-21 devstack@keystone.service[80845]: DEBUG dbcounter [-] [80845] Writing DB stats keystone:SELECT=100 {{(pid=80845) stat_writer /usr/local/lib/python3.8/dist-packages/dbcounter.py:114}}
May 19 07:47:39.144784 n-d-768851-21 devstack@keystone.service[80845]: [pid: 80845|app: 0|req: 130/267] 10.222.0.24 () {58 vars in 1282 bytes} [Thu May 19 07:47:38 2022] GET /identity/v3/auth/tokens => generated 799 bytes in 533 msecs (HTTP/1.1 200) 6 headers in 358 bytes (1 switches on core 0)
May 19 07:47:39.150085 n-d-768851-21 devstack@keystone.service[80846]: DEBUG keystone.server.flask.request_processing.middleware.auth_context [None req-b22d4bd0-7eb9-4a34-bbc0-874787544416 None admin] Authenticating user token {{(pid=80846) process_request /usr/local/lib/python3.8/dist-packages/keystonemiddleware/auth_token/__init__.py:407}}
May 19 07:47:39.282304 n-d-768851-21 devstack@keystone.service[80846]: DEBUG keystone.server.flask.request_processing.middleware.auth_context [None req-b22d4bd0-7eb9-4a34-bbc0-874787544416 None admin] Validating token access rules against request {{(pid=80846) validate_allowed_request /usr/local/lib/python3.8/dist-packages/keystonemiddleware/auth_token/__init__.py:545}}
May 19 07:47:39.332462 n-d-768851-21 devstack@keystone.service[80846]: DEBUG keystone.server.flask.request_processing.middleware.auth_context [None req-a53bb995-0c73-41f0-bcb5-dcc5895bc846 None admin] RBAC: auth_context: {'token': , 'domain_id': None, 'trust_id': None, 'trustor_id': None, 'trustee_id': None, 'domain_name': None, 'group_ids': [], 'user_id': '995e617b52cc4acdb06041a7a82a33b6', 'user_domain_id': 'default', 'system_scope': 'all', 'project_id': None, 'project_domain_id': None, 'roles': ['admin', 'member', 'reader'], 'is_admin_project': True, 'service_user_id': None, 'service_user_domain_id': None, 'service_project_id': None, 'service_project_domain_id': None, 'service_roles': []} {{(pid=80846) fill_context /opt/stack/keystone/keystone/server/flask/request_processing/middleware/auth_context.py:478}}
May 19 07:47:39.333356 n-d-768851-21 devstack@keystone.service[80846]: DEBUG keystone.server.flask.request_processing.req_logging [None req-a53bb995-0c73-41f0-bcb5-dcc5895bc846 None admin] REQUEST_METHOD: `GET` {{(pid=80846) log_request_info /opt/stack/keystone/keystone/server/flask/request_processing/req_logging.py:27}}
May 19 07:47:39.333642 n-d-768851-21 devstack@keystone.service[80846]: DEBUG keystone.server.flask.request_processing.req_logging [None req-a53bb995-0c73-41f0-bcb5-dcc5895bc846 None admin] SCRIPT_NAME: `/identity` {{(pid=80846) log_request_info /opt/stack/keystone/keystone/server/flask/request_processing/req_logging.py:28}}
May 19 07:47:39.333950 n-d-768851-21 devstack@keystone.service[80846]: DEBUG keystone.server.flask.request_processing.req_logging [None req-a53bb995-0c73-41f0-bcb5-dcc5895bc846 None admin] PATH_INFO: `/v3/projects/9cfb5626e2354e05aedd6b46f3848f61` {{(pid=80846) log_request_info /opt/stack/keystone/keystone/server/flask/request_processing/req_logging.py:29}}
May 19 07:47:39.335213 n-d-768851-21 devstack@keystone.service[80846]: DEBUG keystone.common.rbac_enforcer.enforcer [None req-a53bb995-0c73-41f0-bcb5-dcc5895bc846 None admin] RBAC: Authorizing `identity:get_project(project_id=9cfb5626e2354e05aedd6b46f3848f61)` {{(pid=80846) enforce_call /opt/stack/keystone/keystone/common/rbac_enforcer/enforcer.py:449}}
May 19 07:47:39.336694 n-d-768851-21 devstack@keystone.service[80846]: DEBUG keystone.common.rbac_enforcer.enforcer [None req-a53bb995-0c73-41f0-bcb5-dcc5895bc846 None admin] RBAC: Authorization granted {{(pid=80846) enforce_call /opt/stack/keystone/keystone/common/rbac_enforcer/enforcer.py:457}}
May 19 07:47:39.342775 n-d-768851-21 devstack@keystone.service[80846]: [pid: 80846|app: 0|req: 138/268] 10.222.0.24 () {56 vars in 1186 bytes} [Thu May 19 07:47:39 2022] GET /identity/v3/projects/9cfb5626e2354e05aedd6b46f3848f61 => generated 302 bytes in 193 msecs (HTTP/1.1 200) 5 headers in 177 bytes (1 switches on core 0)
May 19 07:47:39.348875 n-d-768851-21 devstack@keystone.service[80845]: DEBUG keystone.server.flask.request_processing.middleware.auth_context [None req-04dc44c4-6764-47a6-b8c0-d800a86b67b5 None admin] Authenticating user token {{(pid=80845) process_request /usr/local/lib/python3.8/dist-packages/keystonemiddleware/auth_token/__init__.py:407}}
May 19 07:47:39.535094 n-d-768851-21 devstack@keystone.service[80845]: DEBUG keystone.server.flask.request_processing.middleware.auth_context [None req-04dc44c4-6764-47a6-b8c0-d800a86b67b5 None admin] Validating token access rules against request {{(pid=80845) validate_allowed_request /usr/local/lib/python3.8/dist-packages/keystonemiddleware/auth_token/__init__.py:545}}
May 19 07:47:39.589998 n-d-768851-21 devstack@keystone.service[80845]: DEBUG keystone.server.flask.request_processing.middleware.auth_context [None req-7d7cddaf-f4f5-4954-bd9a-d252c8424bca None admin] RBAC: auth_context: {'token': , 'domain_id': None, 'trust_id': None, 'trustor_id': None, 'trustee_id': None, 'domain_name': None, 'group_ids': [], 'user_id': '995e617b52cc4acdb06041a7a82a33b6', 'user_domain_id': 'default', 'system_scope': 'all', 'project_id': None, 'project_domain_id': None, 'roles': ['admin', 'member', 'reader'], 'is_admin_project': True, 'service_user_id': None, 'service_user_domain_id': None, 'service_project_id': None, 'service_project_domain_id': None, 'service_roles': []} {{(pid=80845) fill_context /opt/stack/keystone/keystone/server/flask/request_processing/middleware/auth_context.py:478}}
May 19 07:47:39.591036 n-d-768851-21 devstack@keystone.service[80845]: DEBUG keystone.server.flask.request_processing.req_logging [None req-7d7cddaf-f4f5-4954-bd9a-d252c8424bca None admin] REQUEST_METHOD: `GET` {{(pid=80845) log_request_info /opt/stack/keystone/keystone/server/flask/request_processing/req_logging.py:27}}
May 19 07:47:39.591550 n-d-768851-21 devstack@keystone.service[80845]: DEBUG keystone.server.flask.request_processing.req_logging [None req-7d7cddaf-f4f5-4954-bd9a-d252c8424bca None admin] SCRIPT_NAME: `/identity` {{(pid=80845) log_request_info /opt/stack/keystone/keystone/server/flask/request_processing/req_logging.py:28}}
May 19 07:47:39.592542 n-d-768851-21 devstack@keystone.service[80845]: DEBUG keystone.server.flask.request_processing.req_logging [None req-7d7cddaf-f4f5-4954-bd9a-d252c8424bca None admin] PATH_INFO: `/v3/role_assignments` {{(pid=80845) log_request_info /opt/stack/keystone/keystone/server/flask/request_processing/req_logging.py:29}}
May 19 07:47:39.593582 n-d-768851-21 devstack@keystone.service[80845]: DEBUG keystone.common.rbac_enforcer.enforcer [None req-7d7cddaf-f4f5-4954-bd9a-d252c8424bca None admin] RBAC: Adding query filter params (role.id=b1529545d17c42d49cee6322be6e9dad, scope.project.id=9cfb5626e2354e05aedd6b46f3848f61, user.id=7931adcbbb534eacb797c4f07cdb9180) {{(pid=80845) _extract_filter_values /opt/stack/keystone/keystone/common/rbac_enforcer/enforcer.py:167}}
May 19 07:47:39.594206 n-d-768851-21 devstack@keystone.service[80845]: DEBUG keystone.common.rbac_enforcer.enforcer [None req-7d7cddaf-f4f5-4954-bd9a-d252c8424bca None admin] RBAC: Authorizing `identity:list_role_assignments()` {{(pid=80845) enforce_call /opt/stack/keystone/keystone/common/rbac_enforcer/enforcer.py:449}}
May 19 07:47:39.595864 n-d-768851-21 devstack@keystone.service[80845]: DEBUG keystone.common.rbac_enforcer.enforcer [None req-7d7cddaf-f4f5-4954-bd9a-d252c8424bca None admin] RBAC: Authorization granted {{(pid=80845) enforce_call /opt/stack/keystone/keystone/common/rbac_enforcer/enforcer.py:457}}
May 19 07:47:39.603400 n-d-768851-21 devstack@keystone.service[80846]: DEBUG keystone.server.flask.request_processing.req_logging [None req-b8f46f66-f350-4597-a323-c1bd9a7847e0 None None] REQUEST_METHOD: `GET` {{(pid=80846) log_request_info /opt/stack/keystone/keystone/server/flask/request_processing/req_logging.py:27}}
May 19 07:47:39.603400 n-d-768851-21 devstack@keystone.service[80846]: DEBUG keystone.server.flask.request_processing.req_logging [None req-b8f46f66-f350-4597-a323-c1bd9a7847e0 None None] SCRIPT_NAME: `/identity` {{(pid=80846) log_request_info /opt/stack/keystone/keystone/server/flask/request_processing/req_logging.py:28}}
May 19 07:47:39.603400 n-d-768851-21 devstack@keystone.service[80846]: DEBUG keystone.server.flask.request_processing.req_logging [None req-b8f46f66-f350-4597-a323-c1bd9a7847e0 None None] PATH_INFO: `/` {{(pid=80846) log_request_info /opt/stack/keystone/keystone/server/flask/request_processing/req_logging.py:29}}
May 19 07:47:39.603400 n-d-768851-21 devstack@keystone.service[80846]: [pid: 80846|app: 0|req: 139/269] 10.222.0.24 () {54 vars in 926 bytes} [Thu May 19 07:47:39 2022] GET /identity => generated 270 bytes in 3 msecs (HTTP/1.1 300) 6 headers in 234 bytes (1 switches on core 0)
May 19 07:47:39.603722 n-d-768851-21 devstack@keystone.service[80845]: [pid: 80845|app: 0|req: 131/270] 10.222.0.24 () {56 vars in 1374 bytes} [Thu May 19 07:47:39 2022] GET /identity/v3/role_assignments?user.id=7931adcbbb534eacb797c4f07cdb9180&scope.project.id=9cfb5626e2354e05aedd6b46f3848f61&role.id=b1529545d17c42d49cee6322be6e9dad => generated 608 bytes in 255 msecs (HTTP/1.1 200) 5 headers in 177 bytes (1 switches on core 0)
May 19 07:47:39.611302 n-d-768851-21 devstack@keystone.service[80846]: DEBUG keystone.server.flask.request_processing.req_logging [None req-91fe84c3-6470-41e3-9e0f-91c1e35413d3 None None] REQUEST_METHOD: `POST` {{(pid=80846) log_request_info /opt/stack/keystone/keystone/server/flask/request_processing/req_logging.py:27}}
May 19 07:47:39.611625 n-d-768851-21 devstack@keystone.service[80846]: DEBUG keystone.server.flask.request_processing.req_logging [None req-91fe84c3-6470-41e3-9e0f-91c1e35413d3 None None] SCRIPT_NAME: `/identity` {{(pid=80846) log_request_info /opt/stack/keystone/keystone/server/flask/request_processing/req_logging.py:28}}
May 19 07:47:39.612079 n-d-768851-21 devstack@keystone.service[80846]: DEBUG keystone.server.flask.request_processing.req_logging [None req-91fe84c3-6470-41e3-9e0f-91c1e35413d3 None None] PATH_INFO: `/v3/auth/tokens` {{(pid=80846) log_request_info /opt/stack/keystone/keystone/server/flask/request_processing/req_logging.py:29}}
May 19 07:47:39.655641 n-d-768851-21 devstack@keystone.service[80846]: DEBUG keystone.auth.core [None req-91fe84c3-6470-41e3-9e0f-91c1e35413d3 None None] MFA Rules not processed for user `995e617b52cc4acdb06041a7a82a33b6`. Rule list: `[]` (Enabled: `True`). {{(pid=80846) check_auth_methods_against_rules /opt/stack/keystone/keystone/auth/core.py:438}}
May 19 07:47:39.656887 n-d-768851-21 devstack@keystone.service[80846]: DEBUG keystone.common.fernet_utils [None req-91fe84c3-6470-41e3-9e0f-91c1e35413d3 None None] Loaded 2 Fernet keys from /etc/keystone/fernet-keys/, but `[fernet_tokens] max_active_keys = 3`; perhaps there have not been enough key rotations to reach `max_active_keys` yet? {{(pid=80846) load_keys /opt/stack/keystone/keystone/common/fernet_utils.py:286}}
May 19 07:47:39.733829 n-d-768851-21 devstack@keystone.service[80845]: DEBUG keystone.server.flask.request_processing.req_logging [None req-8c7a4e19-f0a2-46bc-b492-6eff92f235ea None None] REQUEST_METHOD: `GET` {{(pid=80845) log_request_info /opt/stack/keystone/keystone/server/flask/request_processing/req_logging.py:27}}
May 19 07:47:39.734371 n-d-768851-21 devstack@keystone.service[80845]: DEBUG keystone.server.flask.request_processing.req_logging [None req-8c7a4e19-f0a2-46bc-b492-6eff92f235ea None None] SCRIPT_NAME: `/identity` {{(pid=80845) log_request_info /opt/stack/keystone/keystone/server/flask/request_processing/req_logging.py:28}}
May 19 07:47:39.734721 n-d-768851-21 devstack@keystone.service[80845]: DEBUG keystone.server.flask.request_processing.req_logging [None req-8c7a4e19-f0a2-46bc-b492-6eff92f235ea None None] PATH_INFO: `/` {{(pid=80845) log_request_info /opt/stack/keystone/keystone/server/flask/request_processing/req_logging.py:29}}
May 19 07:47:39.737032 n-d-768851-21 devstack@keystone.service[80845]: [pid: 80845|app: 0|req: 132/271] 10.222.0.24 () {54 vars in 926 bytes} [Thu May 19 07:47:39 2022] GET /identity => generated 270 bytes in 6 msecs (HTTP/1.1 300) 6 headers in 234 bytes (1 switches on core 0)
May 19 07:47:39.744865 n-d-768851-21 devstack@keystone.service[80845]: DEBUG keystone.server.flask.request_processing.req_logging [None req-5397941a-fdb5-4162-a2a2-bdc0c352d014 None None] REQUEST_METHOD: `POST` {{(pid=80845) log_request_info /opt/stack/keystone/keystone/server/flask/request_processing/req_logging.py:27}}
May 19 07:47:39.745323 n-d-768851-21 devstack@keystone.service[80845]: DEBUG keystone.server.flask.request_processing.req_logging [None req-5397941a-fdb5-4162-a2a2-bdc0c352d014 None None] SCRIPT_NAME: `/identity` {{(pid=80845) log_request_info /opt/stack/keystone/keystone/server/flask/request_processing/req_logging.py:28}}
May 19 07:47:39.745811 n-d-768851-21 devstack@keystone.service[80845]: DEBUG keystone.server.flask.request_processing.req_logging [None req-5397941a-fdb5-4162-a2a2-bdc0c352d014 None None] PATH_INFO: `/v3/auth/tokens` {{(pid=80845) log_request_info /opt/stack/keystone/keystone/server/flask/request_processing/req_logging.py:29}}
May 19 07:47:39.752862 n-d-768851-21 devstack@keystone.service[80846]: DEBUG dbcounter [-] [80846] Writing DB stats keystone:SELECT=100 {{(pid=80846) stat_writer /usr/local/lib/python3.8/dist-packages/dbcounter.py:114}}
May 19 07:47:39.788412 n-d-768851-21 devstack@keystone.service[80845]: DEBUG keystone.auth.core [None req-5397941a-fdb5-4162-a2a2-bdc0c352d014 None None] MFA Rules not processed for user `995e617b52cc4acdb06041a7a82a33b6`. Rule list: `[]` (Enabled: `True`). {{(pid=80845) check_auth_methods_against_rules /opt/stack/keystone/keystone/auth/core.py:438}}
May 19 07:47:39.789563 n-d-768851-21 devstack@keystone.service[80845]: DEBUG keystone.common.fernet_utils [None req-5397941a-fdb5-4162-a2a2-bdc0c352d014 None None] Loaded 2 Fernet keys from /etc/keystone/fernet-keys/, but `[fernet_tokens] max_active_keys = 3`; perhaps there have not been enough key rotations to reach `max_active_keys` yet? {{(pid=80845) load_keys /opt/stack/keystone/keystone/common/fernet_utils.py:286}}
May 19 07:47:39.806511 n-d-768851-21 devstack@keystone.service[80846]: [pid: 80846|app: 0|req: 140/272] 10.222.0.24 () {58 vars in 1023 bytes} [Thu May 19 07:47:39 2022] POST /identity/v3/auth/tokens => generated 799 bytes in 196 msecs (HTTP/1.1 201) 6 headers in 363 bytes (1 switches on core 0)
May 19 07:47:39.818259 n-d-768851-21 devstack@keystone.service[80845]: DEBUG dbcounter [-] [80845] Writing DB stats keystone:SELECT=100 {{(pid=80845) stat_writer /usr/local/lib/python3.8/dist-packages/dbcounter.py:114}}
May 19 07:47:39.849081 n-d-768851-21 devstack@keystone.service[80846]: DEBUG keystone.server.flask.request_processing.middleware.auth_context [None req-91fe84c3-6470-41e3-9e0f-91c1e35413d3 None None] Authenticating user token {{(pid=80846) process_request /usr/local/lib/python3.8/dist-packages/keystonemiddleware/auth_token/__init__.py:407}}
May 19 07:47:39.905591 n-d-768851-21 devstack@keystone.service[80845]: [pid: 80845|app: 0|req: 133/273] 10.222.0.24 () {58 vars in 1023 bytes} [Thu May 19 07:47:39 2022] POST /identity/v3/auth/tokens => generated 799 bytes in 161 msecs (HTTP/1.1 201) 6 headers in 363 bytes (2 switches on core 0)
May 19 07:47:39.905999 n-d-768851-21 devstack@keystone.service[80845]: DEBUG keystone.server.flask.request_processing.req_logging [None req-9003acff-9a3f-4e0f-8e4e-194bb7c296a9 None None] REQUEST_METHOD: `GET` {{(pid=80845) log_request_info /opt/stack/keystone/keystone/server/flask/request_processing/req_logging.py:27}}
May 19 07:47:39.906297 n-d-768851-21 devstack@keystone.service[80845]: DEBUG keystone.server.flask.request_processing.req_logging [None req-9003acff-9a3f-4e0f-8e4e-194bb7c296a9 None None] SCRIPT_NAME: `/identity` {{(pid=80845) log_request_info /opt/stack/keystone/keystone/server/flask/request_processing/req_logging.py:28}}
May 19 07:47:39.906581 n-d-768851-21 devstack@keystone.service[80845]: DEBUG keystone.server.flask.request_processing.req_logging [None req-9003acff-9a3f-4e0f-8e4e-194bb7c296a9 None None] PATH_INFO: `/` {{(pid=80845) log_request_info /opt/stack/keystone/keystone/server/flask/request_processing/req_logging.py:29}}
May 19 07:47:39.907933 n-d-768851-21 devstack@keystone.service[80845]: [pid: 80845|app: 0|req: 134/274] 10.222.0.24 () {54 vars in 926 bytes} [Thu May 19 07:47:39 2022] GET /identity => generated 270 bytes in 3 msecs (HTTP/1.1 300) 6 headers in 234 bytes (1 switches on core 0)
May 19 07:47:39.914954 n-d-768851-21 devstack@keystone.service[80845]: DEBUG keystone.server.flask.request_processing.req_logging [None req-52567c2c-9bbd-4f62-944c-4bf9e9eed5c5 None None] REQUEST_METHOD: `POST` {{(pid=80845) log_request_info /opt/stack/keystone/keystone/server/flask/request_processing/req_logging.py:27}}
