May 19 07:47:44.527905 n-d-768851-21 devstack@keystone.service[80845]: [pid: 80845|app: 0|req: 151/310] 10.222.0.24 () {56 vars in 1101 bytes} [Thu May 19 07:47:44 2022] GET /identity/v3/roles?name=member => generated 341 bytes in 187 msecs (HTTP/1.1 200) 5 headers in 177 bytes (1 switches on core 0)
May 19 07:47:44.528425 n-d-768851-21 devstack@keystone.service[80846]: DEBUG keystone.server.flask.request_processing.middleware.auth_context [None req-ef5863dc-7930-463f-94a9-0ea6ed10f8b1 None admin] RBAC: auth_context: {'token': , 'domain_id': None, 'trust_id': None, 'trustor_id': None, 'trustee_id': None, 'domain_name': None, 'group_ids': [], 'user_id': '995e617b52cc4acdb06041a7a82a33b6', 'user_domain_id': 'default', 'system_scope': 'all', 'project_id': None, 'project_domain_id': None, 'roles': ['admin', 'member', 'reader'], 'is_admin_project': True, 'service_user_id': None, 'service_user_domain_id': None, 'service_project_id': None, 'service_project_domain_id': None, 'service_roles': []} {{(pid=80846) fill_context /opt/stack/keystone/keystone/server/flask/request_processing/middleware/auth_context.py:478}}
May 19 07:47:44.537714 n-d-768851-21 devstack@keystone.service[80846]: DEBUG keystone.server.flask.request_processing.req_logging [None req-ef5863dc-7930-463f-94a9-0ea6ed10f8b1 None admin] REQUEST_METHOD: `GET` {{(pid=80846) log_request_info /opt/stack/keystone/keystone/server/flask/request_processing/req_logging.py:27}}
May 19 07:47:44.537714 n-d-768851-21 devstack@keystone.service[80846]: DEBUG keystone.server.flask.request_processing.req_logging [None req-ef5863dc-7930-463f-94a9-0ea6ed10f8b1 None admin] SCRIPT_NAME: `/identity` {{(pid=80846) log_request_info /opt/stack/keystone/keystone/server/flask/request_processing/req_logging.py:28}}
May 19 07:47:44.537714 n-d-768851-21 devstack@keystone.service[80846]: DEBUG keystone.server.flask.request_processing.req_logging [None req-ef5863dc-7930-463f-94a9-0ea6ed10f8b1 None admin] PATH_INFO: `/v3/roles/reader` {{(pid=80846) log_request_info /opt/stack/keystone/keystone/server/flask/request_processing/req_logging.py:29}}
May 19 07:47:44.538048 n-d-768851-21 devstack@keystone.service[80845]: DEBUG keystone.server.flask.request_processing.middleware.auth_context [None req-f9ad7445-9272-4aa3-9ad1-6e9597e5deda None admin] Authenticating user token {{(pid=80845) process_request /usr/local/lib/python3.8/dist-packages/keystonemiddleware/auth_token/__init__.py:407}}
May 19 07:47:44.547179 n-d-768851-21 devstack@keystone.service[80846]: DEBUG keystone.common.rbac_enforcer.enforcer [None req-ef5863dc-7930-463f-94a9-0ea6ed10f8b1 None admin] Extracting inferred target data resulted in "NOT FOUND (404)". {{(pid=80846) enforce_call /opt/stack/keystone/keystone/common/rbac_enforcer/enforcer.py:409}}
May 19 07:47:44.557751 n-d-768851-21 devstack@keystone.service[80846]: ERROR keystone.server.flask.application [None req-ef5863dc-7930-463f-94a9-0ea6ed10f8b1 None admin] Could not find role: reader.: keystone.exception.RoleNotFound: Could not find role: reader.
May 19 07:47:44.557751 n-d-768851-21 devstack@keystone.service[80846]: ERROR keystone.server.flask.application
Traceback (most recent call last):
May 19 07:47:44.557751 n-d-768851-21 devstack@keystone.service[80846]: ERROR keystone.server.flask.application
File "/usr/local/lib/python3.8/dist-packages/flask/app.py", line 1523, in full_dispatch_request
May 19 07:47:44.557751 n-d-768851-21 devstack@keystone.service[80846]: ERROR keystone.server.flask.application rv = self.dispatch_request()
May 19 07:47:44.557751 n-d-768851-21 devstack@keystone.service[80846]: ERROR keystone.server.flask.application
File "/usr/local/lib/python3.8/dist-packages/flask/app.py", line 1509, in dispatch_request
May 19 07:47:44.557751 n-d-768851-21 devstack@keystone.service[80846]: ERROR keystone.server.flask.application return self.ensure_sync(self.view_functions[rule.endpoint])(**req.view_args)
May 19 07:47:44.557751 n-d-768851-21 devstack@keystone.service[80846]: ERROR keystone.server.flask.application
File "/usr/local/lib/python3.8/dist-packages/flask_restful/__init__.py", line 467, in wrapper
May 19 07:47:44.557751 n-d-768851-21 devstack@keystone.service[80846]: ERROR keystone.server.flask.application resp = resource(*args, **kwargs)
May 19 07:47:44.557751 n-d-768851-21 devstack@keystone.service[80846]: ERROR keystone.server.flask.application
File "/usr/local/lib/python3.8/dist-packages/flask/views.py", line 84, in view
May 19 07:47:44.557751 n-d-768851-21 devstack@keystone.service[80846]: ERROR keystone.server.flask.application return current_app.ensure_sync(self.dispatch_request)(*args, **kwargs)
May 19 07:47:44.557751 n-d-768851-21 devstack@keystone.service[80846]: ERROR keystone.server.flask.application
File "/usr/local/lib/python3.8/dist-packages/flask_restful/__init__.py", line 582, in dispatch_request
May 19 07:47:44.557751 n-d-768851-21 devstack@keystone.service[80846]: ERROR keystone.server.flask.application resp = meth(*args, **kwargs)
May 19 07:47:44.557751 n-d-768851-21 devstack@keystone.service[80846]: ERROR keystone.server.flask.application
File "/opt/stack/keystone/keystone/api/roles.py", line 50, in get
May 19 07:47:44.557751 n-d-768851-21 devstack@keystone.service[80846]: ERROR keystone.server.flask.application return self._get_role(role_id)
May 19 07:47:44.557751 n-d-768851-21 devstack@keystone.service[80846]: ERROR keystone.server.flask.application
File "/opt/stack/keystone/keystone/api/roles.py", line 70, in _get_role
May 19 07:47:44.557751 n-d-768851-21 devstack@keystone.service[80846]: ERROR keystone.server.flask.application ENFORCER.enforce_call(action='identity:get_role')
May 19 07:47:44.558672 n-d-768851-21 devstack@keystone.service[80846]: ERROR keystone.server.flask.application
File "/opt/stack/keystone/keystone/common/rbac_enforcer/enforcer.py", line 402, in enforce_call
May 19 07:47:44.558672 n-d-768851-21 devstack@keystone.service[80846]: ERROR keystone.server.flask.application policy_dict.update(cls._extract_member_target_data(
May 19 07:47:44.558672 n-d-768851-21 devstack@keystone.service[80846]: ERROR keystone.server.flask.application
File "/opt/stack/keystone/keystone/common/rbac_enforcer/enforcer.py", line 234, in _extract_member_target_data
May 19 07:47:44.558672 n-d-768851-21 devstack@keystone.service[80846]: ERROR keystone.server.flask.application member_name: func(flask.request.view_args[key])
May 19 07:47:44.558672 n-d-768851-21 devstack@keystone.service[80846]: ERROR keystone.server.flask.application
File "/opt/stack/keystone/keystone/common/manager.py", line 115, in wrapped
May 19 07:47:44.558672 n-d-768851-21 devstack@keystone.service[80846]: ERROR keystone.server.flask.application __ret_val = __f(*args, **kwargs)
May 19 07:47:44.558672 n-d-768851-21 devstack@keystone.service[80846]: ERROR keystone.server.flask.application
File "/usr/local/lib/python3.8/dist-packages/decorator.py", line 232, in fun
May 19 07:47:44.558672 n-d-768851-21 devstack@keystone.service[80846]: ERROR keystone.server.flask.application return caller(func, *(extras + args), **kw)
May 19 07:47:44.558672 n-d-768851-21 devstack@keystone.service[80846]: ERROR keystone.server.flask.application
File "/usr/local/lib/python3.8/dist-packages/dogpile/cache/region.py", line 1577, in get_or_create_for_user_func
May 19 07:47:44.558672 n-d-768851-21 devstack@keystone.service[80846]: ERROR keystone.server.flask.application return self.get_or_create(
May 19 07:47:44.558672 n-d-768851-21 devstack@keystone.service[80846]: ERROR keystone.server.flask.application
File "/usr/local/lib/python3.8/dist-packages/dogpile/cache/region.py", line 1042, in get_or_create
May 19 07:47:44.558672 n-d-768851-21 devstack@keystone.service[80846]: ERROR keystone.server.flask.application with Lock(
May 19 07:47:44.558672 n-d-768851-21 devstack@keystone.service[80846]: ERROR keystone.server.flask.application
File "/usr/local/lib/python3.8/dist-packages/dogpile/lock.py", line 185, in __enter__
May 19 07:47:44.558672 n-d-768851-21 devstack@keystone.service[80846]: ERROR keystone.server.flask.application return self._enter()
May 19 07:47:44.558672 n-d-768851-21 devstack@keystone.service[80846]: ERROR keystone.server.flask.application
File "/usr/local/lib/python3.8/dist-packages/dogpile/lock.py", line 94, in _enter
May 19 07:47:44.558672 n-d-768851-21 devstack@keystone.service[80846]: ERROR keystone.server.flask.application generated = self._enter_create(value, createdtime)
May 19 07:47:44.559467 n-d-768851-21 devstack@keystone.service[80846]: ERROR keystone.server.flask.application
File "/usr/local/lib/python3.8/dist-packages/dogpile/lock.py", line 178, in _enter_create
May 19 07:47:44.559467 n-d-768851-21 devstack@keystone.service[80846]: ERROR keystone.server.flask.application return self.creator()
May 19 07:47:44.559467 n-d-768851-21 devstack@keystone.service[80846]: ERROR keystone.server.flask.application
File "/usr/local/lib/python3.8/dist-packages/dogpile/cache/region.py", line 995, in gen_value
May 19 07:47:44.559467 n-d-768851-21 devstack@keystone.service[80846]: ERROR keystone.server.flask.application created_value = creator(
May 19 07:47:44.559467 n-d-768851-21 devstack@keystone.service[80846]: ERROR keystone.server.flask.application
File "/opt/stack/keystone/keystone/assignment/core.py", line 1276, in get_role
May 19 07:47:44.559467 n-d-768851-21 devstack@keystone.service[80846]: ERROR keystone.server.flask.application return self.driver.get_role(role_id)
May 19 07:47:44.559467 n-d-768851-21 devstack@keystone.service[80846]: ERROR keystone.server.flask.application
File "/opt/stack/keystone/keystone/assignment/role_backends/sql.py", line 70, in get_role
May 19 07:47:44.559467 n-d-768851-21 devstack@keystone.service[80846]: ERROR keystone.server.flask.application return self._get_role(session, role_id).to_dict()
May 19 07:47:44.559467 n-d-768851-21 devstack@keystone.service[80846]: ERROR keystone.server.flask.application
File "/opt/stack/keystone/keystone/assignment/role_backends/sql.py", line 65, in _get_role
May 19 07:47:44.559467 n-d-768851-21 devstack@keystone.service[80846]: ERROR keystone.server.flask.application raise exception.RoleNotFound(role_id=role_id)
May 19 07:47:44.559467 n-d-768851-21 devstack@keystone.service[80846]: ERROR keystone.server.flask.application keystone.exception.RoleNotFound: Could not find role: reader.
May 19 07:47:44.559467 n-d-768851-21 devstack@keystone.service[80846]: ERROR keystone.server.flask.application
May 19 07:47:44.565778 n-d-768851-21 devstack@keystone.service[80846]: [pid: 80846|app: 0|req: 160/311] 10.222.0.24 () {56 vars in 1099 bytes} [Thu May 19 07:47:44 2022] GET /identity/v3/roles/reader => generated 84 bytes in 189 msecs (HTTP/1.1 404) 5 headers in 183 bytes (2 switches on core 0)
May 19 07:47:44.569945 n-d-768851-21 devstack@keystone.service[80846]: DEBUG keystone.server.flask.request_processing.middleware.auth_context [None req-ef5863dc-7930-463f-94a9-0ea6ed10f8b1 None admin] Authenticating user token {{(pid=80846) process_request /usr/local/lib/python3.8/dist-packages/keystonemiddleware/auth_token/__init__.py:407}}
May 19 07:47:44.593299 n-d-768851-21 devstack@keystone.service[80846]: DEBUG dbcounter [-] [80846] Writing DB stats keystone:SELECT=100 {{(pid=80846) stat_writer /usr/local/lib/python3.8/dist-packages/dbcounter.py:114}}
May 19 07:47:44.652912 n-d-768851-21 devstack@keystone.service[80845]: DEBUG keystone.server.flask.request_processing.middleware.auth_context [None req-f9ad7445-9272-4aa3-9ad1-6e9597e5deda None admin] Validating token access rules against request {{(pid=80845) validate_allowed_request /usr/local/lib/python3.8/dist-packages/keystonemiddleware/auth_token/__init__.py:545}}
May 19 07:47:44.683382 n-d-768851-21 devstack@keystone.service[80846]: DEBUG keystone.server.flask.request_processing.middleware.auth_context [None req-ef5863dc-7930-463f-94a9-0ea6ed10f8b1 None admin] Validating token access rules against request {{(pid=80846) validate_allowed_request /usr/local/lib/python3.8/dist-packages/keystonemiddleware/auth_token/__init__.py:545}}
May 19 07:47:44.698232 n-d-768851-21 devstack@keystone.service[80845]: DEBUG keystone.server.flask.request_processing.middleware.auth_context [None req-a30ebb29-18d0-47fe-a187-1f180298a85d None admin] RBAC: auth_context: {'token': , 'domain_id': None, 'trust_id': None, 'trustor_id': None, 'trustee_id': None, 'domain_name': None, 'group_ids': [], 'user_id': '995e617b52cc4acdb06041a7a82a33b6', 'user_domain_id': 'default', 'system_scope': 'all', 'project_id': None, 'project_domain_id': None, 'roles': ['admin', 'member', 'reader'], 'is_admin_project': True, 'service_user_id': None, 'service_user_domain_id': None, 'service_project_id': None, 'service_project_domain_id': None, 'service_roles': []} {{(pid=80845) fill_context /opt/stack/keystone/keystone/server/flask/request_processing/middleware/auth_context.py:478}}
May 19 07:47:44.705381 n-d-768851-21 devstack@keystone.service[80845]: DEBUG keystone.server.flask.request_processing.req_logging [None req-a30ebb29-18d0-47fe-a187-1f180298a85d None admin] REQUEST_METHOD: `GET` {{(pid=80845) log_request_info /opt/stack/keystone/keystone/server/flask/request_processing/req_logging.py:27}}
May 19 07:47:44.705381 n-d-768851-21 devstack@keystone.service[80845]: DEBUG keystone.server.flask.request_processing.req_logging [None req-a30ebb29-18d0-47fe-a187-1f180298a85d None admin] SCRIPT_NAME: `/identity` {{(pid=80845) log_request_info /opt/stack/keystone/keystone/server/flask/request_processing/req_logging.py:28}}
May 19 07:47:44.705381 n-d-768851-21 devstack@keystone.service[80845]: DEBUG keystone.server.flask.request_processing.req_logging [None req-a30ebb29-18d0-47fe-a187-1f180298a85d None admin] PATH_INFO: `/v3/users/62d778fd122f4843bdb6fcc15eec89ae` {{(pid=80845) log_request_info /opt/stack/keystone/keystone/server/flask/request_processing/req_logging.py:29}}
May 19 07:47:44.705381 n-d-768851-21 devstack@keystone.service[80845]: DEBUG keystone.common.rbac_enforcer.enforcer [None req-a30ebb29-18d0-47fe-a187-1f180298a85d None admin] RBAC: Authorizing `identity:get_user(user_id=62d778fd122f4843bdb6fcc15eec89ae)` {{(pid=80845) enforce_call /opt/stack/keystone/keystone/common/rbac_enforcer/enforcer.py:449}}
May 19 07:47:44.705381 n-d-768851-21 devstack@keystone.service[80845]: DEBUG keystone.common.rbac_enforcer.enforcer [None req-a30ebb29-18d0-47fe-a187-1f180298a85d None admin] RBAC: Authorization granted {{(pid=80845) enforce_call /opt/stack/keystone/keystone/common/rbac_enforcer/enforcer.py:457}}
May 19 07:47:44.706425 n-d-768851-21 devstack@keystone.service[80845]: [pid: 80845|app: 0|req: 152/312] 10.222.0.24 () {56 vars in 1177 bytes} [Thu May 19 07:47:44 2022] GET /identity/v3/users/62d778fd122f4843bdb6fcc15eec89ae => generated 293 bytes in 173 msecs (HTTP/1.1 200) 5 headers in 177 bytes (2 switches on core 0)
May 19 07:47:44.712950 n-d-768851-21 devstack@keystone.service[80845]: DEBUG keystone.server.flask.request_processing.middleware.auth_context [None req-a30ebb29-18d0-47fe-a187-1f180298a85d None admin] Authenticating user token {{(pid=80845) process_request /usr/local/lib/python3.8/dist-packages/keystonemiddleware/auth_token/__init__.py:407}}
May 19 07:47:44.728281 n-d-768851-21 devstack@keystone.service[80846]: DEBUG keystone.server.flask.request_processing.middleware.auth_context [None req-da984f7d-ff2d-4ba7-b729-4c030746a5e9 None admin] RBAC: auth_context: {'token': , 'domain_id': None, 'trust_id': None, 'trustor_id': None, 'trustee_id': None, 'domain_name': None, 'group_ids': [], 'user_id': '995e617b52cc4acdb06041a7a82a33b6', 'user_domain_id': 'default', 'system_scope': 'all', 'project_id': None, 'project_domain_id': None, 'roles': ['admin', 'member', 'reader'], 'is_admin_project': True, 'service_user_id': None, 'service_user_domain_id': None, 'service_project_id': None, 'service_project_domain_id': None, 'service_roles': []} {{(pid=80846) fill_context /opt/stack/keystone/keystone/server/flask/request_processing/middleware/auth_context.py:478}}
May 19 07:47:44.729614 n-d-768851-21 devstack@keystone.service[80846]: DEBUG keystone.server.flask.request_processing.req_logging [None req-da984f7d-ff2d-4ba7-b729-4c030746a5e9 None admin] REQUEST_METHOD: `GET` {{(pid=80846) log_request_info /opt/stack/keystone/keystone/server/flask/request_processing/req_logging.py:27}}
May 19 07:47:44.730086 n-d-768851-21 devstack@keystone.service[80846]: DEBUG keystone.server.flask.request_processing.req_logging [None req-da984f7d-ff2d-4ba7-b729-4c030746a5e9 None admin] SCRIPT_NAME: `/identity` {{(pid=80846) log_request_info /opt/stack/keystone/keystone/server/flask/request_processing/req_logging.py:28}}
May 19 07:47:44.730522 n-d-768851-21 devstack@keystone.service[80846]: DEBUG keystone.server.flask.request_processing.req_logging [None req-da984f7d-ff2d-4ba7-b729-4c030746a5e9 None admin] PATH_INFO: `/v3/roles` {{(pid=80846) log_request_info /opt/stack/keystone/keystone/server/flask/request_processing/req_logging.py:29}}
May 19 07:47:44.732059 n-d-768851-21 devstack@keystone.service[80846]: DEBUG keystone.common.rbac_enforcer.enforcer [None req-da984f7d-ff2d-4ba7-b729-4c030746a5e9 None admin] RBAC: Adding query filter params (name=reader) {{(pid=80846) _extract_filter_values /opt/stack/keystone/keystone/common/rbac_enforcer/enforcer.py:167}}
May 19 07:47:44.732824 n-d-768851-21 devstack@keystone.service[80846]: DEBUG keystone.common.rbac_enforcer.enforcer [None req-da984f7d-ff2d-4ba7-b729-4c030746a5e9 None admin] RBAC: Authorizing `identity:list_roles()` {{(pid=80846) enforce_call /opt/stack/keystone/keystone/common/rbac_enforcer/enforcer.py:449}}
May 19 07:47:44.735204 n-d-768851-21 devstack@keystone.service[80846]: DEBUG keystone.common.rbac_enforcer.enforcer [None req-da984f7d-ff2d-4ba7-b729-4c030746a5e9 None admin] RBAC: Authorization granted {{(pid=80846) enforce_call /opt/stack/keystone/keystone/common/rbac_enforcer/enforcer.py:457}}
May 19 07:47:44.741450 n-d-768851-21 devstack@keystone.service[80845]: DEBUG dbcounter [-] [80845] Writing DB stats keystone:SELECT=100 {{(pid=80845) stat_writer /usr/local/lib/python3.8/dist-packages/dbcounter.py:114}}
May 19 07:47:44.748922 n-d-768851-21 devstack@keystone.service[80846]: [pid: 80846|app: 0|req: 161/313] 10.222.0.24 () {56 vars in 1101 bytes} [Thu May 19 07:47:44 2022] GET /identity/v3/roles?name=reader => generated 341 bytes in 180 msecs (HTTP/1.1 200) 5 headers in 177 bytes (2 switches on core 0)
May 19 07:47:44.754684 n-d-768851-21 devstack@keystone.service[80846]: DEBUG keystone.server.flask.request_processing.middleware.auth_context [None req-da984f7d-ff2d-4ba7-b729-4c030746a5e9 None admin] Authenticating user token {{(pid=80846) process_request /usr/local/lib/python3.8/dist-packages/keystonemiddleware/auth_token/__init__.py:407}}
May 19 07:47:44.893926 n-d-768851-21 devstack@keystone.service[80845]: DEBUG keystone.server.flask.request_processing.middleware.auth_context [None req-a30ebb29-18d0-47fe-a187-1f180298a85d None admin] Validating token access rules against request {{(pid=80845) validate_allowed_request /usr/local/lib/python3.8/dist-packages/keystonemiddleware/auth_token/__init__.py:545}}
May 19 07:47:44.903166 n-d-768851-21 devstack@keystone.service[80846]: DEBUG dbcounter [-] [80846] Writing DB stats keystone:SELECT=100 {{(pid=80846) stat_writer /usr/local/lib/python3.8/dist-packages/dbcounter.py:114}}
May 19 07:47:44.935401 n-d-768851-21 devstack@keystone.service[80846]: DEBUG keystone.server.flask.request_processing.middleware.auth_context [None req-da984f7d-ff2d-4ba7-b729-4c030746a5e9 None admin] Validating token access rules against request {{(pid=80846) validate_allowed_request /usr/local/lib/python3.8/dist-packages/keystonemiddleware/auth_token/__init__.py:545}}
May 19 07:47:44.937144 n-d-768851-21 devstack@keystone.service[80845]: DEBUG keystone.server.flask.request_processing.middleware.auth_context [None req-f5b824c3-1c1e-4c5f-a752-899f6bd1cac2 None admin] RBAC: auth_context: {'token': , 'domain_id': None, 'trust_id': None, 'trustor_id': None, 'trustee_id': None, 'domain_name': None, 'group_ids': [], 'user_id': '995e617b52cc4acdb06041a7a82a33b6', 'user_domain_id': 'default', 'system_scope': 'all', 'project_id': None, 'project_domain_id': None, 'roles': ['admin', 'member', 'reader'], 'is_admin_project': True, 'service_user_id': None, 'service_user_domain_id': None, 'service_project_id': None, 'service_project_domain_id': None, 'service_roles': []} {{(pid=80845) fill_context /opt/stack/keystone/keystone/server/flask/request_processing/middleware/auth_context.py:478}}
May 19 07:47:44.939188 n-d-768851-21 devstack@keystone.service[80845]: DEBUG keystone.server.flask.request_processing.req_logging [None req-f5b824c3-1c1e-4c5f-a752-899f6bd1cac2 None admin] REQUEST_METHOD: `PUT` {{(pid=80845) log_request_info /opt/stack/keystone/keystone/server/flask/request_processing/req_logging.py:27}}
May 19 07:47:44.939592 n-d-768851-21 devstack@keystone.service[80845]: DEBUG keystone.server.flask.request_processing.req_logging [None req-f5b824c3-1c1e-4c5f-a752-899f6bd1cac2 None admin] SCRIPT_NAME: `/identity` {{(pid=80845) log_request_info /opt/stack/keystone/keystone/server/flask/request_processing/req_logging.py:28}}
May 19 07:47:44.939981 n-d-768851-21 devstack@keystone.service[80845]: DEBUG keystone.server.flask.request_processing.req_logging [None req-f5b824c3-1c1e-4c5f-a752-899f6bd1cac2 None admin] PATH_INFO: `/v3/system/users/62d778fd122f4843bdb6fcc15eec89ae/roles/c370db3b77cd40c0adc77e90ed017993` {{(pid=80845) log_request_info /opt/stack/keystone/keystone/server/flask/request_processing/req_logging.py:29}}
May 19 07:47:44.941667 n-d-768851-21 devstack@keystone.service[80845]: DEBUG keystone.common.rbac_enforcer.enforcer [None req-f5b824c3-1c1e-4c5f-a752-899f6bd1cac2 None admin] RBAC: Authorizing `identity:create_system_grant_for_user(user_id=62d778fd122f4843bdb6fcc15eec89ae, role_id=c370db3b77cd40c0adc77e90ed017993)` {{(pid=80845) enforce_call /opt/stack/keystone/keystone/common/rbac_enforcer/enforcer.py:449}}
May 19 07:47:44.944114 n-d-768851-21 devstack@keystone.service[80845]: DEBUG keystone.common.rbac_enforcer.enforcer [None req-f5b824c3-1c1e-4c5f-a752-899f6bd1cac2 None admin] RBAC: Authorization granted {{(pid=80845) enforce_call /opt/stack/keystone/keystone/common/rbac_enforcer/enforcer.py:457}}
May 19 07:47:44.974423 n-d-768851-21 devstack@keystone.service[80846]: DEBUG keystone.server.flask.request_processing.middleware.auth_context [None req-6535c03a-786c-4d98-9ede-af86f4330e0c None admin] RBAC: auth_context: {'token': , 'domain_id': None, 'trust_id': None, 'trustor_id': None, 'trustee_id': None, 'domain_name': None, 'group_ids': [], 'user_id': '995e617b52cc4acdb06041a7a82a33b6', 'user_domain_id': 'default', 'system_scope': 'all', 'project_id': None, 'project_domain_id': None, 'roles': ['admin', 'member', 'reader'], 'is_admin_project': True, 'service_user_id': None, 'service_user_domain_id': None, 'service_project_id': None, 'service_project_domain_id': None, 'service_roles': []} {{(pid=80846) fill_context /opt/stack/keystone/keystone/server/flask/request_processing/middleware/auth_context.py:478}}
May 19 07:47:44.975216 n-d-768851-21 devstack@keystone.service[80846]: DEBUG keystone.server.flask.request_processing.req_logging [None req-6535c03a-786c-4d98-9ede-af86f4330e0c None admin] REQUEST_METHOD: `GET` {{(pid=80846) log_request_info /opt/stack/keystone/keystone/server/flask/request_processing/req_logging.py:27}}
May 19 07:47:44.975536 n-d-768851-21 devstack@keystone.service[80846]: DEBUG keystone.server.flask.request_processing.req_logging [None req-6535c03a-786c-4d98-9ede-af86f4330e0c None admin] SCRIPT_NAME: `/identity` {{(pid=80846) log_request_info /opt/stack/keystone/keystone/server/flask/request_processing/req_logging.py:28}}
May 19 07:47:44.975834 n-d-768851-21 devstack@keystone.service[80846]: DEBUG keystone.server.flask.request_processing.req_logging [None req-6535c03a-786c-4d98-9ede-af86f4330e0c None admin] PATH_INFO: `/v3/users/f095056a452041c5932c53dbaf744f67` {{(pid=80846) log_request_info /opt/stack/keystone/keystone/server/flask/request_processing/req_logging.py:29}}
May 19 07:47:44.977085 n-d-768851-21 devstack@keystone.service[80846]: DEBUG keystone.common.rbac_enforcer.enforcer [None req-6535c03a-786c-4d98-9ede-af86f4330e0c None admin] RBAC: Authorizing `identity:get_user(user_id=f095056a452041c5932c53dbaf744f67)` {{(pid=80846) enforce_call /opt/stack/keystone/keystone/common/rbac_enforcer/enforcer.py:449}}
May 19 07:47:44.978563 n-d-768851-21 devstack@keystone.service[80846]: DEBUG keystone.common.rbac_enforcer.enforcer [None req-6535c03a-786c-4d98-9ede-af86f4330e0c None admin] RBAC: Authorization granted {{(pid=80846) enforce_call /opt/stack/keystone/keystone/common/rbac_enforcer/enforcer.py:457}}
May 19 07:47:44.981032 n-d-768851-21 devstack@keystone.service[80846]: [pid: 80846|app: 0|req: 162/314] 10.222.0.24 () {56 vars in 1177 bytes} [Thu May 19 07:47:44 2022] GET /identity/v3/users/f095056a452041c5932c53dbaf744f67 => generated 297 bytes in 227 msecs (HTTP/1.1 200) 5 headers in 177 bytes (2 switches on core 0)
May 19 07:47:44.987063 n-d-768851-21 devstack@keystone.service[80846]: DEBUG keystone.server.flask.request_processing.middleware.auth_context [None req-6535c03a-786c-4d98-9ede-af86f4330e0c None admin] Authenticating user token {{(pid=80846) process_request /usr/local/lib/python3.8/dist-packages/keystonemiddleware/auth_token/__init__.py:407}}
May 19 07:47:45.031902 n-d-768851-21 devstack@keystone.service[80845]: [pid: 80845|app: 0|req: 153/315] 10.222.0.24 () {58 vars in 1334 bytes} [Thu May 19 07:47:44 2022] PUT /identity/v3/system/users/62d778fd122f4843bdb6fcc15eec89ae/roles/c370db3b77cd40c0adc77e90ed017993 => generated 0 bytes in 319 msecs (HTTP/1.1 204) 3 headers in 132 bytes (1 switches on core 0)
May 19 07:47:45.119805 n-d-768851-21 devstack@keystone.service[80846]: DEBUG keystone.server.flask.request_processing.middleware.auth_context [None req-6535c03a-786c-4d98-9ede-af86f4330e0c None admin] Validating token access rules against request {{(pid=80846) validate_allowed_request /usr/local/lib/python3.8/dist-packages/keystonemiddleware/auth_token/__init__.py:545}}
May 19 07:47:45.161019 n-d-768851-21 devstack@keystone.service[80846]: DEBUG keystone.server.flask.request_processing.middleware.auth_context [None req-09e23587-4df2-48da-b99a-e80d4a6e9c3b None admin] RBAC: auth_context: {'token': , 'domain_id': None, 'trust_id': None, 'trustor_id': None, 'trustee_id': None, 'domain_name': None, 'group_ids': [], 'user_id': '995e617b52cc4acdb06041a7a82a33b6', 'user_domain_id': 'default', 'system_scope': 'all', 'project_id': None, 'project_domain_id': None, 'roles': ['admin', 'member', 'reader'], 'is_admin_project': True, 'service_user_id': None, 'service_user_domain_id': None, 'service_project_id': None, 'service_project_domain_id': None, 'service_roles': []} {{(pid=80846) fill_context /opt/stack/keystone/keystone/server/flask/request_processing/middleware/auth_context.py:478}}
May 19 07:47:45.162066 n-d-768851-21 devstack@keystone.service[80846]: DEBUG keystone.server.flask.request_processing.req_logging [None req-09e23587-4df2-48da-b99a-e80d4a6e9c3b None admin] REQUEST_METHOD: `GET` {{(pid=80846) log_request_info /opt/stack/keystone/keystone/server/flask/request_processing/req_logging.py:27}}
May 19 07:47:45.162499 n-d-768851-21 devstack@keystone.service[80846]: DEBUG keystone.server.flask.request_processing.req_logging [None req-09e23587-4df2-48da-b99a-e80d4a6e9c3b None admin] SCRIPT_NAME: `/identity` {{(pid=80846) log_request_info /opt/stack/keystone/keystone/server/flask/request_processing/req_logging.py:28}}
May 19 07:47:45.163007 n-d-768851-21 devstack@keystone.service[80846]: DEBUG keystone.server.flask.request_processing.req_logging [None req-09e23587-4df2-48da-b99a-e80d4a6e9c3b None admin] PATH_INFO: `/v3/auth/tokens` {{(pid=80846) log_request_info /opt/stack/keystone/keystone/server/flask/request_processing/req_logging.py:29}}
May 19 07:47:45.178134 n-d-768851-21 devstack@keystone.service[80846]: DEBUG dbcounter [-] [80846] Writing DB stats keystone:SELECT=100 {{(pid=80846) stat_writer /usr/local/lib/python3.8/dist-packages/dbcounter.py:114}}
May 19 07:47:45.244337 n-d-768851-21 devstack@keystone.service[80846]: DEBUG keystone.common.rbac_enforcer.enforcer [None req-09e23587-4df2-48da-b99a-e80d4a6e9c3b None admin] RBAC: Authorizing `identity:validate_token()` {{(pid=80846) enforce_call /opt/stack/keystone/keystone/common/rbac_enforcer/enforcer.py:449}}
May 19 07:47:45.246069 n-d-768851-21 devstack@keystone.service[80846]: DEBUG keystone.common.rbac_enforcer.enforcer [None req-09e23587-4df2-48da-b99a-e80d4a6e9c3b None admin] RBAC: Authorization granted {{(pid=80846) enforce_call /opt/stack/keystone/keystone/common/rbac_enforcer/enforcer.py:457}}
May 19 07:47:45.357916 n-d-768851-21 devstack@keystone.service[80846]: [pid: 80846|app: 0|req: 163/316] 10.222.0.24 () {58 vars in 1282 bytes} [Thu May 19 07:47:44 2022] GET /identity/v3/auth/tokens => generated 799 bytes in 370 msecs (HTTP/1.1 200) 6 headers in 358 bytes (2 switches on core 0)
May 19 07:47:45.364011 n-d-768851-21 devstack@keystone.service[80845]: DEBUG keystone.server.flask.request_processing.middleware.auth_context [None req-f5b824c3-1c1e-4c5f-a752-899f6bd1cac2 None admin] Authenticating user token {{(pid=80845) process_request /usr/local/lib/python3.8/dist-packages/keystonemiddleware/auth_token/__init__.py:407}}
May 19 07:47:45.458212 n-d-768851-21 devstack@keystone.service[80845]: DEBUG dbcounter [-] [80845] Writing DB stats keystone:SELECT=99,keystone:INSERT=1 {{(pid=80845) stat_writer /usr/local/lib/python3.8/dist-packages/dbcounter.py:114}}
May 19 07:47:45.474017 n-d-768851-21 devstack@keystone.service[80845]: DEBUG keystone.server.flask.request_processing.middleware.auth_context [None req-f5b824c3-1c1e-4c5f-a752-899f6bd1cac2 None admin] Validating token access rules against request {{(pid=80845) validate_allowed_request /usr/local/lib/python3.8/dist-packages/keystonemiddleware/auth_token/__init__.py:545}}
May 19 07:47:45.509726 n-d-768851-21 devstack@keystone.service[80845]: DEBUG keystone.server.flask.request_processing.middleware.auth_context [None req-3cb5fbc0-c631-4bc8-91d0-9b1350360e62 None admin] RBAC: auth_context: {'token': , 'domain_id': None, 'trust_id': None, 'trustor_id': None, 'trustee_id': None, 'domain_name': None, 'group_ids': [], 'user_id': '995e617b52cc4acdb06041a7a82a33b6', 'user_domain_id': 'default', 'system_scope': 'all', 'project_id': None, 'project_domain_id': None, 'roles': ['admin', 'member', 'reader'], 'is_admin_project': True, 'service_user_id': None, 'service_user_domain_id': None, 'service_project_id': None, 'service_project_domain_id': None, 'service_roles': []} {{(pid=80845) fill_context /opt/stack/keystone/keystone/server/flask/request_processing/middleware/auth_context.py:478}}
May 19 07:47:45.510516 n-d-768851-21 devstack@keystone.service[80845]: DEBUG keystone.server.flask.request_processing.req_logging [None req-3cb5fbc0-c631-4bc8-91d0-9b1350360e62 None admin] REQUEST_METHOD: `GET` {{(pid=80845) log_request_info /opt/stack/keystone/keystone/server/flask/request_processing/req_logging.py:27}}
May 19 07:47:45.510794 n-d-768851-21 devstack@keystone.service[80845]: DEBUG keystone.server.flask.request_processing.req_logging [None req-3cb5fbc0-c631-4bc8-91d0-9b1350360e62 None admin] SCRIPT_NAME: `/identity` {{(pid=80845) log_request_info /opt/stack/keystone/keystone/server/flask/request_processing/req_logging.py:28}}
May 19 07:47:45.511063 n-d-768851-21 devstack@keystone.service[80845]: DEBUG keystone.server.flask.request_processing.req_logging [None req-3cb5fbc0-c631-4bc8-91d0-9b1350360e62 None admin] PATH_INFO: `/v3/projects/9cfb5626e2354e05aedd6b46f3848f61` {{(pid=80845) log_request_info /opt/stack/keystone/keystone/server/flask/request_processing/req_logging.py:29}}
May 19 07:47:45.512254 n-d-768851-21 devstack@keystone.service[80845]: DEBUG keystone.common.rbac_enforcer.enforcer [None req-3cb5fbc0-c631-4bc8-91d0-9b1350360e62 None admin] RBAC: Authorizing `identity:get_project(project_id=9cfb5626e2354e05aedd6b46f3848f61)` {{(pid=80845) enforce_call /opt/stack/keystone/keystone/common/rbac_enforcer/enforcer.py:449}}
May 19 07:47:45.513808 n-d-768851-21 devstack@keystone.service[80845]: DEBUG keystone.common.rbac_enforcer.enforcer [None req-3cb5fbc0-c631-4bc8-91d0-9b1350360e62 None admin] RBAC: Authorization granted {{(pid=80845) enforce_call /opt/stack/keystone/keystone/common/rbac_enforcer/enforcer.py:457}}
May 19 07:47:45.515927 n-d-768851-21 devstack@keystone.service[80845]: [pid: 80845|app: 0|req: 154/317] 10.222.0.24 () {56 vars in 1186 bytes} [Thu May 19 07:47:45 2022] GET /identity/v3/projects/9cfb5626e2354e05aedd6b46f3848f61 => generated 302 bytes in 152 msecs (HTTP/1.1 200) 5 headers in 177 bytes (1 switches on core 0)
May 19 07:47:45.521785 n-d-768851-21 devstack@keystone.service[80846]: DEBUG keystone.server.flask.request_processing.middleware.auth_context [None req-09e23587-4df2-48da-b99a-e80d4a6e9c3b None admin] Authenticating user token {{(pid=80846) process_request /usr/local/lib/python3.8/dist-packages/keystonemiddleware/auth_token/__init__.py:407}}
May 19 07:47:45.568039 n-d-768851-21 devstack@keystone.service[80846]: DEBUG dbcounter [-] [80846] Writing DB stats keystone:SELECT=100 {{(pid=80846) stat_writer /usr/local/lib/python3.8/dist-packages/dbcounter.py:114}}
May 19 07:47:45.626816 n-d-768851-21 devstack@keystone.service[80846]: DEBUG keystone.server.flask.request_processing.middleware.auth_context [None req-09e23587-4df2-48da-b99a-e80d4a6e9c3b None admin] Validating token access rules against request {{(pid=80846) validate_allowed_request /usr/local/lib/python3.8/dist-packages/keystonemiddleware/auth_token/__init__.py:545}}
May 19 07:47:45.666829 n-d-768851-21 devstack@keystone.service[80846]: DEBUG keystone.server.flask.request_processing.middleware.auth_context [None req-cd5d882f-5ba8-453e-b1f4-d94aa2e255a3 None admin] RBAC: auth_context: {'token': , 'domain_id': None, 'trust_id': None, 'trustor_id': None, 'trustee_id': None, 'domain_name': None, 'group_ids': [], 'user_id': '995e617b52cc4acdb06041a7a82a33b6', 'user_domain_id': 'default', 'system_scope': 'all', 'project_id': None, 'project_domain_id': None, 'roles': ['admin', 'member', 'reader'], 'is_admin_project': True, 'service_user_id': None, 'service_user_domain_id': None, 'service_project_id': None, 'service_project_domain_id': None, 'service_roles': []} {{(pid=80846) fill_context /opt/stack/keystone/keystone/server/flask/request_processing/middleware/auth_context.py:478}}
May 19 07:47:45.667487 n-d-768851-21 devstack@keystone.service[80846]: DEBUG keystone.server.flask.request_processing.req_logging [None req-cd5d882f-5ba8-453e-b1f4-d94aa2e255a3 None admin] REQUEST_METHOD: `GET` {{(pid=80846) log_request_info /opt/stack/keystone/keystone/server/flask/request_processing/req_logging.py:27}}
May 19 07:47:45.667771 n-d-768851-21 devstack@keystone.service[80846]: DEBUG keystone.server.flask.request_processing.req_logging [None req-cd5d882f-5ba8-453e-b1f4-d94aa2e255a3 None admin] SCRIPT_NAME: `/identity` {{(pid=80846) log_request_info /opt/stack/keystone/keystone/server/flask/request_processing/req_logging.py:28}}
May 19 07:47:45.668123 n-d-768851-21 devstack@keystone.service[80846]: DEBUG keystone.server.flask.request_processing.req_logging [None req-cd5d882f-5ba8-453e-b1f4-d94aa2e255a3 None admin] PATH_INFO: `/v3/role_assignments` {{(pid=80846) log_request_info /opt/stack/keystone/keystone/server/flask/request_processing/req_logging.py:29}}
May 19 07:47:45.668958 n-d-768851-21 devstack@keystone.service[80846]: DEBUG keystone.common.rbac_enforcer.enforcer [None req-cd5d882f-5ba8-453e-b1f4-d94aa2e255a3 None admin] RBAC: Adding query filter params (role.id=af3177f9a61a4bebb7461f666ee90785, scope.project.id=9cfb5626e2354e05aedd6b46f3848f61, user.id=f095056a452041c5932c53dbaf744f67) {{(pid=80846) _extract_filter_values /opt/stack/keystone/keystone/common/rbac_enforcer/enforcer.py:167}}
May 19 07:47:45.669267 n-d-768851-21 devstack@keystone.service[80846]: DEBUG keystone.common.rbac_enforcer.enforcer [None req-cd5d882f-5ba8-453e-b1f4-d94aa2e255a3 None admin] RBAC: Authorizing `identity:list_role_assignments()` {{(pid=80846) enforce_call /opt/stack/keystone/keystone/common/rbac_enforcer/enforcer.py:449}}
May 19 07:47:45.671290 n-d-768851-21 devstack@keystone.service[80846]: DEBUG keystone.common.rbac_enforcer.enforcer [None req-cd5d882f-5ba8-453e-b1f4-d94aa2e255a3 None admin] RBAC: Authorization granted {{(pid=80846) enforce_call /opt/stack/keystone/keystone/common/rbac_enforcer/enforcer.py:457}}
May 19 07:47:45.677879 n-d-768851-21 devstack@keystone.service[80846]: [pid: 80846|app: 0|req: 164/318] 10.222.0.24 () {56 vars in 1374 bytes} [Thu May 19 07:47:45 2022] GET /identity/v3/role_assignments?user.id=f095056a452041c5932c53dbaf744f67&scope.project.id=9cfb5626e2354e05aedd6b46f3848f61&role.id=af3177f9a61a4bebb7461f666ee90785 => generated 608 bytes in 156 msecs (HTTP/1.1 200) 5 headers in 177 bytes (2 switches on core 0)
May 19 07:47:46.413521 n-d-768851-21 devstack@keystone.service[80845]: DEBUG keystone.server.flask.request_processing.req_logging [None req-761b0bb8-d3a5-4067-92d0-c6110eb73a05 None None] REQUEST_METHOD: `GET` {{(pid=80845) log_request_info /opt/stack/keystone/keystone/server/flask/request_processing/req_logging.py:27}}
May 19 07:47:46.414134 n-d-768851-21 devstack@keystone.service[80845]: DEBUG keystone.server.flask.request_processing.req_logging [None req-761b0bb8-d3a5-4067-92d0-c6110eb73a05 None None] SCRIPT_NAME: `/identity` {{(pid=80845) log_request_info /opt/stack/keystone/keystone/server/flask/request_processing/req_logging.py:28}}
May 19 07:47:46.414134 n-d-768851-21 devstack@keystone.service[80845]: DEBUG keystone.server.flask.request_processing.req_logging [None req-761b0bb8-d3a5-4067-92d0-c6110eb73a05 None None] PATH_INFO: `/` {{(pid=80845) log_request_info /opt/stack/keystone/keystone/server/flask/request_processing/req_logging.py:29}}
May 19 07:47:46.415696 n-d-768851-21 devstack@keystone.service[80845]: [pid: 80845|app: 0|req: 155/319] 10.222.0.24 () {54 vars in 926 bytes} [Thu May 19 07:47:46 2022] GET /identity => generated 270 bytes in 3 msecs (HTTP/1.1 300) 6 headers in 234 bytes (1 switches on core 0)
May 19 07:47:46.421431 n-d-768851-21 devstack@keystone.service[80846]: DEBUG keystone.server.flask.request_processing.req_logging [None req-92eff192-cba9-48af-a89a-5c07b18f3b69 None None] REQUEST_METHOD: `POST` {{(pid=80846) log_request_info /opt/stack/keystone/keystone/server/flask/request_processing/req_logging.py:27}}
May 19 07:47:46.421968 n-d-768851-21 devstack@keystone.service[80846]: DEBUG keystone.server.flask.request_processing.req_logging [None req-92eff192-cba9-48af-a89a-5c07b18f3b69 None None] SCRIPT_NAME: `/identity` {{(pid=80846) log_request_info /opt/stack/keystone/keystone/server/flask/request_processing/req_logging.py:28}}
May 19 07:47:46.422062 n-d-768851-21 devstack@keystone.service[80846]: DEBUG keystone.server.flask.request_processing.req_logging [None req-92eff192-cba9-48af-a89a-5c07b18f3b69 None None] PATH_INFO: `/v3/auth/tokens` {{(pid=80846) log_request_info /opt/stack/keystone/keystone/server/flask/request_processing/req_logging.py:29}}
May 19 07:47:46.439074 n-d-768851-21 devstack@keystone.service[80846]: DEBUG keystone.auth.core [None req-92eff192-cba9-48af-a89a-5c07b18f3b69 None None] MFA Rules not processed for user `995e617b52cc4acdb06041a7a82a33b6`. Rule list: `[]` (Enabled: `True`). {{(pid=80846) check_auth_methods_against_rules /opt/stack/keystone/keystone/auth/core.py:438}}
May 19 07:47:46.440270 n-d-768851-21 devstack@keystone.service[80846]: DEBUG keystone.common.fernet_utils [None req-92eff192-cba9-48af-a89a-5c07b18f3b69 None None] Loaded 2 Fernet keys from /etc/keystone/fernet-keys/, but `[fernet_tokens] max_active_keys = 3`; perhaps there have not been enough key rotations to reach `max_active_keys` yet? {{(pid=80846) load_keys /opt/stack/keystone/keystone/common/fernet_utils.py:286}}
May 19 07:47:46.518274 n-d-768851-21 devstack@keystone.service[80846]: [pid: 80846|app: 0|req: 165/320] 10.222.0.24 () {58 vars in 1023 bytes} [Thu May 19 07:47:46 2022] POST /identity/v3/auth/tokens => generated 799 bytes in 98 msecs (HTTP/1.1 201) 6 headers in 363 bytes (1 switches on core 0)
May 19 07:47:46.540963 n-d-768851-21 devstack@keystone.service[80845]: DEBUG keystone.server.flask.request_processing.middleware.auth_context [None req-761b0bb8-d3a5-4067-92d0-c6110eb73a05 None None] Authenticating user token {{(pid=80845) process_request /usr/local/lib/python3.8/dist-packages/keystonemiddleware/auth_token/__init__.py:407}}
May 19 07:47:46.584047 n-d-768851-21 devstack@keystone.service[80846]: DEBUG keystone.server.flask.request_processing.req_logging [None req-d4dec093-7b58-46c4-9eb2-58968f7e31e9 None None] REQUEST_METHOD: `GET` {{(pid=80846) log_request_info /opt/stack/keystone/keystone/server/flask/request_processing/req_logging.py:27}}
May 19 07:47:46.584389 n-d-768851-21 devstack@keystone.service[80846]: DEBUG keystone.server.flask.request_processing.req_logging [None req-d4dec093-7b58-46c4-9eb2-58968f7e31e9 None None] SCRIPT_NAME: `/identity` {{(pid=80846) log_request_info /opt/stack/keystone/keystone/server/flask/request_processing/req_logging.py:28}}
May 19 07:47:46.584616 n-d-768851-21 devstack@keystone.service[80846]: DEBUG keystone.server.flask.request_processing.req_logging [None req-d4dec093-7b58-46c4-9eb2-58968f7e31e9 None None] PATH_INFO: `/` {{(pid=80846) log_request_info /opt/stack/keystone/keystone/server/flask/request_processing/req_logging.py:29}}
May 19 07:47:46.586164 n-d-768851-21 devstack@keystone.service[80846]: [pid: 80846|app: 0|req: 166/321] 10.222.0.24 () {54 vars in 926 bytes} [Thu May 19 07:47:46 2022] GET /identity => generated 270 bytes in 3 msecs (HTTP/1.1 300) 6 headers in 234 bytes (2 switches on core 0)
May 19 07:47:46.590820 n-d-768851-21 devstack@keystone.service[80846]: DEBUG keystone.server.flask.request_processing.req_logging [None req-b994724f-ba00-4674-8450-16b506d19de2 None None] REQUEST_METHOD: `POST` {{(pid=80846) log_request_info /opt/stack/keystone/keystone/server/flask/request_processing/req_logging.py:27}}
May 19 07:47:46.591108 n-d-768851-21 devstack@keystone.service[80846]: DEBUG keystone.server.flask.request_processing.req_logging [None req-b994724f-ba00-4674-8450-16b506d19de2 None None] SCRIPT_NAME: `/identity` {{(pid=80846) log_request_info /opt/stack/keystone/keystone/server/flask/request_processing/req_logging.py:28}}
May 19 07:47:46.591388 n-d-768851-21 devstack@keystone.service[80846]: DEBUG keystone.server.flask.request_processing.req_logging [None req-b994724f-ba00-4674-8450-16b506d19de2 None None] PATH_INFO: `/v3/auth/tokens` {{(pid=80846) log_request_info /opt/stack/keystone/keystone/server/flask/request_processing/req_logging.py:29}}
May 19 07:47:46.609375 n-d-768851-21 devstack@keystone.service[80846]: DEBUG keystone.auth.core [None req-b994724f-ba00-4674-8450-16b506d19de2 None None] MFA Rules not processed for user `995e617b52cc4acdb06041a7a82a33b6`. Rule list: `[]` (Enabled: `True`). {{(pid=80846) check_auth_methods_against_rules /opt/stack/keystone/keystone/auth/core.py:438}}
May 19 07:47:46.610598 n-d-768851-21 devstack@keystone.service[80846]: DEBUG keystone.common.fernet_utils [None req-b994724f-ba00-4674-8450-16b506d19de2 None None] Loaded 2 Fernet keys from /etc/keystone/fernet-keys/, but `[fernet_tokens] max_active_keys = 3`; perhaps there have not been enough key rotations to reach `max_active_keys` yet? {{(pid=80846) load_keys /opt/stack/keystone/keystone/common/fernet_utils.py:286}}
May 19 07:47:46.644729 n-d-768851-21 devstack@keystone.service[80846]: DEBUG dbcounter [-] [80846] Writing DB stats keystone:SELECT=100 {{(pid=80846) stat_writer /usr/local/lib/python3.8/dist-packages/dbcounter.py:114}}
May 19 07:47:46.657664 n-d-768851-21 devstack@keystone.service[80845]: DEBUG keystone.server.flask.request_processing.middleware.auth_context [None req-761b0bb8-d3a5-4067-92d0-c6110eb73a05 None None] Validating token access rules against request {{(pid=80845) validate_allowed_request /usr/local/lib/python3.8/dist-packages/keystonemiddleware/auth_token/__init__.py:545}}
May 19 07:47:46.686961 n-d-768851-21 devstack@keystone.service[80846]: [pid: 80846|app: 0|req: 167/322] 10.222.0.24 () {58 vars in 1023 bytes} [Thu May 19 07:47:46 2022] POST /identity/v3/auth/tokens => generated 799 bytes in 97 msecs (HTTP/1.1 201) 6 headers in 363 bytes (2 switches on core 0)
May 19 07:47:46.696424 n-d-768851-21 devstack@keystone.service[80845]: DEBUG keystone.server.flask.request_processing.middleware.auth_context [None req-6862dc07-af94-4058-9776-b56897b052aa None admin] RBAC: auth_context: {'token': , 'domain_id': None, 'trust_id': None, 'trustor_id': None, 'trustee_id': None, 'domain_name': None, 'group_ids': [], 'user_id': '995e617b52cc4acdb06041a7a82a33b6', 'user_domain_id': 'default', 'system_scope': 'all', 'project_id': None, 'project_domain_id': None, 'roles': ['admin', 'member', 'reader'], 'is_admin_project': True, 'service_user_id': None, 'service_user_domain_id': None, 'service_project_id': None, 'service_project_domain_id': None, 'service_roles': []} {{(pid=80845) fill_context /opt/stack/keystone/keystone/server/flask/request_processing/middleware/auth_context.py:478}}
May 19 07:47:46.697461 n-d-768851-21 devstack@keystone.service[80845]: DEBUG keystone.server.flask.request_processing.req_logging [None req-6862dc07-af94-4058-9776-b56897b052aa None admin] REQUEST_METHOD: `GET` {{(pid=80845) log_request_info /opt/stack/keystone/keystone/server/flask/request_processing/req_logging.py:27}}
May 19 07:47:46.698023 n-d-768851-21 devstack@keystone.service[80845]: DEBUG keystone.server.flask.request_processing.req_logging [None req-6862dc07-af94-4058-9776-b56897b052aa None admin] SCRIPT_NAME: `/identity` {{(pid=80845) log_request_info /opt/stack/keystone/keystone/server/flask/request_processing/req_logging.py:28}}
May 19 07:47:46.698483 n-d-768851-21 devstack@keystone.service[80845]: DEBUG keystone.server.flask.request_processing.req_logging [None req-6862dc07-af94-4058-9776-b56897b052aa None admin] PATH_INFO: `/v3/domains/default` {{(pid=80845) log_request_info /opt/stack/keystone/keystone/server/flask/request_processing/req_logging.py:29}}
May 19 07:47:46.699865 n-d-768851-21 devstack@keystone.service[80845]: DEBUG keystone.common.rbac_enforcer.enforcer [None req-6862dc07-af94-4058-9776-b56897b052aa None admin] RBAC: Authorizing `identity:get_domain(domain_id=default)` {{(pid=80845) enforce_call /opt/stack/keystone/keystone/common/rbac_enforcer/enforcer.py:449}}
May 19 07:47:46.702104 n-d-768851-21 devstack@keystone.service[80845]: DEBUG keystone.common.rbac_enforcer.enforcer [None req-6862dc07-af94-4058-9776-b56897b052aa None admin] RBAC: Authorization granted {{(pid=80845) enforce_call /opt/stack/keystone/keystone/common/rbac_enforcer/enforcer.py:457}}
May 19 07:47:46.704268 n-d-768851-21 devstack@keystone.service[80845]: [pid: 80845|app: 0|req: 156/323] 10.222.0.24 () {56 vars in 1108 bytes} [Thu May 19 07:47:46 2022] GET /identity/v3/domains/default => generated 199 bytes in 164 msecs (HTTP/1.1 200) 5 headers in 177 bytes (1 switches on core 0)
May 19 07:47:46.709300 n-d-768851-21 devstack@keystone.service[80845]: DEBUG keystone.server.flask.request_processing.middleware.auth_context [None req-6862dc07-af94-4058-9776-b56897b052aa None admin] Authenticating user token {{(pid=80845) process_request /usr/local/lib/python3.8/dist-packages/keystonemiddleware/auth_token/__init__.py:407}}
May 19 07:47:46.709435 n-d-768851-21 devstack@keystone.service[80846]: DEBUG keystone.server.flask.request_processing.middleware.auth_context [None req-b994724f-ba00-4674-8450-16b506d19de2 None None] Authenticating user token {{(pid=80846) process_request /usr/local/lib/python3.8/dist-packages/keystonemiddleware/auth_token/__init__.py:407}}
May 19 07:47:46.736251 n-d-768851-21 devstack@keystone.service[80845]: DEBUG dbcounter [-] [80845] Writing DB stats keystone:SELECT=100 {{(pid=80845) stat_writer /usr/local/lib/python3.8/dist-packages/dbcounter.py:114}}
May 19 07:47:46.815809 n-d-768851-21 devstack@keystone.service[80846]: DEBUG keystone.server.flask.request_processing.middleware.auth_context [None req-b994724f-ba00-4674-8450-16b506d19de2 None None] Validating token access rules against request {{(pid=80846) validate_allowed_request /usr/local/lib/python3.8/dist-packages/keystonemiddleware/auth_token/__init__.py:545}}
May 19 07:47:46.818687 n-d-768851-21 devstack@keystone.service[80845]: DEBUG keystone.server.flask.request_processing.middleware.auth_context [None req-6862dc07-af94-4058-9776-b56897b052aa None admin] Validating token access rules against request {{(pid=80845) validate_allowed_request /usr/local/lib/python3.8/dist-packages/keystonemiddleware/auth_token/__init__.py:545}}
May 19 07:47:46.852795 n-d-768851-21 devstack@keystone.service[80846]: DEBUG keystone.server.flask.request_processing.middleware.auth_context [None req-ace466e0-6b3d-44f5-b642-f77b32fa22d9 None admin] RBAC: auth_context: {'token': , 'domain_id': None, 'trust_id': None, 'trustor_id': None, 'trustee_id': None, 'domain_name': None, 'group_ids': [], 'user_id': '995e617b52cc4acdb06041a7a82a33b6', 'user_domain_id': 'default', 'system_scope': 'all', 'project_id': None, 'project_domain_id': None, 'roles': ['admin', 'member', 'reader'], 'is_admin_project': True, 'service_user_id': None, 'service_user_domain_id': None, 'service_project_id': None, 'service_project_domain_id': None, 'service_roles': []} {{(pid=80846) fill_context /opt/stack/keystone/keystone/server/flask/request_processing/middleware/auth_context.py:478}}
