May 19 08:00:26.498148 n-d-768851-21 devstack@c-api.service[111965]: DEBUG cinder.api.extensions [-] Ext name: SnapshotUnmanage {{(pid=111965) _check_extension /opt/stack/cinder/cinder/api/extensions.py:179}}
May 19 08:00:26.498148 n-d-768851-21 devstack@c-api.service[111965]: DEBUG cinder.api.extensions [-] Ext alias: os-snapshot-unmanage {{(pid=111965) _check_extension /opt/stack/cinder/cinder/api/extensions.py:180}}
May 19 08:00:26.498148 n-d-768851-21 devstack@c-api.service[111965]: DEBUG cinder.api.extensions [-] Ext description: Enable volume unmanage operation. {{(pid=111965) _check_extension /opt/stack/cinder/cinder/api/extensions.py:181}}
May 19 08:00:26.498148 n-d-768851-21 devstack@c-api.service[111965]: DEBUG cinder.api.extensions [-] Ext updated: 2014-12-31T00:00:00+00:00 {{(pid=111965) _check_extension /opt/stack/cinder/cinder/api/extensions.py:183}}
May 19 08:00:26.498148 n-d-768851-21 devstack@c-api.service[111965]: DEBUG cinder.api.extensions [-] Loaded extension: os-snapshot-unmanage {{(pid=111965) register /opt/stack/cinder/cinder/api/extensions.py:140}}
May 19 08:00:26.498148 n-d-768851-21 devstack@c-api.service[111965]: DEBUG cinder.api.extensions [-] Loading extension cinder.api.contrib.volume_type_access.Volume_type_access {{(pid=111965) load_extension /opt/stack/cinder/cinder/api/extensions.py:199}}
May 19 08:00:26.498148 n-d-768851-21 devstack@c-api.service[111965]: DEBUG cinder.api.extensions [-] Calling extension factory cinder.api.contrib.volume_type_access.Volume_type_access {{(pid=111965) load_extension /opt/stack/cinder/cinder/api/extensions.py:205}}
May 19 08:00:26.498148 n-d-768851-21 devstack@c-api.service[111965]: DEBUG cinder.api.extensions [-] Ext name: VolumeTypeAccess {{(pid=111965) _check_extension /opt/stack/cinder/cinder/api/extensions.py:179}}
May 19 08:00:26.498148 n-d-768851-21 devstack@c-api.service[111965]: DEBUG cinder.api.extensions [-] Ext alias: os-volume-type-access {{(pid=111965) _check_extension /opt/stack/cinder/cinder/api/extensions.py:180}}
May 19 08:00:26.500068 n-d-768851-21 devstack@c-api.service[111965]: DEBUG cinder.api.extensions [-] Ext description: Volume type access support. {{(pid=111965) _check_extension /opt/stack/cinder/cinder/api/extensions.py:181}}
May 19 08:00:26.500068 n-d-768851-21 devstack@c-api.service[111965]: DEBUG cinder.api.extensions [-] Ext updated: 2014-06-26T00:00:00Z {{(pid=111965) _check_extension /opt/stack/cinder/cinder/api/extensions.py:183}}
May 19 08:00:26.500068 n-d-768851-21 devstack@c-api.service[111965]: DEBUG cinder.api.extensions [-] Loaded extension: os-volume-type-access {{(pid=111965) register /opt/stack/cinder/cinder/api/extensions.py:140}}
May 19 08:00:26.500068 n-d-768851-21 devstack@c-api.service[111965]: DEBUG cinder.api.extensions [-] Loading extension cinder.api.contrib.snapshot_manage.Snapshot_manage {{(pid=111965) load_extension /opt/stack/cinder/cinder/api/extensions.py:199}}
May 19 08:00:26.500068 n-d-768851-21 devstack@c-api.service[111965]: DEBUG cinder.api.extensions [-] Calling extension factory cinder.api.contrib.snapshot_manage.Snapshot_manage {{(pid=111965) load_extension /opt/stack/cinder/cinder/api/extensions.py:205}}
May 19 08:00:26.500068 n-d-768851-21 devstack@c-api.service[111965]: DEBUG cinder.api.extensions [-] Ext name: SnapshotManage {{(pid=111965) _check_extension /opt/stack/cinder/cinder/api/extensions.py:179}}
May 19 08:00:26.500068 n-d-768851-21 devstack@c-api.service[111965]: DEBUG cinder.api.extensions [-] Ext alias: os-snapshot-manage {{(pid=111965) _check_extension /opt/stack/cinder/cinder/api/extensions.py:180}}
May 19 08:00:26.500068 n-d-768851-21 devstack@c-api.service[111965]: DEBUG cinder.api.extensions [-] Ext description: Allows existing backend storage to be 'managed' by Cinder. {{(pid=111965) _check_extension /opt/stack/cinder/cinder/api/extensions.py:181}}
May 19 08:00:26.500068 n-d-768851-21 devstack@c-api.service[111965]: DEBUG cinder.api.extensions [-] Ext updated: 2014-12-31T00:00:00+00:00 {{(pid=111965) _check_extension /opt/stack/cinder/cinder/api/extensions.py:183}}
May 19 08:00:26.501234 n-d-768851-21 devstack@c-api.service[111965]: DEBUG cinder.api.extensions [-] Loaded extension: os-snapshot-manage {{(pid=111965) register /opt/stack/cinder/cinder/api/extensions.py:140}}
May 19 08:00:26.501234 n-d-768851-21 devstack@c-api.service[111965]: DEBUG cinder.api.extensions [-] Loading extension cinder.api.contrib.used_limits.Used_limits {{(pid=111965) load_extension /opt/stack/cinder/cinder/api/extensions.py:199}}
May 19 08:00:26.501234 n-d-768851-21 devstack@c-api.service[111965]: DEBUG cinder.api.extensions [-] Calling extension factory cinder.api.contrib.used_limits.Used_limits {{(pid=111965) load_extension /opt/stack/cinder/cinder/api/extensions.py:205}}
May 19 08:00:26.501234 n-d-768851-21 devstack@c-api.service[111965]: DEBUG cinder.api.extensions [-] Ext name: UsedLimits {{(pid=111965) _check_extension /opt/stack/cinder/cinder/api/extensions.py:179}}
May 19 08:00:26.501234 n-d-768851-21 devstack@c-api.service[111965]: DEBUG cinder.api.extensions [-] Ext alias: os-used-limits {{(pid=111965) _check_extension /opt/stack/cinder/cinder/api/extensions.py:180}}
May 19 08:00:26.501234 n-d-768851-21 devstack@c-api.service[111965]: DEBUG cinder.api.extensions [-] Ext description: Provide data on limited resources that are being used. {{(pid=111965) _check_extension /opt/stack/cinder/cinder/api/extensions.py:181}}
May 19 08:00:26.501234 n-d-768851-21 devstack@c-api.service[111965]: DEBUG cinder.api.extensions [-] Ext updated: 2013-10-03T00:00:00+00:00 {{(pid=111965) _check_extension /opt/stack/cinder/cinder/api/extensions.py:183}}
May 19 08:00:26.501234 n-d-768851-21 devstack@c-api.service[111965]: DEBUG cinder.api.extensions [-] Loaded extension: os-used-limits {{(pid=111965) register /opt/stack/cinder/cinder/api/extensions.py:140}}
May 19 08:00:26.501234 n-d-768851-21 devstack@c-api.service[111965]: DEBUG cinder.api.extensions [-] Loading extension cinder.api.contrib.availability_zones.Availability_zones {{(pid=111965) load_extension /opt/stack/cinder/cinder/api/extensions.py:199}}
May 19 08:00:26.502589 n-d-768851-21 devstack@c-api.service[111965]: DEBUG cinder.api.extensions [-] Calling extension factory cinder.api.contrib.availability_zones.Availability_zones {{(pid=111965) load_extension /opt/stack/cinder/cinder/api/extensions.py:205}}
May 19 08:00:26.502589 n-d-768851-21 devstack@c-api.service[111965]: DEBUG cinder.api.extensions [-] Ext name: AvailabilityZones {{(pid=111965) _check_extension /opt/stack/cinder/cinder/api/extensions.py:179}}
May 19 08:00:26.502589 n-d-768851-21 devstack@c-api.service[111965]: DEBUG cinder.api.extensions [-] Ext alias: os-availability-zone {{(pid=111965) _check_extension /opt/stack/cinder/cinder/api/extensions.py:180}}
May 19 08:00:26.502589 n-d-768851-21 devstack@c-api.service[111965]: DEBUG cinder.api.extensions [-] Ext description: Describe Availability Zones. {{(pid=111965) _check_extension /opt/stack/cinder/cinder/api/extensions.py:181}}
May 19 08:00:26.502589 n-d-768851-21 devstack@c-api.service[111965]: DEBUG cinder.api.extensions [-] Ext updated: 2013-06-27T00:00:00+00:00 {{(pid=111965) _check_extension /opt/stack/cinder/cinder/api/extensions.py:183}}
May 19 08:00:26.502589 n-d-768851-21 devstack@c-api.service[111965]: DEBUG cinder.api.extensions [-] Loaded extension: os-availability-zone {{(pid=111965) register /opt/stack/cinder/cinder/api/extensions.py:140}}
May 19 08:00:26.502589 n-d-768851-21 devstack@c-api.service[111965]: DEBUG cinder.api.extensions [-] Loading extension cinder.api.contrib.cgsnapshots.Cgsnapshots {{(pid=111965) load_extension /opt/stack/cinder/cinder/api/extensions.py:199}}
May 19 08:00:26.502589 n-d-768851-21 devstack@c-api.service[111965]: DEBUG cinder.api.extensions [-] Calling extension factory cinder.api.contrib.cgsnapshots.Cgsnapshots {{(pid=111965) load_extension /opt/stack/cinder/cinder/api/extensions.py:205}}
May 19 08:00:26.502589 n-d-768851-21 devstack@c-api.service[111965]: DEBUG cinder.api.extensions [-] Ext name: Cgsnapshots {{(pid=111965) _check_extension /opt/stack/cinder/cinder/api/extensions.py:179}}
May 19 08:00:26.503833 n-d-768851-21 devstack@c-api.service[111965]: DEBUG cinder.api.extensions [-] Ext alias: cgsnapshots {{(pid=111965) _check_extension /opt/stack/cinder/cinder/api/extensions.py:180}}
May 19 08:00:26.503833 n-d-768851-21 devstack@c-api.service[111965]: DEBUG cinder.api.extensions [-] Ext description: cgsnapshots support. {{(pid=111965) _check_extension /opt/stack/cinder/cinder/api/extensions.py:181}}
May 19 08:00:26.503833 n-d-768851-21 devstack@c-api.service[111965]: DEBUG cinder.api.extensions [-] Ext updated: 2014-08-18T00:00:00+00:00 {{(pid=111965) _check_extension /opt/stack/cinder/cinder/api/extensions.py:183}}
May 19 08:00:26.503833 n-d-768851-21 devstack@c-api.service[111965]: DEBUG cinder.api.extensions [-] Loaded extension: cgsnapshots {{(pid=111965) register /opt/stack/cinder/cinder/api/extensions.py:140}}
May 19 08:00:26.503833 n-d-768851-21 devstack@c-api.service[111965]: DEBUG cinder.api.extensions [-] Loading extension cinder.api.contrib.backups.Backups {{(pid=111965) load_extension /opt/stack/cinder/cinder/api/extensions.py:199}}
May 19 08:00:26.503833 n-d-768851-21 devstack@c-api.service[111965]: DEBUG cinder.api.extensions [-] Calling extension factory cinder.api.contrib.backups.Backups {{(pid=111965) load_extension /opt/stack/cinder/cinder/api/extensions.py:205}}
May 19 08:00:26.503833 n-d-768851-21 devstack@c-api.service[111965]: DEBUG cinder.api.extensions [-] Ext name: Backups {{(pid=111965) _check_extension /opt/stack/cinder/cinder/api/extensions.py:179}}
May 19 08:00:26.503833 n-d-768851-21 devstack@c-api.service[111965]: DEBUG cinder.api.extensions [-] Ext alias: backups {{(pid=111965) _check_extension /opt/stack/cinder/cinder/api/extensions.py:180}}
May 19 08:00:26.503833 n-d-768851-21 devstack@c-api.service[111965]: DEBUG cinder.api.extensions [-] Ext description: Backups support. {{(pid=111965) _check_extension /opt/stack/cinder/cinder/api/extensions.py:181}}
May 19 08:00:26.505177 n-d-768851-21 devstack@c-api.service[111965]: DEBUG cinder.api.extensions [-] Ext updated: 2012-12-12T00:00:00+00:00 {{(pid=111965) _check_extension /opt/stack/cinder/cinder/api/extensions.py:183}}
May 19 08:00:26.505177 n-d-768851-21 devstack@c-api.service[111965]: DEBUG cinder.api.extensions [-] Loaded extension: backups {{(pid=111965) register /opt/stack/cinder/cinder/api/extensions.py:140}}
May 19 08:00:26.505177 n-d-768851-21 devstack@c-api.service[111965]: DEBUG cinder.api.extensions [-] Loading extension cinder.api.contrib.consistencygroups.Consistencygroups {{(pid=111965) load_extension /opt/stack/cinder/cinder/api/extensions.py:199}}
May 19 08:00:26.505177 n-d-768851-21 devstack@c-api.service[111965]: DEBUG cinder.api.extensions [-] Calling extension factory cinder.api.contrib.consistencygroups.Consistencygroups {{(pid=111965) load_extension /opt/stack/cinder/cinder/api/extensions.py:205}}
May 19 08:00:26.505177 n-d-768851-21 devstack@c-api.service[111965]: DEBUG cinder.api.extensions [-] Ext name: Consistencygroups {{(pid=111965) _check_extension /opt/stack/cinder/cinder/api/extensions.py:179}}
May 19 08:00:26.505177 n-d-768851-21 devstack@c-api.service[111965]: DEBUG cinder.api.extensions [-] Ext alias: consistencygroups {{(pid=111965) _check_extension /opt/stack/cinder/cinder/api/extensions.py:180}}
May 19 08:00:26.505177 n-d-768851-21 devstack@c-api.service[111965]: DEBUG cinder.api.extensions [-] Ext description: consistency groups support. {{(pid=111965) _check_extension /opt/stack/cinder/cinder/api/extensions.py:181}}
May 19 08:00:26.505177 n-d-768851-21 devstack@c-api.service[111965]: DEBUG cinder.api.extensions [-] Ext updated: 2014-08-18T00:00:00+00:00 {{(pid=111965) _check_extension /opt/stack/cinder/cinder/api/extensions.py:183}}
May 19 08:00:26.505177 n-d-768851-21 devstack@c-api.service[111965]: DEBUG cinder.api.extensions [-] Loaded extension: consistencygroups {{(pid=111965) register /opt/stack/cinder/cinder/api/extensions.py:140}}
May 19 08:00:26.507036 n-d-768851-21 devstack@c-api.service[111965]: DEBUG cinder.api.extensions [-] Loading extension cinder.api.contrib.volume_host_attribute.Volume_host_attribute {{(pid=111965) load_extension /opt/stack/cinder/cinder/api/extensions.py:199}}
May 19 08:00:26.507036 n-d-768851-21 devstack@c-api.service[111965]: DEBUG cinder.api.extensions [-] Calling extension factory cinder.api.contrib.volume_host_attribute.Volume_host_attribute {{(pid=111965) load_extension /opt/stack/cinder/cinder/api/extensions.py:205}}
May 19 08:00:26.507036 n-d-768851-21 devstack@c-api.service[111965]: DEBUG cinder.api.extensions [-] Ext name: VolumeHostAttribute {{(pid=111965) _check_extension /opt/stack/cinder/cinder/api/extensions.py:179}}
May 19 08:00:26.507036 n-d-768851-21 devstack@c-api.service[111965]: DEBUG cinder.api.extensions [-] Ext alias: os-vol-host-attr {{(pid=111965) _check_extension /opt/stack/cinder/cinder/api/extensions.py:180}}
May 19 08:00:26.507036 n-d-768851-21 devstack@c-api.service[111965]: DEBUG cinder.api.extensions [-] Ext description: Expose host as an attribute of a volume. {{(pid=111965) _check_extension /opt/stack/cinder/cinder/api/extensions.py:181}}
May 19 08:00:26.507036 n-d-768851-21 devstack@c-api.service[111965]: DEBUG cinder.api.extensions [-] Ext updated: 2011-11-03T00:00:00+00:00 {{(pid=111965) _check_extension /opt/stack/cinder/cinder/api/extensions.py:183}}
May 19 08:00:26.507036 n-d-768851-21 devstack@c-api.service[111965]: DEBUG cinder.api.extensions [-] Loaded extension: os-vol-host-attr {{(pid=111965) register /opt/stack/cinder/cinder/api/extensions.py:140}}
May 19 08:00:26.507036 n-d-768851-21 devstack@c-api.service[111965]: DEBUG cinder.api.extensions [-] Loading extension cinder.api.contrib.scheduler_stats.Scheduler_stats {{(pid=111965) load_extension /opt/stack/cinder/cinder/api/extensions.py:199}}
May 19 08:00:26.508126 n-d-768851-21 devstack@c-api.service[111965]: DEBUG cinder.api.extensions [-] Calling extension factory cinder.api.contrib.scheduler_stats.Scheduler_stats {{(pid=111965) load_extension /opt/stack/cinder/cinder/api/extensions.py:205}}
May 19 08:00:26.508126 n-d-768851-21 devstack@c-api.service[111965]: DEBUG cinder.api.extensions [-] Ext name: Scheduler_stats {{(pid=111965) _check_extension /opt/stack/cinder/cinder/api/extensions.py:179}}
May 19 08:00:26.508126 n-d-768851-21 devstack@c-api.service[111965]: DEBUG cinder.api.extensions [-] Ext alias: scheduler-stats {{(pid=111965) _check_extension /opt/stack/cinder/cinder/api/extensions.py:180}}
May 19 08:00:26.508126 n-d-768851-21 devstack@c-api.service[111965]: DEBUG cinder.api.extensions [-] Ext description: Scheduler stats support. {{(pid=111965) _check_extension /opt/stack/cinder/cinder/api/extensions.py:181}}
May 19 08:00:26.508126 n-d-768851-21 devstack@c-api.service[111965]: DEBUG cinder.api.extensions [-] Ext updated: 2014-09-07T00:00:00+00:00 {{(pid=111965) _check_extension /opt/stack/cinder/cinder/api/extensions.py:183}}
May 19 08:00:26.508126 n-d-768851-21 devstack@c-api.service[111965]: DEBUG cinder.api.extensions [-] Loaded extension: scheduler-stats {{(pid=111965) register /opt/stack/cinder/cinder/api/extensions.py:140}}
May 19 08:00:26.538730 n-d-768851-21 devstack@c-api.service[111966]: INFO dbcounter [None req-e1246ef1-69ac-458d-9fe7-2ff940d3d3fe None None] Registered counter for database cinder
May 19 08:00:26.560489 n-d-768851-21 devstack@c-api.service[111966]: DEBUG oslo_db.sqlalchemy.engines [None req-e1246ef1-69ac-458d-9fe7-2ff940d3d3fe None None] MySQL server mode set to STRICT_TRANS_TABLES,STRICT_ALL_TABLES,NO_ZERO_IN_DATE,NO_ZERO_DATE,ERROR_FOR_DIVISION_BY_ZERO,TRADITIONAL,NO_ENGINE_SUBSTITUTION {{(pid=111966) _check_effective_sql_mode /usr/local/lib/python3.8/dist-packages/oslo_db/sqlalchemy/engines.py:314}}
May 19 08:00:26.570229 n-d-768851-21 devstack@c-api.service[111966]: DEBUG dbcounter [-] [111966] Writer thread running {{(pid=111966) stat_writer /usr/local/lib/python3.8/dist-packages/dbcounter.py:99}}
May 19 08:00:26.572048 n-d-768851-21 devstack@c-api.service[111965]: INFO dbcounter [None req-0b14d03a-9bf2-47de-80ea-4a43d4b5f4d4 None None] Registered counter for database cinder
May 19 08:00:26.593285 n-d-768851-21 devstack@c-api.service[111965]: DEBUG oslo_db.sqlalchemy.engines [None req-0b14d03a-9bf2-47de-80ea-4a43d4b5f4d4 None None] MySQL server mode set to STRICT_TRANS_TABLES,STRICT_ALL_TABLES,NO_ZERO_IN_DATE,NO_ZERO_DATE,ERROR_FOR_DIVISION_BY_ZERO,TRADITIONAL,NO_ENGINE_SUBSTITUTION {{(pid=111965) _check_effective_sql_mode /usr/local/lib/python3.8/dist-packages/oslo_db/sqlalchemy/engines.py:314}}
May 19 08:00:26.601357 n-d-768851-21 devstack@c-api.service[111965]: DEBUG dbcounter [-] [111965] Writer thread running {{(pid=111965) stat_writer /usr/local/lib/python3.8/dist-packages/dbcounter.py:99}}
May 19 08:00:26.917558 n-d-768851-21 devstack@c-api.service[111966]: INFO cinder.rpc [None req-e1246ef1-69ac-458d-9fe7-2ff940d3d3fe None None] Automatically selected cinder-scheduler objects version 1.39 as minimum service version.
May 19 08:00:26.923610 n-d-768851-21 devstack@c-api.service[111966]: INFO cinder.rpc [None req-e1246ef1-69ac-458d-9fe7-2ff940d3d3fe None None] Automatically selected cinder-scheduler RPC version 3.12 as minimum service version.
May 19 08:00:26.929169 n-d-768851-21 devstack@c-api.service[111966]: INFO cinder.rpc [None req-e1246ef1-69ac-458d-9fe7-2ff940d3d3fe None None] Automatically selected cinder-volume objects version 1.39 as minimum service version.
May 19 08:00:26.934225 n-d-768851-21 devstack@c-api.service[111966]: INFO cinder.rpc [None req-e1246ef1-69ac-458d-9fe7-2ff940d3d3fe None None] Automatically selected cinder-volume RPC version 3.18 as minimum service version.
May 19 08:00:26.935080 n-d-768851-21 devstack@c-api.service[111966]: WARNING stevedore.named [None req-e1246ef1-69ac-458d-9fe7-2ff940d3d3fe None None] Could not load cinder.keymgr.conf_key_mgr.ConfKeyManager
May 19 08:00:26.935488 n-d-768851-21 devstack@c-api.service[111966]: WARNING castellan.key_manager [None req-e1246ef1-69ac-458d-9fe7-2ff940d3d3fe None None] Deprecation Warning : cinder.keymgr.conf_key_mgr.ConfKeyManager is not a stevedore based driver, trying to load it as a class: stevedore.exception.NoMatches: No 'castellan.drivers' driver found, looking for 'cinder.keymgr.conf_key_mgr.ConfKeyManager'
May 19 08:00:26.950056 n-d-768851-21 devstack@c-api.service[111965]: INFO cinder.rpc [None req-0b14d03a-9bf2-47de-80ea-4a43d4b5f4d4 None None] Automatically selected cinder-scheduler objects version 1.39 as minimum service version.
May 19 08:00:26.955599 n-d-768851-21 devstack@c-api.service[111965]: INFO cinder.rpc [None req-0b14d03a-9bf2-47de-80ea-4a43d4b5f4d4 None None] Automatically selected cinder-scheduler RPC version 3.12 as minimum service version.
May 19 08:00:26.959263 n-d-768851-21 devstack@c-api.service[111966]: WARNING cinder.keymgr.conf_key_mgr [None req-e1246ef1-69ac-458d-9fe7-2ff940d3d3fe None None] This key manager is insecure and is not recommended for production deployments: stevedore.exception.NoMatches: No 'castellan.drivers' driver found, looking for 'cinder.keymgr.conf_key_mgr.ConfKeyManager'
May 19 08:00:26.960154 n-d-768851-21 devstack@c-api.service[111966]: /usr/local/lib/python3.8/dist-packages/oslo_db/sqlalchemy/enginefacade.py:355: OsloDBDeprecationWarning: EngineFacade is deprecated; please use oslo_db.sqlalchemy.enginefacade
May 19 08:00:26.960154 n-d-768851-21 devstack@c-api.service[111966]: self._legacy_facade = LegacyEngineFacade(None, _factory=self)
May 19 08:00:26.961323 n-d-768851-21 devstack@c-api.service[111965]: INFO cinder.rpc [None req-0b14d03a-9bf2-47de-80ea-4a43d4b5f4d4 None None] Automatically selected cinder-volume objects version 1.39 as minimum service version.
May 19 08:00:26.970773 n-d-768851-21 devstack@c-api.service[111966]: DEBUG oslo_db.sqlalchemy.engines [None req-e1246ef1-69ac-458d-9fe7-2ff940d3d3fe None None] MySQL server mode set to STRICT_TRANS_TABLES,STRICT_ALL_TABLES,NO_ZERO_IN_DATE,NO_ZERO_DATE,ERROR_FOR_DIVISION_BY_ZERO,TRADITIONAL,NO_ENGINE_SUBSTITUTION {{(pid=111966) _check_effective_sql_mode /usr/local/lib/python3.8/dist-packages/oslo_db/sqlalchemy/engines.py:314}}
May 19 08:00:26.975241 n-d-768851-21 devstack@c-api.service[111965]: INFO cinder.rpc [None req-0b14d03a-9bf2-47de-80ea-4a43d4b5f4d4 None None] Automatically selected cinder-volume RPC version 3.18 as minimum service version.
May 19 08:00:26.976361 n-d-768851-21 devstack@c-api.service[111966]: INFO cinder.rpc [None req-e1246ef1-69ac-458d-9fe7-2ff940d3d3fe None None] Automatically selected cinder-backup objects version 1.39 as minimum service version.
May 19 08:00:26.977051 n-d-768851-21 devstack@c-api.service[111965]: WARNING stevedore.named [None req-0b14d03a-9bf2-47de-80ea-4a43d4b5f4d4 None None] Could not load cinder.keymgr.conf_key_mgr.ConfKeyManager
May 19 08:00:26.978011 n-d-768851-21 devstack@c-api.service[111965]: WARNING castellan.key_manager [None req-0b14d03a-9bf2-47de-80ea-4a43d4b5f4d4 None None] Deprecation Warning : cinder.keymgr.conf_key_mgr.ConfKeyManager is not a stevedore based driver, trying to load it as a class: stevedore.exception.NoMatches: No 'castellan.drivers' driver found, looking for 'cinder.keymgr.conf_key_mgr.ConfKeyManager'
May 19 08:00:26.982202 n-d-768851-21 devstack@c-api.service[111966]: INFO cinder.rpc [None req-e1246ef1-69ac-458d-9fe7-2ff940d3d3fe None None] Automatically selected cinder-backup RPC version 2.3 as minimum service version.
May 19 08:00:26.983996 n-d-768851-21 devstack@c-api.service[111966]: WARNING stevedore.named [None req-e1246ef1-69ac-458d-9fe7-2ff940d3d3fe None None] Could not load cinder.keymgr.conf_key_mgr.ConfKeyManager
May 19 08:00:26.984664 n-d-768851-21 devstack@c-api.service[111966]: WARNING castellan.key_manager [None req-e1246ef1-69ac-458d-9fe7-2ff940d3d3fe None None] Deprecation Warning : cinder.keymgr.conf_key_mgr.ConfKeyManager is not a stevedore based driver, trying to load it as a class: stevedore.exception.NoMatches: No 'castellan.drivers' driver found, looking for 'cinder.keymgr.conf_key_mgr.ConfKeyManager'
May 19 08:00:26.987026 n-d-768851-21 devstack@c-api.service[111966]: WARNING stevedore.named [None req-e1246ef1-69ac-458d-9fe7-2ff940d3d3fe None None] Could not load cinder.keymgr.conf_key_mgr.ConfKeyManager
May 19 08:00:26.987456 n-d-768851-21 devstack@c-api.service[111966]: WARNING castellan.key_manager [None req-e1246ef1-69ac-458d-9fe7-2ff940d3d3fe None None] Deprecation Warning : cinder.keymgr.conf_key_mgr.ConfKeyManager is not a stevedore based driver, trying to load it as a class: stevedore.exception.NoMatches: No 'castellan.drivers' driver found, looking for 'cinder.keymgr.conf_key_mgr.ConfKeyManager'
May 19 08:00:26.989270 n-d-768851-21 devstack@c-api.service[111966]: WARNING stevedore.named [None req-e1246ef1-69ac-458d-9fe7-2ff940d3d3fe None None] Could not load cinder.keymgr.conf_key_mgr.ConfKeyManager
May 19 08:00:26.989708 n-d-768851-21 devstack@c-api.service[111966]: WARNING castellan.key_manager [None req-e1246ef1-69ac-458d-9fe7-2ff940d3d3fe None None] Deprecation Warning : cinder.keymgr.conf_key_mgr.ConfKeyManager is not a stevedore based driver, trying to load it as a class: stevedore.exception.NoMatches: No 'castellan.drivers' driver found, looking for 'cinder.keymgr.conf_key_mgr.ConfKeyManager'
May 19 08:00:26.999101 n-d-768851-21 devstack@c-api.service[111965]: WARNING cinder.keymgr.conf_key_mgr [None req-0b14d03a-9bf2-47de-80ea-4a43d4b5f4d4 None None] This key manager is insecure and is not recommended for production deployments: stevedore.exception.NoMatches: No 'castellan.drivers' driver found, looking for 'cinder.keymgr.conf_key_mgr.ConfKeyManager'
May 19 08:00:27.000287 n-d-768851-21 devstack@c-api.service[111965]: /usr/local/lib/python3.8/dist-packages/oslo_db/sqlalchemy/enginefacade.py:355: OsloDBDeprecationWarning: EngineFacade is deprecated; please use oslo_db.sqlalchemy.enginefacade
May 19 08:00:27.000287 n-d-768851-21 devstack@c-api.service[111965]: self._legacy_facade = LegacyEngineFacade(None, _factory=self)
May 19 08:00:27.007718 n-d-768851-21 devstack@c-api.service[111965]: DEBUG oslo_db.sqlalchemy.engines [None req-0b14d03a-9bf2-47de-80ea-4a43d4b5f4d4 None None] MySQL server mode set to STRICT_TRANS_TABLES,STRICT_ALL_TABLES,NO_ZERO_IN_DATE,NO_ZERO_DATE,ERROR_FOR_DIVISION_BY_ZERO,TRADITIONAL,NO_ENGINE_SUBSTITUTION {{(pid=111965) _check_effective_sql_mode /usr/local/lib/python3.8/dist-packages/oslo_db/sqlalchemy/engines.py:314}}
May 19 08:00:27.013265 n-d-768851-21 devstack@c-api.service[111965]: INFO cinder.rpc [None req-0b14d03a-9bf2-47de-80ea-4a43d4b5f4d4 None None] Automatically selected cinder-backup objects version 1.39 as minimum service version.
May 19 08:00:27.018690 n-d-768851-21 devstack@c-api.service[111966]: WARNING stevedore.named [None req-e1246ef1-69ac-458d-9fe7-2ff940d3d3fe None None] Could not load cinder.keymgr.conf_key_mgr.ConfKeyManager
May 19 08:00:27.018690 n-d-768851-21 devstack@c-api.service[111966]: WARNING castellan.key_manager [None req-e1246ef1-69ac-458d-9fe7-2ff940d3d3fe None None] Deprecation Warning : cinder.keymgr.conf_key_mgr.ConfKeyManager is not a stevedore based driver, trying to load it as a class: stevedore.exception.NoMatches: No 'castellan.drivers' driver found, looking for 'cinder.keymgr.conf_key_mgr.ConfKeyManager'
May 19 08:00:27.020047 n-d-768851-21 devstack@c-api.service[111965]: INFO cinder.rpc [None req-0b14d03a-9bf2-47de-80ea-4a43d4b5f4d4 None None] Automatically selected cinder-backup RPC version 2.3 as minimum service version.
May 19 08:00:27.021098 n-d-768851-21 devstack@c-api.service[111965]: WARNING stevedore.named [None req-0b14d03a-9bf2-47de-80ea-4a43d4b5f4d4 None None] Could not load cinder.keymgr.conf_key_mgr.ConfKeyManager
May 19 08:00:27.021545 n-d-768851-21 devstack@c-api.service[111965]: WARNING castellan.key_manager [None req-0b14d03a-9bf2-47de-80ea-4a43d4b5f4d4 None None] Deprecation Warning : cinder.keymgr.conf_key_mgr.ConfKeyManager is not a stevedore based driver, trying to load it as a class: stevedore.exception.NoMatches: No 'castellan.drivers' driver found, looking for 'cinder.keymgr.conf_key_mgr.ConfKeyManager'
May 19 08:00:27.025075 n-d-768851-21 devstack@c-api.service[111965]: WARNING stevedore.named [None req-0b14d03a-9bf2-47de-80ea-4a43d4b5f4d4 None None] Could not load cinder.keymgr.conf_key_mgr.ConfKeyManager
May 19 08:00:27.025510 n-d-768851-21 devstack@c-api.service[111965]: WARNING castellan.key_manager [None req-0b14d03a-9bf2-47de-80ea-4a43d4b5f4d4 None None] Deprecation Warning : cinder.keymgr.conf_key_mgr.ConfKeyManager is not a stevedore based driver, trying to load it as a class: stevedore.exception.NoMatches: No 'castellan.drivers' driver found, looking for 'cinder.keymgr.conf_key_mgr.ConfKeyManager'
May 19 08:00:27.027103 n-d-768851-21 devstack@c-api.service[111966]: WARNING stevedore.named [None req-e1246ef1-69ac-458d-9fe7-2ff940d3d3fe None None] Could not load cinder.keymgr.conf_key_mgr.ConfKeyManager
May 19 08:00:27.027348 n-d-768851-21 devstack@c-api.service[111965]: WARNING stevedore.named [None req-0b14d03a-9bf2-47de-80ea-4a43d4b5f4d4 None None] Could not load cinder.keymgr.conf_key_mgr.ConfKeyManager
May 19 08:00:27.027659 n-d-768851-21 devstack@c-api.service[111966]: WARNING castellan.key_manager [None req-e1246ef1-69ac-458d-9fe7-2ff940d3d3fe None None] Deprecation Warning : cinder.keymgr.conf_key_mgr.ConfKeyManager is not a stevedore based driver, trying to load it as a class: stevedore.exception.NoMatches: No 'castellan.drivers' driver found, looking for 'cinder.keymgr.conf_key_mgr.ConfKeyManager'
May 19 08:00:27.027834 n-d-768851-21 devstack@c-api.service[111965]: WARNING castellan.key_manager [None req-0b14d03a-9bf2-47de-80ea-4a43d4b5f4d4 None None] Deprecation Warning : cinder.keymgr.conf_key_mgr.ConfKeyManager is not a stevedore based driver, trying to load it as a class: stevedore.exception.NoMatches: No 'castellan.drivers' driver found, looking for 'cinder.keymgr.conf_key_mgr.ConfKeyManager'
May 19 08:00:27.036889 n-d-768851-21 devstack@c-api.service[111966]: WARNING stevedore.named [None req-e1246ef1-69ac-458d-9fe7-2ff940d3d3fe None None] Could not load cinder.keymgr.conf_key_mgr.ConfKeyManager
May 19 08:00:27.037791 n-d-768851-21 devstack@c-api.service[111966]: WARNING castellan.key_manager [None req-e1246ef1-69ac-458d-9fe7-2ff940d3d3fe None None] Deprecation Warning : cinder.keymgr.conf_key_mgr.ConfKeyManager is not a stevedore based driver, trying to load it as a class: stevedore.exception.NoMatches: No 'castellan.drivers' driver found, looking for 'cinder.keymgr.conf_key_mgr.ConfKeyManager'
May 19 08:00:27.050231 n-d-768851-21 devstack@c-api.service[111966]: WARNING stevedore.named [None req-e1246ef1-69ac-458d-9fe7-2ff940d3d3fe None None] Could not load cinder.keymgr.conf_key_mgr.ConfKeyManager
May 19 08:00:27.050977 n-d-768851-21 devstack@c-api.service[111966]: WARNING castellan.key_manager [None req-e1246ef1-69ac-458d-9fe7-2ff940d3d3fe None None] Deprecation Warning : cinder.keymgr.conf_key_mgr.ConfKeyManager is not a stevedore based driver, trying to load it as a class: stevedore.exception.NoMatches: No 'castellan.drivers' driver found, looking for 'cinder.keymgr.conf_key_mgr.ConfKeyManager'
May 19 08:00:27.058717 n-d-768851-21 devstack@c-api.service[111966]: WARNING stevedore.named [None req-e1246ef1-69ac-458d-9fe7-2ff940d3d3fe None None] Could not load cinder.keymgr.conf_key_mgr.ConfKeyManager
May 19 08:00:27.059203 n-d-768851-21 devstack@c-api.service[111966]: WARNING castellan.key_manager [None req-e1246ef1-69ac-458d-9fe7-2ff940d3d3fe None None] Deprecation Warning : cinder.keymgr.conf_key_mgr.ConfKeyManager is not a stevedore based driver, trying to load it as a class: stevedore.exception.NoMatches: No 'castellan.drivers' driver found, looking for 'cinder.keymgr.conf_key_mgr.ConfKeyManager'
May 19 08:00:27.060706 n-d-768851-21 devstack@c-api.service[111965]: WARNING stevedore.named [None req-0b14d03a-9bf2-47de-80ea-4a43d4b5f4d4 None None] Could not load cinder.keymgr.conf_key_mgr.ConfKeyManager
May 19 08:00:27.061883 n-d-768851-21 devstack@c-api.service[111965]: WARNING castellan.key_manager [None req-0b14d03a-9bf2-47de-80ea-4a43d4b5f4d4 None None] Deprecation Warning : cinder.keymgr.conf_key_mgr.ConfKeyManager is not a stevedore based driver, trying to load it as a class: stevedore.exception.NoMatches: No 'castellan.drivers' driver found, looking for 'cinder.keymgr.conf_key_mgr.ConfKeyManager'
May 19 08:00:27.067128 n-d-768851-21 devstack@c-api.service[111966]: WARNING stevedore.named [None req-e1246ef1-69ac-458d-9fe7-2ff940d3d3fe None None] Could not load cinder.keymgr.conf_key_mgr.ConfKeyManager
May 19 08:00:27.067567 n-d-768851-21 devstack@c-api.service[111966]: WARNING castellan.key_manager [None req-e1246ef1-69ac-458d-9fe7-2ff940d3d3fe None None] Deprecation Warning : cinder.keymgr.conf_key_mgr.ConfKeyManager is not a stevedore based driver, trying to load it as a class: stevedore.exception.NoMatches: No 'castellan.drivers' driver found, looking for 'cinder.keymgr.conf_key_mgr.ConfKeyManager'
May 19 08:00:27.068415 n-d-768851-21 devstack@c-api.service[111965]: WARNING stevedore.named [None req-0b14d03a-9bf2-47de-80ea-4a43d4b5f4d4 None None] Could not load cinder.keymgr.conf_key_mgr.ConfKeyManager
May 19 08:00:27.068921 n-d-768851-21 devstack@c-api.service[111965]: WARNING castellan.key_manager [None req-0b14d03a-9bf2-47de-80ea-4a43d4b5f4d4 None None] Deprecation Warning : cinder.keymgr.conf_key_mgr.ConfKeyManager is not a stevedore based driver, trying to load it as a class: stevedore.exception.NoMatches: No 'castellan.drivers' driver found, looking for 'cinder.keymgr.conf_key_mgr.ConfKeyManager'
May 19 08:00:27.075078 n-d-768851-21 devstack@c-api.service[111965]: WARNING stevedore.named [None req-0b14d03a-9bf2-47de-80ea-4a43d4b5f4d4 None None] Could not load cinder.keymgr.conf_key_mgr.ConfKeyManager
May 19 08:00:27.075587 n-d-768851-21 devstack@c-api.service[111965]: WARNING castellan.key_manager [None req-0b14d03a-9bf2-47de-80ea-4a43d4b5f4d4 None None] Deprecation Warning : cinder.keymgr.conf_key_mgr.ConfKeyManager is not a stevedore based driver, trying to load it as a class: stevedore.exception.NoMatches: No 'castellan.drivers' driver found, looking for 'cinder.keymgr.conf_key_mgr.ConfKeyManager'
May 19 08:00:27.075702 n-d-768851-21 devstack@c-api.service[111966]: WARNING stevedore.named [None req-e1246ef1-69ac-458d-9fe7-2ff940d3d3fe None None] Could not load cinder.keymgr.conf_key_mgr.ConfKeyManager
May 19 08:00:27.076181 n-d-768851-21 devstack@c-api.service[111966]: WARNING castellan.key_manager [None req-e1246ef1-69ac-458d-9fe7-2ff940d3d3fe None None] Deprecation Warning : cinder.keymgr.conf_key_mgr.ConfKeyManager is not a stevedore based driver, trying to load it as a class: stevedore.exception.NoMatches: No 'castellan.drivers' driver found, looking for 'cinder.keymgr.conf_key_mgr.ConfKeyManager'
May 19 08:00:27.083307 n-d-768851-21 devstack@c-api.service[111966]: WARNING stevedore.named [None req-e1246ef1-69ac-458d-9fe7-2ff940d3d3fe None None] Could not load cinder.keymgr.conf_key_mgr.ConfKeyManager
May 19 08:00:27.083695 n-d-768851-21 devstack@c-api.service[111966]: WARNING castellan.key_manager [None req-e1246ef1-69ac-458d-9fe7-2ff940d3d3fe None None] Deprecation Warning : cinder.keymgr.conf_key_mgr.ConfKeyManager is not a stevedore based driver, trying to load it as a class: stevedore.exception.NoMatches: No 'castellan.drivers' driver found, looking for 'cinder.keymgr.conf_key_mgr.ConfKeyManager'
May 19 08:00:27.084291 n-d-768851-21 devstack@c-api.service[111965]: WARNING stevedore.named [None req-0b14d03a-9bf2-47de-80ea-4a43d4b5f4d4 None None] Could not load cinder.keymgr.conf_key_mgr.ConfKeyManager
May 19 08:00:27.084742 n-d-768851-21 devstack@c-api.service[111965]: WARNING castellan.key_manager [None req-0b14d03a-9bf2-47de-80ea-4a43d4b5f4d4 None None] Deprecation Warning : cinder.keymgr.conf_key_mgr.ConfKeyManager is not a stevedore based driver, trying to load it as a class: stevedore.exception.NoMatches: No 'castellan.drivers' driver found, looking for 'cinder.keymgr.conf_key_mgr.ConfKeyManager'
May 19 08:00:27.090402 n-d-768851-21 devstack@c-api.service[111965]: WARNING stevedore.named [None req-0b14d03a-9bf2-47de-80ea-4a43d4b5f4d4 None None] Could not load cinder.keymgr.conf_key_mgr.ConfKeyManager
May 19 08:00:27.090856 n-d-768851-21 devstack@c-api.service[111965]: WARNING castellan.key_manager [None req-0b14d03a-9bf2-47de-80ea-4a43d4b5f4d4 None None] Deprecation Warning : cinder.keymgr.conf_key_mgr.ConfKeyManager is not a stevedore based driver, trying to load it as a class: stevedore.exception.NoMatches: No 'castellan.drivers' driver found, looking for 'cinder.keymgr.conf_key_mgr.ConfKeyManager'
May 19 08:00:27.090968 n-d-768851-21 devstack@c-api.service[111966]: WARNING stevedore.named [None req-e1246ef1-69ac-458d-9fe7-2ff940d3d3fe None None] Could not load cinder.keymgr.conf_key_mgr.ConfKeyManager
May 19 08:00:27.091476 n-d-768851-21 devstack@c-api.service[111966]: WARNING castellan.key_manager [None req-e1246ef1-69ac-458d-9fe7-2ff940d3d3fe None None] Deprecation Warning : cinder.keymgr.conf_key_mgr.ConfKeyManager is not a stevedore based driver, trying to load it as a class: stevedore.exception.NoMatches: No 'castellan.drivers' driver found, looking for 'cinder.keymgr.conf_key_mgr.ConfKeyManager'
May 19 08:00:27.093863 n-d-768851-21 devstack@c-api.service[111966]: WARNING stevedore.named [None req-e1246ef1-69ac-458d-9fe7-2ff940d3d3fe None None] Could not load cinder.keymgr.conf_key_mgr.ConfKeyManager
May 19 08:00:27.094395 n-d-768851-21 devstack@c-api.service[111966]: WARNING castellan.key_manager [None req-e1246ef1-69ac-458d-9fe7-2ff940d3d3fe None None] Deprecation Warning : cinder.keymgr.conf_key_mgr.ConfKeyManager is not a stevedore based driver, trying to load it as a class: stevedore.exception.NoMatches: No 'castellan.drivers' driver found, looking for 'cinder.keymgr.conf_key_mgr.ConfKeyManager'
May 19 08:00:27.096870 n-d-768851-21 devstack@c-api.service[111965]: WARNING stevedore.named [None req-0b14d03a-9bf2-47de-80ea-4a43d4b5f4d4 None None] Could not load cinder.keymgr.conf_key_mgr.ConfKeyManager
May 19 08:00:27.097348 n-d-768851-21 devstack@c-api.service[111965]: WARNING castellan.key_manager [None req-0b14d03a-9bf2-47de-80ea-4a43d4b5f4d4 None None] Deprecation Warning : cinder.keymgr.conf_key_mgr.ConfKeyManager is not a stevedore based driver, trying to load it as a class: stevedore.exception.NoMatches: No 'castellan.drivers' driver found, looking for 'cinder.keymgr.conf_key_mgr.ConfKeyManager'
May 19 08:00:27.100922 n-d-768851-21 devstack@c-api.service[111966]: WARNING stevedore.named [None req-e1246ef1-69ac-458d-9fe7-2ff940d3d3fe None None] Could not load cinder.keymgr.conf_key_mgr.ConfKeyManager
May 19 08:00:27.101884 n-d-768851-21 devstack@c-api.service[111966]: WARNING castellan.key_manager [None req-e1246ef1-69ac-458d-9fe7-2ff940d3d3fe None None] Deprecation Warning : cinder.keymgr.conf_key_mgr.ConfKeyManager is not a stevedore based driver, trying to load it as a class: stevedore.exception.NoMatches: No 'castellan.drivers' driver found, looking for 'cinder.keymgr.conf_key_mgr.ConfKeyManager'
May 19 08:00:27.103789 n-d-768851-21 devstack@c-api.service[111965]: WARNING stevedore.named [None req-0b14d03a-9bf2-47de-80ea-4a43d4b5f4d4 None None] Could not load cinder.keymgr.conf_key_mgr.ConfKeyManager
May 19 08:00:27.104222 n-d-768851-21 devstack@c-api.service[111965]: WARNING castellan.key_manager [None req-0b14d03a-9bf2-47de-80ea-4a43d4b5f4d4 None None] Deprecation Warning : cinder.keymgr.conf_key_mgr.ConfKeyManager is not a stevedore based driver, trying to load it as a class: stevedore.exception.NoMatches: No 'castellan.drivers' driver found, looking for 'cinder.keymgr.conf_key_mgr.ConfKeyManager'
May 19 08:00:27.110189 n-d-768851-21 devstack@c-api.service[111965]: WARNING stevedore.named [None req-0b14d03a-9bf2-47de-80ea-4a43d4b5f4d4 None None] Could not load cinder.keymgr.conf_key_mgr.ConfKeyManager
May 19 08:00:27.110643 n-d-768851-21 devstack@c-api.service[111965]: WARNING castellan.key_manager [None req-0b14d03a-9bf2-47de-80ea-4a43d4b5f4d4 None None] Deprecation Warning : cinder.keymgr.conf_key_mgr.ConfKeyManager is not a stevedore based driver, trying to load it as a class: stevedore.exception.NoMatches: No 'castellan.drivers' driver found, looking for 'cinder.keymgr.conf_key_mgr.ConfKeyManager'
May 19 08:00:27.116134 n-d-768851-21 devstack@c-api.service[111965]: WARNING stevedore.named [None req-0b14d03a-9bf2-47de-80ea-4a43d4b5f4d4 None None] Could not load cinder.keymgr.conf_key_mgr.ConfKeyManager
May 19 08:00:27.116584 n-d-768851-21 devstack@c-api.service[111965]: WARNING castellan.key_manager [None req-0b14d03a-9bf2-47de-80ea-4a43d4b5f4d4 None None] Deprecation Warning : cinder.keymgr.conf_key_mgr.ConfKeyManager is not a stevedore based driver, trying to load it as a class: stevedore.exception.NoMatches: No 'castellan.drivers' driver found, looking for 'cinder.keymgr.conf_key_mgr.ConfKeyManager'
May 19 08:00:27.119193 n-d-768851-21 devstack@c-api.service[111966]: WARNING stevedore.named [None req-e1246ef1-69ac-458d-9fe7-2ff940d3d3fe None None] Could not load cinder.keymgr.conf_key_mgr.ConfKeyManager
May 19 08:00:27.119836 n-d-768851-21 devstack@c-api.service[111966]: WARNING castellan.key_manager [None req-e1246ef1-69ac-458d-9fe7-2ff940d3d3fe None None] Deprecation Warning : cinder.keymgr.conf_key_mgr.ConfKeyManager is not a stevedore based driver, trying to load it as a class: stevedore.exception.NoMatches: No 'castellan.drivers' driver found, looking for 'cinder.keymgr.conf_key_mgr.ConfKeyManager'
May 19 08:00:27.121937 n-d-768851-21 devstack@c-api.service[111965]: WARNING stevedore.named [None req-0b14d03a-9bf2-47de-80ea-4a43d4b5f4d4 None None] Could not load cinder.keymgr.conf_key_mgr.ConfKeyManager
May 19 08:00:27.122381 n-d-768851-21 devstack@c-api.service[111965]: WARNING castellan.key_manager [None req-0b14d03a-9bf2-47de-80ea-4a43d4b5f4d4 None None] Deprecation Warning : cinder.keymgr.conf_key_mgr.ConfKeyManager is not a stevedore based driver, trying to load it as a class: stevedore.exception.NoMatches: No 'castellan.drivers' driver found, looking for 'cinder.keymgr.conf_key_mgr.ConfKeyManager'
May 19 08:00:27.127923 n-d-768851-21 devstack@c-api.service[111965]: WARNING stevedore.named [None req-0b14d03a-9bf2-47de-80ea-4a43d4b5f4d4 None None] Could not load cinder.keymgr.conf_key_mgr.ConfKeyManager
May 19 08:00:27.128094 n-d-768851-21 devstack@c-api.service[111966]: WARNING stevedore.named [None req-e1246ef1-69ac-458d-9fe7-2ff940d3d3fe None None] Could not load cinder.keymgr.conf_key_mgr.ConfKeyManager
May 19 08:00:27.128425 n-d-768851-21 devstack@c-api.service[111965]: WARNING castellan.key_manager [None req-0b14d03a-9bf2-47de-80ea-4a43d4b5f4d4 None None] Deprecation Warning : cinder.keymgr.conf_key_mgr.ConfKeyManager is not a stevedore based driver, trying to load it as a class: stevedore.exception.NoMatches: No 'castellan.drivers' driver found, looking for 'cinder.keymgr.conf_key_mgr.ConfKeyManager'
May 19 08:00:27.128615 n-d-768851-21 devstack@c-api.service[111966]: WARNING castellan.key_manager [None req-e1246ef1-69ac-458d-9fe7-2ff940d3d3fe None None] Deprecation Warning : cinder.keymgr.conf_key_mgr.ConfKeyManager is not a stevedore based driver, trying to load it as a class: stevedore.exception.NoMatches: No 'castellan.drivers' driver found, looking for 'cinder.keymgr.conf_key_mgr.ConfKeyManager'
May 19 08:00:27.131486 n-d-768851-21 devstack@c-api.service[111966]: WARNING cinder.api.contrib.hosts [None req-e1246ef1-69ac-458d-9fe7-2ff940d3d3fe None None] Deprecated: The Host API is deprecated and will be be removed in a future version.
May 19 08:00:27.132248 n-d-768851-21 devstack@c-api.service[111966]: WARNING stevedore.named [None req-e1246ef1-69ac-458d-9fe7-2ff940d3d3fe None None] Could not load cinder.keymgr.conf_key_mgr.ConfKeyManager
May 19 08:00:27.132619 n-d-768851-21 devstack@c-api.service[111966]: WARNING castellan.key_manager [None req-e1246ef1-69ac-458d-9fe7-2ff940d3d3fe None None] Deprecation Warning : cinder.keymgr.conf_key_mgr.ConfKeyManager is not a stevedore based driver, trying to load it as a class: stevedore.exception.NoMatches: No 'castellan.drivers' driver found, looking for 'cinder.keymgr.conf_key_mgr.ConfKeyManager'
May 19 08:00:27.134557 n-d-768851-21 devstack@c-api.service[111966]: WARNING stevedore.named [None req-e1246ef1-69ac-458d-9fe7-2ff940d3d3fe None None] Could not load cinder.keymgr.conf_key_mgr.ConfKeyManager
May 19 08:00:27.134912 n-d-768851-21 devstack@c-api.service[111966]: WARNING castellan.key_manager [None req-e1246ef1-69ac-458d-9fe7-2ff940d3d3fe None None] Deprecation Warning : cinder.keymgr.conf_key_mgr.ConfKeyManager is not a stevedore based driver, trying to load it as a class: stevedore.exception.NoMatches: No 'castellan.drivers' driver found, looking for 'cinder.keymgr.conf_key_mgr.ConfKeyManager'
May 19 08:00:27.136598 n-d-768851-21 devstack@c-api.service[111966]: WARNING stevedore.named [None req-e1246ef1-69ac-458d-9fe7-2ff940d3d3fe None None] Could not load cinder.keymgr.conf_key_mgr.ConfKeyManager
May 19 08:00:27.136931 n-d-768851-21 devstack@c-api.service[111966]: WARNING castellan.key_manager [None req-e1246ef1-69ac-458d-9fe7-2ff940d3d3fe None None] Deprecation Warning : cinder.keymgr.conf_key_mgr.ConfKeyManager is not a stevedore based driver, trying to load it as a class: stevedore.exception.NoMatches: No 'castellan.drivers' driver found, looking for 'cinder.keymgr.conf_key_mgr.ConfKeyManager'
May 19 08:00:27.138442 n-d-768851-21 devstack@c-api.service[111966]: WARNING stevedore.named [None req-e1246ef1-69ac-458d-9fe7-2ff940d3d3fe None None] Could not load cinder.keymgr.conf_key_mgr.ConfKeyManager
May 19 08:00:27.138794 n-d-768851-21 devstack@c-api.service[111966]: WARNING castellan.key_manager [None req-e1246ef1-69ac-458d-9fe7-2ff940d3d3fe None None] Deprecation Warning : cinder.keymgr.conf_key_mgr.ConfKeyManager is not a stevedore based driver, trying to load it as a class: stevedore.exception.NoMatches: No 'castellan.drivers' driver found, looking for 'cinder.keymgr.conf_key_mgr.ConfKeyManager'
May 19 08:00:27.140369 n-d-768851-21 devstack@c-api.service[111966]: WARNING stevedore.named [None req-e1246ef1-69ac-458d-9fe7-2ff940d3d3fe None None] Could not load cinder.keymgr.conf_key_mgr.ConfKeyManager
May 19 08:00:27.140719 n-d-768851-21 devstack@c-api.service[111966]: WARNING castellan.key_manager [None req-e1246ef1-69ac-458d-9fe7-2ff940d3d3fe None None] Deprecation Warning : cinder.keymgr.conf_key_mgr.ConfKeyManager is not a stevedore based driver, trying to load it as a class: stevedore.exception.NoMatches: No 'castellan.drivers' driver found, looking for 'cinder.keymgr.conf_key_mgr.ConfKeyManager'
May 19 08:00:27.142735 n-d-768851-21 devstack@c-api.service[111966]: WARNING stevedore.named [None req-e1246ef1-69ac-458d-9fe7-2ff940d3d3fe None None] Could not load cinder.keymgr.conf_key_mgr.ConfKeyManager
May 19 08:00:27.143089 n-d-768851-21 devstack@c-api.service[111966]: WARNING castellan.key_manager [None req-e1246ef1-69ac-458d-9fe7-2ff940d3d3fe None None] Deprecation Warning : cinder.keymgr.conf_key_mgr.ConfKeyManager is not a stevedore based driver, trying to load it as a class: stevedore.exception.NoMatches: No 'castellan.drivers' driver found, looking for 'cinder.keymgr.conf_key_mgr.ConfKeyManager'
May 19 08:00:27.143341 n-d-768851-21 devstack@c-api.service[111965]: WARNING stevedore.named [None req-0b14d03a-9bf2-47de-80ea-4a43d4b5f4d4 None None] Could not load cinder.keymgr.conf_key_mgr.ConfKeyManager
May 19 08:00:27.143810 n-d-768851-21 devstack@c-api.service[111965]: WARNING castellan.key_manager [None req-0b14d03a-9bf2-47de-80ea-4a43d4b5f4d4 None None] Deprecation Warning : cinder.keymgr.conf_key_mgr.ConfKeyManager is not a stevedore based driver, trying to load it as a class: stevedore.exception.NoMatches: No 'castellan.drivers' driver found, looking for 'cinder.keymgr.conf_key_mgr.ConfKeyManager'
May 19 08:00:27.145018 n-d-768851-21 devstack@c-api.service[111966]: WARNING stevedore.named [None req-e1246ef1-69ac-458d-9fe7-2ff940d3d3fe None None] Could not load cinder.keymgr.conf_key_mgr.ConfKeyManager
May 19 08:00:27.145417 n-d-768851-21 devstack@c-api.service[111966]: WARNING castellan.key_manager [None req-e1246ef1-69ac-458d-9fe7-2ff940d3d3fe None None] Deprecation Warning : cinder.keymgr.conf_key_mgr.ConfKeyManager is not a stevedore based driver, trying to load it as a class: stevedore.exception.NoMatches: No 'castellan.drivers' driver found, looking for 'cinder.keymgr.conf_key_mgr.ConfKeyManager'
May 19 08:00:27.147176 n-d-768851-21 devstack@c-api.service[111966]: WARNING stevedore.named [None req-e1246ef1-69ac-458d-9fe7-2ff940d3d3fe None None] Could not load cinder.keymgr.conf_key_mgr.ConfKeyManager
May 19 08:00:27.147601 n-d-768851-21 devstack@c-api.service[111966]: WARNING castellan.key_manager [None req-e1246ef1-69ac-458d-9fe7-2ff940d3d3fe None None] Deprecation Warning : cinder.keymgr.conf_key_mgr.ConfKeyManager is not a stevedore based driver, trying to load it as a class: stevedore.exception.NoMatches: No 'castellan.drivers' driver found, looking for 'cinder.keymgr.conf_key_mgr.ConfKeyManager'
May 19 08:00:27.149514 n-d-768851-21 devstack@c-api.service[111966]: DEBUG cinder.api.openstack [None req-e1246ef1-69ac-458d-9fe7-2ff940d3d3fe None None] Extended resource: extensions {{(pid=111966) _setup_ext_routes /opt/stack/cinder/cinder/api/openstack/__init__.py:129}}
May 19 08:00:27.150717 n-d-768851-21 devstack@c-api.service[111965]: WARNING stevedore.named [None req-0b14d03a-9bf2-47de-80ea-4a43d4b5f4d4 None None] Could not load cinder.keymgr.conf_key_mgr.ConfKeyManager
May 19 08:00:27.151158 n-d-768851-21 devstack@c-api.service[111965]: WARNING castellan.key_manager [None req-0b14d03a-9bf2-47de-80ea-4a43d4b5f4d4 None None] Deprecation Warning : cinder.keymgr.conf_key_mgr.ConfKeyManager is not a stevedore based driver, trying to load it as a class: stevedore.exception.NoMatches: No 'castellan.drivers' driver found, looking for 'cinder.keymgr.conf_key_mgr.ConfKeyManager'
May 19 08:00:27.153089 n-d-768851-21 devstack@c-api.service[111966]: DEBUG cinder.api.openstack [None req-e1246ef1-69ac-458d-9fe7-2ff940d3d3fe None None] Extended resource: os-services {{(pid=111966) _setup_ext_routes /opt/stack/cinder/cinder/api/openstack/__init__.py:129}}
May 19 08:00:27.154057 n-d-768851-21 devstack@c-api.service[111965]: WARNING cinder.api.contrib.hosts [None req-0b14d03a-9bf2-47de-80ea-4a43d4b5f4d4 None None] Deprecated: The Host API is deprecated and will be be removed in a future version.
May 19 08:00:27.154971 n-d-768851-21 devstack@c-api.service[111965]: WARNING stevedore.named [None req-0b14d03a-9bf2-47de-80ea-4a43d4b5f4d4 None None] Could not load cinder.keymgr.conf_key_mgr.ConfKeyManager
May 19 08:00:27.155453 n-d-768851-21 devstack@c-api.service[111965]: WARNING castellan.key_manager [None req-0b14d03a-9bf2-47de-80ea-4a43d4b5f4d4 None None] Deprecation Warning : cinder.keymgr.conf_key_mgr.ConfKeyManager is not a stevedore based driver, trying to load it as a class: stevedore.exception.NoMatches: No 'castellan.drivers' driver found, looking for 'cinder.keymgr.conf_key_mgr.ConfKeyManager'
May 19 08:00:27.157329 n-d-768851-21 devstack@c-api.service[111966]: DEBUG cinder.api.openstack [None req-e1246ef1-69ac-458d-9fe7-2ff940d3d3fe None None] Extended resource: os-quota-sets {{(pid=111966) _setup_ext_routes /opt/stack/cinder/cinder/api/openstack/__init__.py:129}}
