Nov 12 10:39:09.518438 n-d-768851-19 devstack@n-api.service[108440]: INFO nova.api.openstack.requestlog [None req-313500d5-a4e8-42f9-bd6c-aaa3160e7e01 admin admin] 10.222.0.31 "GET /compute/v2.1" status: 200 len: 388 microversion: 2.1 time: 0.002332
Nov 12 10:39:09.532533 n-d-768851-19 devstack@n-api.service[108440]: [pid: 108440|app: 0|req: 6/13] 10.222.0.31 () {54 vars in 930 bytes} [Fri Nov 12 10:39:09 2021] GET /compute/v2.1 => generated 388 bytes in 17 msecs (HTTP/1.1 200) 9 headers in 357 bytes (1 switches on core 0)
Nov 12 10:39:09.619879 n-d-768851-19 devstack@n-api.service[108439]: DEBUG nova.api.openstack.wsgi [None req-65fbb5d3-9234-4849-ba0a-0070a2d0c701 admin admin] Action: 'create', calling method: >, body: {"flavor": {"ram": 2048, "name": "ds2G", "vcpus": 2, "os-flavor-access:is_public": true, "swap": 0, "rxtx_factor": 1.0, "disk": 10, "OS-FLV-EXT-DATA:ephemeral": 0, "id": "d3"}} {{(pid=108439) _process_stack /opt/stack/nova/nova/api/openstack/wsgi.py:511}}
Nov 12 10:39:09.655935 n-d-768851-19 devstack@n-api.service[108439]: INFO nova.api.openstack.requestlog [None req-65fbb5d3-9234-4849-ba0a-0070a2d0c701 admin admin] 10.222.0.31 "POST /compute/v2.1/flavors" status: 200 len: 404 microversion: 2.61 time: 0.127196
Nov 12 10:39:09.667598 n-d-768851-19 devstack@n-api.service[108439]: [pid: 108439|app: 0|req: 8/14] 10.222.0.31 () {64 vars in 1282 bytes} [Fri Nov 12 10:39:09 2021] POST /compute/v2.1/flavors => generated 404 bytes in 141 msecs (HTTP/1.1 200) 9 headers in 359 bytes (1 switches on core 0)
Nov 12 10:39:09.674246 n-d-768851-19 devstack@n-api.service[108440]: DEBUG nova.api.openstack.wsgi [None req-99f34066-b525-47ea-9ba4-686a0b25afe6 admin admin] Action: 'create', calling method: >, body: {"extra_specs": {"hw_rng:allowed": "True"}} {{(pid=108440) _process_stack /opt/stack/nova/nova/api/openstack/wsgi.py:511}}
Nov 12 10:39:09.722741 n-d-768851-19 devstack@n-api.service[108440]: INFO nova.api.openstack.requestlog [None req-99f34066-b525-47ea-9ba4-686a0b25afe6 admin admin] 10.222.0.31 "POST /compute/v2.1/flavors/d3/os-extra_specs" status: 200 len: 43 microversion: 2.61 time: 0.051626
Nov 12 10:39:09.735720 n-d-768851-19 devstack@n-api.service[108440]: [pid: 108440|app: 0|req: 7/15] 10.222.0.31 () {64 vars in 1335 bytes} [Fri Nov 12 10:39:09 2021] POST /compute/v2.1/flavors/d3/os-extra_specs => generated 43 bytes in 66 msecs (HTTP/1.1 200) 9 headers in 358 bytes (2 switches on core 0)
Nov 12 10:39:12.298859 n-d-768851-19 devstack@n-api.service[108439]: DEBUG nova.api.openstack.wsgi [None req-65fbb5d3-9234-4849-ba0a-0070a2d0c701 admin admin] Calling method '>' {{(pid=108439) _process_stack /opt/stack/nova/nova/api/openstack/wsgi.py:513}}
Nov 12 10:39:12.300539 n-d-768851-19 devstack@n-api.service[108439]: INFO nova.api.openstack.requestlog [None req-65fbb5d3-9234-4849-ba0a-0070a2d0c701 admin admin] 10.222.0.31 "GET /compute/v2.1" status: 200 len: 388 microversion: 2.1 time: 0.002120
Nov 12 10:39:12.300981 n-d-768851-19 devstack@n-api.service[108439]: [pid: 108439|app: 0|req: 9/16] 10.222.0.31 () {54 vars in 930 bytes} [Fri Nov 12 10:39:12 2021] GET /compute/v2.1 => generated 388 bytes in 3 msecs (HTTP/1.1 200) 9 headers in 357 bytes (1 switches on core 0)
Nov 12 10:39:12.378675 n-d-768851-19 devstack@n-api.service[108440]: DEBUG nova.api.openstack.wsgi [None req-deacb900-92b4-4cc7-882e-8c0e0fb07388 admin admin] Action: 'create', calling method: >, body: {"flavor": {"id": "d4", "rxtx_factor": 1.0, "ram": 4096, "swap": 0, "os-flavor-access:is_public": true, "OS-FLV-EXT-DATA:ephemeral": 0, "vcpus": 4, "name": "ds4G", "disk": 20}} {{(pid=108440) _process_stack /opt/stack/nova/nova/api/openstack/wsgi.py:511}}
Nov 12 10:39:12.400346 n-d-768851-19 devstack@n-api.service[108440]: INFO nova.api.openstack.requestlog [None req-deacb900-92b4-4cc7-882e-8c0e0fb07388 admin admin] 10.222.0.31 "POST /compute/v2.1/flavors" status: 200 len: 404 microversion: 2.61 time: 0.092321
Nov 12 10:39:12.405283 n-d-768851-19 devstack@n-api.service[108440]: [pid: 108440|app: 0|req: 8/17] 10.222.0.31 () {64 vars in 1282 bytes} [Fri Nov 12 10:39:12 2021] POST /compute/v2.1/flavors => generated 404 bytes in 94 msecs (HTTP/1.1 200) 9 headers in 359 bytes (1 switches on core 0)
Nov 12 10:39:12.420517 n-d-768851-19 devstack@n-api.service[108439]: DEBUG nova.api.openstack.wsgi [None req-479add4c-365b-4f68-9b19-aee1cc79469e admin admin] Action: 'create', calling method: >, body: {"extra_specs": {"hw_rng:allowed": "True"}} {{(pid=108439) _process_stack /opt/stack/nova/nova/api/openstack/wsgi.py:511}}
Nov 12 10:39:12.446439 n-d-768851-19 devstack@n-api.service[108439]: INFO nova.api.openstack.requestlog [None req-479add4c-365b-4f68-9b19-aee1cc79469e admin admin] 10.222.0.31 "POST /compute/v2.1/flavors/d4/os-extra_specs" status: 200 len: 43 microversion: 2.61 time: 0.032404
Nov 12 10:39:12.446766 n-d-768851-19 devstack@n-api.service[108439]: [pid: 108439|app: 0|req: 10/18] 10.222.0.31 () {64 vars in 1335 bytes} [Fri Nov 12 10:39:12 2021] POST /compute/v2.1/flavors/d4/os-extra_specs => generated 43 bytes in 34 msecs (HTTP/1.1 200) 9 headers in 358 bytes (1 switches on core 0)
Nov 12 10:39:14.893202 n-d-768851-19 devstack@n-api.service[108440]: DEBUG nova.api.openstack.wsgi [None req-deacb900-92b4-4cc7-882e-8c0e0fb07388 admin admin] Calling method '>' {{(pid=108440) _process_stack /opt/stack/nova/nova/api/openstack/wsgi.py:513}}
Nov 12 10:39:14.894204 n-d-768851-19 devstack@n-api.service[108440]: INFO nova.api.openstack.requestlog [None req-deacb900-92b4-4cc7-882e-8c0e0fb07388 admin admin] 10.222.0.31 "GET /compute/v2.1" status: 200 len: 388 microversion: 2.1 time: 0.001518
Nov 12 10:39:14.896000 n-d-768851-19 devstack@n-api.service[108440]: [pid: 108440|app: 0|req: 9/19] 10.222.0.31 () {54 vars in 930 bytes} [Fri Nov 12 10:39:14 2021] GET /compute/v2.1 => generated 388 bytes in 3 msecs (HTTP/1.1 200) 9 headers in 357 bytes (1 switches on core 0)
Nov 12 10:39:14.960832 n-d-768851-19 devstack@n-api.service[108439]: DEBUG nova.api.openstack.wsgi [None req-4802d16e-79be-4550-9eb0-3fe3a526341a admin admin] Calling method '>' {{(pid=108439) _process_stack /opt/stack/nova/nova/api/openstack/wsgi.py:513}}
Nov 12 10:39:14.985777 n-d-768851-19 devstack@n-api.service[108439]: INFO nova.api.openstack.requestlog [None req-4802d16e-79be-4550-9eb0-3fe3a526341a admin admin] 10.222.0.31 "GET /compute/v2.1/flavors/detail?is_public=True" status: 200 len: 2106 microversion: 2.61 time: 0.081872
Nov 12 10:39:15.001526 n-d-768851-19 devstack@n-api.service[108439]: [pid: 108439|app: 0|req: 11/20] 10.222.0.31 () {60 vars in 1291 bytes} [Fri Nov 12 10:39:14 2021] GET /compute/v2.1/flavors/detail?is_public=True => generated 2106 bytes in 98 msecs (HTTP/1.1 200) 9 headers in 360 bytes (1 switches on core 0)
Nov 12 10:39:17.423025 n-d-768851-19 devstack@n-api.service[108440]: DEBUG nova.api.openstack.wsgi [None req-deacb900-92b4-4cc7-882e-8c0e0fb07388 admin admin] Calling method '>' {{(pid=108440) _process_stack /opt/stack/nova/nova/api/openstack/wsgi.py:513}}
Nov 12 10:39:17.424736 n-d-768851-19 devstack@n-api.service[108440]: INFO nova.api.openstack.requestlog [None req-deacb900-92b4-4cc7-882e-8c0e0fb07388 admin admin] 10.222.0.31 "GET /compute/v2.1" status: 200 len: 388 microversion: 2.1 time: 0.002126
Nov 12 10:39:17.431143 n-d-768851-19 devstack@n-api.service[108440]: [pid: 108440|app: 0|req: 10/21] 10.222.0.31 () {54 vars in 930 bytes} [Fri Nov 12 10:39:17 2021] GET /compute/v2.1 => generated 388 bytes in 9 msecs (HTTP/1.1 200) 9 headers in 357 bytes (1 switches on core 0)
Nov 12 10:39:17.510992 n-d-768851-19 devstack@n-api.service[108439]: DEBUG nova.api.openstack.wsgi [None req-17fb459a-ac76-4546-b7de-77b97619f61d admin admin] Action: 'create', calling method: >, body: {"flavor": {"id": "1", "OS-FLV-EXT-DATA:ephemeral": 0, "os-flavor-access:is_public": true, "ram": 512, "swap": 0, "disk": 1, "rxtx_factor": 1.0, "vcpus": 1, "name": "m1.tiny"}} {{(pid=108439) _process_stack /opt/stack/nova/nova/api/openstack/wsgi.py:511}}
Nov 12 10:39:17.536622 n-d-768851-19 devstack@n-api.service[108439]: INFO nova.api.openstack.requestlog [None req-17fb459a-ac76-4546-b7de-77b97619f61d admin admin] 10.222.0.31 "POST /compute/v2.1/flavors" status: 200 len: 402 microversion: 2.61 time: 0.104413
Nov 12 10:39:17.537189 n-d-768851-19 devstack@n-api.service[108439]: [pid: 108439|app: 0|req: 12/22] 10.222.0.31 () {64 vars in 1282 bytes} [Fri Nov 12 10:39:17 2021] POST /compute/v2.1/flavors => generated 402 bytes in 106 msecs (HTTP/1.1 200) 9 headers in 359 bytes (1 switches on core 0)
Nov 12 10:39:17.551812 n-d-768851-19 devstack@n-api.service[108440]: DEBUG nova.api.openstack.wsgi [None req-327f2418-cee8-4e91-9364-021dca3a93b5 admin admin] Action: 'create', calling method: >, body: {"extra_specs": {"hw_rng:allowed": "True"}} {{(pid=108440) _process_stack /opt/stack/nova/nova/api/openstack/wsgi.py:511}}
Nov 12 10:39:17.583020 n-d-768851-19 devstack@n-api.service[108440]: INFO nova.api.openstack.requestlog [None req-327f2418-cee8-4e91-9364-021dca3a93b5 admin admin] 10.222.0.31 "POST /compute/v2.1/flavors/1/os-extra_specs" status: 200 len: 43 microversion: 2.61 time: 0.035748
Nov 12 10:39:17.584181 n-d-768851-19 devstack@n-api.service[108440]: [pid: 108440|app: 0|req: 11/23] 10.222.0.31 () {64 vars in 1332 bytes} [Fri Nov 12 10:39:17 2021] POST /compute/v2.1/flavors/1/os-extra_specs => generated 43 bytes in 38 msecs (HTTP/1.1 200) 9 headers in 358 bytes (1 switches on core 0)
Nov 12 10:39:20.512747 n-d-768851-19 devstack@n-api.service[108439]: DEBUG nova.api.openstack.wsgi [None req-17fb459a-ac76-4546-b7de-77b97619f61d admin admin] Calling method '>' {{(pid=108439) _process_stack /opt/stack/nova/nova/api/openstack/wsgi.py:513}}
Nov 12 10:39:20.514170 n-d-768851-19 devstack@n-api.service[108439]: INFO nova.api.openstack.requestlog [None req-17fb459a-ac76-4546-b7de-77b97619f61d admin admin] 10.222.0.31 "GET /compute/v2.1" status: 200 len: 388 microversion: 2.1 time: 0.001812
Nov 12 10:39:20.514686 n-d-768851-19 devstack@n-api.service[108439]: [pid: 108439|app: 0|req: 13/24] 10.222.0.31 () {54 vars in 930 bytes} [Fri Nov 12 10:39:20 2021] GET /compute/v2.1 => generated 388 bytes in 3 msecs (HTTP/1.1 200) 9 headers in 357 bytes (1 switches on core 0)
Nov 12 10:39:20.599278 n-d-768851-19 devstack@n-api.service[108440]: DEBUG nova.api.openstack.wsgi [None req-baba7dd7-d0a9-4bfd-a3db-f72b118fa153 admin admin] Action: 'create', calling method: >, body: {"flavor": {"ram": 2048, "rxtx_factor": 1.0, "OS-FLV-EXT-DATA:ephemeral": 0, "vcpus": 1, "swap": 0, "disk": 20, "id": "2", "os-flavor-access:is_public": true, "name": "m1.small"}} {{(pid=108440) _process_stack /opt/stack/nova/nova/api/openstack/wsgi.py:511}}
Nov 12 10:39:20.617945 n-d-768851-19 devstack@n-api.service[108440]: INFO nova.api.openstack.requestlog [None req-baba7dd7-d0a9-4bfd-a3db-f72b118fa153 admin admin] 10.222.0.31 "POST /compute/v2.1/flavors" status: 200 len: 405 microversion: 2.61 time: 0.095334
Nov 12 10:39:20.618521 n-d-768851-19 devstack@n-api.service[108440]: [pid: 108440|app: 0|req: 12/25] 10.222.0.31 () {64 vars in 1282 bytes} [Fri Nov 12 10:39:20 2021] POST /compute/v2.1/flavors => generated 405 bytes in 97 msecs (HTTP/1.1 200) 9 headers in 359 bytes (1 switches on core 0)
Nov 12 10:39:20.633477 n-d-768851-19 devstack@n-api.service[108439]: DEBUG nova.api.openstack.wsgi [None req-368991b3-3b2f-44b4-88a4-66339f047232 admin admin] Action: 'create', calling method: >, body: {"extra_specs": {"hw_rng:allowed": "True"}} {{(pid=108439) _process_stack /opt/stack/nova/nova/api/openstack/wsgi.py:511}}
Nov 12 10:39:20.660643 n-d-768851-19 devstack@n-api.service[108439]: INFO nova.api.openstack.requestlog [None req-368991b3-3b2f-44b4-88a4-66339f047232 admin admin] 10.222.0.31 "POST /compute/v2.1/flavors/2/os-extra_specs" status: 200 len: 43 microversion: 2.61 time: 0.031739
Nov 12 10:39:20.661375 n-d-768851-19 devstack@n-api.service[108439]: [pid: 108439|app: 0|req: 14/26] 10.222.0.31 () {64 vars in 1332 bytes} [Fri Nov 12 10:39:20 2021] POST /compute/v2.1/flavors/2/os-extra_specs => generated 43 bytes in 33 msecs (HTTP/1.1 200) 9 headers in 358 bytes (1 switches on core 0)
Nov 12 10:39:23.139916 n-d-768851-19 devstack@n-api.service[108440]: DEBUG nova.api.openstack.wsgi [None req-baba7dd7-d0a9-4bfd-a3db-f72b118fa153 admin admin] Calling method '>' {{(pid=108440) _process_stack /opt/stack/nova/nova/api/openstack/wsgi.py:513}}
Nov 12 10:39:23.141058 n-d-768851-19 devstack@n-api.service[108440]: INFO nova.api.openstack.requestlog [None req-baba7dd7-d0a9-4bfd-a3db-f72b118fa153 admin admin] 10.222.0.31 "GET /compute/v2.1" status: 200 len: 388 microversion: 2.1 time: 0.001769
Nov 12 10:39:23.141467 n-d-768851-19 devstack@n-api.service[108440]: [pid: 108440|app: 0|req: 13/27] 10.222.0.31 () {54 vars in 930 bytes} [Fri Nov 12 10:39:23 2021] GET /compute/v2.1 => generated 388 bytes in 3 msecs (HTTP/1.1 200) 9 headers in 357 bytes (1 switches on core 0)
Nov 12 10:39:23.213064 n-d-768851-19 devstack@n-api.service[108439]: DEBUG nova.api.openstack.wsgi [None req-16883f29-e9d9-47b0-b647-a2064ea83d5f admin admin] Action: 'create', calling method: >, body: {"flavor": {"ram": 4096, "disk": 40, "os-flavor-access:is_public": true, "vcpus": 2, "rxtx_factor": 1.0, "id": "3", "OS-FLV-EXT-DATA:ephemeral": 0, "name": "m1.medium", "swap": 0}} {{(pid=108439) _process_stack /opt/stack/nova/nova/api/openstack/wsgi.py:511}}
Nov 12 10:39:23.236550 n-d-768851-19 devstack@n-api.service[108439]: INFO nova.api.openstack.requestlog [None req-16883f29-e9d9-47b0-b647-a2064ea83d5f admin admin] 10.222.0.31 "POST /compute/v2.1/flavors" status: 200 len: 406 microversion: 2.61 time: 0.087907
Nov 12 10:39:23.237137 n-d-768851-19 devstack@n-api.service[108439]: [pid: 108439|app: 0|req: 15/28] 10.222.0.31 () {64 vars in 1282 bytes} [Fri Nov 12 10:39:23 2021] POST /compute/v2.1/flavors => generated 406 bytes in 89 msecs (HTTP/1.1 200) 9 headers in 359 bytes (2 switches on core 0)
Nov 12 10:39:23.250146 n-d-768851-19 devstack@n-api.service[108440]: DEBUG nova.api.openstack.wsgi [None req-0bfc3677-8323-4c4e-9330-7916440d8c9e admin admin] Action: 'create', calling method: >, body: {"extra_specs": {"hw_rng:allowed": "True"}} {{(pid=108440) _process_stack /opt/stack/nova/nova/api/openstack/wsgi.py:511}}
Nov 12 10:39:23.275569 n-d-768851-19 devstack@n-api.service[108440]: INFO nova.api.openstack.requestlog [None req-0bfc3677-8323-4c4e-9330-7916440d8c9e admin admin] 10.222.0.31 "POST /compute/v2.1/flavors/3/os-extra_specs" status: 200 len: 43 microversion: 2.61 time: 0.029649
Nov 12 10:39:23.276169 n-d-768851-19 devstack@n-api.service[108440]: [pid: 108440|app: 0|req: 14/29] 10.222.0.31 () {64 vars in 1332 bytes} [Fri Nov 12 10:39:23 2021] POST /compute/v2.1/flavors/3/os-extra_specs => generated 43 bytes in 31 msecs (HTTP/1.1 200) 9 headers in 358 bytes (2 switches on core 0)
Nov 12 10:39:25.618051 n-d-768851-19 devstack@n-api.service[108439]: DEBUG nova.api.openstack.wsgi [None req-16883f29-e9d9-47b0-b647-a2064ea83d5f admin admin] Calling method '>' {{(pid=108439) _process_stack /opt/stack/nova/nova/api/openstack/wsgi.py:513}}
Nov 12 10:39:25.619473 n-d-768851-19 devstack@n-api.service[108439]: INFO nova.api.openstack.requestlog [None req-16883f29-e9d9-47b0-b647-a2064ea83d5f admin admin] 10.222.0.31 "GET /compute/v2.1" status: 200 len: 388 microversion: 2.1 time: 0.001966
Nov 12 10:39:25.620229 n-d-768851-19 devstack@n-api.service[108439]: [pid: 108439|app: 0|req: 16/30] 10.222.0.31 () {54 vars in 930 bytes} [Fri Nov 12 10:39:25 2021] GET /compute/v2.1 => generated 388 bytes in 3 msecs (HTTP/1.1 200) 9 headers in 357 bytes (1 switches on core 0)
Nov 12 10:39:25.679117 n-d-768851-19 devstack@n-api.service[108440]: DEBUG nova.api.openstack.wsgi [None req-47cdc7df-374b-48e2-801c-6bf583afeeb0 admin admin] Action: 'create', calling method: >, body: {"flavor": {"id": "4", "rxtx_factor": 1.0, "vcpus": 4, "swap": 0, "OS-FLV-EXT-DATA:ephemeral": 0, "disk": 80, "name": "m1.large", "os-flavor-access:is_public": true, "ram": 8192}} {{(pid=108440) _process_stack /opt/stack/nova/nova/api/openstack/wsgi.py:511}}
Nov 12 10:39:25.698901 n-d-768851-19 devstack@n-api.service[108440]: INFO nova.api.openstack.requestlog [None req-47cdc7df-374b-48e2-801c-6bf583afeeb0 admin admin] 10.222.0.31 "POST /compute/v2.1/flavors" status: 200 len: 405 microversion: 2.61 time: 0.071348
Nov 12 10:39:25.699557 n-d-768851-19 devstack@n-api.service[108440]: [pid: 108440|app: 0|req: 15/31] 10.222.0.31 () {64 vars in 1282 bytes} [Fri Nov 12 10:39:25 2021] POST /compute/v2.1/flavors => generated 405 bytes in 73 msecs (HTTP/1.1 200) 9 headers in 359 bytes (2 switches on core 0)
Nov 12 10:39:25.711711 n-d-768851-19 devstack@n-api.service[108439]: DEBUG nova.api.openstack.wsgi [None req-f6a500cb-a7d7-446e-820c-dde8631294d6 admin admin] Action: 'create', calling method: >, body: {"extra_specs": {"hw_rng:allowed": "True"}} {{(pid=108439) _process_stack /opt/stack/nova/nova/api/openstack/wsgi.py:511}}
Nov 12 10:39:25.736695 n-d-768851-19 devstack@n-api.service[108439]: INFO nova.api.openstack.requestlog [None req-f6a500cb-a7d7-446e-820c-dde8631294d6 admin admin] 10.222.0.31 "POST /compute/v2.1/flavors/4/os-extra_specs" status: 200 len: 43 microversion: 2.61 time: 0.028551
Nov 12 10:39:25.737272 n-d-768851-19 devstack@n-api.service[108439]: [pid: 108439|app: 0|req: 17/32] 10.222.0.31 () {64 vars in 1332 bytes} [Fri Nov 12 10:39:25 2021] POST /compute/v2.1/flavors/4/os-extra_specs => generated 43 bytes in 30 msecs (HTTP/1.1 200) 9 headers in 358 bytes (1 switches on core 0)
Nov 12 10:39:28.087040 n-d-768851-19 devstack@n-api.service[108440]: DEBUG nova.api.openstack.wsgi [None req-47cdc7df-374b-48e2-801c-6bf583afeeb0 admin admin] Calling method '>' {{(pid=108440) _process_stack /opt/stack/nova/nova/api/openstack/wsgi.py:513}}
Nov 12 10:39:28.090109 n-d-768851-19 devstack@n-api.service[108440]: INFO nova.api.openstack.requestlog [None req-47cdc7df-374b-48e2-801c-6bf583afeeb0 admin admin] 10.222.0.31 "GET /compute/v2.1" status: 200 len: 388 microversion: 2.1 time: 0.001492
Nov 12 10:39:28.090109 n-d-768851-19 devstack@n-api.service[108440]: [pid: 108440|app: 0|req: 16/33] 10.222.0.31 () {54 vars in 930 bytes} [Fri Nov 12 10:39:28 2021] GET /compute/v2.1 => generated 388 bytes in 3 msecs (HTTP/1.1 200) 9 headers in 357 bytes (1 switches on core 0)
Nov 12 10:39:28.153872 n-d-768851-19 devstack@n-api.service[108439]: DEBUG nova.api.openstack.wsgi [None req-0014b3d1-1615-462d-8513-bcb6dc8129d5 admin admin] Action: 'create', calling method: >, body: {"flavor": {"id": "5", "ram": 16384, "name": "m1.xlarge", "rxtx_factor": 1.0, "OS-FLV-EXT-DATA:ephemeral": 0, "os-flavor-access:is_public": true, "disk": 160, "vcpus": 8, "swap": 0}} {{(pid=108439) _process_stack /opt/stack/nova/nova/api/openstack/wsgi.py:511}}
Nov 12 10:39:28.173676 n-d-768851-19 devstack@n-api.service[108439]: INFO nova.api.openstack.requestlog [None req-0014b3d1-1615-462d-8513-bcb6dc8129d5 admin admin] 10.222.0.31 "POST /compute/v2.1/flavors" status: 200 len: 408 microversion: 2.61 time: 0.077128
Nov 12 10:39:28.174227 n-d-768851-19 devstack@n-api.service[108439]: [pid: 108439|app: 0|req: 18/34] 10.222.0.31 () {64 vars in 1282 bytes} [Fri Nov 12 10:39:28 2021] POST /compute/v2.1/flavors => generated 408 bytes in 78 msecs (HTTP/1.1 200) 9 headers in 359 bytes (1 switches on core 0)
Nov 12 10:39:28.188716 n-d-768851-19 devstack@n-api.service[108440]: DEBUG nova.api.openstack.wsgi [None req-c07c51dd-246a-47a6-a5ae-78607149edcd admin admin] Action: 'create', calling method: >, body: {"extra_specs": {"hw_rng:allowed": "True"}} {{(pid=108440) _process_stack /opt/stack/nova/nova/api/openstack/wsgi.py:511}}
Nov 12 10:39:28.213154 n-d-768851-19 devstack@n-api.service[108440]: INFO nova.api.openstack.requestlog [None req-c07c51dd-246a-47a6-a5ae-78607149edcd admin admin] 10.222.0.31 "POST /compute/v2.1/flavors/5/os-extra_specs" status: 200 len: 43 microversion: 2.61 time: 0.029744
Nov 12 10:39:28.213728 n-d-768851-19 devstack@n-api.service[108440]: [pid: 108440|app: 0|req: 17/35] 10.222.0.31 () {64 vars in 1332 bytes} [Fri Nov 12 10:39:28 2021] POST /compute/v2.1/flavors/5/os-extra_specs => generated 43 bytes in 31 msecs (HTTP/1.1 200) 9 headers in 358 bytes (1 switches on core 0)
Nov 12 10:40:12.517914 n-d-768851-19 devstack@n-api.service[108439]: DEBUG nova.api.openstack.wsgi [None req-0014b3d1-1615-462d-8513-bcb6dc8129d5 admin admin] Calling method '>' {{(pid=108439) _process_stack /opt/stack/nova/nova/api/openstack/wsgi.py:513}}
Nov 12 10:40:12.519250 n-d-768851-19 devstack@n-api.service[108439]: INFO nova.api.openstack.requestlog [None req-0014b3d1-1615-462d-8513-bcb6dc8129d5 admin admin] 10.222.0.31 "GET /compute/v2.1" status: 200 len: 388 microversion: 2.1 time: 0.001775
Nov 12 10:40:12.519643 n-d-768851-19 devstack@n-api.service[108439]: [pid: 108439|app: 0|req: 19/36] 10.222.0.31 () {54 vars in 930 bytes} [Fri Nov 12 10:40:12 2021] GET /compute/v2.1 => generated 388 bytes in 3 msecs (HTTP/1.1 200) 9 headers in 357 bytes (1 switches on core 0)
Nov 12 10:40:12.586761 n-d-768851-19 devstack@n-api.service[108440]: DEBUG nova.api.openstack.wsgi [None req-ccaa2097-9261-45ea-9c73-73877d29bef3 admin admin] Calling method '>' {{(pid=108440) _process_stack /opt/stack/nova/nova/api/openstack/wsgi.py:513}}
Nov 12 10:40:12.604132 n-d-768851-19 devstack@n-api.service[108440]: INFO nova.api.openstack.requestlog [None req-ccaa2097-9261-45ea-9c73-73877d29bef3 admin admin] 10.222.0.31 "GET /compute/v2.1/flavors/detail?is_public=True" status: 200 len: 4202 microversion: 2.61 time: 0.075135
Nov 12 10:40:12.604682 n-d-768851-19 devstack@n-api.service[108440]: [pid: 108440|app: 0|req: 18/37] 10.222.0.31 () {60 vars in 1291 bytes} [Fri Nov 12 10:40:12 2021] GET /compute/v2.1/flavors/detail?is_public=True => generated 4202 bytes in 77 msecs (HTTP/1.1 200) 9 headers in 360 bytes (1 switches on core 0)
Nov 12 10:40:14.162175 n-d-768851-19 devstack@n-api.service[108439]: DEBUG nova.api.openstack.wsgi [None req-0014b3d1-1615-462d-8513-bcb6dc8129d5 admin admin] Calling method '>' {{(pid=108439) _process_stack /opt/stack/nova/nova/api/openstack/wsgi.py:513}}
Nov 12 10:40:14.163162 n-d-768851-19 devstack@n-api.service[108439]: INFO nova.api.openstack.requestlog [None req-0014b3d1-1615-462d-8513-bcb6dc8129d5 admin admin] 10.222.0.31 "GET /compute/v2.1" status: 200 len: 388 microversion: 2.1 time: 0.001403
Nov 12 10:40:14.163550 n-d-768851-19 devstack@n-api.service[108439]: [pid: 108439|app: 0|req: 20/38] 10.222.0.31 () {56 vars in 1074 bytes} [Fri Nov 12 10:40:14 2021] GET /compute/v2.1 => generated 388 bytes in 2 msecs (HTTP/1.1 200) 9 headers in 357 bytes (1 switches on core 0)
Nov 12 10:40:14.366593 n-d-768851-19 devstack@n-api.service[108440]: DEBUG nova.api.openstack.wsgi [None req-71edce21-9651-4225-ac50-a973e2bfe750 admin admin] Calling method '>' {{(pid=108440) _process_stack /opt/stack/nova/nova/api/openstack/wsgi.py:513}}
Nov 12 10:40:14.372085 n-d-768851-19 devstack@n-api.service[108440]: INFO nova.api.openstack.wsgi [None req-71edce21-9651-4225-ac50-a973e2bfe750 admin admin] HTTP exception thrown: Flavor 42 could not be found.
Nov 12 10:40:14.372585 n-d-768851-19 devstack@n-api.service[108440]: DEBUG nova.api.openstack.wsgi [None req-71edce21-9651-4225-ac50-a973e2bfe750 admin admin] Returning 404 to user: Flavor 42 could not be found. {{(pid=108440) __call__ /opt/stack/nova/nova/api/openstack/wsgi.py:936}}
Nov 12 10:40:14.373407 n-d-768851-19 devstack@n-api.service[108440]: INFO nova.api.openstack.requestlog [None req-71edce21-9651-4225-ac50-a973e2bfe750 admin admin] 10.222.0.31 "GET /compute/v2.1/flavors/42" status: 404 len: 75 microversion: 2.90 time: 0.058398
Nov 12 10:40:14.373915 n-d-768851-19 devstack@n-api.service[108440]: [pid: 108440|app: 0|req: 19/39] 10.222.0.31 () {60 vars in 1190 bytes} [Fri Nov 12 10:40:14 2021] GET /compute/v2.1/flavors/42 => generated 75 bytes in 59 msecs (HTTP/1.1 404) 9 headers in 380 bytes (1 switches on core 0)
Nov 12 10:40:14.383775 n-d-768851-19 devstack@n-api.service[108439]: DEBUG nova.api.openstack.wsgi [None req-c266760f-7e33-4f4b-9422-388b8c632aec admin admin] Calling method '>' {{(pid=108439) _process_stack /opt/stack/nova/nova/api/openstack/wsgi.py:513}}
Nov 12 10:40:14.404500 n-d-768851-19 devstack@n-api.service[108439]: INFO nova.api.openstack.requestlog [None req-c266760f-7e33-4f4b-9422-388b8c632aec admin admin] 10.222.0.31 "GET /compute/v2.1/flavors?is_public=None" status: 200 len: 2056 microversion: 2.90 time: 0.024182
Nov 12 10:40:14.405080 n-d-768851-19 devstack@n-api.service[108439]: [pid: 108439|app: 0|req: 21/40] 10.222.0.31 () {60 vars in 1210 bytes} [Fri Nov 12 10:40:14 2021] GET /compute/v2.1/flavors?is_public=None => generated 2056 bytes in 25 msecs (HTTP/1.1 200) 9 headers in 360 bytes (1 switches on core 0)
Nov 12 10:40:14.415947 n-d-768851-19 devstack@n-api.service[108440]: DEBUG nova.api.openstack.wsgi [None req-f6f2710a-fe11-4fde-a1ec-baa6d9c3cb3e admin admin] Calling method '>' {{(pid=108440) _process_stack /opt/stack/nova/nova/api/openstack/wsgi.py:513}}
Nov 12 10:40:14.437409 n-d-768851-19 devstack@n-api.service[108440]: INFO nova.api.openstack.requestlog [None req-f6f2710a-fe11-4fde-a1ec-baa6d9c3cb3e admin admin] 10.222.0.31 "GET /compute/v2.1/flavors?is_public=None" status: 200 len: 2056 microversion: 2.90 time: 0.025457
Nov 12 10:40:14.437983 n-d-768851-19 devstack@n-api.service[108440]: [pid: 108440|app: 0|req: 20/41] 10.222.0.31 () {60 vars in 1210 bytes} [Fri Nov 12 10:40:14 2021] GET /compute/v2.1/flavors?is_public=None => generated 2056 bytes in 27 msecs (HTTP/1.1 200) 9 headers in 360 bytes (1 switches on core 0)
Nov 12 10:40:14.448142 n-d-768851-19 devstack@n-api.service[108439]: DEBUG nova.api.openstack.wsgi [None req-42b7f877-bf80-4589-b0a5-1468fb6e55fb admin admin] Calling method '>' {{(pid=108439) _process_stack /opt/stack/nova/nova/api/openstack/wsgi.py:513}}
Nov 12 10:40:14.453596 n-d-768851-19 devstack@n-api.service[108439]: INFO nova.api.openstack.wsgi [None req-42b7f877-bf80-4589-b0a5-1468fb6e55fb admin admin] HTTP exception thrown: Flavor 42 could not be found.
Nov 12 10:40:14.454153 n-d-768851-19 devstack@n-api.service[108439]: DEBUG nova.api.openstack.wsgi [None req-42b7f877-bf80-4589-b0a5-1468fb6e55fb admin admin] Returning 404 to user: Flavor 42 could not be found. {{(pid=108439) __call__ /opt/stack/nova/nova/api/openstack/wsgi.py:936}}
Nov 12 10:40:14.454925 n-d-768851-19 devstack@n-api.service[108439]: INFO nova.api.openstack.requestlog [None req-42b7f877-bf80-4589-b0a5-1468fb6e55fb admin admin] 10.222.0.31 "GET /compute/v2.1/flavors/42" status: 404 len: 75 microversion: 2.90 time: 0.010415
Nov 12 10:40:14.455421 n-d-768851-19 devstack@n-api.service[108439]: [pid: 108439|app: 0|req: 22/42] 10.222.0.31 () {60 vars in 1190 bytes} [Fri Nov 12 10:40:14 2021] GET /compute/v2.1/flavors/42 => generated 75 bytes in 11 msecs (HTTP/1.1 404) 9 headers in 380 bytes (1 switches on core 0)
Nov 12 10:40:15.869681 n-d-768851-19 devstack@n-api.service[108440]: DEBUG nova.api.openstack.wsgi [None req-f6f2710a-fe11-4fde-a1ec-baa6d9c3cb3e admin admin] Calling method '>' {{(pid=108440) _process_stack /opt/stack/nova/nova/api/openstack/wsgi.py:513}}
Nov 12 10:40:15.870677 n-d-768851-19 devstack@n-api.service[108440]: INFO nova.api.openstack.requestlog [None req-f6f2710a-fe11-4fde-a1ec-baa6d9c3cb3e admin admin] 10.222.0.31 "GET /compute/v2.1" status: 200 len: 388 microversion: 2.1 time: 0.001453
Nov 12 10:40:15.871067 n-d-768851-19 devstack@n-api.service[108440]: [pid: 108440|app: 0|req: 21/43] 10.222.0.31 () {56 vars in 1074 bytes} [Fri Nov 12 10:40:15 2021] GET /compute/v2.1 => generated 388 bytes in 2 msecs (HTTP/1.1 200) 9 headers in 357 bytes (1 switches on core 0)
Nov 12 10:40:16.060015 n-d-768851-19 devstack@n-api.service[108439]: DEBUG nova.api.openstack.wsgi [None req-1a115158-33e7-466f-a1de-bc5a3323200d admin admin] Calling method '>' {{(pid=108439) _process_stack /opt/stack/nova/nova/api/openstack/wsgi.py:513}}
Nov 12 10:40:16.065661 n-d-768851-19 devstack@n-api.service[108439]: INFO nova.api.openstack.wsgi [None req-1a115158-33e7-466f-a1de-bc5a3323200d admin admin] HTTP exception thrown: Flavor 84 could not be found.
Nov 12 10:40:16.066225 n-d-768851-19 devstack@n-api.service[108439]: DEBUG nova.api.openstack.wsgi [None req-1a115158-33e7-466f-a1de-bc5a3323200d admin admin] Returning 404 to user: Flavor 84 could not be found. {{(pid=108439) __call__ /opt/stack/nova/nova/api/openstack/wsgi.py:936}}
Nov 12 10:40:16.067004 n-d-768851-19 devstack@n-api.service[108439]: INFO nova.api.openstack.requestlog [None req-1a115158-33e7-466f-a1de-bc5a3323200d admin admin] 10.222.0.31 "GET /compute/v2.1/flavors/84" status: 404 len: 75 microversion: 2.90 time: 0.058883
Nov 12 10:40:16.067517 n-d-768851-19 devstack@n-api.service[108439]: [pid: 108439|app: 0|req: 23/44] 10.222.0.31 () {60 vars in 1190 bytes} [Fri Nov 12 10:40:16 2021] GET /compute/v2.1/flavors/84 => generated 75 bytes in 60 msecs (HTTP/1.1 404) 9 headers in 380 bytes (1 switches on core 0)
Nov 12 10:40:16.078110 n-d-768851-19 devstack@n-api.service[108440]: DEBUG nova.api.openstack.wsgi [None req-a77d19d5-a37d-478a-bcdd-68f7e50afa90 admin admin] Calling method '>' {{(pid=108440) _process_stack /opt/stack/nova/nova/api/openstack/wsgi.py:513}}
Nov 12 10:40:16.092501 n-d-768851-19 devstack@n-api.service[108440]: INFO nova.api.openstack.requestlog [None req-a77d19d5-a37d-478a-bcdd-68f7e50afa90 admin admin] 10.222.0.31 "GET /compute/v2.1/flavors?is_public=None" status: 200 len: 2056 microversion: 2.90 time: 0.018348
Nov 12 10:40:16.093093 n-d-768851-19 devstack@n-api.service[108440]: [pid: 108440|app: 0|req: 22/45] 10.222.0.31 () {60 vars in 1210 bytes} [Fri Nov 12 10:40:16 2021] GET /compute/v2.1/flavors?is_public=None => generated 2056 bytes in 20 msecs (HTTP/1.1 200) 9 headers in 360 bytes (2 switches on core 0)
Nov 12 10:40:16.103687 n-d-768851-19 devstack@n-api.service[108439]: DEBUG nova.api.openstack.wsgi [None req-64230c0b-4850-4617-84a8-91c7dbe65b64 admin admin] Calling method '>' {{(pid=108439) _process_stack /opt/stack/nova/nova/api/openstack/wsgi.py:513}}
Nov 12 10:40:16.118164 n-d-768851-19 devstack@n-api.service[108439]: INFO nova.api.openstack.requestlog [None req-64230c0b-4850-4617-84a8-91c7dbe65b64 admin admin] 10.222.0.31 "GET /compute/v2.1/flavors?is_public=None" status: 200 len: 2056 microversion: 2.90 time: 0.017895
Nov 12 10:40:16.118732 n-d-768851-19 devstack@n-api.service[108439]: [pid: 108439|app: 0|req: 24/46] 10.222.0.31 () {60 vars in 1210 bytes} [Fri Nov 12 10:40:16 2021] GET /compute/v2.1/flavors?is_public=None => generated 2056 bytes in 19 msecs (HTTP/1.1 200) 9 headers in 360 bytes (1 switches on core 0)
Nov 12 10:40:16.129480 n-d-768851-19 devstack@n-api.service[108440]: DEBUG nova.api.openstack.wsgi [None req-2112a725-d544-414a-9e02-ca850f109783 admin admin] Calling method '>' {{(pid=108440) _process_stack /opt/stack/nova/nova/api/openstack/wsgi.py:513}}
Nov 12 10:40:16.134919 n-d-768851-19 devstack@n-api.service[108440]: INFO nova.api.openstack.wsgi [None req-2112a725-d544-414a-9e02-ca850f109783 admin admin] HTTP exception thrown: Flavor 84 could not be found.
Nov 12 10:40:16.135471 n-d-768851-19 devstack@n-api.service[108440]: DEBUG nova.api.openstack.wsgi [None req-2112a725-d544-414a-9e02-ca850f109783 admin admin] Returning 404 to user: Flavor 84 could not be found. {{(pid=108440) __call__ /opt/stack/nova/nova/api/openstack/wsgi.py:936}}
Nov 12 10:40:16.136238 n-d-768851-19 devstack@n-api.service[108440]: INFO nova.api.openstack.requestlog [None req-2112a725-d544-414a-9e02-ca850f109783 admin admin] 10.222.0.31 "GET /compute/v2.1/flavors/84" status: 404 len: 75 microversion: 2.90 time: 0.010432
Nov 12 10:40:16.136761 n-d-768851-19 devstack@n-api.service[108440]: [pid: 108440|app: 0|req: 23/47] 10.222.0.31 () {60 vars in 1190 bytes} [Fri Nov 12 10:40:16 2021] GET /compute/v2.1/flavors/84 => generated 75 bytes in 11 msecs (HTTP/1.1 404) 9 headers in 380 bytes (1 switches on core 0)
Nov 12 10:40:17.593401 n-d-768851-19 devstack@n-api.service[108439]: DEBUG nova.api.openstack.wsgi [None req-64230c0b-4850-4617-84a8-91c7dbe65b64 admin admin] Calling method '>' {{(pid=108439) _process_stack /opt/stack/nova/nova/api/openstack/wsgi.py:513}}
Nov 12 10:40:17.594428 n-d-768851-19 devstack@n-api.service[108439]: INFO nova.api.openstack.requestlog [None req-64230c0b-4850-4617-84a8-91c7dbe65b64 admin admin] 10.222.0.31 "GET /compute/v2.1" status: 200 len: 388 microversion: 2.1 time: 0.001506
Nov 12 10:40:17.594818 n-d-768851-19 devstack@n-api.service[108439]: [pid: 108439|app: 0|req: 25/48] 10.222.0.31 () {56 vars in 1074 bytes} [Fri Nov 12 10:40:17 2021] GET /compute/v2.1 => generated 388 bytes in 2 msecs (HTTP/1.1 200) 9 headers in 357 bytes (1 switches on core 0)
Nov 12 10:40:17.786879 n-d-768851-19 devstack@n-api.service[108440]: DEBUG nova.api.openstack.wsgi [None req-0121ce98-70fe-41de-a3c0-787c368e6384 admin admin] Calling method '>' {{(pid=108440) _process_stack /opt/stack/nova/nova/api/openstack/wsgi.py:513}}
Nov 12 10:40:17.793587 n-d-768851-19 devstack@n-api.service[108440]: INFO nova.api.openstack.wsgi [None req-0121ce98-70fe-41de-a3c0-787c368e6384 admin admin] HTTP exception thrown: Flavor 451 could not be found.
Nov 12 10:40:17.794149 n-d-768851-19 devstack@n-api.service[108440]: DEBUG nova.api.openstack.wsgi [None req-0121ce98-70fe-41de-a3c0-787c368e6384 admin admin] Returning 404 to user: Flavor 451 could not be found. {{(pid=108440) __call__ /opt/stack/nova/nova/api/openstack/wsgi.py:936}}
Nov 12 10:40:17.794945 n-d-768851-19 devstack@n-api.service[108440]: INFO nova.api.openstack.requestlog [None req-0121ce98-70fe-41de-a3c0-787c368e6384 admin admin] 10.222.0.31 "GET /compute/v2.1/flavors/451" status: 404 len: 76 microversion: 2.90 time: 0.061413
Nov 12 10:40:17.795470 n-d-768851-19 devstack@n-api.service[108440]: [pid: 108440|app: 0|req: 24/49] 10.222.0.31 () {60 vars in 1193 bytes} [Fri Nov 12 10:40:17 2021] GET /compute/v2.1/flavors/451 => generated 76 bytes in 62 msecs (HTTP/1.1 404) 9 headers in 380 bytes (1 switches on core 0)
Nov 12 10:40:17.805327 n-d-768851-19 devstack@n-api.service[108439]: DEBUG nova.api.openstack.wsgi [None req-20c14440-0b4c-4d2e-88df-db08806f29bc admin admin] Calling method '>' {{(pid=108439) _process_stack /opt/stack/nova/nova/api/openstack/wsgi.py:513}}
Nov 12 10:40:17.819337 n-d-768851-19 devstack@n-api.service[108439]: INFO nova.api.openstack.requestlog [None req-20c14440-0b4c-4d2e-88df-db08806f29bc admin admin] 10.222.0.31 "GET /compute/v2.1/flavors?is_public=None" status: 200 len: 2056 microversion: 2.90 time: 0.017579
Nov 12 10:40:17.819886 n-d-768851-19 devstack@n-api.service[108439]: [pid: 108439|app: 0|req: 26/50] 10.222.0.31 () {60 vars in 1210 bytes} [Fri Nov 12 10:40:17 2021] GET /compute/v2.1/flavors?is_public=None => generated 2056 bytes in 19 msecs (HTTP/1.1 200) 9 headers in 360 bytes (2 switches on core 0)
Nov 12 10:40:17.830621 n-d-768851-19 devstack@n-api.service[108440]: DEBUG nova.api.openstack.wsgi [None req-4eb9ef67-2baf-4c35-bcbf-477781f57f60 admin admin] Calling method '>' {{(pid=108440) _process_stack /opt/stack/nova/nova/api/openstack/wsgi.py:513}}
Nov 12 10:40:17.845415 n-d-768851-19 devstack@n-api.service[108440]: INFO nova.api.openstack.requestlog [None req-4eb9ef67-2baf-4c35-bcbf-477781f57f60 admin admin] 10.222.0.31 "GET /compute/v2.1/flavors?is_public=None" status: 200 len: 2056 microversion: 2.90 time: 0.018694
Nov 12 10:40:17.845972 n-d-768851-19 devstack@n-api.service[108440]: [pid: 108440|app: 0|req: 25/51] 10.222.0.31 () {60 vars in 1210 bytes} [Fri Nov 12 10:40:17 2021] GET /compute/v2.1/flavors?is_public=None => generated 2056 bytes in 20 msecs (HTTP/1.1 200) 9 headers in 360 bytes (1 switches on core 0)
Nov 12 10:40:17.857260 n-d-768851-19 devstack@n-api.service[108439]: DEBUG nova.api.openstack.wsgi [None req-1c817fff-7f8d-48fe-936e-f127a6cd3ffc admin admin] Calling method '>' {{(pid=108439) _process_stack /opt/stack/nova/nova/api/openstack/wsgi.py:513}}
Nov 12 10:40:17.862511 n-d-768851-19 devstack@n-api.service[108439]: INFO nova.api.openstack.wsgi [None req-1c817fff-7f8d-48fe-936e-f127a6cd3ffc admin admin] HTTP exception thrown: Flavor 451 could not be found.
Nov 12 10:40:17.863068 n-d-768851-19 devstack@n-api.service[108439]: DEBUG nova.api.openstack.wsgi [None req-1c817fff-7f8d-48fe-936e-f127a6cd3ffc admin admin] Returning 404 to user: Flavor 451 could not be found. {{(pid=108439) __call__ /opt/stack/nova/nova/api/openstack/wsgi.py:936}}
Nov 12 10:40:17.863844 n-d-768851-19 devstack@n-api.service[108439]: INFO nova.api.openstack.requestlog [None req-1c817fff-7f8d-48fe-936e-f127a6cd3ffc admin admin] 10.222.0.31 "GET /compute/v2.1/flavors/451" status: 404 len: 76 microversion: 2.90 time: 0.010787
Nov 12 10:40:17.864383 n-d-768851-19 devstack@n-api.service[108439]: [pid: 108439|app: 0|req: 27/52] 10.222.0.31 () {60 vars in 1193 bytes} [Fri Nov 12 10:40:17 2021] GET /compute/v2.1/flavors/451 => generated 76 bytes in 12 msecs (HTTP/1.1 404) 9 headers in 380 bytes (1 switches on core 0)
Nov 12 10:40:19.313803 n-d-768851-19 devstack@n-api.service[108440]: DEBUG nova.api.openstack.wsgi [None req-4eb9ef67-2baf-4c35-bcbf-477781f57f60 admin admin] Calling method '>' {{(pid=108440) _process_stack /opt/stack/nova/nova/api/openstack/wsgi.py:513}}
Nov 12 10:40:19.314833 n-d-768851-19 devstack@n-api.service[108440]: INFO nova.api.openstack.requestlog [None req-4eb9ef67-2baf-4c35-bcbf-477781f57f60 admin admin] 10.222.0.31 "GET /compute/v2.1" status: 200 len: 388 microversion: 2.1 time: 0.001471
Nov 12 10:40:19.315234 n-d-768851-19 devstack@n-api.service[108440]: [pid: 108440|app: 0|req: 26/53] 10.222.0.31 () {56 vars in 1074 bytes} [Fri Nov 12 10:40:19 2021] GET /compute/v2.1 => generated 388 bytes in 2 msecs (HTTP/1.1 200) 9 headers in 357 bytes (1 switches on core 0)
Nov 12 10:40:19.508337 n-d-768851-19 devstack@n-api.service[108439]: DEBUG nova.api.openstack.wsgi [None req-5a548ab4-3a4a-4a05-b774-7377f11893f7 admin admin] Action: 'create', calling method: >, body: {"flavor": {"name": "m1.nano", "ram": 256, "vcpus": 1, "disk": 1, "id": "42", "swap": 0, "OS-FLV-EXT-DATA:ephemeral": 0, "rxtx_factor": 1.0, "os-flavor-access:is_public": true}} {{(pid=108439) _process_stack /opt/stack/nova/nova/api/openstack/wsgi.py:511}}
Nov 12 10:40:19.527885 n-d-768851-19 devstack@n-api.service[108439]: INFO nova.api.openstack.requestlog [None req-5a548ab4-3a4a-4a05-b774-7377f11893f7 admin admin] 10.222.0.31 "POST /compute/v2.1/flavors" status: 200 len: 404 microversion: 2.90 time: 0.071439
Nov 12 10:40:19.528329 n-d-768851-19 devstack@n-api.service[108439]: [pid: 108439|app: 0|req: 28/54] 10.222.0.31 () {64 vars in 1235 bytes} [Fri Nov 12 10:40:19 2021] POST /compute/v2.1/flavors => generated 404 bytes in 73 msecs (HTTP/1.1 200) 9 headers in 359 bytes (1 switches on core 0)
Nov 12 10:40:20.955572 n-d-768851-19 devstack@n-api.service[108440]: DEBUG nova.api.openstack.wsgi [None req-4eb9ef67-2baf-4c35-bcbf-477781f57f60 admin admin] Calling method '>' {{(pid=108440) _process_stack /opt/stack/nova/nova/api/openstack/wsgi.py:513}}
Nov 12 10:40:20.956562 n-d-768851-19 devstack@n-api.service[108440]: INFO nova.api.openstack.requestlog [None req-4eb9ef67-2baf-4c35-bcbf-477781f57f60 admin admin] 10.222.0.31 "GET /compute/v2.1" status: 200 len: 388 microversion: 2.1 time: 0.001403
Nov 12 10:40:20.956989 n-d-768851-19 devstack@n-api.service[108440]: [pid: 108440|app: 0|req: 27/55] 10.222.0.31 () {56 vars in 1074 bytes} [Fri Nov 12 10:40:20 2021] GET /compute/v2.1 => generated 388 bytes in 2 msecs (HTTP/1.1 200) 9 headers in 357 bytes (1 switches on core 0)
Nov 12 10:40:21.148062 n-d-768851-19 devstack@n-api.service[108439]: DEBUG nova.api.openstack.wsgi [None req-b59877bb-321e-4fc4-a711-d0f53c285733 admin admin] Action: 'create', calling method: >, body: {"flavor": {"name": "m1.micro", "ram": 256, "vcpus": 1, "disk": 2, "id": "84", "swap": 0, "OS-FLV-EXT-DATA:ephemeral": 0, "rxtx_factor": 1.0, "os-flavor-access:is_public": true}} {{(pid=108439) _process_stack /opt/stack/nova/nova/api/openstack/wsgi.py:511}}
Nov 12 10:40:21.167010 n-d-768851-19 devstack@n-api.service[108439]: INFO nova.api.openstack.requestlog [None req-b59877bb-321e-4fc4-a711-d0f53c285733 admin admin] 10.222.0.31 "POST /compute/v2.1/flavors" status: 200 len: 405 microversion: 2.90 time: 0.071154
Nov 12 10:40:21.167858 n-d-768851-19 devstack@n-api.service[108439]: [pid: 108439|app: 0|req: 29/56] 10.222.0.31 () {64 vars in 1235 bytes} [Fri Nov 12 10:40:21 2021] POST /compute/v2.1/flavors => generated 405 bytes in 73 msecs (HTTP/1.1 200) 9 headers in 359 bytes (2 switches on core 0)
Nov 12 10:40:22.607702 n-d-768851-19 devstack@n-api.service[108440]: DEBUG nova.api.openstack.wsgi [None req-4eb9ef67-2baf-4c35-bcbf-477781f57f60 admin admin] Calling method '>' {{(pid=108440) _process_stack /opt/stack/nova/nova/api/openstack/wsgi.py:513}}
Nov 12 10:40:22.608685 n-d-768851-19 devstack@n-api.service[108440]: INFO nova.api.openstack.requestlog [None req-4eb9ef67-2baf-4c35-bcbf-477781f57f60 admin admin] 10.222.0.31 "GET /compute/v2.1" status: 200 len: 388 microversion: 2.1 time: 0.001406
Nov 12 10:40:22.609116 n-d-768851-19 devstack@n-api.service[108440]: [pid: 108440|app: 0|req: 28/57] 10.222.0.31 () {56 vars in 1074 bytes} [Fri Nov 12 10:40:22 2021] GET /compute/v2.1 => generated 388 bytes in 2 msecs (HTTP/1.1 200) 9 headers in 357 bytes (1 switches on core 0)
Nov 12 10:40:22.801630 n-d-768851-19 devstack@n-api.service[108439]: DEBUG nova.api.openstack.wsgi [None req-02af0505-4b78-4081-9c1d-f9cdf7a115d4 admin admin] Action: 'create', calling method: >, body: {"flavor": {"name": "m1.heat", "ram": 512, "vcpus": 1, "disk": 1, "id": "451", "swap": 0, "OS-FLV-EXT-DATA:ephemeral": 0, "rxtx_factor": 1.0, "os-flavor-access:is_public": true}} {{(pid=108439) _process_stack /opt/stack/nova/nova/api/openstack/wsgi.py:511}}
Nov 12 10:40:22.818934 n-d-768851-19 devstack@n-api.service[108439]: INFO nova.api.openstack.requestlog [None req-02af0505-4b78-4081-9c1d-f9cdf7a115d4 admin admin] 10.222.0.31 "POST /compute/v2.1/flavors" status: 200 len: 407 microversion: 2.90 time: 0.070614
Nov 12 10:40:22.819398 n-d-768851-19 devstack@n-api.service[108439]: [pid: 108439|app: 0|req: 30/58] 10.222.0.31 () {64 vars in 1235 bytes} [Fri Nov 12 10:40:22 2021] POST /compute/v2.1/flavors => generated 407 bytes in 72 msecs (HTTP/1.1 200) 9 headers in 359 bytes (1 switches on core 0)
Nov 12 10:40:24.248626 n-d-768851-19 devstack@n-api.service[108440]: DEBUG nova.api.openstack.wsgi [None req-4eb9ef67-2baf-4c35-bcbf-477781f57f60 admin admin] Calling method '>' {{(pid=108440) _process_stack /opt/stack/nova/nova/api/openstack/wsgi.py:513}}
Nov 12 10:40:24.249687 n-d-768851-19 devstack@n-api.service[108440]: INFO nova.api.openstack.requestlog [None req-4eb9ef67-2baf-4c35-bcbf-477781f57f60 admin admin] 10.222.0.31 "GET /compute/v2.1" status: 200 len: 388 microversion: 2.1 time: 0.001458
Nov 12 10:40:24.250079 n-d-768851-19 devstack@n-api.service[108440]: [pid: 108440|app: 0|req: 29/59] 10.222.0.31 () {56 vars in 1074 bytes} [Fri Nov 12 10:40:24 2021] GET /compute/v2.1 => generated 388 bytes in 2 msecs (HTTP/1.1 200) 9 headers in 357 bytes (1 switches on core 0)
Nov 12 10:40:24.442891 n-d-768851-19 devstack@n-api.service[108439]: DEBUG nova.api.openstack.wsgi [None req-29444571-cad8-4de3-b4f2-7ec64862e4c6 admin admin] Action: 'create', calling method: >, body: {"flavor": {"name": "m1.heat2", "ram": 1024, "vcpus": 1, "disk": 1, "id": "452", "swap": 0, "OS-FLV-EXT-DATA:ephemeral": 0, "rxtx_factor": 1.0, "os-flavor-access:is_public": true}} {{(pid=108439) _process_stack /opt/stack/nova/nova/api/openstack/wsgi.py:511}}
Nov 12 10:40:24.461780 n-d-768851-19 devstack@n-api.service[108439]: INFO nova.api.openstack.requestlog [None req-29444571-cad8-4de3-b4f2-7ec64862e4c6 admin admin] 10.222.0.31 "POST /compute/v2.1/flavors" status: 200 len: 409 microversion: 2.90 time: 0.071668
Nov 12 10:40:24.462241 n-d-768851-19 devstack@n-api.service[108439]: [pid: 108439|app: 0|req: 31/60] 10.222.0.31 () {64 vars in 1235 bytes} [Fri Nov 12 10:40:24 2021] POST /compute/v2.1/flavors => generated 409 bytes in 73 msecs (HTTP/1.1 200) 9 headers in 359 bytes (1 switches on core 0)
Nov 12 10:40:25.878894 n-d-768851-19 devstack@n-api.service[108440]: DEBUG nova.api.openstack.wsgi [None req-4eb9ef67-2baf-4c35-bcbf-477781f57f60 admin admin] Calling method '>' {{(pid=108440) _process_stack /opt/stack/nova/nova/api/openstack/wsgi.py:513}}
Nov 12 10:40:25.879924 n-d-768851-19 devstack@n-api.service[108440]: INFO nova.api.openstack.requestlog [None req-4eb9ef67-2baf-4c35-bcbf-477781f57f60 admin admin] 10.222.0.31 "GET /compute/v2.1" status: 200 len: 388 microversion: 2.1 time: 0.001513
Nov 12 10:40:25.880370 n-d-768851-19 devstack@n-api.service[108440]: [pid: 108440|app: 0|req: 30/61] 10.222.0.31 () {56 vars in 1074 bytes} [Fri Nov 12 10:40:25 2021] GET /compute/v2.1 => generated 388 bytes in 2 msecs (HTTP/1.1 200) 9 headers in 357 bytes (1 switches on core 0)
Nov 12 10:40:26.075575 n-d-768851-19 devstack@n-api.service[108439]: DEBUG nova.api.openstack.wsgi [None req-8e744651-b8cc-47a5-b120-752eb9f6ed14 admin admin] Calling method '>' {{(pid=108439) _process_stack /opt/stack/nova/nova/api/openstack/wsgi.py:513}}
Nov 12 10:40:26.094810 n-d-768851-19 devstack@n-api.service[108439]: INFO nova.api.openstack.requestlog [None req-8e744651-b8cc-47a5-b120-752eb9f6ed14 admin admin] 10.222.0.31 "GET /compute/v2.1/flavors/detail" status: 200 len: 5777 microversion: 2.90 time: 0.071954
Nov 12 10:40:26.095352 n-d-768851-19 devstack@n-api.service[108439]: [pid: 108439|app: 0|req: 32/62] 10.222.0.31 () {60 vars in 1202 bytes} [Fri Nov 12 10:40:26 2021] GET /compute/v2.1/flavors/detail => generated 5777 bytes in 73 msecs (HTTP/1.1 200) 9 headers in 360 bytes (1 switches on core 0)
Nov 12 10:41:13.345094 n-d-768851-19 devstack@n-api.service[108440]: DEBUG nova.api.openstack.wsgi [None req-4eb9ef67-2baf-4c35-bcbf-477781f57f60 admin admin] Calling method '>' {{(pid=108440) _process_stack /opt/stack/nova/nova/api/openstack/wsgi.py:513}}
Nov 12 10:41:13.346086 n-d-768851-19 devstack@n-api.service[108440]: INFO nova.api.openstack.requestlog [None req-4eb9ef67-2baf-4c35-bcbf-477781f57f60 admin admin] 10.222.0.31 "GET /compute/v2.1" status: 200 len: 388 microversion: 2.1 time: 0.001453
Nov 12 10:41:13.346486 n-d-768851-19 devstack@n-api.service[108440]: [pid: 108440|app: 0|req: 31/63] 10.222.0.31 () {54 vars in 930 bytes} [Fri Nov 12 10:41:13 2021] GET /compute/v2.1 => generated 388 bytes in 2 msecs (HTTP/1.1 200) 9 headers in 357 bytes (1 switches on core 0)
Nov 12 10:41:13.414121 n-d-768851-19 devstack@n-api.service[108439]: DEBUG nova.api.openstack.wsgi [None req-d2fc505c-e2b5-435b-9fa9-c4ba7964bf59 admin admin] Calling method '>' {{(pid=108439) _process_stack /opt/stack/nova/nova/api/openstack/wsgi.py:513}}
Nov 12 10:41:13.434411 n-d-768851-19 devstack@n-api.service[108439]: INFO nova.api.openstack.requestlog [None req-d2fc505c-e2b5-435b-9fa9-c4ba7964bf59 admin admin] 10.222.0.31 "GET /compute/v2.1/flavors/detail?is_public=True" status: 200 len: 5791 microversion: 2.61 time: 0.078729
Nov 12 10:41:13.434937 n-d-768851-19 devstack@n-api.service[108439]: [pid: 108439|app: 0|req: 33/64] 10.222.0.31 () {60 vars in 1291 bytes} [Fri Nov 12 10:41:13 2021] GET /compute/v2.1/flavors/detail?is_public=True => generated 5791 bytes in 81 msecs (HTTP/1.1 200) 9 headers in 360 bytes (1 switches on core 0)
Nov 12 10:41:13.457867 n-d-768851-19 devstack@n-api.service[108440]: DEBUG nova.api.openstack.wsgi [None req-ce5f1863-cddc-4933-a7fb-254e3834390c admin admin] Calling method '>' {{(pid=108440) _process_stack /opt/stack/nova/nova/api/openstack/wsgi.py:513}}
Nov 12 10:41:13.466139 n-d-768851-19 devstack@n-api.service[108440]: INFO nova.api.openstack.requestlog [None req-ce5f1863-cddc-4933-a7fb-254e3834390c admin admin] 10.222.0.31 "GET /compute/v2.1/flavors/42/os-extra_specs" status: 200 len: 19 microversion: 2.61 time: 0.011838
Nov 12 10:41:13.466646 n-d-768851-19 devstack@n-api.service[108440]: [pid: 108440|app: 0|req: 32/65] 10.222.0.31 () {60 vars in 1282 bytes} [Fri Nov 12 10:41:13 2021] GET /compute/v2.1/flavors/42/os-extra_specs => generated 19 bytes in 13 msecs (HTTP/1.1 200) 9 headers in 358 bytes (1 switches on core 0)
Nov 12 10:41:13.478449 n-d-768851-19 devstack@n-api.service[108439]: DEBUG nova.api.openstack.wsgi [None req-313d0748-e7e6-4902-8178-1390d6232c93 admin admin] Calling method '>' {{(pid=108439) _process_stack /opt/stack/nova/nova/api/openstack/wsgi.py:513}}
Nov 12 10:41:13.486777 n-d-768851-19 devstack@n-api.service[108439]: INFO nova.api.openstack.requestlog [None req-313d0748-e7e6-4902-8178-1390d6232c93 admin admin] 10.222.0.31 "GET /compute/v2.1/flavors/451/os-extra_specs" status: 200 len: 19 microversion: 2.61 time: 0.011801
Nov 12 10:41:13.487282 n-d-768851-19 devstack@n-api.service[108439]: [pid: 108439|app: 0|req: 34/66] 10.222.0.31 () {60 vars in 1285 bytes} [Fri Nov 12 10:41:13 2021] GET /compute/v2.1/flavors/451/os-extra_specs => generated 19 bytes in 13 msecs (HTTP/1.1 200) 9 headers in 358 bytes (1 switches on core 0)
Nov 12 10:41:13.499132 n-d-768851-19 devstack@n-api.service[108440]: DEBUG nova.api.openstack.wsgi [None req-da46d02d-5d98-4fdf-8a93-dfbde0a900de admin admin] Calling method '>' {{(pid=108440) _process_stack /opt/stack/nova/nova/api/openstack/wsgi.py:513}}
Nov 12 10:41:13.507019 n-d-768851-19 devstack@n-api.service[108440]: INFO nova.api.openstack.requestlog [None req-da46d02d-5d98-4fdf-8a93-dfbde0a900de admin admin] 10.222.0.31 "GET /compute/v2.1/flavors/452/os-extra_specs" status: 200 len: 19 microversion: 2.61 time: 0.011379
