Aug 10 03:06:07.859432 n-d-768851-15 neutron-server[94216]: INFO neutron.wsgi [req-6333a2a5-b404-4e5a-b927-92b000c74c7e req-7e383bd1-624b-4604-9326-24779aefd065 tempest-DeleteServersAdminTestJSON-1763260748 tempest-DeleteServersAdminTestJSON-1763260748-project] 10.222.0.62 "GET /v2.0/ports?device_id=27ad6276-cada-4a6a-8dea-dd5111e2bd19 HTTP/1.1" status: 200 len: 210 time: 0.1752610
Aug 10 03:06:07.865005 n-d-768851-15 neutron-server[94218]: DEBUG neutron.plugins.ml2.rpc [None req-3bb0fab5-15d5-4036-83f4-4be6048c3524 None None] Device 82fe23f7-6857-4840-bc65-a19485da4d95 up at agent ovs-agent-n-d-768851-15 {{(pid=94218) update_device_up /opt/stack/neutron/neutron/plugins/ml2/rpc.py:296}}
Aug 10 03:06:08.024981 n-d-768851-15 neutron-server[94217]: DEBUG neutron_lib.callbacks.manager [None req-c4a76e8c-16da-487c-b3a5-cd07566d4253 admin admin] Notify callbacks [] for security_group, precommit_create {{(pid=94217) _notify_loop /usr/local/lib/python3.8/dist-packages/neutron_lib/callbacks/manager.py:192}}
Aug 10 03:06:08.038515 n-d-768851-15 neutron-server[94217]: DEBUG neutron_lib.callbacks.manager [None req-c4a76e8c-16da-487c-b3a5-cd07566d4253 admin admin] Notify callbacks ['neutron.plugins.ml2.ovo_rpc._ObjectChangeHandler.handle_event-492214'] for security_group, after_create {{(pid=94217) _notify_loop /usr/local/lib/python3.8/dist-packages/neutron_lib/callbacks/manager.py:192}}
Aug 10 03:06:08.056930 n-d-768851-15 neutron-server[94218]: DEBUG neutron.db.provisioning_blocks [None req-3bb0fab5-15d5-4036-83f4-4be6048c3524 None None] Provisioning for port 82fe23f7-6857-4840-bc65-a19485da4d95 completed by entity L2. {{(pid=94218) provisioning_complete /opt/stack/neutron/neutron/db/provisioning_blocks.py:133}}
Aug 10 03:06:08.128524 n-d-768851-15 neutron-server[94217]: DEBUG neutron.api.rpc.handlers.resources_rpc [None req-c4a76e8c-16da-487c-b3a5-cd07566d4253 admin admin] Pushing event updated for resources: {'SecurityGroup': ['ID=2e8082e1-6c8e-4717-98f7-dff534f2a59e,revision_number=1']} {{(pid=94217) push /opt/stack/neutron/neutron/api/rpc/handlers/resources_rpc.py:237}}
Aug 10 03:06:08.179261 n-d-768851-15 neutron-server[94217]: INFO neutron.wsgi [None req-c4a76e8c-16da-487c-b3a5-cd07566d4253 admin admin] 10.222.0.62 "GET /v2.0/security-groups?tenant_id=e2cbcfa88ca64c398881f70d7be500a1&name=default HTTP/1.1" status: 200 len: 2979 time: 0.5477464
Aug 10 03:06:08.182129 n-d-768851-15 neutron-server[94217]: DEBUG neutron.wsgi [-] (94217) accepted ('10.222.0.62', 34212) {{(pid=94217) server /usr/local/lib/python3.8/dist-packages/eventlet/wsgi.py:982}}
Aug 10 03:06:08.309770 n-d-768851-15 neutron-server[94217]: DEBUG neutron_lib.callbacks.manager [None req-b7e10802-7b4b-421b-b18d-1a41fc857d83 admin admin] Notify callbacks [] for security_group, before_delete {{(pid=94217) _notify_loop /usr/local/lib/python3.8/dist-packages/neutron_lib/callbacks/manager.py:192}}
Aug 10 03:06:08.320705 n-d-768851-15 neutron-server[94216]: DEBUG neutron_lib.callbacks.manager [None req-0bf0cc76-e22d-480b-9d9e-0f8cfede72ce admin admin] Notify callbacks [] for port, precommit_create {{(pid=94216) _notify_loop /usr/local/lib/python3.8/dist-packages/neutron_lib/callbacks/manager.py:192}}
Aug 10 03:06:08.334014 n-d-768851-15 neutron-server[94218]: DEBUG neutron.api.rpc.handlers.dhcp_rpc [None req-a1cb562c-c2e9-438f-a070-60afb27acc49 None None] Network f1a96b41-17a3-4507-9238-346c52c62270 requested from n-d-768851-15 {{(pid=94218) get_network_info /opt/stack/neutron/neutron/api/rpc/handlers/dhcp_rpc.py:218}}
Aug 10 03:06:08.350343 n-d-768851-15 neutron-server[94216]: DEBUG neutron.notifiers.nova [req-5cbf2dcb-fa5f-4d2d-9212-c5eaebd90ac2 req-0934c895-530c-4020-81f7-3e4ed6a2835e service neutron] Ignoring state change previous_port_status: DOWN current_port_status: DOWN port_id e5b01164-0f7e-42ae-847e-3604c9c25b11 {{(pid=94216) record_port_status_changed /opt/stack/neutron/neutron/notifiers/nova.py:224}}
Aug 10 03:06:08.361487 n-d-768851-15 neutron-server[94216]: DEBUG neutron_lib.callbacks.manager [req-5cbf2dcb-fa5f-4d2d-9212-c5eaebd90ac2 req-0934c895-530c-4020-81f7-3e4ed6a2835e service neutron] Notify callbacks [] for port, precommit_update {{(pid=94216) _notify_loop /usr/local/lib/python3.8/dist-packages/neutron_lib/callbacks/manager.py:192}}
Aug 10 03:06:08.388789 n-d-768851-15 neutron-server[94216]: DEBUG neutron.db.provisioning_blocks [req-5cbf2dcb-fa5f-4d2d-9212-c5eaebd90ac2 req-0934c895-530c-4020-81f7-3e4ed6a2835e service neutron] Transition to ACTIVE for port object e5b01164-0f7e-42ae-847e-3604c9c25b11 will not be triggered until provisioned by entity L2. {{(pid=94216) add_provisioning_component /opt/stack/neutron/neutron/db/provisioning_blocks.py:73}}
Aug 10 03:06:08.391750 n-d-768851-15 neutron-server[94217]: DEBUG neutron_lib.callbacks.manager [None req-b7e10802-7b4b-421b-b18d-1a41fc857d83 admin admin] Notify callbacks [] for security_group, precommit_delete {{(pid=94217) _notify_loop /usr/local/lib/python3.8/dist-packages/neutron_lib/callbacks/manager.py:192}}
Aug 10 03:06:08.397550 n-d-768851-15 neutron-server[94216]: DEBUG neutron_lib.callbacks.manager [req-5cbf2dcb-fa5f-4d2d-9212-c5eaebd90ac2 req-0934c895-530c-4020-81f7-3e4ed6a2835e service neutron] Notify callbacks ['neutron.plugins.ml2.plugin.SecurityGroupServerNotifierRpcMixin._notify_sg_on_port_change-3549583', 'neutron.plugins.ml2.ovo_rpc._ObjectChangeHandler.handle_event-142298', 'neutron.api.rpc.agentnotifiers.dhcp_rpc_agent_api.DhcpAgentNotifyAPI._native_event_send_dhcp_notification-3700537', 'neutron.db.l3_db.L3RpcNotifierMixin._notify_gateway_port_ip_changed-8733457243805', 'neutron.db.l3_dvrscheduler_db._notify_l3_agent_port_update-8733456853751', 'neutron.db.l3_hascheduler_db._notify_l3_agent_ha_port_update-8733456854029'] for port, after_update {{(pid=94216) _notify_loop /usr/local/lib/python3.8/dist-packages/neutron_lib/callbacks/manager.py:192}}
Aug 10 03:06:08.424514 n-d-768851-15 neutron-server[94216]: DEBUG neutron.wsgi [-] (94216) accepted ('10.222.0.58', 57441) {{(pid=94216) server /usr/local/lib/python3.8/dist-packages/eventlet/wsgi.py:982}}
Aug 10 03:06:08.501888 n-d-768851-15 neutron-server[94217]: DEBUG neutron_lib.callbacks.manager [None req-b7e10802-7b4b-421b-b18d-1a41fc857d83 admin admin] Notify callbacks ['neutron.plugins.ml2.ovo_rpc._ObjectChangeHandler.handle_event-492214'] for security_group, after_delete {{(pid=94217) _notify_loop /usr/local/lib/python3.8/dist-packages/neutron_lib/callbacks/manager.py:192}}
Aug 10 03:06:08.504607 n-d-768851-15 neutron-server[94217]: DEBUG neutron_lib.callbacks.manager [None req-b7e10802-7b4b-421b-b18d-1a41fc857d83 admin admin] Notify callbacks [] for security_group, before_response {{(pid=94217) _notify_loop /usr/local/lib/python3.8/dist-packages/neutron_lib/callbacks/manager.py:192}}
Aug 10 03:06:08.508463 n-d-768851-15 neutron-server[94217]: INFO neutron.wsgi [None req-b7e10802-7b4b-421b-b18d-1a41fc857d83 admin admin] 10.222.0.62 "DELETE /v2.0/security-groups/2e8082e1-6c8e-4717-98f7-dff534f2a59e HTTP/1.1" status: 204 len: 168 time: 0.3226380
Aug 10 03:06:08.517698 n-d-768851-15 neutron-server[94216]: DEBUG neutron_lib.callbacks.manager [None req-0bf0cc76-e22d-480b-9d9e-0f8cfede72ce admin admin] Notify callbacks ['neutron.plugins.ml2.plugin.SecurityGroupServerNotifierRpcMixin._notify_sg_on_port_change-3549583', 'neutron.plugins.ml2.ovo_rpc._ObjectChangeHandler.handle_event-142298', 'neutron.api.rpc.agentnotifiers.dhcp_rpc_agent_api.DhcpAgentNotifyAPI._native_event_send_dhcp_notification-3700537', 'neutron.db.l3_dvrscheduler_db._notify_l3_agent_new_port-8733456853733'] for port, after_create {{(pid=94216) _notify_loop /usr/local/lib/python3.8/dist-packages/neutron_lib/callbacks/manager.py:192}}
Aug 10 03:06:08.547410 n-d-768851-15 neutron-server[94217]: DEBUG neutron.api.rpc.handlers.resources_rpc [None req-b7e10802-7b4b-421b-b18d-1a41fc857d83 admin admin] Pushing event deleted for resources: {'SecurityGroup': ['ID=2e8082e1-6c8e-4717-98f7-dff534f2a59e,revision_number=None']} {{(pid=94217) push /opt/stack/neutron/neutron/api/rpc/handlers/resources_rpc.py:237}}
Aug 10 03:06:08.588684 n-d-768851-15 neutron-server[94218]: DEBUG neutron.db.provisioning_blocks [None req-110b10f5-fff2-4efd-8156-2aa5044835da None None] Provisioning for port 82fe23f7-6857-4840-bc65-a19485da4d95 completed by entity DHCP. {{(pid=94218) provisioning_complete /opt/stack/neutron/neutron/db/provisioning_blocks.py:133}}
Aug 10 03:06:08.604992 n-d-768851-15 neutron-server[94216]: INFO neutron.wsgi [req-27eb92c6-aee4-49f0-a5ed-973b8aec1f7a req-e0161121-d5cf-4054-b262-d56342c7968e tempest-DeleteServersAdminTestJSON-1763260748 tempest-DeleteServersAdminTestJSON-1763260748-project] 10.222.0.58 "GET /v2.0/networks?tenant_id=17e79e39862148aaa5ac50cf15213a33&shared=False HTTP/1.1" status: 200 len: 213 time: 0.1056874
Aug 10 03:06:08.769626 n-d-768851-15 neutron-server[94216]: DEBUG neutron.scheduler.dhcp_agent_scheduler [None req-0bf0cc76-e22d-480b-9d9e-0f8cfede72ce admin admin] Network 09ca2025-b9a6-4e84-8019-8d9fbef3753e is already hosted by enough agents. {{(pid=94216) _get_dhcp_agents_hosting_network /opt/stack/neutron/neutron/scheduler/dhcp_agent_scheduler.py:275}}
Aug 10 03:06:08.914021 n-d-768851-15 neutron-server[94216]: DEBUG neutron.scheduler.base_scheduler [None req-0bf0cc76-e22d-480b-9d9e-0f8cfede72ce admin admin] Resources bound (agent type, host, resource id): {{(pid=94216) schedule /opt/stack/neutron/neutron/scheduler/base_scheduler.py:57}}
Aug 10 03:06:08.918203 n-d-768851-15 neutron-server[94216]: DEBUG neutron.db.l3_dvrscheduler_db [None req-0bf0cc76-e22d-480b-9d9e-0f8cfede72ce admin admin] Received port after_create {{(pid=94216) _notify_l3_agent_new_port /opt/stack/neutron/neutron/db/l3_dvrscheduler_db.py:535}}
Aug 10 03:06:08.921856 n-d-768851-15 neutron-server[94216]: DEBUG neutron.api.rpc.handlers.resources_rpc [None req-0934c895-530c-4020-81f7-3e4ed6a2835e service neutron] Pushing event updated for resources: {'Port': ['ID=e5b01164-0f7e-42ae-847e-3604c9c25b11,revision_number=2']} {{(pid=94216) push /opt/stack/neutron/neutron/api/rpc/handlers/resources_rpc.py:237}}
Aug 10 03:06:09.007006 n-d-768851-15 neutron-server[94218]: DEBUG neutron.db.provisioning_blocks [None req-110b10f5-fff2-4efd-8156-2aa5044835da None None] Provisioning complete for port 82fe23f7-6857-4840-bc65-a19485da4d95 triggered by entity DHCP. {{(pid=94218) provisioning_complete /opt/stack/neutron/neutron/db/provisioning_blocks.py:139}}
Aug 10 03:06:09.008709 n-d-768851-15 neutron-server[94218]: DEBUG neutron_lib.callbacks.manager [None req-110b10f5-fff2-4efd-8156-2aa5044835da None None] Notify callbacks ['neutron.plugins.ml2.plugin.Ml2Plugin._port_provisioned-3487842'] for port, provisioning_complete {{(pid=94218) _notify_loop /usr/local/lib/python3.8/dist-packages/neutron_lib/callbacks/manager.py:192}}
Aug 10 03:06:09.127695 n-d-768851-15 neutron-server[94216]: DEBUG neutron.plugins.ml2.managers [req-5cbf2dcb-fa5f-4d2d-9212-c5eaebd90ac2 req-0934c895-530c-4020-81f7-3e4ed6a2835e service neutron] Attempting to bind port e5b01164-0f7e-42ae-847e-3604c9c25b11 on host n-h2-768851-15 for vnic_type normal with profile {{(pid=94216) bind_port /opt/stack/neutron/neutron/plugins/ml2/managers.py:790}}
Aug 10 03:06:09.128096 n-d-768851-15 neutron-server[94216]: DEBUG neutron.plugins.ml2.managers [req-5cbf2dcb-fa5f-4d2d-9212-c5eaebd90ac2 req-0934c895-530c-4020-81f7-3e4ed6a2835e service neutron] Attempting to bind port e5b01164-0f7e-42ae-847e-3604c9c25b11 by drivers openvswitch,hyperv on host n-h2-768851-15 at level 0 using segments [{'id': '5cec3dda-c721-477f-9e63-402786bcea8e', 'network_type': 'vlan', 'physical_network': 'physnet1', 'segmentation_id': 574, 'network_id': 'f1b7997e-1a2a-4260-9d7d-b6cf90b8801d'}] {{(pid=94216) _bind_port_level /opt/stack/neutron/neutron/plugins/ml2/managers.py:815}}
Aug 10 03:06:09.128442 n-d-768851-15 neutron-server[94216]: DEBUG neutron.plugins.ml2.drivers.mech_agent [req-5cbf2dcb-fa5f-4d2d-9212-c5eaebd90ac2 req-0934c895-530c-4020-81f7-3e4ed6a2835e service neutron] Attempting to bind port e5b01164-0f7e-42ae-847e-3604c9c25b11 on network f1b7997e-1a2a-4260-9d7d-b6cf90b8801d {{(pid=94216) bind_port /opt/stack/neutron/neutron/plugins/ml2/drivers/mech_agent.py:85}}
Aug 10 03:06:09.236198 n-d-768851-15 neutron-server[94218]: DEBUG neutron_lib.callbacks.manager [None req-110b10f5-fff2-4efd-8156-2aa5044835da None None] Notify callbacks ['neutron.plugins.ml2.plugin.SecurityGroupDbMixin._ensure_default_security_group_handler-3549217'] for port, before_update {{(pid=94218) _notify_loop /usr/local/lib/python3.8/dist-packages/neutron_lib/callbacks/manager.py:192}}
Aug 10 03:06:09.270194 n-d-768851-15 neutron-server[94216]: INFO neutron.wsgi [req-94e25405-457c-43f7-9853-f151dd203346 req-9d081496-4b17-4f7b-98f1-8c9b1db97b1d tempest-DeleteServersAdminTestJSON-1763260748 tempest-DeleteServersAdminTestJSON-1763260748-project] 10.222.0.62 "GET /v2.0/ports?device_id=27ad6276-cada-4a6a-8dea-dd5111e2bd19 HTTP/1.1" status: 200 len: 210 time: 0.1372070
Aug 10 03:06:09.299009 n-d-768851-15 neutron-server[94216]: DEBUG neutron.plugins.ml2.drivers.mech_agent [req-5cbf2dcb-fa5f-4d2d-9212-c5eaebd90ac2 req-0934c895-530c-4020-81f7-3e4ed6a2835e service neutron] Port e5b01164-0f7e-42ae-847e-3604c9c25b11 on network f1b7997e-1a2a-4260-9d7d-b6cf90b8801d not bound, no agent of type Open vSwitch agent registered on host n-h2-768851-15 {{(pid=94216) bind_port /opt/stack/neutron/neutron/plugins/ml2/drivers/mech_agent.py:97}}
Aug 10 03:06:09.299748 n-d-768851-15 neutron-server[94216]: DEBUG neutron.plugins.ml2.drivers.mech_agent [req-5cbf2dcb-fa5f-4d2d-9212-c5eaebd90ac2 req-0934c895-530c-4020-81f7-3e4ed6a2835e service neutron] Attempting to bind port e5b01164-0f7e-42ae-847e-3604c9c25b11 on network f1b7997e-1a2a-4260-9d7d-b6cf90b8801d {{(pid=94216) bind_port /opt/stack/neutron/neutron/plugins/ml2/drivers/mech_agent.py:85}}
Aug 10 03:06:09.313573 n-d-768851-15 neutron-server[94216]: DEBUG neutron.pecan_wsgi.hooks.policy_enforcement [req-1d50c7b9-fae6-4b62-8ff5-818a648ee00b req-8c2bac29-99f1-40e8-94b4-6916bc868f70 tempest-AggregatesAdminTestJSON-1477262782 tempest-AggregatesAdminTestJSON-1477262782-project] Attributes excluded by policy engine: ['standard_attr_id', 'binding:profile', 'binding:host_id', 'binding:vif_type', 'binding:vif_details'] {{(pid=94216) _exclude_attributes_by_policy /opt/stack/neutron/neutron/pecan_wsgi/hooks/policy_enforcement.py:255}}
Aug 10 03:06:09.315758 n-d-768851-15 neutron-server[94216]: INFO neutron.wsgi [req-1d50c7b9-fae6-4b62-8ff5-818a648ee00b req-8c2bac29-99f1-40e8-94b4-6916bc868f70 tempest-AggregatesAdminTestJSON-1477262782 tempest-AggregatesAdminTestJSON-1477262782-project] 10.222.0.62 "GET /v2.0/ports?device_id=1f3a2631-d7b4-40ea-bea5-223ca07235e4 HTTP/1.1" status: 200 len: 970 time: 0.6137450
Aug 10 03:06:09.338083 n-d-768851-15 neutron-server[94216]: DEBUG neutron.plugins.ml2.drivers.mech_agent [req-5cbf2dcb-fa5f-4d2d-9212-c5eaebd90ac2 req-0934c895-530c-4020-81f7-3e4ed6a2835e service neutron] Checking agent: {'id': 'd11b8208-e1cf-4e6e-a364-306a508b0eb0', 'agent_type': 'HyperV agent', 'binary': 'neutron-hyperv-agent', 'topic': 'N/A', 'host': 'n-h2-768851-15', 'admin_state_up': True, 'created_at': datetime.datetime(2021, 8, 10, 3, 3, 26), 'started_at': datetime.datetime(2021, 8, 10, 3, 3, 26), 'heartbeat_timestamp': datetime.datetime(2021, 8, 10, 3, 5, 56), 'description': None, 'resources_synced': None, 'availability_zone': None, 'alive': True, 'configurations': {'vswitch_mappings': {'physnet1$': 'br-data'}}, 'resource_versions': {}} {{(pid=94216) bind_port /opt/stack/neutron/neutron/plugins/ml2/drivers/mech_agent.py:104}}
Aug 10 03:06:09.339257 n-d-768851-15 neutron-server[94216]: DEBUG neutron.plugins.ml2.drivers.mech_agent [req-5cbf2dcb-fa5f-4d2d-9212-c5eaebd90ac2 req-0934c895-530c-4020-81f7-3e4ed6a2835e service neutron] Checking segment: {'id': '5cec3dda-c721-477f-9e63-402786bcea8e', 'network_type': 'vlan', 'physical_network': 'physnet1', 'segmentation_id': 574, 'network_id': 'f1b7997e-1a2a-4260-9d7d-b6cf90b8801d'} for mappings: {'physnet1$': 'br-data'} with network types: ['local', 'flat', 'vlan'] {{(pid=94216) check_segment_for_agent /opt/stack/neutron/neutron/plugins/ml2/drivers/mech_agent.py:352}}
Aug 10 03:06:09.340182 n-d-768851-15 neutron-server[94216]: DEBUG neutron.plugins.ml2.drivers.mech_agent [req-5cbf2dcb-fa5f-4d2d-9212-c5eaebd90ac2 req-0934c895-530c-4020-81f7-3e4ed6a2835e service neutron] Bound using segment: {'id': '5cec3dda-c721-477f-9e63-402786bcea8e', 'network_type': 'vlan', 'physical_network': 'physnet1', 'segmentation_id': 574, 'network_id': 'f1b7997e-1a2a-4260-9d7d-b6cf90b8801d'} {{(pid=94216) bind_port /opt/stack/neutron/neutron/plugins/ml2/drivers/mech_agent.py:114}}
Aug 10 03:06:09.340850 n-d-768851-15 neutron-server[94216]: DEBUG neutron.plugins.ml2.managers [req-5cbf2dcb-fa5f-4d2d-9212-c5eaebd90ac2 req-0934c895-530c-4020-81f7-3e4ed6a2835e service neutron] Bound port: e5b01164-0f7e-42ae-847e-3604c9c25b11, host: n-h2-768851-15, vif_type: hyperv, vif_details: {"connectivity": "legacy", "port_filter": false}, binding_levels: [{'bound_driver': 'hyperv', 'bound_segment': {'id': '5cec3dda-c721-477f-9e63-402786bcea8e', 'network_type': 'vlan', 'physical_network': 'physnet1', 'segmentation_id': 574, 'network_id': 'f1b7997e-1a2a-4260-9d7d-b6cf90b8801d'}}] {{(pid=94216) _bind_port_level /opt/stack/neutron/neutron/plugins/ml2/managers.py:928}}
Aug 10 03:06:09.342001 n-d-768851-15 neutron-server[94216]: DEBUG neutron_lib.callbacks.manager [req-5cbf2dcb-fa5f-4d2d-9212-c5eaebd90ac2 req-0934c895-530c-4020-81f7-3e4ed6a2835e service neutron] Notify callbacks ['neutron.plugins.ml2.plugin.SecurityGroupDbMixin._ensure_default_security_group_handler-3549217'] for port, before_update {{(pid=94216) _notify_loop /usr/local/lib/python3.8/dist-packages/neutron_lib/callbacks/manager.py:192}}
Aug 10 03:06:09.391117 n-d-768851-15 neutron-server[94216]: DEBUG neutron.api.rpc.handlers.resources_rpc [None req-0bf0cc76-e22d-480b-9d9e-0f8cfede72ce admin admin] Pushing event updated for resources: {'Port': ['ID=984e7fe8-41c1-4852-8346-e6b7d984887f,revision_number=1']} {{(pid=94216) push /opt/stack/neutron/neutron/api/rpc/handlers/resources_rpc.py:237}}
Aug 10 03:06:09.391418 n-d-768851-15 neutron-server[94218]: DEBUG neutron.plugins.ml2.db [None req-110b10f5-fff2-4efd-8156-2aa5044835da None None] For port 82fe23f7-6857-4840-bc65-a19485da4d95, host n-d-768851-15, got binding levels [PortBindingLevel(driver='openvswitch',host='n-d-768851-15',level=0,port_id=82fe23f7-6857-4840-bc65-a19485da4d95,segment=NetworkSegment(e5cd4f27-4ef5-404c-b2c2-daf604e0ad37),segment_id=e5cd4f27-4ef5-404c-b2c2-daf604e0ad37)] {{(pid=94218) get_binding_level_objs /opt/stack/neutron/neutron/plugins/ml2/db.py:74}}
Aug 10 03:06:09.399536 n-d-768851-15 neutron-server[94218]: DEBUG neutron_lib.callbacks.manager [None req-110b10f5-fff2-4efd-8156-2aa5044835da None None] Notify callbacks ['neutron.plugins.ml2.plugin.SecurityGroupServerNotifierRpcMixin._notify_sg_on_port_change-3549583', 'neutron.plugins.ml2.ovo_rpc._ObjectChangeHandler.handle_event-142298', 'neutron.api.rpc.agentnotifiers.dhcp_rpc_agent_api.DhcpAgentNotifyAPI._native_event_send_dhcp_notification-3700537', 'neutron.db.l3_db.L3RpcNotifierMixin._notify_gateway_port_ip_changed-8733457243805', 'neutron.db.l3_dvrscheduler_db._notify_l3_agent_port_update-8733456853751', 'neutron.db.l3_hascheduler_db._notify_l3_agent_ha_port_update-8733456854029'] for port, after_update {{(pid=94218) _notify_loop /usr/local/lib/python3.8/dist-packages/neutron_lib/callbacks/manager.py:192}}
Aug 10 03:06:09.492861 n-d-768851-15 neutron-server[94218]: DEBUG neutron.api.rpc.handlers.resources_rpc [None req-110b10f5-fff2-4efd-8156-2aa5044835da None None] Pushing event updated for resources: {'Port': ['ID=82fe23f7-6857-4840-bc65-a19485da4d95,revision_number=3']} {{(pid=94218) push /opt/stack/neutron/neutron/api/rpc/handlers/resources_rpc.py:237}}
Aug 10 03:06:09.511871 n-d-768851-15 neutron-server[94216]: DEBUG neutron.plugins.ml2.db [req-5cbf2dcb-fa5f-4d2d-9212-c5eaebd90ac2 req-0934c895-530c-4020-81f7-3e4ed6a2835e service neutron] For port e5b01164-0f7e-42ae-847e-3604c9c25b11, host n-h2-768851-15, cleared binding levels {{(pid=94216) clear_binding_levels /opt/stack/neutron/neutron/plugins/ml2/db.py:87}}
Aug 10 03:06:09.517503 n-d-768851-15 neutron-server[94216]: DEBUG neutron.plugins.ml2.db [req-5cbf2dcb-fa5f-4d2d-9212-c5eaebd90ac2 req-0934c895-530c-4020-81f7-3e4ed6a2835e service neutron] For port e5b01164-0f7e-42ae-847e-3604c9c25b11, host n-h2-768851-15, set binding levels [PortBindingLevel(driver='hyperv',host='n-h2-768851-15',level=0,port_id=e5b01164-0f7e-42ae-847e-3604c9c25b11,segment=NetworkSegment(5cec3dda-c721-477f-9e63-402786bcea8e),segment_id=5cec3dda-c721-477f-9e63-402786bcea8e)] {{(pid=94216) set_binding_levels /opt/stack/neutron/neutron/plugins/ml2/db.py:59}}
Aug 10 03:06:09.548750 n-d-768851-15 neutron-server[94216]: DEBUG neutron.pecan_wsgi.hooks.policy_enforcement [req-27eb92c6-aee4-49f0-a5ed-973b8aec1f7a req-345dfce6-c9b5-4232-9f0c-e65ee2af9793 tempest-DeleteServersAdminTestJSON-1763260748 tempest-DeleteServersAdminTestJSON-1763260748-project] Attributes excluded by policy engine: ['standard_attr_id', 'vlan_transparent', 'provider:network_type', 'provider:physical_network', 'provider:segmentation_id'] {{(pid=94216) _exclude_attributes_by_policy /opt/stack/neutron/neutron/pecan_wsgi/hooks/policy_enforcement.py:255}}
Aug 10 03:06:09.550296 n-d-768851-15 neutron-server[94216]: INFO neutron.wsgi [req-27eb92c6-aee4-49f0-a5ed-973b8aec1f7a req-345dfce6-c9b5-4232-9f0c-e65ee2af9793 tempest-DeleteServersAdminTestJSON-1763260748 tempest-DeleteServersAdminTestJSON-1763260748-project] 10.222.0.58 "GET /v2.0/networks?shared=True HTTP/1.1" status: 200 len: 769 time: 0.8863492
Aug 10 03:06:09.579424 n-d-768851-15 neutron-server[94216]: DEBUG neutron_lib.callbacks.manager [req-5cbf2dcb-fa5f-4d2d-9212-c5eaebd90ac2 req-0934c895-530c-4020-81f7-3e4ed6a2835e service neutron] Notify callbacks ['neutron.plugins.ml2.plugin.SecurityGroupServerNotifierRpcMixin._notify_sg_on_port_change-3549583', 'neutron.plugins.ml2.ovo_rpc._ObjectChangeHandler.handle_event-142298', 'neutron.api.rpc.agentnotifiers.dhcp_rpc_agent_api.DhcpAgentNotifyAPI._native_event_send_dhcp_notification-3700537', 'neutron.db.l3_db.L3RpcNotifierMixin._notify_gateway_port_ip_changed-8733457243805', 'neutron.db.l3_dvrscheduler_db._notify_l3_agent_port_update-8733456853751', 'neutron.db.l3_hascheduler_db._notify_l3_agent_ha_port_update-8733456854029'] for port, after_update {{(pid=94216) _notify_loop /usr/local/lib/python3.8/dist-packages/neutron_lib/callbacks/manager.py:192}}
Aug 10 03:06:09.632428 n-d-768851-15 neutron-server[94216]: INFO neutron.wsgi [req-1d50c7b9-fae6-4b62-8ff5-818a648ee00b req-a5483add-31f6-4d22-b9e8-3b8a97d6da1b tempest-AggregatesAdminTestJSON-1477262782 tempest-AggregatesAdminTestJSON-1477262782-project] 10.222.0.62 "GET /v2.0/security-groups?id=a097311c-b956-406d-a7f2-0397c749e0b9&fields=id&fields=name HTTP/1.1" status: 200 len: 286 time: 0.2844541
Aug 10 03:06:09.785528 n-d-768851-15 neutron-server[94218]: DEBUG neutron.db.provisioning_blocks [None req-755a510c-2679-44c4-a4b6-4aba1ef859ee None None] Provisioning complete for port 82fe23f7-6857-4840-bc65-a19485da4d95 triggered by entity DHCP. {{(pid=94218) provisioning_complete /opt/stack/neutron/neutron/db/provisioning_blocks.py:139}}
Aug 10 03:06:09.786053 n-d-768851-15 neutron-server[94218]: DEBUG neutron_lib.callbacks.manager [None req-755a510c-2679-44c4-a4b6-4aba1ef859ee None None] Notify callbacks ['neutron.plugins.ml2.plugin.Ml2Plugin._port_provisioned-3487842'] for port, provisioning_complete {{(pid=94218) _notify_loop /usr/local/lib/python3.8/dist-packages/neutron_lib/callbacks/manager.py:192}}
Aug 10 03:06:09.794101 n-d-768851-15 neutron-server[94218]: DEBUG neutron.plugins.ml2.rpc [None req-3bb0fab5-15d5-4036-83f4-4be6048c3524 None None] Device 82fe23f7-6857-4840-bc65-a19485da4d95 up at agent ovs-agent-n-d-768851-15 {{(pid=94218) update_device_up /opt/stack/neutron/neutron/plugins/ml2/rpc.py:296}}
Aug 10 03:06:09.988008 n-d-768851-15 neutron-server[94216]: DEBUG neutron.api.v2.base [req-27eb92c6-aee4-49f0-a5ed-973b8aec1f7a req-61c7bd18-ea01-4089-9cdf-76aaac622393 tempest-DeleteServersAdminTestJSON-1763260748 tempest-DeleteServersAdminTestJSON-1763260748-project] Request body: {'port': {'device_id': '27ad6276-cada-4a6a-8dea-dd5111e2bd19', 'network_id': 'f1b7997e-1a2a-4260-9d7d-b6cf90b8801d', 'admin_state_up': True, 'tenant_id': '17e79e39862148aaa5ac50cf15213a33'}} {{(pid=94216) prepare_request_body /opt/stack/neutron/neutron/api/v2/base.py:729}}
Aug 10 03:06:09.995401 n-d-768851-15 neutron-server[94217]: DEBUG neutron.wsgi [-] (94217) accepted ('10.222.0.62', 34260) {{(pid=94217) server /usr/local/lib/python3.8/dist-packages/eventlet/wsgi.py:982}}
Aug 10 03:06:10.106649 n-d-768851-15 neutron-server[94218]: DEBUG neutron.db.provisioning_blocks [None req-3bb0fab5-15d5-4036-83f4-4be6048c3524 None None] Provisioning complete for port 82fe23f7-6857-4840-bc65-a19485da4d95 triggered by entity L2. {{(pid=94218) provisioning_complete /opt/stack/neutron/neutron/db/provisioning_blocks.py:139}}
Aug 10 03:06:10.107794 n-d-768851-15 neutron-server[94216]: DEBUG neutron_lib.callbacks.manager [None req-0bf0cc76-e22d-480b-9d9e-0f8cfede72ce admin admin] Notify callbacks [] for router_gateway, after_create {{(pid=94216) _notify_loop /usr/local/lib/python3.8/dist-packages/neutron_lib/callbacks/manager.py:192}}
Aug 10 03:06:10.109298 n-d-768851-15 neutron-server[94218]: DEBUG neutron_lib.callbacks.manager [None req-3bb0fab5-15d5-4036-83f4-4be6048c3524 None None] Notify callbacks ['neutron.plugins.ml2.plugin.Ml2Plugin._port_provisioned-3487842'] for port, provisioning_complete {{(pid=94218) _notify_loop /usr/local/lib/python3.8/dist-packages/neutron_lib/callbacks/manager.py:192}}
Aug 10 03:06:10.376947 n-d-768851-15 neutron-server[94217]: DEBUG neutron_lib.callbacks.manager [None req-8ca58c78-b3c7-49ad-9b68-bc9ab27e8d15 admin admin] Notify callbacks [] for security_group, before_create {{(pid=94217) _notify_loop /usr/local/lib/python3.8/dist-packages/neutron_lib/callbacks/manager.py:192}}
Aug 10 03:06:10.743286 n-d-768851-15 neutron-server[94217]: DEBUG neutron_lib.callbacks.manager [None req-8ca58c78-b3c7-49ad-9b68-bc9ab27e8d15 admin admin] Notify callbacks [] for security_group, precommit_create {{(pid=94217) _notify_loop /usr/local/lib/python3.8/dist-packages/neutron_lib/callbacks/manager.py:192}}
Aug 10 03:06:10.754272 n-d-768851-15 neutron-server[94217]: DEBUG neutron_lib.callbacks.manager [None req-8ca58c78-b3c7-49ad-9b68-bc9ab27e8d15 admin admin] Notify callbacks ['neutron.plugins.ml2.ovo_rpc._ObjectChangeHandler.handle_event-492214'] for security_group, after_create {{(pid=94217) _notify_loop /usr/local/lib/python3.8/dist-packages/neutron_lib/callbacks/manager.py:192}}
Aug 10 03:06:10.834201 n-d-768851-15 neutron-server[94216]: DEBUG neutron.pecan_wsgi.hooks.policy_enforcement [req-5cbf2dcb-fa5f-4d2d-9212-c5eaebd90ac2 req-0934c895-530c-4020-81f7-3e4ed6a2835e service neutron] Attributes excluded by policy engine: ['standard_attr_id'] {{(pid=94216) _exclude_attributes_by_policy /opt/stack/neutron/neutron/pecan_wsgi/hooks/policy_enforcement.py:255}}
Aug 10 03:06:10.836180 n-d-768851-15 neutron-server[94216]: DEBUG neutron_lib.callbacks.manager [req-5cbf2dcb-fa5f-4d2d-9212-c5eaebd90ac2 req-0934c895-530c-4020-81f7-3e4ed6a2835e service neutron] Notify callbacks ['neutron.notifiers.nova.Notifier._send_nova_notification-60335', 'neutron.api.rpc.agentnotifiers.dhcp_rpc_agent_api.DhcpAgentNotifyAPI._send_dhcp_notification-3700519'] for port, before_response {{(pid=94216) _notify_loop /usr/local/lib/python3.8/dist-packages/neutron_lib/callbacks/manager.py:192}}
Aug 10 03:06:10.841312 n-d-768851-15 neutron-server[94216]: INFO neutron.wsgi [req-5cbf2dcb-fa5f-4d2d-9212-c5eaebd90ac2 req-0934c895-530c-4020-81f7-3e4ed6a2835e service neutron] 10.222.0.60 "PUT /v2.0/ports/e5b01164-0f7e-42ae-847e-3604c9c25b11 HTTP/1.1" status: 200 len: 1119 time: 5.3180802
Aug 10 03:06:10.851085 n-d-768851-15 neutron-server[94217]: DEBUG neutron.api.rpc.handlers.resources_rpc [None req-8ca58c78-b3c7-49ad-9b68-bc9ab27e8d15 admin admin] Pushing event updated for resources: {'SecurityGroup': ['ID=10be02c3-8a85-4915-ab5a-175fc481641f,revision_number=1']} {{(pid=94217) push /opt/stack/neutron/neutron/api/rpc/handlers/resources_rpc.py:237}}
Aug 10 03:06:10.862683 n-d-768851-15 neutron-server[94217]: INFO neutron.wsgi [None req-8ca58c78-b3c7-49ad-9b68-bc9ab27e8d15 admin admin] 10.222.0.62 "GET /v2.0/security-groups?tenant_id=a431250b043f4e4aaaf68982a8a031e3&name=default HTTP/1.1" status: 200 len: 2979 time: 0.8626540
Aug 10 03:06:10.863505 n-d-768851-15 neutron-server[94217]: DEBUG neutron.wsgi [-] (94217) accepted ('10.222.0.62', 34282) {{(pid=94217) server /usr/local/lib/python3.8/dist-packages/eventlet/wsgi.py:982}}
Aug 10 03:06:10.900571 n-d-768851-15 neutron-server[94216]: DEBUG neutron.notifiers.nova [-] Sending events: [{'name': 'network-changed', 'server_uuid': '1f3a2631-d7b4-40ea-bea5-223ca07235e4', 'tag': 'e5b01164-0f7e-42ae-847e-3604c9c25b11'}] {{(pid=94216) send_events /opt/stack/neutron/neutron/notifiers/nova.py:262}}
Aug 10 03:06:11.025738 n-d-768851-15 neutron-server[94217]: DEBUG neutron_lib.callbacks.manager [None req-adec00ed-beb9-408a-8d09-a80c58d34027 admin admin] Notify callbacks [] for security_group, before_delete {{(pid=94217) _notify_loop /usr/local/lib/python3.8/dist-packages/neutron_lib/callbacks/manager.py:192}}
Aug 10 03:06:11.064433 n-d-768851-15 neutron-server[94217]: DEBUG neutron_lib.callbacks.manager [None req-adec00ed-beb9-408a-8d09-a80c58d34027 admin admin] Notify callbacks [] for security_group, precommit_delete {{(pid=94217) _notify_loop /usr/local/lib/python3.8/dist-packages/neutron_lib/callbacks/manager.py:192}}
Aug 10 03:06:11.102163 n-d-768851-15 neutron-server[94216]: DEBUG neutron.api.rpc.handlers.resources_rpc [None req-0934c895-530c-4020-81f7-3e4ed6a2835e service neutron] Pushing event updated for resources: {'Port': ['ID=e5b01164-0f7e-42ae-847e-3604c9c25b11,revision_number=3']} {{(pid=94216) push /opt/stack/neutron/neutron/api/rpc/handlers/resources_rpc.py:237}}
Aug 10 03:06:11.160092 n-d-768851-15 neutron-server[94217]: DEBUG neutron_lib.callbacks.manager [None req-adec00ed-beb9-408a-8d09-a80c58d34027 admin admin] Notify callbacks ['neutron.plugins.ml2.ovo_rpc._ObjectChangeHandler.handle_event-492214'] for security_group, after_delete {{(pid=94217) _notify_loop /usr/local/lib/python3.8/dist-packages/neutron_lib/callbacks/manager.py:192}}
Aug 10 03:06:11.166606 n-d-768851-15 neutron-server[94217]: DEBUG neutron_lib.callbacks.manager [None req-adec00ed-beb9-408a-8d09-a80c58d34027 admin admin] Notify callbacks [] for security_group, before_response {{(pid=94217) _notify_loop /usr/local/lib/python3.8/dist-packages/neutron_lib/callbacks/manager.py:192}}
Aug 10 03:06:11.170778 n-d-768851-15 neutron-server[94217]: INFO neutron.wsgi [None req-adec00ed-beb9-408a-8d09-a80c58d34027 admin admin] 10.222.0.62 "DELETE /v2.0/security-groups/10be02c3-8a85-4915-ab5a-175fc481641f HTTP/1.1" status: 204 len: 168 time: 0.3058994
Aug 10 03:06:11.184025 n-d-768851-15 neutron-server[94217]: DEBUG neutron.api.rpc.handlers.resources_rpc [None req-adec00ed-beb9-408a-8d09-a80c58d34027 admin admin] Pushing event deleted for resources: {'SecurityGroup': ['ID=10be02c3-8a85-4915-ab5a-175fc481641f,revision_number=None']} {{(pid=94217) push /opt/stack/neutron/neutron/api/rpc/handlers/resources_rpc.py:237}}
Aug 10 03:06:11.349921 n-d-768851-15 neutron-server[94216]: INFO neutron.wsgi [req-2b6a6fe9-911c-4b74-bd5b-2935f040ac48 req-8a1dab53-04aa-4685-a642-1014ce39edcc tempest-DeleteServersAdminTestJSON-1763260748 tempest-DeleteServersAdminTestJSON-1763260748-project] 10.222.0.62 "GET /v2.0/ports?device_id=27ad6276-cada-4a6a-8dea-dd5111e2bd19 HTTP/1.1" status: 200 len: 210 time: 0.5840693
Aug 10 03:06:11.366868 n-d-768851-15 neutron-server[94216]: DEBUG neutron.pecan_wsgi.hooks.quota_enforcement [req-27eb92c6-aee4-49f0-a5ed-973b8aec1f7a req-61c7bd18-ea01-4089-9cdf-76aaac622393 tempest-DeleteServersAdminTestJSON-1763260748 tempest-DeleteServersAdminTestJSON-1763260748-project] Made reservation on behalf of 17e79e39862148aaa5ac50cf15213a33 for: {'port': 1} {{(pid=94216) before /opt/stack/neutron/neutron/pecan_wsgi/hooks/quota_enforcement.py:53}}
Aug 10 03:06:11.374991 n-d-768851-15 neutron-server[94216]: DEBUG neutron_lib.callbacks.manager [req-27eb92c6-aee4-49f0-a5ed-973b8aec1f7a req-61c7bd18-ea01-4089-9cdf-76aaac622393 tempest-DeleteServersAdminTestJSON-1763260748 tempest-DeleteServersAdminTestJSON-1763260748-project] Notify callbacks ['neutron.plugins.ml2.plugin.SecurityGroupDbMixin._ensure_default_security_group_handler-3549217'] for port, before_create {{(pid=94216) _notify_loop /usr/local/lib/python3.8/dist-packages/neutron_lib/callbacks/manager.py:192}}
Aug 10 03:06:11.410979 n-d-768851-15 neutron-server[94216]: DEBUG novaclient.v2.client [-] REQ: curl -g -i --cacert "/opt/stack/data/ca-bundle.pem" -X POST http://10.222.0.62/compute/v2.1/os-server-external-events -H "Accept: application/json" -H "Content-Type: application/json" -H "User-Agent: python-novaclient" -H "X-Auth-Token: {SHA256}f07622fec9be5f5895370eab167739528977152f1624bc03810773660a1cbd1e" -H "X-OpenStack-Nova-API-Version: 2.1" -H "X-OpenStack-Request-ID: req-f6cc2fba-afb4-4f9d-82c9-395f83e761dd" -d '{"events": [{"name": "network-changed", "server_uuid": "1f3a2631-d7b4-40ea-bea5-223ca07235e4", "tag": "e5b01164-0f7e-42ae-847e-3604c9c25b11"}]}' {{(pid=94216) _http_log_request /usr/local/lib/python3.8/dist-packages/keystoneauth1/session.py:519}}
Aug 10 03:06:11.427827 n-d-768851-15 neutron-server[94216]: DEBUG neutron_lib.callbacks.manager [req-27eb92c6-aee4-49f0-a5ed-973b8aec1f7a req-61c7bd18-ea01-4089-9cdf-76aaac622393 tempest-DeleteServersAdminTestJSON-1763260748 tempest-DeleteServersAdminTestJSON-1763260748-project] Notify callbacks [] for security_group, before_create {{(pid=94216) _notify_loop /usr/local/lib/python3.8/dist-packages/neutron_lib/callbacks/manager.py:192}}
Aug 10 03:06:11.488791 n-d-768851-15 neutron-server[94216]: DEBUG neutron.pecan_wsgi.hooks.policy_enforcement [req-45aa0b84-12c5-46ff-99d7-e6819e48ed5f req-fdc1ad7d-9862-4db2-b370-561725e5f9cb tempest-AggregatesAdminTestJSON-1477262782 tempest-AggregatesAdminTestJSON-1477262782-project] Attributes excluded by policy engine: ['standard_attr_id', 'binding:profile', 'binding:host_id', 'binding:vif_type', 'binding:vif_details'] {{(pid=94216) _exclude_attributes_by_policy /opt/stack/neutron/neutron/pecan_wsgi/hooks/policy_enforcement.py:255}}
Aug 10 03:06:11.511002 n-d-768851-15 neutron-server[94216]: INFO neutron.wsgi [req-45aa0b84-12c5-46ff-99d7-e6819e48ed5f req-fdc1ad7d-9862-4db2-b370-561725e5f9cb tempest-AggregatesAdminTestJSON-1477262782 tempest-AggregatesAdminTestJSON-1477262782-project] 10.222.0.62 "GET /v2.0/ports?device_id=1f3a2631-d7b4-40ea-bea5-223ca07235e4 HTTP/1.1" status: 200 len: 970 time: 0.7366292
Aug 10 03:06:11.536964 n-d-768851-15 neutron-server[94216]: DEBUG neutron.pecan_wsgi.hooks.policy_enforcement [req-5cbf2dcb-fa5f-4d2d-9212-c5eaebd90ac2 req-0b96e934-0b7c-448d-93d0-f9520a224603 service neutron] Attributes excluded by policy engine: ['standard_attr_id'] {{(pid=94216) _exclude_attributes_by_policy /opt/stack/neutron/neutron/pecan_wsgi/hooks/policy_enforcement.py:255}}
Aug 10 03:06:11.544765 n-d-768851-15 neutron-server[94216]: INFO neutron.wsgi [req-5cbf2dcb-fa5f-4d2d-9212-c5eaebd90ac2 req-0b96e934-0b7c-448d-93d0-f9520a224603 service neutron] 10.222.0.60 "GET /v2.0/ports?tenant_id=aee6f4b205324256b0c3de2882c15e94&device_id=1f3a2631-d7b4-40ea-bea5-223ca07235e4 HTTP/1.1" status: 200 len: 1122 time: 0.4283910
Aug 10 03:06:11.554284 n-d-768851-15 neutron-server[94219]: DEBUG neutron.db.agents_db [None req-b53756d2-b4a0-4fb7-af1c-e57252279916 None None] Agent healthcheck: found 7 active agents {{(pid=94219) agent_health_check /opt/stack/neutron/neutron/db/agents_db.py:317}}
Aug 10 03:06:11.757058 n-d-768851-15 neutron-server[94216]: INFO neutron.wsgi [req-5cbf2dcb-fa5f-4d2d-9212-c5eaebd90ac2 req-6b33cc6c-6855-4d72-bdf2-4abab48caa17 service neutron] 10.222.0.60 "GET /v2.0/floatingips?fixed_ip_address=192.168.233.120&port_id=e5b01164-0f7e-42ae-847e-3604c9c25b11 HTTP/1.1" status: 200 len: 217 time: 0.1987333
Aug 10 03:06:12.069703 n-d-768851-15 neutron-server[94216]: INFO neutron.wsgi [req-45aa0b84-12c5-46ff-99d7-e6819e48ed5f req-20b37c0d-bc26-4d48-8514-696f0b86ca12 tempest-AggregatesAdminTestJSON-1477262782 tempest-AggregatesAdminTestJSON-1477262782-project] 10.222.0.62 "GET /v2.0/security-groups?id=a097311c-b956-406d-a7f2-0397c749e0b9&fields=id&fields=name HTTP/1.1" status: 200 len: 286 time: 0.5558760
Aug 10 03:06:12.129337 n-d-768851-15 neutron-server[94217]: DEBUG neutron.wsgi [-] (94217) accepted ('10.222.0.62', 34310) {{(pid=94217) server /usr/local/lib/python3.8/dist-packages/eventlet/wsgi.py:982}}
Aug 10 03:06:12.164973 n-d-768851-15 neutron-server[94217]: DEBUG neutron_lib.callbacks.manager [None req-f8a38195-db58-4915-a5b1-209c37592f78 admin admin] Notify callbacks [] for security_group, before_create {{(pid=94217) _notify_loop /usr/local/lib/python3.8/dist-packages/neutron_lib/callbacks/manager.py:192}}
Aug 10 03:06:12.181607 n-d-768851-15 neutron-server[94216]: DEBUG neutron.pecan_wsgi.hooks.policy_enforcement [req-5cbf2dcb-fa5f-4d2d-9212-c5eaebd90ac2 req-896159fa-3d56-4b63-b979-759ff82b92b0 service neutron] Attributes excluded by policy engine: ['standard_attr_id', 'shared'] {{(pid=94216) _exclude_attributes_by_policy /opt/stack/neutron/neutron/pecan_wsgi/hooks/policy_enforcement.py:255}}
Aug 10 03:06:12.183140 n-d-768851-15 neutron-server[94216]: INFO neutron.wsgi [req-5cbf2dcb-fa5f-4d2d-9212-c5eaebd90ac2 req-896159fa-3d56-4b63-b979-759ff82b92b0 service neutron] 10.222.0.60 "GET /v2.0/subnets?id=c2e3eb0b-907c-4ac4-809e-ae9609bc8c67 HTTP/1.1" status: 200 len: 843 time: 0.3320012
Aug 10 03:06:12.272855 n-d-768851-15 neutron-server[94216]: DEBUG neutron_lib.callbacks.manager [None req-0bf0cc76-e22d-480b-9d9e-0f8cfede72ce admin admin] Notify callbacks ['neutron.services.l3_router.l3_router_plugin.L3_HA_NAT_db_mixin._after_router_create-368492', 'neutron.services.l3_router.l3_router_plugin.DVRResourceOperationHandler._create_snat_interfaces_after_change-372455'] for router, after_create {{(pid=94216) _notify_loop /usr/local/lib/python3.8/dist-packages/neutron_lib/callbacks/manager.py:192}}
Aug 10 03:06:12.480962 n-d-768851-15 neutron-server[94216]: DEBUG neutron_lib.callbacks.manager [req-27eb92c6-aee4-49f0-a5ed-973b8aec1f7a req-61c7bd18-ea01-4089-9cdf-76aaac622393 tempest-DeleteServersAdminTestJSON-1763260748 tempest-DeleteServersAdminTestJSON-1763260748-project] Notify callbacks [] for security_group, precommit_create {{(pid=94216) _notify_loop /usr/local/lib/python3.8/dist-packages/neutron_lib/callbacks/manager.py:192}}
Aug 10 03:06:12.545369 n-d-768851-15 neutron-server[94216]: INFO neutron.wsgi [req-e001e202-6d77-4937-8e14-e90685130071 req-a421b743-cfeb-4535-98ed-9f25b019e316 tempest-DeleteServersAdminTestJSON-1763260748 tempest-DeleteServersAdminTestJSON-1763260748-project] 10.222.0.62 "GET /v2.0/ports?device_id=27ad6276-cada-4a6a-8dea-dd5111e2bd19 HTTP/1.1" status: 200 len: 210 time: 0.0366266
Aug 10 03:06:12.549085 n-d-768851-15 neutron-server[94216]: DEBUG neutron_lib.callbacks.manager [req-27eb92c6-aee4-49f0-a5ed-973b8aec1f7a req-61c7bd18-ea01-4089-9cdf-76aaac622393 tempest-DeleteServersAdminTestJSON-1763260748 tempest-DeleteServersAdminTestJSON-1763260748-project] Notify callbacks ['neutron.plugins.ml2.ovo_rpc._ObjectChangeHandler.handle_event-492214'] for security_group, after_create {{(pid=94216) _notify_loop /usr/local/lib/python3.8/dist-packages/neutron_lib/callbacks/manager.py:192}}
Aug 10 03:06:12.661804 n-d-768851-15 neutron-server[94216]: DEBUG neutron.pecan_wsgi.hooks.policy_enforcement [req-5cbf2dcb-fa5f-4d2d-9212-c5eaebd90ac2 req-7f42a502-15be-4416-9b05-c2d1bca52534 service neutron] Attributes excluded by policy engine: ['standard_attr_id'] {{(pid=94216) _exclude_attributes_by_policy /opt/stack/neutron/neutron/pecan_wsgi/hooks/policy_enforcement.py:255}}
Aug 10 03:06:12.684293 n-d-768851-15 neutron-server[94216]: INFO neutron.wsgi [req-5cbf2dcb-fa5f-4d2d-9212-c5eaebd90ac2 req-7f42a502-15be-4416-9b05-c2d1bca52534 service neutron] 10.222.0.60 "GET /v2.0/ports?network_id=f1b7997e-1a2a-4260-9d7d-b6cf90b8801d&device_owner=network%3Adhcp HTTP/1.1" status: 200 len: 1167 time: 0.3127348
Aug 10 03:06:12.734579 n-d-768851-15 neutron-server[94217]: DEBUG neutron_lib.callbacks.manager [None req-f8a38195-db58-4915-a5b1-209c37592f78 admin admin] Notify callbacks [] for security_group, precommit_create {{(pid=94217) _notify_loop /usr/local/lib/python3.8/dist-packages/neutron_lib/callbacks/manager.py:192}}
Aug 10 03:06:12.747612 n-d-768851-15 neutron-server[94217]: DEBUG neutron_lib.callbacks.manager [None req-f8a38195-db58-4915-a5b1-209c37592f78 admin admin] Notify callbacks ['neutron.plugins.ml2.ovo_rpc._ObjectChangeHandler.handle_event-492214'] for security_group, after_create {{(pid=94217) _notify_loop /usr/local/lib/python3.8/dist-packages/neutron_lib/callbacks/manager.py:192}}
Aug 10 03:06:12.796323 n-d-768851-15 neutron-server[94216]: DEBUG neutron.api.rpc.handlers.resources_rpc [None req-61c7bd18-ea01-4089-9cdf-76aaac622393 tempest-DeleteServersAdminTestJSON-1763260748 tempest-DeleteServersAdminTestJSON-1763260748-project] Pushing event updated for resources: {'SecurityGroup': ['ID=e021aac8-1f7c-42ad-a625-ac648d877e3b,revision_number=1']} {{(pid=94216) push /opt/stack/neutron/neutron/api/rpc/handlers/resources_rpc.py:237}}
Aug 10 03:06:12.856395 n-d-768851-15 neutron-server[94217]: INFO neutron.wsgi [None req-f8a38195-db58-4915-a5b1-209c37592f78 admin admin] 10.222.0.62 "GET /v2.0/security-groups?tenant_id=63074f9cb2bc47c4ba7da7cdaaea74f2&name=default HTTP/1.1" status: 200 len: 2979 time: 0.7247279
Aug 10 03:06:12.857568 n-d-768851-15 neutron-server[94217]: DEBUG neutron.api.rpc.handlers.resources_rpc [None req-f8a38195-db58-4915-a5b1-209c37592f78 admin admin] Pushing event updated for resources: {'SecurityGroup': ['ID=eff1266e-d557-4662-b53e-594bebaab5f1,revision_number=1']} {{(pid=94217) push /opt/stack/neutron/neutron/api/rpc/handlers/resources_rpc.py:237}}
Aug 10 03:06:12.882990 n-d-768851-15 neutron-server[94217]: DEBUG neutron.wsgi [-] (94217) accepted ('10.222.0.62', 34330) {{(pid=94217) server /usr/local/lib/python3.8/dist-packages/eventlet/wsgi.py:982}}
Aug 10 03:06:12.983252 n-d-768851-15 neutron-server[94216]: DEBUG novaclient.v2.client [-] RESP: [200] Connection: close Content-Length: 179 Content-Type: application/json Date: Tue, 10 Aug 2021 03:06:11 GMT OpenStack-API-Version: compute 2.1 Server: Apache/2.4.41 (Ubuntu) Vary: OpenStack-API-Version,X-OpenStack-Nova-API-Version X-OpenStack-Nova-API-Version: 2.1 x-compute-request-id: req-c9cf3acf-124f-4e6e-a03d-56b4b4f294db x-openstack-request-id: req-c9cf3acf-124f-4e6e-a03d-56b4b4f294db {{(pid=94216) _http_log_response /usr/local/lib/python3.8/dist-packages/keystoneauth1/session.py:550}}
Aug 10 03:06:12.983649 n-d-768851-15 neutron-server[94216]: DEBUG novaclient.v2.client [-] RESP BODY: {"events": [{"name": "network-changed", "server_uuid": "1f3a2631-d7b4-40ea-bea5-223ca07235e4", "tag": "e5b01164-0f7e-42ae-847e-3604c9c25b11", "status": "completed", "code": 200}]} {{(pid=94216) _http_log_response /usr/local/lib/python3.8/dist-packages/keystoneauth1/session.py:582}}
Aug 10 03:06:12.983911 n-d-768851-15 neutron-server[94216]: DEBUG novaclient.v2.client [-] POST call to compute for http://10.222.0.62/compute/v2.1/os-server-external-events used request id req-c9cf3acf-124f-4e6e-a03d-56b4b4f294db {{(pid=94216) request /usr/local/lib/python3.8/dist-packages/keystoneauth1/session.py:954}}
Aug 10 03:06:12.984871 n-d-768851-15 neutron-server[94216]: INFO neutron.notifiers.nova [-] Nova event response: {'name': 'network-changed', 'server_uuid': '1f3a2631-d7b4-40ea-bea5-223ca07235e4', 'tag': 'e5b01164-0f7e-42ae-847e-3604c9c25b11', 'status': 'completed', 'code': 200}
Aug 10 03:06:13.043629 n-d-768851-15 neutron-server[94217]: DEBUG neutron_lib.callbacks.manager [None req-bb4fed06-4569-415c-b579-07d1146f0903 admin admin] Notify callbacks [] for security_group, before_delete {{(pid=94217) _notify_loop /usr/local/lib/python3.8/dist-packages/neutron_lib/callbacks/manager.py:192}}
Aug 10 03:06:13.129072 n-d-768851-15 neutron-server[94217]: DEBUG neutron_lib.callbacks.manager [None req-bb4fed06-4569-415c-b579-07d1146f0903 admin admin] Notify callbacks [] for security_group, precommit_delete {{(pid=94217) _notify_loop /usr/local/lib/python3.8/dist-packages/neutron_lib/callbacks/manager.py:192}}
Aug 10 03:06:13.140879 n-d-768851-15 neutron-server[94216]: DEBUG neutron.scheduler.l3_agent_scheduler [None req-0bf0cc76-e22d-480b-9d9e-0f8cfede72ce admin admin] Router f751c303-caa1-4305-aaaf-0cd768703c4a is scheduled to L3 agent 913ec746-d5c1-4f5f-8a6e-4b8734e72350 with binding_index 1 {{(pid=94216) bind_router /opt/stack/neutron/neutron/scheduler/l3_agent_scheduler.py:210}}
Aug 10 03:06:13.143374 n-d-768851-15 neutron-server[94216]: DEBUG neutron.db.db_base_plugin_common [req-27eb92c6-aee4-49f0-a5ed-973b8aec1f7a req-61c7bd18-ea01-4089-9cdf-76aaac622393 tempest-DeleteServersAdminTestJSON-1763260748 tempest-DeleteServersAdminTestJSON-1763260748-project] Allocated IP 192.168.233.198 (f1b7997e-1a2a-4260-9d7d-b6cf90b8801d/c2e3eb0b-907c-4ac4-809e-ae9609bc8c67/a0ed0b1a-b974-4653-b9f3-e4ec7d875bc9) {{(pid=94216) _store_ip_allocation /opt/stack/neutron/neutron/db/db_base_plugin_common.py:131}}
Aug 10 03:06:13.196932 n-d-768851-15 neutron-server[94216]: INFO neutron.wsgi [req-5cbf2dcb-fa5f-4d2d-9212-c5eaebd90ac2 req-1dcc30f9-197e-4454-ab3e-7cd881cef75a service neutron] 10.222.0.60 "GET /v2.0/networks/f1b7997e-1a2a-4260-9d7d-b6cf90b8801d?fields=segments HTTP/1.1" status: 200 len: 212 time: 0.4219568
Aug 10 03:06:13.328654 n-d-768851-15 neutron-server[94217]: DEBUG neutron_lib.callbacks.manager [None req-bb4fed06-4569-415c-b579-07d1146f0903 admin admin] Notify callbacks ['neutron.plugins.ml2.ovo_rpc._ObjectChangeHandler.handle_event-492214'] for security_group, after_delete {{(pid=94217) _notify_loop /usr/local/lib/python3.8/dist-packages/neutron_lib/callbacks/manager.py:192}}
Aug 10 03:06:13.332739 n-d-768851-15 neutron-server[94217]: DEBUG neutron_lib.callbacks.manager [None req-bb4fed06-4569-415c-b579-07d1146f0903 admin admin] Notify callbacks [] for security_group, before_response {{(pid=94217) _notify_loop /usr/local/lib/python3.8/dist-packages/neutron_lib/callbacks/manager.py:192}}
Aug 10 03:06:13.334268 n-d-768851-15 neutron-server[94217]: INFO neutron.wsgi [None req-bb4fed06-4569-415c-b579-07d1146f0903 admin admin] 10.222.0.62 "DELETE /v2.0/security-groups/eff1266e-d557-4662-b53e-594bebaab5f1 HTTP/1.1" status: 204 len: 168 time: 0.4502211
Aug 10 03:06:13.375944 n-d-768851-15 neutron-server[94217]: DEBUG neutron.api.rpc.handlers.resources_rpc [None req-bb4fed06-4569-415c-b579-07d1146f0903 admin admin] Pushing event deleted for resources: {'SecurityGroup': ['ID=eff1266e-d557-4662-b53e-594bebaab5f1,revision_number=None']} {{(pid=94217) push /opt/stack/neutron/neutron/api/rpc/handlers/resources_rpc.py:237}}
Aug 10 03:06:13.489226 n-d-768851-15 neutron-server[94216]: DEBUG neutron.api.rpc.agentnotifiers.l3_rpc_agent_api [None req-0bf0cc76-e22d-480b-9d9e-0f8cfede72ce admin admin] Notify agent at l3_agent.n-d-768851-15 the message routers_updated {{(pid=94216) _agent_notification /opt/stack/neutron/neutron/api/rpc/agentnotifiers/l3_rpc_agent_api.py:65}}
Aug 10 03:06:13.504606 n-d-768851-15 neutron-server[94219]: DEBUG neutron.api.rpc.handlers.l3_rpc [None req-4ff2288a-9058-4396-85e9-6e4fb4ac2a0e None None] Sync routers for ids ['f751c303-caa1-4305-aaaf-0cd768703c4a'] in n-d-768851-15 {{(pid=94219) sync_routers /opt/stack/neutron/neutron/api/rpc/handlers/l3_rpc.py:125}}
Aug 10 03:06:13.533650 n-d-768851-15 neutron-server[94219]: DEBUG neutron.db.l3_dvrscheduler_db [None req-4ff2288a-9058-4396-85e9-6e4fb4ac2a0e None None] Routers {'f751c303-caa1-4305-aaaf-0cd768703c4a'} bound to L3 agent in host n-d-768851-15 {{(pid=94219) _get_router_ids_for_agent /opt/stack/neutron/neutron/db/l3_dvrscheduler_db.py:420}}
Aug 10 03:06:13.548876 n-d-768851-15 neutron-server[94219]: DEBUG neutron.db.l3_hamode_db [None req-4ff2288a-9058-4396-85e9-6e4fb4ac2a0e None None] neutron.services.l3_router.l3_router_plugin.L3RouterPlugin method get_ha_sync_data_for_host called with arguments (, 'n-d-768851-15', Agent(admin_state_up=True,agent_type='L3 agent',availability_zone='nova',binary='neutron-l3-agent',configurations={"agent_mode": "legacy", "ex_gw_ports": 2, "extensions": [], "floating_ips": 0, "handle_internal_only_routers": true, "interface_driver": "openvswitch", "interfaces": 1, "log_agent_heartbeats": false, "routers": 2},created_at=2021-08-10T02:55:33Z,description=,heartbeat_timestamp=2021-08-10T03:06:03Z,host='n-d-768851-15',id=913ec746-d5c1-4f5f-8a6e-4b8734e72350,load=0,resource_versions=,resources_synced=,started_at=2021-08-10T02:55:33Z,topic='l3_agent')) {'router_ids': ['f751c303-caa1-4305-aaaf-0cd768703c4a'], 'active': True} {{(pid=94219) wrapper /usr/local/lib/python3.8/dist-packages/oslo_log/helpers.py:65}}
Aug 10 03:06:13.693445 n-d-768851-15 neutron-server[94216]: DEBUG neutron_lib.callbacks.manager [req-27eb92c6-aee4-49f0-a5ed-973b8aec1f7a req-61c7bd18-ea01-4089-9cdf-76aaac622393 tempest-DeleteServersAdminTestJSON-1763260748 tempest-DeleteServersAdminTestJSON-1763260748-project] Notify callbacks [] for port, precommit_create {{(pid=94216) _notify_loop /usr/local/lib/python3.8/dist-packages/neutron_lib/callbacks/manager.py:192}}
