Aug 10 03:06:34.953927 n-d-768851-15 neutron-server[94218]: DEBUG neutron.api.rpc.handlers.resources_rpc [None req-0e14f2ba-5724-4c3b-b397-b582efa25512 None None] Pushing event updated for resources: {'Port': ['ID=a79e3712-2404-43b6-97ce-5281c1b9e2e7,revision_number=4']} {{(pid=94218) push /opt/stack/neutron/neutron/api/rpc/handlers/resources_rpc.py:237}}
Aug 10 03:06:35.134266 n-d-768851-15 neutron-server[94218]: DEBUG neutron.plugins.ml2.db [None req-0e14f2ba-5724-4c3b-b397-b582efa25512 None None] get_ports_and_sgs() called for port_ids ['a79e3712-2404-43b6-97ce-5281c1b9e2e7'] {{(pid=94218) get_ports_and_sgs /opt/stack/neutron/neutron/plugins/ml2/db.py:156}}
Aug 10 03:06:35.264010 n-d-768851-15 neutron-server[94216]: DEBUG neutron.pecan_wsgi.hooks.policy_enforcement [req-db1c2684-bb34-447d-a895-39697468423e req-dc9ac201-7c37-4272-841a-7f1e4e53ebeb tempest-ServersAdminNegativeTestJSON-1122854708 tempest-ServersAdminNegativeTestJSON-1122854708-project] Attributes excluded by policy engine: ['standard_attr_id', 'binding:profile', 'binding:host_id', 'binding:vif_type', 'binding:vif_details'] {{(pid=94216) _exclude_attributes_by_policy /opt/stack/neutron/neutron/pecan_wsgi/hooks/policy_enforcement.py:255}}
Aug 10 03:06:35.265535 n-d-768851-15 neutron-server[94216]: INFO neutron.wsgi [req-db1c2684-bb34-447d-a895-39697468423e req-dc9ac201-7c37-4272-841a-7f1e4e53ebeb tempest-ServersAdminNegativeTestJSON-1122854708 tempest-ServersAdminNegativeTestJSON-1122854708-project] 10.222.0.62 "GET /v2.0/ports?device_id=f520629b-cd0f-4559-929c-ba394ab739e1 HTTP/1.1" status: 200 len: 969 time: 0.0870612
Aug 10 03:06:35.279728 n-d-768851-15 neutron-server[94216]: DEBUG neutron.pecan_wsgi.hooks.policy_enforcement [req-76c281b4-278d-4a53-8e93-a800b87558fe req-e79faa7f-f6a3-48ae-8b3d-fd80b08e807a tempest-MigrationsAdminTest-1103047502 tempest-MigrationsAdminTest-1103047502-project] Attributes excluded by policy engine: ['standard_attr_id', 'binding:profile', 'binding:host_id', 'binding:vif_type', 'binding:vif_details'] {{(pid=94216) _exclude_attributes_by_policy /opt/stack/neutron/neutron/pecan_wsgi/hooks/policy_enforcement.py:255}}
Aug 10 03:06:35.281468 n-d-768851-15 neutron-server[94216]: INFO neutron.wsgi [req-76c281b4-278d-4a53-8e93-a800b87558fe req-e79faa7f-f6a3-48ae-8b3d-fd80b08e807a tempest-MigrationsAdminTest-1103047502 tempest-MigrationsAdminTest-1103047502-project] 10.222.0.62 "GET /v2.0/ports?device_id=9418c9e4-ef93-4ce8-8169-a62e4fbadd70 HTTP/1.1" status: 200 len: 949 time: 0.0919063
Aug 10 03:06:35.333577 n-d-768851-15 neutron-server[94216]: INFO neutron.wsgi [req-db1c2684-bb34-447d-a895-39697468423e req-ae946048-7149-4992-b3dc-dd8f535327de tempest-ServersAdminNegativeTestJSON-1122854708 tempest-ServersAdminNegativeTestJSON-1122854708-project] 10.222.0.62 "GET /v2.0/security-groups?id=6be0dafb-e04d-4c06-aa76-00284a9aef57&fields=id&fields=name HTTP/1.1" status: 200 len: 286 time: 0.0509381
Aug 10 03:06:35.341169 n-d-768851-15 neutron-server[94216]: INFO neutron.wsgi [req-76c281b4-278d-4a53-8e93-a800b87558fe req-be841ec5-16ea-4815-b8ec-d30c7ac70646 tempest-MigrationsAdminTest-1103047502 tempest-MigrationsAdminTest-1103047502-project] 10.222.0.62 "GET /v2.0/security-groups?id=1a49a021-9207-477f-8dea-4f5b47297f3f&fields=id&fields=name HTTP/1.1" status: 200 len: 286 time: 0.0510845
Aug 10 03:06:35.495427 n-d-768851-15 neutron-server[94216]: DEBUG neutron.pecan_wsgi.hooks.policy_enforcement [req-2a0f3144-1c8b-43ad-95bb-ad925abe258c req-73c84450-8482-4208-b9cf-71fb5060f31c tempest-DeleteServersAdminTestJSON-1763260748 tempest-DeleteServersAdminTestJSON-1763260748-project] Attributes excluded by policy engine: ['standard_attr_id', 'binding:profile', 'binding:host_id', 'binding:vif_type', 'binding:vif_details'] {{(pid=94216) _exclude_attributes_by_policy /opt/stack/neutron/neutron/pecan_wsgi/hooks/policy_enforcement.py:255}}
Aug 10 03:06:35.497460 n-d-768851-15 neutron-server[94216]: INFO neutron.wsgi [req-2a0f3144-1c8b-43ad-95bb-ad925abe258c req-73c84450-8482-4208-b9cf-71fb5060f31c tempest-DeleteServersAdminTestJSON-1763260748 tempest-DeleteServersAdminTestJSON-1763260748-project] 10.222.0.62 "GET /v2.0/ports?device_id=27ad6276-cada-4a6a-8dea-dd5111e2bd19 HTTP/1.1" status: 200 len: 950 time: 0.0558472
Aug 10 03:06:35.545815 n-d-768851-15 neutron-server[94216]: INFO neutron.wsgi [req-2a0f3144-1c8b-43ad-95bb-ad925abe258c req-dd369ab7-a25f-4efd-a425-73ec7ad41531 tempest-DeleteServersAdminTestJSON-1763260748 tempest-DeleteServersAdminTestJSON-1763260748-project] 10.222.0.62 "GET /v2.0/security-groups?id=e021aac8-1f7c-42ad-a625-ac648d877e3b&fields=id&fields=name HTTP/1.1" status: 200 len: 286 time: 0.0416024
Aug 10 03:06:35.668873 n-d-768851-15 neutron-server[94216]: DEBUG neutron.pecan_wsgi.hooks.policy_enforcement [req-a50abd04-8888-4ef8-8449-bdd61f9d2b15 req-386bdee8-0f17-489b-8d4e-c59db51e9af2 tempest-MigrationsAdminTest-1494023788 tempest-MigrationsAdminTest-1494023788-project-admin] Attributes excluded by policy engine: ['standard_attr_id'] {{(pid=94216) _exclude_attributes_by_policy /opt/stack/neutron/neutron/pecan_wsgi/hooks/policy_enforcement.py:255}}
Aug 10 03:06:35.671243 n-d-768851-15 neutron-server[94216]: INFO neutron.wsgi [req-a50abd04-8888-4ef8-8449-bdd61f9d2b15 req-386bdee8-0f17-489b-8d4e-c59db51e9af2 tempest-MigrationsAdminTest-1494023788 tempest-MigrationsAdminTest-1494023788-project-admin] 10.222.0.62 "GET /v2.0/ports?device_id=9418c9e4-ef93-4ce8-8169-a62e4fbadd70 HTTP/1.1" status: 200 len: 1101 time: 0.0447593
Aug 10 03:06:35.691672 n-d-768851-15 neutron-server[94216]: DEBUG neutron_lib.callbacks.manager [req-a50abd04-8888-4ef8-8449-bdd61f9d2b15 req-6a6bd3c1-b8a2-4bdf-9c3b-a00ec7893f81 tempest-MigrationsAdminTest-1494023788 tempest-MigrationsAdminTest-1494023788-project-admin] Notify callbacks [] for security_group, before_create {{(pid=94216) _notify_loop /usr/local/lib/python3.8/dist-packages/neutron_lib/callbacks/manager.py:192}}
Aug 10 03:06:35.717014 n-d-768851-15 neutron-server[94217]: DEBUG neutron.wsgi [-] (94217) accepted ('10.222.0.62', 34932) {{(pid=94217) server /usr/local/lib/python3.8/dist-packages/eventlet/wsgi.py:982}}
Aug 10 03:06:35.782008 n-d-768851-15 neutron-server[94218]: DEBUG neutron_lib.callbacks.manager [None req-c86efcf6-ef1e-463d-b4bd-32e8ee2a5b9c None None] Notify callbacks ['neutron.services.segments.db._update_segment_host_mapping_for_agent-8733457363716', 'neutron.plugins.ml2.plugin.Ml2Plugin._retry_binding_revived_agents-3487889'] for agent, after_update {{(pid=94218) _notify_loop /usr/local/lib/python3.8/dist-packages/neutron_lib/callbacks/manager.py:192}}
Aug 10 03:06:35.839676 n-d-768851-15 neutron-server[94217]: DEBUG neutron_lib.callbacks.manager [None req-a1cf3eec-856f-41a2-8d10-e6a791db2dda admin admin] Notify callbacks [] for security_group, before_create {{(pid=94217) _notify_loop /usr/local/lib/python3.8/dist-packages/neutron_lib/callbacks/manager.py:192}}
Aug 10 03:06:35.839901 n-d-768851-15 neutron-server[94216]: DEBUG neutron_lib.callbacks.manager [req-a50abd04-8888-4ef8-8449-bdd61f9d2b15 req-6a6bd3c1-b8a2-4bdf-9c3b-a00ec7893f81 tempest-MigrationsAdminTest-1494023788 tempest-MigrationsAdminTest-1494023788-project-admin] Notify callbacks [] for security_group, precommit_create {{(pid=94216) _notify_loop /usr/local/lib/python3.8/dist-packages/neutron_lib/callbacks/manager.py:192}}
Aug 10 03:06:35.845540 n-d-768851-15 neutron-server[94216]: DEBUG neutron_lib.callbacks.manager [req-a50abd04-8888-4ef8-8449-bdd61f9d2b15 req-6a6bd3c1-b8a2-4bdf-9c3b-a00ec7893f81 tempest-MigrationsAdminTest-1494023788 tempest-MigrationsAdminTest-1494023788-project-admin] Notify callbacks ['neutron.plugins.ml2.ovo_rpc._ObjectChangeHandler.handle_event-492214'] for security_group, after_create {{(pid=94216) _notify_loop /usr/local/lib/python3.8/dist-packages/neutron_lib/callbacks/manager.py:192}}
Aug 10 03:06:35.857615 n-d-768851-15 neutron-server[94216]: DEBUG neutron.pecan_wsgi.hooks.policy_enforcement [req-3a811c56-6fe6-4859-8af5-844139128ca8 req-8b337f1d-1f10-40b8-b76d-2f82d656fba0 tempest-LiveAutoBlockMigrationV225Test-639687338 tempest-LiveAutoBlockMigrationV225Test-639687338-project] Attributes excluded by policy engine: ['standard_attr_id', 'binding:profile', 'binding:host_id', 'binding:vif_type', 'binding:vif_details'] {{(pid=94216) _exclude_attributes_by_policy /opt/stack/neutron/neutron/pecan_wsgi/hooks/policy_enforcement.py:255}}
Aug 10 03:06:35.859262 n-d-768851-15 neutron-server[94216]: INFO neutron.wsgi [req-3a811c56-6fe6-4859-8af5-844139128ca8 req-8b337f1d-1f10-40b8-b76d-2f82d656fba0 tempest-LiveAutoBlockMigrationV225Test-639687338 tempest-LiveAutoBlockMigrationV225Test-639687338-project] 10.222.0.62 "GET /v2.0/ports?device_id=5f210c3c-37b1-4313-b640-deb8332cbd55 HTTP/1.1" status: 200 len: 965 time: 0.0764236
Aug 10 03:06:35.886528 n-d-768851-15 neutron-server[94216]: INFO neutron.wsgi [req-a50abd04-8888-4ef8-8449-bdd61f9d2b15 req-6a6bd3c1-b8a2-4bdf-9c3b-a00ec7893f81 tempest-MigrationsAdminTest-1494023788 tempest-MigrationsAdminTest-1494023788-project-admin] 10.222.0.62 "GET /v2.0/security-groups?id=1a49a021-9207-477f-8dea-4f5b47297f3f&fields=id&fields=name HTTP/1.1" status: 200 len: 286 time: 0.2076826
Aug 10 03:06:35.909019 n-d-768851-15 neutron-server[94216]: DEBUG neutron.api.rpc.handlers.resources_rpc [None req-6a6bd3c1-b8a2-4bdf-9c3b-a00ec7893f81 tempest-MigrationsAdminTest-1494023788 tempest-MigrationsAdminTest-1494023788-project-admin] Pushing event updated for resources: {'SecurityGroup': ['ID=4ae4c7de-cbbc-42ef-b9ba-3efaedf9b590,revision_number=1']} {{(pid=94216) push /opt/stack/neutron/neutron/api/rpc/handlers/resources_rpc.py:237}}
Aug 10 03:06:35.945696 n-d-768851-15 neutron-server[94216]: INFO neutron.wsgi [req-3a811c56-6fe6-4859-8af5-844139128ca8 req-9edd5899-1d0e-4719-8935-fa7da59e1429 tempest-LiveAutoBlockMigrationV225Test-639687338 tempest-LiveAutoBlockMigrationV225Test-639687338-project] 10.222.0.62 "GET /v2.0/security-groups?id=8b9f6195-a9c4-41e7-a50b-8bf5830b5e14&fields=id&fields=name HTTP/1.1" status: 200 len: 286 time: 0.0703351
Aug 10 03:06:35.959496 n-d-768851-15 neutron-server[94217]: DEBUG neutron_lib.callbacks.manager [None req-a1cf3eec-856f-41a2-8d10-e6a791db2dda admin admin] Notify callbacks [] for security_group, precommit_create {{(pid=94217) _notify_loop /usr/local/lib/python3.8/dist-packages/neutron_lib/callbacks/manager.py:192}}
Aug 10 03:06:35.966188 n-d-768851-15 neutron-server[94217]: DEBUG neutron_lib.callbacks.manager [None req-a1cf3eec-856f-41a2-8d10-e6a791db2dda admin admin] Notify callbacks ['neutron.plugins.ml2.ovo_rpc._ObjectChangeHandler.handle_event-492214'] for security_group, after_create {{(pid=94217) _notify_loop /usr/local/lib/python3.8/dist-packages/neutron_lib/callbacks/manager.py:192}}
Aug 10 03:06:36.010838 n-d-768851-15 neutron-server[94217]: INFO neutron.wsgi [None req-a1cf3eec-856f-41a2-8d10-e6a791db2dda admin admin] 10.222.0.62 "GET /v2.0/security-groups?tenant_id=6ed7907c8f7744fc998d37ac9104045d&name=default HTTP/1.1" status: 200 len: 2979 time: 0.2924433
Aug 10 03:06:36.013420 n-d-768851-15 neutron-server[94217]: DEBUG neutron.api.rpc.handlers.resources_rpc [None req-a1cf3eec-856f-41a2-8d10-e6a791db2dda admin admin] Pushing event updated for resources: {'SecurityGroup': ['ID=76eaefba-a189-4043-9414-d4df9a2bd0a8,revision_number=1']} {{(pid=94217) push /opt/stack/neutron/neutron/api/rpc/handlers/resources_rpc.py:237}}
Aug 10 03:06:36.016466 n-d-768851-15 neutron-server[94216]: DEBUG neutron.wsgi [-] (94216) accepted ('10.222.0.62', 34942) {{(pid=94216) server /usr/local/lib/python3.8/dist-packages/eventlet/wsgi.py:982}}
Aug 10 03:06:36.055661 n-d-768851-15 neutron-server[94216]: DEBUG neutron.pecan_wsgi.hooks.policy_enforcement [req-798d5b5f-e365-45db-8af2-cb085f20f21d req-34af36e7-b052-4ae2-92e8-bad00f2623a0 tempest-ServersWithSpecificFlavorTestJSON-615565373 tempest-ServersWithSpecificFlavorTestJSON-615565373-project] Attributes excluded by policy engine: ['standard_attr_id', 'binding:profile', 'binding:host_id', 'binding:vif_type', 'binding:vif_details'] {{(pid=94216) _exclude_attributes_by_policy /opt/stack/neutron/neutron/pecan_wsgi/hooks/policy_enforcement.py:255}}
Aug 10 03:06:36.057195 n-d-768851-15 neutron-server[94216]: INFO neutron.wsgi [req-798d5b5f-e365-45db-8af2-cb085f20f21d req-34af36e7-b052-4ae2-92e8-bad00f2623a0 tempest-ServersWithSpecificFlavorTestJSON-615565373 tempest-ServersWithSpecificFlavorTestJSON-615565373-project] 10.222.0.62 "GET /v2.0/ports?device_id=664a6ce4-88cb-43d5-8355-6fbcdabb7a73 HTTP/1.1" status: 200 len: 943 time: 0.0834577
Aug 10 03:06:36.110969 n-d-768851-15 neutron-server[94216]: INFO neutron.wsgi [req-798d5b5f-e365-45db-8af2-cb085f20f21d req-3b06e374-2ca1-4bbd-84c3-3ab5e37b3e33 tempest-ServersWithSpecificFlavorTestJSON-615565373 tempest-ServersWithSpecificFlavorTestJSON-615565373-project] 10.222.0.62 "GET /v2.0/security-groups?id=3640a20a-f833-4208-a5e8-4377bcabf26a&fields=id&fields=name HTTP/1.1" status: 200 len: 312 time: 0.0437229
Aug 10 03:06:36.116333 n-d-768851-15 neutron-server[94216]: DEBUG neutron_lib.callbacks.manager [None req-f184d4c7-0538-40bc-ac0f-152475bb8869 admin admin] Notify callbacks [] for security_group, before_delete {{(pid=94216) _notify_loop /usr/local/lib/python3.8/dist-packages/neutron_lib/callbacks/manager.py:192}}
Aug 10 03:06:36.142238 n-d-768851-15 neutron-server[94216]: DEBUG neutron_lib.callbacks.manager [None req-f184d4c7-0538-40bc-ac0f-152475bb8869 admin admin] Notify callbacks [] for security_group, precommit_delete {{(pid=94216) _notify_loop /usr/local/lib/python3.8/dist-packages/neutron_lib/callbacks/manager.py:192}}
Aug 10 03:06:36.209959 n-d-768851-15 neutron-server[94216]: DEBUG neutron_lib.callbacks.manager [None req-f184d4c7-0538-40bc-ac0f-152475bb8869 admin admin] Notify callbacks ['neutron.plugins.ml2.ovo_rpc._ObjectChangeHandler.handle_event-492214'] for security_group, after_delete {{(pid=94216) _notify_loop /usr/local/lib/python3.8/dist-packages/neutron_lib/callbacks/manager.py:192}}
Aug 10 03:06:36.212665 n-d-768851-15 neutron-server[94216]: DEBUG neutron_lib.callbacks.manager [None req-f184d4c7-0538-40bc-ac0f-152475bb8869 admin admin] Notify callbacks [] for security_group, before_response {{(pid=94216) _notify_loop /usr/local/lib/python3.8/dist-packages/neutron_lib/callbacks/manager.py:192}}
Aug 10 03:06:36.213825 n-d-768851-15 neutron-server[94216]: INFO neutron.wsgi [None req-f184d4c7-0538-40bc-ac0f-152475bb8869 admin admin] 10.222.0.62 "DELETE /v2.0/security-groups/76eaefba-a189-4043-9414-d4df9a2bd0a8 HTTP/1.1" status: 204 len: 168 time: 0.1962137
Aug 10 03:06:36.223234 n-d-768851-15 neutron-server[94216]: DEBUG neutron.api.rpc.handlers.resources_rpc [None req-f184d4c7-0538-40bc-ac0f-152475bb8869 admin admin] Pushing event deleted for resources: {'SecurityGroup': ['ID=76eaefba-a189-4043-9414-d4df9a2bd0a8,revision_number=None']} {{(pid=94216) push /opt/stack/neutron/neutron/api/rpc/handlers/resources_rpc.py:237}}
Aug 10 03:06:36.556903 n-d-768851-15 neutron-server[94216]: DEBUG neutron.pecan_wsgi.hooks.policy_enforcement [req-a265bd0d-b356-4c63-8528-3590d069e9b5 req-3bc37020-b3e4-4359-8ca6-22f48ee49e48 tempest-ServersAdminNegativeTestJSON-1122854708 tempest-ServersAdminNegativeTestJSON-1122854708-project] Attributes excluded by policy engine: ['standard_attr_id', 'binding:profile', 'binding:host_id', 'binding:vif_type', 'binding:vif_details'] {{(pid=94216) _exclude_attributes_by_policy /opt/stack/neutron/neutron/pecan_wsgi/hooks/policy_enforcement.py:255}}
Aug 10 03:06:36.558697 n-d-768851-15 neutron-server[94216]: INFO neutron.wsgi [req-a265bd0d-b356-4c63-8528-3590d069e9b5 req-3bc37020-b3e4-4359-8ca6-22f48ee49e48 tempest-ServersAdminNegativeTestJSON-1122854708 tempest-ServersAdminNegativeTestJSON-1122854708-project] 10.222.0.62 "GET /v2.0/ports?device_id=f520629b-cd0f-4559-929c-ba394ab739e1 HTTP/1.1" status: 200 len: 969 time: 0.0808463
Aug 10 03:06:36.561920 n-d-768851-15 neutron-server[94216]: DEBUG neutron.pecan_wsgi.hooks.policy_enforcement [req-1edc75d3-7124-4a35-b016-58ed26b65f65 req-2eafe456-dc53-4463-acfa-f6fcbc2fbf6a tempest-DeleteServersAdminTestJSON-1501922999 tempest-DeleteServersAdminTestJSON-1501922999-project-admin] Attributes excluded by policy engine: ['standard_attr_id'] {{(pid=94216) _exclude_attributes_by_policy /opt/stack/neutron/neutron/pecan_wsgi/hooks/policy_enforcement.py:255}}
Aug 10 03:06:36.563717 n-d-768851-15 neutron-server[94216]: INFO neutron.wsgi [req-1edc75d3-7124-4a35-b016-58ed26b65f65 req-2eafe456-dc53-4463-acfa-f6fcbc2fbf6a tempest-DeleteServersAdminTestJSON-1501922999 tempest-DeleteServersAdminTestJSON-1501922999-project-admin] 10.222.0.58 "GET /v2.0/ports?device_id=27ad6276-cada-4a6a-8dea-dd5111e2bd19 HTTP/1.1" status: 200 len: 1102 time: 0.0747068
Aug 10 03:06:36.632624 n-d-768851-15 neutron-server[94217]: DEBUG neutron.wsgi [-] (94217) accepted ('10.222.0.62', 34974) {{(pid=94217) server /usr/local/lib/python3.8/dist-packages/eventlet/wsgi.py:982}}
Aug 10 03:06:36.647499 n-d-768851-15 neutron-server[94216]: INFO neutron.wsgi [req-a265bd0d-b356-4c63-8528-3590d069e9b5 req-77620a8e-c457-4474-a0ae-3f97755878b0 tempest-ServersAdminNegativeTestJSON-1122854708 tempest-ServersAdminNegativeTestJSON-1122854708-project] 10.222.0.62 "GET /v2.0/security-groups?id=6be0dafb-e04d-4c06-aa76-00284a9aef57&fields=id&fields=name HTTP/1.1" status: 200 len: 286 time: 0.0800765
Aug 10 03:06:36.649174 n-d-768851-15 neutron-server[94217]: DEBUG neutron_lib.callbacks.manager [None req-4282c105-a447-4f74-8b6d-ed97c65185c2 admin admin] Notify callbacks [] for security_group, before_create {{(pid=94217) _notify_loop /usr/local/lib/python3.8/dist-packages/neutron_lib/callbacks/manager.py:192}}
Aug 10 03:06:36.674672 n-d-768851-15 neutron-server[94218]: DEBUG neutron.plugins.ml2.rpc [None req-0e14f2ba-5724-4c3b-b397-b582efa25512 None None] Device dda454e8-e875-42e2-9540-224304669743 details requested by agent hyperv_n-h2-768851-15 with host n-h2-768851-15 {{(pid=94218) get_device_details /opt/stack/neutron/neutron/plugins/ml2/rpc.py:102}}
Aug 10 03:06:36.704340 n-d-768851-15 neutron-server[94216]: DEBUG neutron.plugins.ml2.plugin [req-1edc75d3-7124-4a35-b016-58ed26b65f65 req-d17b5942-465c-43f9-b06d-86a993126c17 tempest-DeleteServersAdminTestJSON-1501922999 tempest-DeleteServersAdminTestJSON-1501922999-project-admin] Deleting port a0ed0b1a-b974-4653-b9f3-e4ec7d875bc9 {{(pid=94216) _pre_delete_port /opt/stack/neutron/neutron/plugins/ml2/plugin.py:1919}}
Aug 10 03:06:36.705782 n-d-768851-15 neutron-server[94216]: DEBUG neutron_lib.callbacks.manager [req-1edc75d3-7124-4a35-b016-58ed26b65f65 req-d17b5942-465c-43f9-b06d-86a993126c17 tempest-DeleteServersAdminTestJSON-1501922999 tempest-DeleteServersAdminTestJSON-1501922999-project-admin] Notify callbacks ['neutron.db.l3_db.L3_NAT_dbonly_mixin._prevent_l3_port_delete_callback-8733457237297'] for port, before_delete {{(pid=94216) _notify_loop /usr/local/lib/python3.8/dist-packages/neutron_lib/callbacks/manager.py:192}}
Aug 10 03:06:36.718649 n-d-768851-15 neutron-server[94218]: DEBUG neutron.plugins.ml2.rpc [None req-0e14f2ba-5724-4c3b-b397-b582efa25512 None None] Device a79e3712-2404-43b6-97ce-5281c1b9e2e7 up at agent hyperv_n-h2-768851-15 {{(pid=94218) update_device_up /opt/stack/neutron/neutron/plugins/ml2/rpc.py:296}}
Aug 10 03:06:36.808733 n-d-768851-15 neutron-server[94217]: DEBUG neutron_lib.callbacks.manager [None req-4282c105-a447-4f74-8b6d-ed97c65185c2 admin admin] Notify callbacks [] for security_group, precommit_create {{(pid=94217) _notify_loop /usr/local/lib/python3.8/dist-packages/neutron_lib/callbacks/manager.py:192}}
Aug 10 03:06:36.821329 n-d-768851-15 neutron-server[94217]: DEBUG neutron_lib.callbacks.manager [None req-4282c105-a447-4f74-8b6d-ed97c65185c2 admin admin] Notify callbacks ['neutron.plugins.ml2.ovo_rpc._ObjectChangeHandler.handle_event-492214'] for security_group, after_create {{(pid=94217) _notify_loop /usr/local/lib/python3.8/dist-packages/neutron_lib/callbacks/manager.py:192}}
Aug 10 03:06:36.874185 n-d-768851-15 neutron-server[94217]: DEBUG neutron.api.rpc.handlers.resources_rpc [None req-4282c105-a447-4f74-8b6d-ed97c65185c2 admin admin] Pushing event updated for resources: {'SecurityGroup': ['ID=030795ed-3459-4888-a3cc-b3e4983b0e1c,revision_number=1']} {{(pid=94217) push /opt/stack/neutron/neutron/api/rpc/handlers/resources_rpc.py:237}}
Aug 10 03:06:36.877608 n-d-768851-15 neutron-server[94218]: DEBUG neutron.db.provisioning_blocks [None req-0e14f2ba-5724-4c3b-b397-b582efa25512 None None] Provisioning for port a79e3712-2404-43b6-97ce-5281c1b9e2e7 completed by entity L2. {{(pid=94218) provisioning_complete /opt/stack/neutron/neutron/db/provisioning_blocks.py:133}}
Aug 10 03:06:36.881437 n-d-768851-15 neutron-server[94218]: DEBUG neutron.plugins.ml2.db [None req-0e14f2ba-5724-4c3b-b397-b582efa25512 None None] For port dda454e8-e875-42e2-9540-224304669743, host n-h2-768851-15, got binding levels [PortBindingLevel(driver='hyperv',host='n-h2-768851-15',level=0,port_id=dda454e8-e875-42e2-9540-224304669743,segment=NetworkSegment(837bbb8d-e72f-44c2-893c-c4df3456bfd0),segment_id=837bbb8d-e72f-44c2-893c-c4df3456bfd0)] {{(pid=94218) get_binding_level_objs /opt/stack/neutron/neutron/plugins/ml2/db.py:74}}
Aug 10 03:06:36.896182 n-d-768851-15 neutron-server[94218]: DEBUG neutron.db.provisioning_blocks [None req-0e14f2ba-5724-4c3b-b397-b582efa25512 None None] Provisioning complete for port a79e3712-2404-43b6-97ce-5281c1b9e2e7 triggered by entity L2. {{(pid=94218) provisioning_complete /opt/stack/neutron/neutron/db/provisioning_blocks.py:139}}
Aug 10 03:06:36.896826 n-d-768851-15 neutron-server[94218]: DEBUG neutron_lib.callbacks.manager [None req-0e14f2ba-5724-4c3b-b397-b582efa25512 None None] Notify callbacks ['neutron.plugins.ml2.plugin.Ml2Plugin._port_provisioned-3487842'] for port, provisioning_complete {{(pid=94218) _notify_loop /usr/local/lib/python3.8/dist-packages/neutron_lib/callbacks/manager.py:192}}
Aug 10 03:06:36.899124 n-d-768851-15 neutron-server[94217]: INFO neutron.wsgi [None req-4282c105-a447-4f74-8b6d-ed97c65185c2 admin admin] 10.222.0.62 "GET /v2.0/security-groups?tenant_id=871ce00e5b07458da578e297e49dfbaa&name=default HTTP/1.1" status: 200 len: 2979 time: 0.2650142
Aug 10 03:06:36.903442 n-d-768851-15 neutron-server[94217]: DEBUG neutron.wsgi [-] (94217) accepted ('10.222.0.62', 34986) {{(pid=94217) server /usr/local/lib/python3.8/dist-packages/eventlet/wsgi.py:982}}
Aug 10 03:06:36.925077 n-d-768851-15 neutron-server[94218]: DEBUG neutron.plugins.ml2.rpc [None req-0e14f2ba-5724-4c3b-b397-b582efa25512 None None] Returning: {'device': 'dda454e8-e875-42e2-9540-224304669743', 'network_id': 'b071061e-0c83-4db2-9121-a6eb9f4ae150', 'port_id': 'dda454e8-e875-42e2-9540-224304669743', 'mac_address': 'fa:16:3e:43:d9:6e', 'admin_state_up': True, 'network_type': 'vlan', 'segmentation_id': 588, 'physical_network': 'physnet1', 'mtu': 1500, 'fixed_ips': [{'subnet_id': '07f824b9-3083-4489-bc41-7237705a68bc', 'ip_address': '172.20.0.6'}], 'device_owner': 'compute:tempest-test_az-1313326255', 'allowed_address_pairs': [], 'port_security_enabled': True, 'qos_policy_id': None, 'network_qos_policy_id': None, 'profile': {}, 'propagate_uplink_status': False} {{(pid=94218) _get_device_details /opt/stack/neutron/neutron/plugins/ml2/rpc.py:184}}
Aug 10 03:06:36.940432 n-d-768851-15 neutron-server[94217]: DEBUG neutron.wsgi [-] (94217) accepted ('10.222.0.62', 34988) {{(pid=94217) server /usr/local/lib/python3.8/dist-packages/eventlet/wsgi.py:982}}
Aug 10 03:06:36.971900 n-d-768851-15 neutron-server[94217]: DEBUG neutron_lib.callbacks.manager [None req-4be07500-cd0b-4a4f-b973-ae3dcb5588e5 admin admin] Notify callbacks [] for security_group, before_delete {{(pid=94217) _notify_loop /usr/local/lib/python3.8/dist-packages/neutron_lib/callbacks/manager.py:192}}
Aug 10 03:06:36.978054 n-d-768851-15 neutron-server[94218]: DEBUG neutron.plugins.ml2.rpc [None req-b1865277-3872-4526-9dad-5f08f4b590a4 None None] Device 2b53ea60-220b-4873-8aad-f63507800214 details requested by agent hyperv_n-h1-768851-15 with host n-h1-768851-15 {{(pid=94218) get_device_details /opt/stack/neutron/neutron/plugins/ml2/rpc.py:102}}
Aug 10 03:06:37.000321 n-d-768851-15 neutron-server[94217]: DEBUG neutron_lib.callbacks.manager [None req-4be07500-cd0b-4a4f-b973-ae3dcb5588e5 admin admin] Notify callbacks [] for security_group, precommit_delete {{(pid=94217) _notify_loop /usr/local/lib/python3.8/dist-packages/neutron_lib/callbacks/manager.py:192}}
Aug 10 03:06:37.001227 n-d-768851-15 neutron-server[94218]: DEBUG neutron_lib.callbacks.manager [None req-0e14f2ba-5724-4c3b-b397-b582efa25512 None None] Notify callbacks ['neutron.plugins.ml2.plugin.SecurityGroupDbMixin._ensure_default_security_group_handler-3549217'] for port, before_update {{(pid=94218) _notify_loop /usr/local/lib/python3.8/dist-packages/neutron_lib/callbacks/manager.py:192}}
Aug 10 03:06:37.025031 n-d-768851-15 neutron-server[94218]: DEBUG neutron.notifiers.nova [None req-0e14f2ba-5724-4c3b-b397-b582efa25512 None None] Ignoring state change previous_port_status: DOWN current_port_status: BUILD port_id dda454e8-e875-42e2-9540-224304669743 {{(pid=94218) record_port_status_changed /opt/stack/neutron/neutron/notifiers/nova.py:224}}
Aug 10 03:06:37.076458 n-d-768851-15 neutron-server[94218]: DEBUG neutron.plugins.ml2.db [None req-0e14f2ba-5724-4c3b-b397-b582efa25512 None None] For port dda454e8-e875-42e2-9540-224304669743, host n-h2-768851-15, got binding levels [PortBindingLevel(driver='hyperv',host='n-h2-768851-15',level=0,port_id=dda454e8-e875-42e2-9540-224304669743,segment=NetworkSegment(837bbb8d-e72f-44c2-893c-c4df3456bfd0),segment_id=837bbb8d-e72f-44c2-893c-c4df3456bfd0)] {{(pid=94218) get_binding_level_objs /opt/stack/neutron/neutron/plugins/ml2/db.py:74}}
Aug 10 03:06:37.078166 n-d-768851-15 neutron-server[94217]: INFO neutron.wsgi [req-6f2be2d3-abac-444c-b180-4de3a9756f54 req-5967e087-04a8-4e2d-a3c9-4bf009f62839 service neutron] 10.222.0.62 "GET /v2.0/ports?device_id=9418c9e4-ef93-4ce8-8169-a62e4fbadd70&fields=id&fields=resource_request HTTP/1.1" status: 200 len: 255 time: 0.1361780
Aug 10 03:06:37.088169 n-d-768851-15 neutron-server[94217]: DEBUG neutron_lib.callbacks.manager [None req-4be07500-cd0b-4a4f-b973-ae3dcb5588e5 admin admin] Notify callbacks ['neutron.plugins.ml2.ovo_rpc._ObjectChangeHandler.handle_event-492214'] for security_group, after_delete {{(pid=94217) _notify_loop /usr/local/lib/python3.8/dist-packages/neutron_lib/callbacks/manager.py:192}}
Aug 10 03:06:37.092029 n-d-768851-15 neutron-server[94217]: DEBUG neutron_lib.callbacks.manager [None req-4be07500-cd0b-4a4f-b973-ae3dcb5588e5 admin admin] Notify callbacks [] for security_group, before_response {{(pid=94217) _notify_loop /usr/local/lib/python3.8/dist-packages/neutron_lib/callbacks/manager.py:192}}
Aug 10 03:06:37.093263 n-d-768851-15 neutron-server[94217]: INFO neutron.wsgi [None req-4be07500-cd0b-4a4f-b973-ae3dcb5588e5 admin admin] 10.222.0.62 "DELETE /v2.0/security-groups/030795ed-3459-4888-a3cc-b3e4983b0e1c HTTP/1.1" status: 204 len: 168 time: 0.1887109
Aug 10 03:06:37.118119 n-d-768851-15 neutron-server[94216]: DEBUG neutron.plugins.ml2.db [req-1edc75d3-7124-4a35-b016-58ed26b65f65 req-d17b5942-465c-43f9-b06d-86a993126c17 tempest-DeleteServersAdminTestJSON-1501922999 tempest-DeleteServersAdminTestJSON-1501922999-project-admin] For port a0ed0b1a-b974-4653-b9f3-e4ec7d875bc9, host n-h1-768851-15, got binding levels [PortBindingLevel(driver='hyperv',host='n-h1-768851-15',level=0,port_id=a0ed0b1a-b974-4653-b9f3-e4ec7d875bc9,segment=NetworkSegment(5cec3dda-c721-477f-9e63-402786bcea8e),segment_id=5cec3dda-c721-477f-9e63-402786bcea8e)] {{(pid=94216) get_binding_level_objs /opt/stack/neutron/neutron/plugins/ml2/db.py:74}}
Aug 10 03:06:37.118523 n-d-768851-15 neutron-server[94216]: DEBUG neutron_lib.callbacks.manager [req-1edc75d3-7124-4a35-b016-58ed26b65f65 req-d17b5942-465c-43f9-b06d-86a993126c17 tempest-DeleteServersAdminTestJSON-1501922999 tempest-DeleteServersAdminTestJSON-1501922999-project-admin] Notify callbacks ['neutron.services.l3_router.l3_router_plugin.L3_NAT_dbonly_mixin._precommit_delete_port_callback-370607'] for port, precommit_delete {{(pid=94216) _notify_loop /usr/local/lib/python3.8/dist-packages/neutron_lib/callbacks/manager.py:192}}
Aug 10 03:06:37.119799 n-d-768851-15 neutron-server[94217]: DEBUG neutron.api.rpc.handlers.resources_rpc [None req-4be07500-cd0b-4a4f-b973-ae3dcb5588e5 admin admin] Pushing event deleted for resources: {'SecurityGroup': ['ID=030795ed-3459-4888-a3cc-b3e4983b0e1c,revision_number=None']} {{(pid=94217) push /opt/stack/neutron/neutron/api/rpc/handlers/resources_rpc.py:237}}
Aug 10 03:06:37.128535 n-d-768851-15 neutron-server[94216]: DEBUG neutron.pecan_wsgi.hooks.policy_enforcement [req-4bf2035f-d685-4145-b9d9-e6ab7bdf3807 req-feb48619-ab97-4279-9321-4b904d7ab464 tempest-MigrationsAdminTest-1103047502 tempest-MigrationsAdminTest-1103047502-project] Attributes excluded by policy engine: ['standard_attr_id', 'binding:profile', 'binding:host_id', 'binding:vif_type', 'binding:vif_details'] {{(pid=94216) _exclude_attributes_by_policy /opt/stack/neutron/neutron/pecan_wsgi/hooks/policy_enforcement.py:255}}
Aug 10 03:06:37.130237 n-d-768851-15 neutron-server[94218]: DEBUG neutron_lib.callbacks.manager [None req-0e14f2ba-5724-4c3b-b397-b582efa25512 None None] Notify callbacks ['neutron.plugins.ml2.plugin.SecurityGroupDbMixin._ensure_default_security_group_handler-3549217'] for port, before_update {{(pid=94218) _notify_loop /usr/local/lib/python3.8/dist-packages/neutron_lib/callbacks/manager.py:192}}
Aug 10 03:06:37.138015 n-d-768851-15 neutron-server[94216]: INFO neutron.wsgi [req-4bf2035f-d685-4145-b9d9-e6ab7bdf3807 req-feb48619-ab97-4279-9321-4b904d7ab464 tempest-MigrationsAdminTest-1103047502 tempest-MigrationsAdminTest-1103047502-project] 10.222.0.62 "GET /v2.0/ports?device_id=9418c9e4-ef93-4ce8-8169-a62e4fbadd70 HTTP/1.1" status: 200 len: 949 time: 0.3077099
Aug 10 03:06:37.145290 n-d-768851-15 neutron-server[94216]: DEBUG neutron.pecan_wsgi.hooks.policy_enforcement [req-a556499d-a93e-4cda-a53d-5c909f029751 req-d04dea56-2994-4648-92a9-f85215cbeb5c tempest-DeleteServersAdminTestJSON-1763260748 tempest-DeleteServersAdminTestJSON-1763260748-project] Attributes excluded by policy engine: ['standard_attr_id', 'binding:profile', 'binding:host_id', 'binding:vif_type', 'binding:vif_details'] {{(pid=94216) _exclude_attributes_by_policy /opt/stack/neutron/neutron/pecan_wsgi/hooks/policy_enforcement.py:255}}
Aug 10 03:06:37.152663 n-d-768851-15 neutron-server[94216]: INFO neutron.wsgi [req-a556499d-a93e-4cda-a53d-5c909f029751 req-d04dea56-2994-4648-92a9-f85215cbeb5c tempest-DeleteServersAdminTestJSON-1763260748 tempest-DeleteServersAdminTestJSON-1763260748-project] 10.222.0.62 "GET /v2.0/ports?device_id=27ad6276-cada-4a6a-8dea-dd5111e2bd19 HTTP/1.1" status: 200 len: 950 time: 0.3369911
Aug 10 03:06:37.188178 n-d-768851-15 neutron-server[94216]: DEBUG neutron.plugins.ml2.plugin [req-1edc75d3-7124-4a35-b016-58ed26b65f65 req-d17b5942-465c-43f9-b06d-86a993126c17 tempest-DeleteServersAdminTestJSON-1501922999 tempest-DeleteServersAdminTestJSON-1501922999-project-admin] Calling delete_port for a0ed0b1a-b974-4653-b9f3-e4ec7d875bc9 owned by compute:nova {{(pid=94216) delete_port /opt/stack/neutron/neutron/plugins/ml2/plugin.py:1997}}
Aug 10 03:06:37.311133 n-d-768851-15 neutron-server[94216]: INFO neutron.wsgi [req-4bf2035f-d685-4145-b9d9-e6ab7bdf3807 req-43fe6ec0-dd7d-4e4e-957a-d4a4d992b742 tempest-MigrationsAdminTest-1103047502 tempest-MigrationsAdminTest-1103047502-project] 10.222.0.62 "GET /v2.0/security-groups?id=1a49a021-9207-477f-8dea-4f5b47297f3f&fields=id&fields=name HTTP/1.1" status: 200 len: 286 time: 0.1711287
Aug 10 03:06:37.370627 n-d-768851-15 neutron-server[94218]: DEBUG neutron_lib.callbacks.manager [None req-0e14f2ba-5724-4c3b-b397-b582efa25512 None None] Notify callbacks ['neutron.plugins.ml2.plugin.SecurityGroupServerNotifierRpcMixin._notify_sg_on_port_change-3549583', 'neutron.plugins.ml2.ovo_rpc._ObjectChangeHandler.handle_event-142298', 'neutron.api.rpc.agentnotifiers.dhcp_rpc_agent_api.DhcpAgentNotifyAPI._native_event_send_dhcp_notification-3700537', 'neutron.db.l3_db.L3RpcNotifierMixin._notify_gateway_port_ip_changed-8733457243805', 'neutron.db.l3_dvrscheduler_db._notify_l3_agent_port_update-8733456853751', 'neutron.db.l3_hascheduler_db._notify_l3_agent_ha_port_update-8733456854029'] for port, after_update {{(pid=94218) _notify_loop /usr/local/lib/python3.8/dist-packages/neutron_lib/callbacks/manager.py:192}}
Aug 10 03:06:37.390722 n-d-768851-15 neutron-server[94218]: DEBUG neutron.notifiers.nova [-] Sending events: [{'server_uuid': 'f520629b-cd0f-4559-929c-ba394ab739e1', 'name': 'network-vif-plugged', 'status': 'completed', 'tag': 'a79e3712-2404-43b6-97ce-5281c1b9e2e7'}] {{(pid=94218) send_events /opt/stack/neutron/neutron/notifiers/nova.py:262}}
Aug 10 03:06:37.393617 n-d-768851-15 neutron-server[94218]: DEBUG novaclient.v2.client [-] REQ: curl -g -i --cacert "/opt/stack/data/ca-bundle.pem" -X POST http://10.222.0.62/compute/v2.1/os-server-external-events -H "Accept: application/json" -H "Content-Type: application/json" -H "User-Agent: python-novaclient" -H "X-Auth-Token: {SHA256}9e272e712b17e304a8057e8840994f52371702e3190f1facf9a95835cb0c5bca" -H "X-OpenStack-Nova-API-Version: 2.1" -H "X-OpenStack-Request-ID: req-9d8dfdf7-00e5-44e8-a764-a670f73afbb7" -d '{"events": [{"server_uuid": "f520629b-cd0f-4559-929c-ba394ab739e1", "name": "network-vif-plugged", "status": "completed", "tag": "a79e3712-2404-43b6-97ce-5281c1b9e2e7"}]}' {{(pid=94218) _http_log_request /usr/local/lib/python3.8/dist-packages/keystoneauth1/session.py:519}}
Aug 10 03:06:37.400839 n-d-768851-15 neutron-server[94218]: DEBUG neutron.plugins.ml2.db [None req-b1865277-3872-4526-9dad-5f08f4b590a4 None None] For port 2b53ea60-220b-4873-8aad-f63507800214, host n-h1-768851-15, got binding levels [PortBindingLevel(driver='hyperv',host='n-h1-768851-15',level=0,port_id=2b53ea60-220b-4873-8aad-f63507800214,segment=NetworkSegment(4e3c1cee-23cd-4cfd-8d5b-a93ff23d6c0e),segment_id=4e3c1cee-23cd-4cfd-8d5b-a93ff23d6c0e)] {{(pid=94218) get_binding_level_objs /opt/stack/neutron/neutron/plugins/ml2/db.py:74}}
Aug 10 03:06:37.475615 n-d-768851-15 neutron-server[94218]: DEBUG neutron.plugins.ml2.db [None req-0e14f2ba-5724-4c3b-b397-b582efa25512 None None] For port a79e3712-2404-43b6-97ce-5281c1b9e2e7, host n-h2-768851-15, got binding levels [PortBindingLevel(driver='hyperv',host='n-h2-768851-15',level=0,port_id=a79e3712-2404-43b6-97ce-5281c1b9e2e7,segment=NetworkSegment(5cec3dda-c721-477f-9e63-402786bcea8e),segment_id=5cec3dda-c721-477f-9e63-402786bcea8e)] {{(pid=94218) get_binding_level_objs /opt/stack/neutron/neutron/plugins/ml2/db.py:74}}
Aug 10 03:06:37.477431 n-d-768851-15 neutron-server[94218]: DEBUG neutron.api.rpc.handlers.resources_rpc [None req-0e14f2ba-5724-4c3b-b397-b582efa25512 None None] Pushing event updated for resources: {'Port': ['ID=dda454e8-e875-42e2-9540-224304669743,revision_number=4']} {{(pid=94218) push /opt/stack/neutron/neutron/api/rpc/handlers/resources_rpc.py:237}}
Aug 10 03:06:37.481400 n-d-768851-15 neutron-server[94218]: DEBUG neutron.plugins.ml2.rpc [None req-b1865277-3872-4526-9dad-5f08f4b590a4 None None] Returning: {'device': '2b53ea60-220b-4873-8aad-f63507800214', 'network_id': '7bd6a1e2-d65a-4310-b080-ef087a9f163c', 'port_id': '2b53ea60-220b-4873-8aad-f63507800214', 'mac_address': 'fa:16:3e:be:13:a4', 'admin_state_up': True, 'network_type': 'vlan', 'segmentation_id': 573, 'physical_network': 'physnet1', 'mtu': 1500, 'fixed_ips': [{'subnet_id': 'f4099aa5-56aa-4afb-b339-2ffcbed0521f', 'ip_address': '172.20.0.9'}], 'device_owner': 'compute:nova', 'allowed_address_pairs': [], 'port_security_enabled': True, 'qos_policy_id': None, 'network_qos_policy_id': None, 'profile': {}, 'propagate_uplink_status': False} {{(pid=94218) _get_device_details /opt/stack/neutron/neutron/plugins/ml2/rpc.py:184}}
Aug 10 03:06:37.485544 n-d-768851-15 neutron-server[94218]: DEBUG neutron_lib.callbacks.manager [None req-0e14f2ba-5724-4c3b-b397-b582efa25512 None None] Notify callbacks ['neutron.plugins.ml2.plugin.SecurityGroupServerNotifierRpcMixin._notify_sg_on_port_change-3549583', 'neutron.plugins.ml2.ovo_rpc._ObjectChangeHandler.handle_event-142298', 'neutron.api.rpc.agentnotifiers.dhcp_rpc_agent_api.DhcpAgentNotifyAPI._native_event_send_dhcp_notification-3700537', 'neutron.db.l3_db.L3RpcNotifierMixin._notify_gateway_port_ip_changed-8733457243805', 'neutron.db.l3_dvrscheduler_db._notify_l3_agent_port_update-8733456853751', 'neutron.db.l3_hascheduler_db._notify_l3_agent_ha_port_update-8733456854029'] for port, after_update {{(pid=94218) _notify_loop /usr/local/lib/python3.8/dist-packages/neutron_lib/callbacks/manager.py:192}}
Aug 10 03:06:37.490803 n-d-768851-15 neutron-server[94216]: INFO neutron.wsgi [req-a556499d-a93e-4cda-a53d-5c909f029751 req-37ae1c06-1e66-4ac9-9624-32c6f1618606 tempest-DeleteServersAdminTestJSON-1763260748 tempest-DeleteServersAdminTestJSON-1763260748-project] 10.222.0.62 "GET /v2.0/security-groups?id=e021aac8-1f7c-42ad-a625-ac648d877e3b&fields=id&fields=name HTTP/1.1" status: 200 len: 286 time: 0.3365436
Aug 10 03:06:37.570288 n-d-768851-15 neutron-server[94216]: DEBUG neutron_lib.callbacks.manager [req-1edc75d3-7124-4a35-b016-58ed26b65f65 req-d17b5942-465c-43f9-b06d-86a993126c17 tempest-DeleteServersAdminTestJSON-1501922999 tempest-DeleteServersAdminTestJSON-1501922999-project-admin] Notify callbacks ['neutron.plugins.ml2.plugin.SecurityGroupServerNotifierRpcMixin._notify_sg_on_port_change-3549583', 'neutron.plugins.ml2.ovo_rpc._ObjectChangeHandler.handle_event-142298', 'neutron.api.rpc.agentnotifiers.dhcp_rpc_agent_api.DhcpAgentNotifyAPI._native_event_send_dhcp_notification-3700537', 'neutron.db.l3_db.L3RpcNotifierMixin._notify_routers_callback-8733457243787', 'neutron.db.l3_dvrscheduler_db._notify_port_delete-8733456853742'] for port, after_delete {{(pid=94216) _notify_loop /usr/local/lib/python3.8/dist-packages/neutron_lib/callbacks/manager.py:192}}
Aug 10 03:06:37.591332 n-d-768851-15 neutron-server[94218]: DEBUG neutron.plugins.ml2.db [None req-b1865277-3872-4526-9dad-5f08f4b590a4 None None] get_ports_and_sgs() called for port_ids ['a0ed0b1a-b974-4653-b9f3-e4ec7d875bc9'] {{(pid=94218) get_ports_and_sgs /opt/stack/neutron/neutron/plugins/ml2/db.py:156}}
Aug 10 03:06:37.603493 n-d-768851-15 neutron-server[94218]: DEBUG neutron_lib.callbacks.manager [None req-b1865277-3872-4526-9dad-5f08f4b590a4 None None] Notify callbacks ['neutron.plugins.ml2.plugin.SecurityGroupDbMixin._ensure_default_security_group_handler-3549217'] for port, before_update {{(pid=94218) _notify_loop /usr/local/lib/python3.8/dist-packages/neutron_lib/callbacks/manager.py:192}}
Aug 10 03:06:37.633606 n-d-768851-15 neutron-server[94218]: DEBUG neutron.api.rpc.handlers.resources_rpc [None req-0e14f2ba-5724-4c3b-b397-b582efa25512 None None] Pushing event updated for resources: {'Port': ['ID=a79e3712-2404-43b6-97ce-5281c1b9e2e7,revision_number=5']} {{(pid=94218) push /opt/stack/neutron/neutron/api/rpc/handlers/resources_rpc.py:237}}
Aug 10 03:06:37.644406 n-d-768851-15 neutron-server[94218]: DEBUG neutron.plugins.ml2.db [None req-0e14f2ba-5724-4c3b-b397-b582efa25512 None None] get_ports_and_sgs() called for port_ids ['dda454e8-e875-42e2-9540-224304669743'] {{(pid=94218) get_ports_and_sgs /opt/stack/neutron/neutron/plugins/ml2/db.py:156}}
Aug 10 03:06:37.668302 n-d-768851-15 neutron-server[94218]: DEBUG neutron.notifiers.nova [None req-b1865277-3872-4526-9dad-5f08f4b590a4 None None] Ignoring state change previous_port_status: DOWN current_port_status: BUILD port_id 2b53ea60-220b-4873-8aad-f63507800214 {{(pid=94218) record_port_status_changed /opt/stack/neutron/neutron/notifiers/nova.py:224}}
Aug 10 03:06:37.707330 n-d-768851-15 neutron-server[94216]: DEBUG neutron.api.rpc.handlers.resources_rpc [None req-d17b5942-465c-43f9-b06d-86a993126c17 tempest-DeleteServersAdminTestJSON-1501922999 tempest-DeleteServersAdminTestJSON-1501922999-project-admin] Pushing event deleted for resources: {'Port': ['ID=a0ed0b1a-b974-4653-b9f3-e4ec7d875bc9,revision_number=None']} {{(pid=94216) push /opt/stack/neutron/neutron/api/rpc/handlers/resources_rpc.py:237}}
Aug 10 03:06:37.731308 n-d-768851-15 neutron-server[94218]: DEBUG neutron.plugins.ml2.db [None req-b1865277-3872-4526-9dad-5f08f4b590a4 None None] For port 2b53ea60-220b-4873-8aad-f63507800214, host n-h1-768851-15, got binding levels [PortBindingLevel(driver='hyperv',host='n-h1-768851-15',level=0,port_id=2b53ea60-220b-4873-8aad-f63507800214,segment=NetworkSegment(4e3c1cee-23cd-4cfd-8d5b-a93ff23d6c0e),segment_id=4e3c1cee-23cd-4cfd-8d5b-a93ff23d6c0e)] {{(pid=94218) get_binding_level_objs /opt/stack/neutron/neutron/plugins/ml2/db.py:74}}
Aug 10 03:06:37.742555 n-d-768851-15 neutron-server[94218]: DEBUG neutron_lib.callbacks.manager [None req-b1865277-3872-4526-9dad-5f08f4b590a4 None None] Notify callbacks ['neutron.plugins.ml2.plugin.SecurityGroupServerNotifierRpcMixin._notify_sg_on_port_change-3549583', 'neutron.plugins.ml2.ovo_rpc._ObjectChangeHandler.handle_event-142298', 'neutron.api.rpc.agentnotifiers.dhcp_rpc_agent_api.DhcpAgentNotifyAPI._native_event_send_dhcp_notification-3700537', 'neutron.db.l3_db.L3RpcNotifierMixin._notify_gateway_port_ip_changed-8733457243805', 'neutron.db.l3_dvrscheduler_db._notify_l3_agent_port_update-8733456853751', 'neutron.db.l3_hascheduler_db._notify_l3_agent_ha_port_update-8733456854029'] for port, after_update {{(pid=94218) _notify_loop /usr/local/lib/python3.8/dist-packages/neutron_lib/callbacks/manager.py:192}}
Aug 10 03:06:37.810058 n-d-768851-15 neutron-server[94216]: DEBUG neutron.db.l3_dvrscheduler_db [req-1edc75d3-7124-4a35-b016-58ed26b65f65 req-d17b5942-465c-43f9-b06d-86a993126c17 tempest-DeleteServersAdminTestJSON-1501922999 tempest-DeleteServersAdminTestJSON-1501922999-project-admin] No DVR routers for this DVR port a0ed0b1a-b974-4653-b9f3-e4ec7d875bc9 on host n-h1-768851-15 {{(pid=94216) get_dvr_routers_to_remove /opt/stack/neutron/neutron/db/l3_dvrscheduler_db.py:214}}
Aug 10 03:06:37.820318 n-d-768851-15 neutron-server[94216]: DEBUG neutron_lib.callbacks.manager [req-1edc75d3-7124-4a35-b016-58ed26b65f65 req-d17b5942-465c-43f9-b06d-86a993126c17 tempest-DeleteServersAdminTestJSON-1501922999 tempest-DeleteServersAdminTestJSON-1501922999-project-admin] Notify callbacks ['neutron.notifiers.nova.Notifier._send_nova_notification-60335'] for port, before_response {{(pid=94216) _notify_loop /usr/local/lib/python3.8/dist-packages/neutron_lib/callbacks/manager.py:192}}
Aug 10 03:06:37.823095 n-d-768851-15 neutron-server[94216]: INFO neutron.wsgi [req-1edc75d3-7124-4a35-b016-58ed26b65f65 req-d17b5942-465c-43f9-b06d-86a993126c17 tempest-DeleteServersAdminTestJSON-1501922999 tempest-DeleteServersAdminTestJSON-1501922999-project-admin] 10.222.0.58 "DELETE /v2.0/ports/a0ed0b1a-b974-4653-b9f3-e4ec7d875bc9 HTTP/1.1" status: 204 len: 173 time: 1.2532434
Aug 10 03:06:37.842945 n-d-768851-15 neutron-server[94216]: DEBUG neutron.notifiers.nova [-] Sending events: [{'server_uuid': '27ad6276-cada-4a6a-8dea-dd5111e2bd19', 'name': 'network-vif-deleted', 'tag': 'a0ed0b1a-b974-4653-b9f3-e4ec7d875bc9'}] {{(pid=94216) send_events /opt/stack/neutron/neutron/notifiers/nova.py:262}}
Aug 10 03:06:37.846315 n-d-768851-15 neutron-server[94216]: DEBUG novaclient.v2.client [-] REQ: curl -g -i --cacert "/opt/stack/data/ca-bundle.pem" -X POST http://10.222.0.62/compute/v2.1/os-server-external-events -H "Accept: application/json" -H "Content-Type: application/json" -H "User-Agent: python-novaclient" -H "X-Auth-Token: {SHA256}f07622fec9be5f5895370eab167739528977152f1624bc03810773660a1cbd1e" -H "X-OpenStack-Nova-API-Version: 2.1" -H "X-OpenStack-Request-ID: req-76d9e10a-2bc6-4a44-9321-13b8dd8d4dcc" -d '{"events": [{"server_uuid": "27ad6276-cada-4a6a-8dea-dd5111e2bd19", "name": "network-vif-deleted", "tag": "a0ed0b1a-b974-4653-b9f3-e4ec7d875bc9"}]}' {{(pid=94216) _http_log_request /usr/local/lib/python3.8/dist-packages/keystoneauth1/session.py:519}}
Aug 10 03:06:37.880270 n-d-768851-15 neutron-server[94216]: DEBUG neutron.pecan_wsgi.hooks.policy_enforcement [req-341b7d94-903e-4c6a-936f-2332606162bc req-3742c693-a775-4765-9b9f-6c8239ddd022 tempest-LiveAutoBlockMigrationV225Test-639687338 tempest-LiveAutoBlockMigrationV225Test-639687338-project] Attributes excluded by policy engine: ['standard_attr_id', 'binding:profile', 'binding:host_id', 'binding:vif_type', 'binding:vif_details'] {{(pid=94216) _exclude_attributes_by_policy /opt/stack/neutron/neutron/pecan_wsgi/hooks/policy_enforcement.py:255}}
Aug 10 03:06:37.889780 n-d-768851-15 neutron-server[94216]: INFO neutron.wsgi [req-341b7d94-903e-4c6a-936f-2332606162bc req-3742c693-a775-4765-9b9f-6c8239ddd022 tempest-LiveAutoBlockMigrationV225Test-639687338 tempest-LiveAutoBlockMigrationV225Test-639687338-project] 10.222.0.62 "GET /v2.0/ports?device_id=5f210c3c-37b1-4313-b640-deb8332cbd55 HTTP/1.1" status: 200 len: 966 time: 0.2280545
Aug 10 03:06:37.937558 n-d-768851-15 neutron-server[94218]: DEBUG neutron.api.rpc.handlers.resources_rpc [None req-b1865277-3872-4526-9dad-5f08f4b590a4 None None] Pushing event updated for resources: {'Port': ['ID=2b53ea60-220b-4873-8aad-f63507800214,revision_number=4']} {{(pid=94218) push /opt/stack/neutron/neutron/api/rpc/handlers/resources_rpc.py:237}}
Aug 10 03:06:37.976109 n-d-768851-15 neutron-server[94216]: DEBUG neutron.pecan_wsgi.hooks.policy_enforcement [req-95940bb1-b98a-446b-8f6f-aec3846068ff req-a0aaeb29-2742-4ab6-89d9-ff26583c893e tempest-ServersWithSpecificFlavorTestJSON-615565373 tempest-ServersWithSpecificFlavorTestJSON-615565373-project] Attributes excluded by policy engine: ['standard_attr_id', 'binding:profile', 'binding:host_id', 'binding:vif_type', 'binding:vif_details'] {{(pid=94216) _exclude_attributes_by_policy /opt/stack/neutron/neutron/pecan_wsgi/hooks/policy_enforcement.py:255}}
Aug 10 03:06:37.977724 n-d-768851-15 neutron-server[94216]: INFO neutron.wsgi [req-95940bb1-b98a-446b-8f6f-aec3846068ff req-a0aaeb29-2742-4ab6-89d9-ff26583c893e tempest-ServersWithSpecificFlavorTestJSON-615565373 tempest-ServersWithSpecificFlavorTestJSON-615565373-project] 10.222.0.62 "GET /v2.0/ports?device_id=664a6ce4-88cb-43d5-8355-6fbcdabb7a73 HTTP/1.1" status: 200 len: 944 time: 0.1777301
Aug 10 03:06:37.995619 n-d-768851-15 neutron-server[94218]: DEBUG neutron.plugins.ml2.db [None req-b1865277-3872-4526-9dad-5f08f4b590a4 None None] get_ports_and_sgs() called for port_ids ['2b53ea60-220b-4873-8aad-f63507800214'] {{(pid=94218) get_ports_and_sgs /opt/stack/neutron/neutron/plugins/ml2/db.py:156}}
Aug 10 03:06:37.995858 n-d-768851-15 neutron-server[94216]: INFO neutron.wsgi [req-341b7d94-903e-4c6a-936f-2332606162bc req-c26efbc6-4c42-4f8c-8c71-7bd29f7c1a6e tempest-LiveAutoBlockMigrationV225Test-639687338 tempest-LiveAutoBlockMigrationV225Test-639687338-project] 10.222.0.62 "GET /v2.0/security-groups?id=8b9f6195-a9c4-41e7-a50b-8bf5830b5e14&fields=id&fields=name HTTP/1.1" status: 200 len: 286 time: 0.0994585
Aug 10 03:06:38.072423 n-d-768851-15 neutron-server[94216]: INFO neutron.wsgi [req-95940bb1-b98a-446b-8f6f-aec3846068ff req-0ab9f8c6-e1ad-4416-a332-a76d5fe3aba9 tempest-ServersWithSpecificFlavorTestJSON-615565373 tempest-ServersWithSpecificFlavorTestJSON-615565373-project] 10.222.0.62 "GET /v2.0/security-groups?id=3640a20a-f833-4208-a5e8-4377bcabf26a&fields=id&fields=name HTTP/1.1" status: 200 len: 312 time: 0.0748017
Aug 10 03:06:38.092543 n-d-768851-15 neutron-server[94218]: DEBUG novaclient.v2.client [-] RESP: [200] Connection: close Content-Length: 183 Content-Type: application/json Date: Tue, 10 Aug 2021 03:06:37 GMT OpenStack-API-Version: compute 2.1 Server: Apache/2.4.41 (Ubuntu) Vary: OpenStack-API-Version,X-OpenStack-Nova-API-Version X-OpenStack-Nova-API-Version: 2.1 x-compute-request-id: req-4ff5d3e7-c04e-4a3d-9fb5-2b4cb7adcfd3 x-openstack-request-id: req-4ff5d3e7-c04e-4a3d-9fb5-2b4cb7adcfd3 {{(pid=94218) _http_log_response /usr/local/lib/python3.8/dist-packages/keystoneauth1/session.py:550}}
Aug 10 03:06:38.094936 n-d-768851-15 neutron-server[94218]: DEBUG novaclient.v2.client [-] RESP BODY: {"events": [{"server_uuid": "f520629b-cd0f-4559-929c-ba394ab739e1", "name": "network-vif-plugged", "status": "completed", "tag": "a79e3712-2404-43b6-97ce-5281c1b9e2e7", "code": 200}]} {{(pid=94218) _http_log_response /usr/local/lib/python3.8/dist-packages/keystoneauth1/session.py:582}}
Aug 10 03:06:38.095823 n-d-768851-15 neutron-server[94218]: DEBUG novaclient.v2.client [-] POST call to compute for http://10.222.0.62/compute/v2.1/os-server-external-events used request id req-4ff5d3e7-c04e-4a3d-9fb5-2b4cb7adcfd3 {{(pid=94218) request /usr/local/lib/python3.8/dist-packages/keystoneauth1/session.py:954}}
Aug 10 03:06:38.096587 n-d-768851-15 neutron-server[94218]: INFO neutron.notifiers.nova [-] Nova event response: {'server_uuid': 'f520629b-cd0f-4559-929c-ba394ab739e1', 'name': 'network-vif-plugged', 'status': 'completed', 'tag': 'a79e3712-2404-43b6-97ce-5281c1b9e2e7', 'code': 200}
Aug 10 03:06:38.282227 n-d-768851-15 neutron-server[94216]: DEBUG novaclient.v2.client [-] RESP: [200] Connection: close Content-Length: 183 Content-Type: application/json Date: Tue, 10 Aug 2021 03:06:37 GMT OpenStack-API-Version: compute 2.1 Server: Apache/2.4.41 (Ubuntu) Vary: OpenStack-API-Version,X-OpenStack-Nova-API-Version X-OpenStack-Nova-API-Version: 2.1 x-compute-request-id: req-917dd595-79d5-446c-961f-9064d49090bd x-openstack-request-id: req-917dd595-79d5-446c-961f-9064d49090bd {{(pid=94216) _http_log_response /usr/local/lib/python3.8/dist-packages/keystoneauth1/session.py:550}}
