Jun 10 11:22:19.272787 n-d-768851-14 devstack@placement-api.service[93295]: [pid: 93295|app: 0|req: 195/386] 10.222.0.22 () {60 vars in 1380 bytes} [Thu Jun 10 11:22:19 2021] GET /placement/allocations/0d7c8654-6db4-4da0-b520-317b3d0190a7 => generated 245 bytes in 74 msecs (HTTP/1.1 200) 8 headers in 296 bytes (1 switches on core 0)
Jun 10 11:22:19.278364 n-d-768851-14 devstack@placement-api.service[93296]: DEBUG placement.requestlog [req-85339d0c-d38e-4d5e-98a6-16a64cf0651c req-0cd01196-7431-4caf-bbc4-9e8205498d34 None None] Starting request: 10.222.0.22 "GET /placement/allocations/0d7c8654-6db4-4da0-b520-317b3d0190a7" {{(pid=93296) __call__ /opt/stack/placement/placement/requestlog.py:55}}
Jun 10 11:22:19.294926 n-d-768851-14 devstack@placement-api.service[93296]: INFO placement.requestlog [req-85339d0c-d38e-4d5e-98a6-16a64cf0651c req-0cd01196-7431-4caf-bbc4-9e8205498d34 service placement] 10.222.0.22 "GET /placement/allocations/0d7c8654-6db4-4da0-b520-317b3d0190a7" status: 200 len: 245 microversion: 1.28
Jun 10 11:22:19.295868 n-d-768851-14 devstack@placement-api.service[93296]: [pid: 93296|app: 0|req: 192/387] 10.222.0.22 () {60 vars in 1380 bytes} [Thu Jun 10 11:22:19 2021] GET /placement/allocations/0d7c8654-6db4-4da0-b520-317b3d0190a7 => generated 245 bytes in 18 msecs (HTTP/1.1 200) 8 headers in 296 bytes (1 switches on core 0)
Jun 10 11:22:19.302709 n-d-768851-14 devstack@placement-api.service[93295]: DEBUG placement.requestlog [req-85339d0c-d38e-4d5e-98a6-16a64cf0651c req-c041e900-749d-4a41-aca8-fb066ce26ee7 None None] Starting request: 10.222.0.22 "GET /placement/allocations/959e7f7c-07d9-4016-ad11-e4346974bdac" {{(pid=93295) __call__ /opt/stack/placement/placement/requestlog.py:55}}
Jun 10 11:22:19.326163 n-d-768851-14 devstack@placement-api.service[93295]: INFO placement.requestlog [req-85339d0c-d38e-4d5e-98a6-16a64cf0651c req-c041e900-749d-4a41-aca8-fb066ce26ee7 service placement] 10.222.0.22 "GET /placement/allocations/959e7f7c-07d9-4016-ad11-e4346974bdac" status: 200 len: 19 microversion: 1.28
Jun 10 11:22:19.326401 n-d-768851-14 devstack@placement-api.service[93295]: [pid: 93295|app: 0|req: 196/388] 10.222.0.22 () {60 vars in 1380 bytes} [Thu Jun 10 11:22:19 2021] GET /placement/allocations/959e7f7c-07d9-4016-ad11-e4346974bdac => generated 19 bytes in 24 msecs (HTTP/1.1 200) 8 headers in 295 bytes (1 switches on core 0)
Jun 10 11:22:19.332971 n-d-768851-14 devstack@placement-api.service[93296]: DEBUG placement.requestlog [req-85339d0c-d38e-4d5e-98a6-16a64cf0651c req-d67e2b70-8396-4390-a9c2-035020e1ffd1 None None] Starting request: 10.222.0.22 "POST /placement/allocations" {{(pid=93296) __call__ /opt/stack/placement/placement/requestlog.py:55}}
Jun 10 11:22:19.409409 n-d-768851-14 devstack@placement-api.service[93296]: DEBUG placement.handlers.allocation [req-85339d0c-d38e-4d5e-98a6-16a64cf0651c req-d67e2b70-8396-4390-a9c2-035020e1ffd1 service placement] Successfully wrote allocations [, , , ] {{(pid=93296) _create_allocations /opt/stack/placement/placement/handlers/allocation.py:524}}
Jun 10 11:22:19.410019 n-d-768851-14 devstack@placement-api.service[93296]: INFO placement.requestlog [req-85339d0c-d38e-4d5e-98a6-16a64cf0651c req-d67e2b70-8396-4390-a9c2-035020e1ffd1 service placement] 10.222.0.22 "POST /placement/allocations" status: 204 len: 0 microversion: 1.28
Jun 10 11:22:19.410597 n-d-768851-14 devstack@placement-api.service[93296]: [pid: 93296|app: 0|req: 193/389] 10.222.0.22 () {64 vars in 1323 bytes} [Thu Jun 10 11:22:19 2021] POST /placement/allocations => generated 0 bytes in 78 msecs (HTTP/1.1 204) 5 headers in 199 bytes (2 switches on core 0)
Jun 10 11:22:19.465163 n-d-768851-14 devstack@placement-api.service[93295]: DEBUG placement.requestlog [req-85339d0c-d38e-4d5e-98a6-16a64cf0651c req-2c99df51-d395-4020-b9e1-d155d11d18ed None None] Starting request: 10.222.0.22 "GET /placement/allocations/0d7c8654-6db4-4da0-b520-317b3d0190a7" {{(pid=93295) __call__ /opt/stack/placement/placement/requestlog.py:55}}
Jun 10 11:22:19.553907 n-d-768851-14 devstack@placement-api.service[93295]: INFO placement.requestlog [req-85339d0c-d38e-4d5e-98a6-16a64cf0651c req-2c99df51-d395-4020-b9e1-d155d11d18ed service placement] 10.222.0.22 "GET /placement/allocations/0d7c8654-6db4-4da0-b520-317b3d0190a7" status: 200 len: 19 microversion: 1.28
Jun 10 11:22:19.556619 n-d-768851-14 devstack@placement-api.service[93295]: [pid: 93295|app: 0|req: 197/390] 10.222.0.22 () {60 vars in 1380 bytes} [Thu Jun 10 11:22:19 2021] GET /placement/allocations/0d7c8654-6db4-4da0-b520-317b3d0190a7 => generated 19 bytes in 92 msecs (HTTP/1.1 200) 8 headers in 295 bytes (1 switches on core 0)
Jun 10 11:22:19.561838 n-d-768851-14 devstack@placement-api.service[93296]: DEBUG placement.requestlog [req-85339d0c-d38e-4d5e-98a6-16a64cf0651c req-58eb6b1c-4d8b-458d-a69a-f43f21a3025c None None] Starting request: 10.222.0.22 "PUT /placement/allocations/0d7c8654-6db4-4da0-b520-317b3d0190a7" {{(pid=93296) __call__ /opt/stack/placement/placement/requestlog.py:55}}
Jun 10 11:22:19.624732 n-d-768851-14 devstack@placement-api.service[93296]: DEBUG placement.handlers.allocation [req-85339d0c-d38e-4d5e-98a6-16a64cf0651c req-58eb6b1c-4d8b-458d-a69a-f43f21a3025c service placement] Successfully wrote allocations [, ] {{(pid=93296) _create_allocations /opt/stack/placement/placement/handlers/allocation.py:435}}
Jun 10 11:22:19.626454 n-d-768851-14 devstack@placement-api.service[93296]: INFO placement.requestlog [req-85339d0c-d38e-4d5e-98a6-16a64cf0651c req-58eb6b1c-4d8b-458d-a69a-f43f21a3025c service placement] 10.222.0.22 "PUT /placement/allocations/0d7c8654-6db4-4da0-b520-317b3d0190a7" status: 204 len: 0 microversion: 1.28
Jun 10 11:22:19.626974 n-d-768851-14 devstack@placement-api.service[93296]: [pid: 93296|app: 0|req: 194/391] 10.222.0.22 () {64 vars in 1433 bytes} [Thu Jun 10 11:22:19 2021] PUT /placement/allocations/0d7c8654-6db4-4da0-b520-317b3d0190a7 => generated 0 bytes in 65 msecs (HTTP/1.1 204) 5 headers in 199 bytes (1 switches on core 0)
Jun 10 11:22:19.827678 n-d-768851-14 devstack@placement-api.service[93295]: DEBUG placement.requestlog [req-85339d0c-d38e-4d5e-98a6-16a64cf0651c req-dd4f07ae-a387-49c7-a519-ad92b313e86d None None] Starting request: 10.222.0.52 "GET /placement/allocations/0d7c8654-6db4-4da0-b520-317b3d0190a7" {{(pid=93295) __call__ /opt/stack/placement/placement/requestlog.py:55}}
Jun 10 11:22:19.858026 n-d-768851-14 devstack@placement-api.service[93295]: INFO placement.requestlog [req-85339d0c-d38e-4d5e-98a6-16a64cf0651c req-dd4f07ae-a387-49c7-a519-ad92b313e86d service placement] 10.222.0.52 "GET /placement/allocations/0d7c8654-6db4-4da0-b520-317b3d0190a7" status: 200 len: 245 microversion: 1.28
Jun 10 11:22:19.858572 n-d-768851-14 devstack@placement-api.service[93295]: [pid: 93295|app: 0|req: 198/392] 10.222.0.52 () {60 vars in 1378 bytes} [Thu Jun 10 11:22:19 2021] GET /placement/allocations/0d7c8654-6db4-4da0-b520-317b3d0190a7 => generated 245 bytes in 31 msecs (HTTP/1.1 200) 8 headers in 296 bytes (1 switches on core 0)
Jun 10 11:22:26.876582 n-d-768851-14 devstack@placement-api.service[93296]: DEBUG placement.requestlog [req-71cb0b65-161d-4eff-ac6e-dddc83c9ad98 req-cbb9c145-e885-4093-8d82-07a86bc4884d None None] Starting request: 10.222.0.97 "GET /placement/allocations/fb9dff0f-f5a9-41c2-b0f8-803f0a423083" {{(pid=93296) __call__ /opt/stack/placement/placement/requestlog.py:55}}
Jun 10 11:22:26.907946 n-d-768851-14 devstack@placement-api.service[93296]: INFO placement.requestlog [req-71cb0b65-161d-4eff-ac6e-dddc83c9ad98 req-cbb9c145-e885-4093-8d82-07a86bc4884d service placement] 10.222.0.97 "GET /placement/allocations/fb9dff0f-f5a9-41c2-b0f8-803f0a423083" status: 200 len: 259 microversion: 1.28
Jun 10 11:22:26.908448 n-d-768851-14 devstack@placement-api.service[93296]: [pid: 93296|app: 0|req: 195/393] 10.222.0.97 () {60 vars in 1378 bytes} [Thu Jun 10 11:22:26 2021] GET /placement/allocations/fb9dff0f-f5a9-41c2-b0f8-803f0a423083 => generated 259 bytes in 32 msecs (HTTP/1.1 200) 8 headers in 296 bytes (1 switches on core 0)
Jun 10 11:22:26.916600 n-d-768851-14 devstack@placement-api.service[93295]: DEBUG placement.requestlog [req-71cb0b65-161d-4eff-ac6e-dddc83c9ad98 req-dc40577e-fbc1-4731-9b5b-f434a73e3508 None None] Starting request: 10.222.0.97 "PUT /placement/allocations/fb9dff0f-f5a9-41c2-b0f8-803f0a423083" {{(pid=93295) __call__ /opt/stack/placement/placement/requestlog.py:55}}
Jun 10 11:22:27.007350 n-d-768851-14 devstack@placement-api.service[93295]: DEBUG placement.handlers.allocation [req-71cb0b65-161d-4eff-ac6e-dddc83c9ad98 req-dc40577e-fbc1-4731-9b5b-f434a73e3508 service placement] Successfully wrote allocations [, , ] {{(pid=93295) _create_allocations /opt/stack/placement/placement/handlers/allocation.py:435}}
Jun 10 11:22:27.008360 n-d-768851-14 devstack@placement-api.service[93295]: INFO placement.requestlog [req-71cb0b65-161d-4eff-ac6e-dddc83c9ad98 req-dc40577e-fbc1-4731-9b5b-f434a73e3508 service placement] 10.222.0.97 "PUT /placement/allocations/fb9dff0f-f5a9-41c2-b0f8-803f0a423083" status: 204 len: 0 microversion: 1.28
Jun 10 11:22:27.008935 n-d-768851-14 devstack@placement-api.service[93295]: [pid: 93295|app: 0|req: 199/394] 10.222.0.97 () {64 vars in 1431 bytes} [Thu Jun 10 11:22:26 2021] PUT /placement/allocations/fb9dff0f-f5a9-41c2-b0f8-803f0a423083 => generated 0 bytes in 92 msecs (HTTP/1.1 204) 5 headers in 199 bytes (1 switches on core 0)
Jun 10 11:22:31.608483 n-d-768851-14 devstack@placement-api.service[93296]: DEBUG placement.requestlog [req-3d70c223-321b-4e9a-8d87-996a7d1490e5 req-b3f728ac-4127-400c-954a-1a6639d5639d None None] Starting request: 10.222.0.22 "GET /placement/allocation_candidates?limit=1000&resources=DISK_GB%3A1%2CMEMORY_MB%3A1024%2CVCPU%3A1&root_required=%21COMPUTE_STATUS_DISABLED" {{(pid=93296) __call__ /opt/stack/placement/placement/requestlog.py:55}}
Jun 10 11:22:31.708518 n-d-768851-14 devstack@placement-api.service[93296]: DEBUG placement.objects.research_context [req-3d70c223-321b-4e9a-8d87-996a7d1490e5 req-b3f728ac-4127-400c-954a-1a6639d5639d service placement] getting providers with 1 DISK_GB {{(pid=93296) __init__ /opt/stack/placement/placement/objects/research_context.py:126}}
Jun 10 11:22:31.717478 n-d-768851-14 devstack@placement-api.service[93296]: DEBUG placement.objects.research_context [req-3d70c223-321b-4e9a-8d87-996a7d1490e5 req-b3f728ac-4127-400c-954a-1a6639d5639d service placement] getting providers with 1024 MEMORY_MB {{(pid=93296) __init__ /opt/stack/placement/placement/objects/research_context.py:126}}
Jun 10 11:22:31.728362 n-d-768851-14 devstack@placement-api.service[93296]: DEBUG placement.objects.research_context [req-3d70c223-321b-4e9a-8d87-996a7d1490e5 req-b3f728ac-4127-400c-954a-1a6639d5639d service placement] getting providers with 1 VCPU {{(pid=93296) __init__ /opt/stack/placement/placement/objects/research_context.py:126}}
Jun 10 11:22:31.747218 n-d-768851-14 devstack@placement-api.service[93296]: DEBUG placement.objects.research_context [req-3d70c223-321b-4e9a-8d87-996a7d1490e5 req-b3f728ac-4127-400c-954a-1a6639d5639d service placement] found 2 providers with available 1 DISK_GB {{(pid=93296) get_provider_ids_matching /opt/stack/placement/placement/objects/research_context.py:549}}
Jun 10 11:22:31.747525 n-d-768851-14 devstack@placement-api.service[93296]: DEBUG placement.objects.research_context [req-3d70c223-321b-4e9a-8d87-996a7d1490e5 req-b3f728ac-4127-400c-954a-1a6639d5639d service placement] found 2 providers with available 1024 MEMORY_MB {{(pid=93296) get_provider_ids_matching /opt/stack/placement/placement/objects/research_context.py:549}}
Jun 10 11:22:31.748000 n-d-768851-14 devstack@placement-api.service[93296]: DEBUG placement.objects.research_context [req-3d70c223-321b-4e9a-8d87-996a7d1490e5 req-b3f728ac-4127-400c-954a-1a6639d5639d service placement] found 2 providers after filtering by previous result {{(pid=93296) get_provider_ids_matching /opt/stack/placement/placement/objects/research_context.py:580}}
Jun 10 11:22:31.748445 n-d-768851-14 devstack@placement-api.service[93296]: DEBUG placement.objects.research_context [req-3d70c223-321b-4e9a-8d87-996a7d1490e5 req-b3f728ac-4127-400c-954a-1a6639d5639d service placement] found 2 providers with available 1 VCPU {{(pid=93296) get_provider_ids_matching /opt/stack/placement/placement/objects/research_context.py:549}}
Jun 10 11:22:31.748965 n-d-768851-14 devstack@placement-api.service[93296]: DEBUG placement.objects.research_context [req-3d70c223-321b-4e9a-8d87-996a7d1490e5 req-b3f728ac-4127-400c-954a-1a6639d5639d service placement] found 2 providers after filtering by previous result {{(pid=93296) get_provider_ids_matching /opt/stack/placement/placement/objects/research_context.py:580}}
Jun 10 11:22:31.813076 n-d-768851-14 devstack@placement-api.service[93296]: DEBUG placement.objects.allocation_candidate [req-3d70c223-321b-4e9a-8d87-996a7d1490e5 req-b3f728ac-4127-400c-954a-1a6639d5639d service placement] RequestGroup(use_same_provider=False, resources={DISK_GB:1, MEMORY_MB:1024, VCPU:1}, traits=[], aggregates=[]) (suffix '') returned 2 matches {{(pid=93296) _get_by_requests /opt/stack/placement/placement/objects/allocation_candidate.py:145}}
Jun 10 11:22:31.816479 n-d-768851-14 devstack@placement-api.service[93296]: DEBUG placement.objects.allocation_candidate [req-3d70c223-321b-4e9a-8d87-996a7d1490e5 req-b3f728ac-4127-400c-954a-1a6639d5639d service placement] Merging candidates yields 2 allocation requests and 2 provider summaries {{(pid=93296) _merge_candidates /opt/stack/placement/placement/objects/allocation_candidate.py:783}}
Jun 10 11:22:31.819019 n-d-768851-14 devstack@placement-api.service[93296]: INFO placement.requestlog [req-3d70c223-321b-4e9a-8d87-996a7d1490e5 req-b3f728ac-4127-400c-954a-1a6639d5639d service placement] 10.222.0.22 "GET /placement/allocation_candidates?limit=1000&resources=DISK_GB%3A1%2CMEMORY_MB%3A1024%2CVCPU%3A1&root_required=%21COMPUTE_STATUS_DISABLED" status: 200 len: 1309 microversion: 1.35
Jun 10 11:22:31.837069 n-d-768851-14 devstack@placement-api.service[93296]: [pid: 93296|app: 0|req: 196/395] 10.222.0.22 () {60 vars in 1506 bytes} [Thu Jun 10 11:22:31 2021] GET /placement/allocation_candidates?limit=1000&resources=DISK_GB%3A1%2CMEMORY_MB%3A1024%2CVCPU%3A1&root_required=%21COMPUTE_STATUS_DISABLED => generated 1309 bytes in 219 msecs (HTTP/1.1 200) 8 headers in 297 bytes (1 switches on core 0)
Jun 10 11:22:32.069335 n-d-768851-14 devstack@placement-api.service[93295]: DEBUG placement.requestlog [req-3d70c223-321b-4e9a-8d87-996a7d1490e5 req-dd3a82ce-fe60-4873-aff4-004bc0ba4c98 None None] Starting request: 10.222.0.22 "GET /placement/allocations/fcef052b-1756-4acd-b839-28807f708e32" {{(pid=93295) __call__ /opt/stack/placement/placement/requestlog.py:55}}
Jun 10 11:22:32.088298 n-d-768851-14 devstack@placement-api.service[93295]: INFO placement.requestlog [req-3d70c223-321b-4e9a-8d87-996a7d1490e5 req-dd3a82ce-fe60-4873-aff4-004bc0ba4c98 service placement] 10.222.0.22 "GET /placement/allocations/fcef052b-1756-4acd-b839-28807f708e32" status: 200 len: 19 microversion: 1.28
Jun 10 11:22:32.096156 n-d-768851-14 devstack@placement-api.service[93296]: DEBUG placement.requestlog [req-3d70c223-321b-4e9a-8d87-996a7d1490e5 req-5de760a2-7c0b-40f8-9d63-a2130240abdd None None] Starting request: 10.222.0.22 "PUT /placement/allocations/fcef052b-1756-4acd-b839-28807f708e32" {{(pid=93296) __call__ /opt/stack/placement/placement/requestlog.py:55}}
Jun 10 11:22:32.107446 n-d-768851-14 devstack@placement-api.service[93295]: [pid: 93295|app: 0|req: 200/396] 10.222.0.22 () {60 vars in 1380 bytes} [Thu Jun 10 11:22:32 2021] GET /placement/allocations/fcef052b-1756-4acd-b839-28807f708e32 => generated 19 bytes in 44 msecs (HTTP/1.1 200) 8 headers in 295 bytes (1 switches on core 0)
Jun 10 11:22:32.217033 n-d-768851-14 devstack@placement-api.service[93296]: DEBUG placement.handlers.allocation [req-3d70c223-321b-4e9a-8d87-996a7d1490e5 req-5de760a2-7c0b-40f8-9d63-a2130240abdd service placement] Successfully wrote allocations [, , ] {{(pid=93296) _create_allocations /opt/stack/placement/placement/handlers/allocation.py:435}}
Jun 10 11:22:32.217815 n-d-768851-14 devstack@placement-api.service[93296]: INFO placement.requestlog [req-3d70c223-321b-4e9a-8d87-996a7d1490e5 req-5de760a2-7c0b-40f8-9d63-a2130240abdd service placement] 10.222.0.22 "PUT /placement/allocations/fcef052b-1756-4acd-b839-28807f708e32" status: 204 len: 0 microversion: 1.35
Jun 10 11:22:32.218224 n-d-768851-14 devstack@placement-api.service[93296]: [pid: 93296|app: 0|req: 197/397] 10.222.0.22 () {64 vars in 1433 bytes} [Thu Jun 10 11:22:32 2021] PUT /placement/allocations/fcef052b-1756-4acd-b839-28807f708e32 => generated 0 bytes in 122 msecs (HTTP/1.1 204) 5 headers in 199 bytes (1 switches on core 0)
Jun 10 11:22:32.924514 n-d-768851-14 devstack@placement-api.service[93295]: DEBUG placement.requestlog [req-3d70c223-321b-4e9a-8d87-996a7d1490e5 req-dc428154-7259-4191-bfaf-a12cd9a5c7cb None None] Starting request: 10.222.0.52 "GET /placement/allocations/fcef052b-1756-4acd-b839-28807f708e32" {{(pid=93295) __call__ /opt/stack/placement/placement/requestlog.py:55}}
Jun 10 11:22:32.957623 n-d-768851-14 devstack@placement-api.service[93295]: INFO placement.requestlog [req-3d70c223-321b-4e9a-8d87-996a7d1490e5 req-dc428154-7259-4191-bfaf-a12cd9a5c7cb service placement] 10.222.0.52 "GET /placement/allocations/fcef052b-1756-4acd-b839-28807f708e32" status: 200 len: 259 microversion: 1.28
Jun 10 11:22:32.958956 n-d-768851-14 devstack@placement-api.service[93295]: [pid: 93295|app: 0|req: 201/398] 10.222.0.52 () {60 vars in 1378 bytes} [Thu Jun 10 11:22:32 2021] GET /placement/allocations/fcef052b-1756-4acd-b839-28807f708e32 => generated 259 bytes in 35 msecs (HTTP/1.1 200) 8 headers in 296 bytes (1 switches on core 0)
Jun 10 11:22:34.741807 n-d-768851-14 devstack@placement-api.service[93296]: DEBUG placement.requestlog [req-6e19a0e1-15c3-4561-8bee-8e69a71524d9 req-16e5b8eb-8376-4418-9102-75c2abd884cf None None] Starting request: 10.222.0.22 "GET /placement/allocation_candidates?limit=1000&resources=DISK_GB%3A1%2CMEMORY_MB%3A1024%2CVCPU%3A1&root_required=%21COMPUTE_STATUS_DISABLED" {{(pid=93296) __call__ /opt/stack/placement/placement/requestlog.py:55}}
Jun 10 11:22:34.850877 n-d-768851-14 devstack@placement-api.service[93295]: DEBUG placement.requestlog [req-1c843573-3cb7-489a-9a86-d5f535c89f57 req-8311c9c9-9964-4518-9cb0-c9bab41dba5a None None] Starting request: 10.222.0.22 "GET /placement/allocation_candidates?limit=1000&resources=DISK_GB%3A1%2CMEMORY_MB%3A1024%2CVCPU%3A1&root_required=%21COMPUTE_STATUS_DISABLED" {{(pid=93295) __call__ /opt/stack/placement/placement/requestlog.py:55}}
Jun 10 11:22:34.882896 n-d-768851-14 devstack@placement-api.service[93296]: DEBUG placement.objects.research_context [req-6e19a0e1-15c3-4561-8bee-8e69a71524d9 req-16e5b8eb-8376-4418-9102-75c2abd884cf service placement] getting providers with 1 DISK_GB {{(pid=93296) __init__ /opt/stack/placement/placement/objects/research_context.py:126}}
Jun 10 11:22:34.905288 n-d-768851-14 devstack@placement-api.service[93296]: DEBUG placement.objects.research_context [req-6e19a0e1-15c3-4561-8bee-8e69a71524d9 req-16e5b8eb-8376-4418-9102-75c2abd884cf service placement] getting providers with 1024 MEMORY_MB {{(pid=93296) __init__ /opt/stack/placement/placement/objects/research_context.py:126}}
Jun 10 11:22:34.921284 n-d-768851-14 devstack@placement-api.service[93296]: DEBUG placement.objects.research_context [req-6e19a0e1-15c3-4561-8bee-8e69a71524d9 req-16e5b8eb-8376-4418-9102-75c2abd884cf service placement] getting providers with 1 VCPU {{(pid=93296) __init__ /opt/stack/placement/placement/objects/research_context.py:126}}
Jun 10 11:22:34.939210 n-d-768851-14 devstack@placement-api.service[93296]: DEBUG placement.objects.research_context [req-6e19a0e1-15c3-4561-8bee-8e69a71524d9 req-16e5b8eb-8376-4418-9102-75c2abd884cf service placement] found 2 providers with available 1 DISK_GB {{(pid=93296) get_provider_ids_matching /opt/stack/placement/placement/objects/research_context.py:549}}
Jun 10 11:22:34.939480 n-d-768851-14 devstack@placement-api.service[93296]: DEBUG placement.objects.research_context [req-6e19a0e1-15c3-4561-8bee-8e69a71524d9 req-16e5b8eb-8376-4418-9102-75c2abd884cf service placement] found 2 providers with available 1024 MEMORY_MB {{(pid=93296) get_provider_ids_matching /opt/stack/placement/placement/objects/research_context.py:549}}
Jun 10 11:22:34.948727 n-d-768851-14 devstack@placement-api.service[93296]: DEBUG placement.objects.research_context [req-6e19a0e1-15c3-4561-8bee-8e69a71524d9 req-16e5b8eb-8376-4418-9102-75c2abd884cf service placement] found 2 providers after filtering by previous result {{(pid=93296) get_provider_ids_matching /opt/stack/placement/placement/objects/research_context.py:580}}
Jun 10 11:22:34.949927 n-d-768851-14 devstack@placement-api.service[93296]: DEBUG placement.objects.research_context [req-6e19a0e1-15c3-4561-8bee-8e69a71524d9 req-16e5b8eb-8376-4418-9102-75c2abd884cf service placement] found 2 providers with available 1 VCPU {{(pid=93296) get_provider_ids_matching /opt/stack/placement/placement/objects/research_context.py:549}}
Jun 10 11:22:34.951025 n-d-768851-14 devstack@placement-api.service[93296]: DEBUG placement.objects.research_context [req-6e19a0e1-15c3-4561-8bee-8e69a71524d9 req-16e5b8eb-8376-4418-9102-75c2abd884cf service placement] found 2 providers after filtering by previous result {{(pid=93296) get_provider_ids_matching /opt/stack/placement/placement/objects/research_context.py:580}}
Jun 10 11:22:34.971806 n-d-768851-14 devstack@placement-api.service[93295]: DEBUG placement.objects.research_context [req-1c843573-3cb7-489a-9a86-d5f535c89f57 req-8311c9c9-9964-4518-9cb0-c9bab41dba5a service placement] getting providers with 1 DISK_GB {{(pid=93295) __init__ /opt/stack/placement/placement/objects/research_context.py:126}}
Jun 10 11:22:34.984086 n-d-768851-14 devstack@placement-api.service[93295]: DEBUG placement.objects.research_context [req-1c843573-3cb7-489a-9a86-d5f535c89f57 req-8311c9c9-9964-4518-9cb0-c9bab41dba5a service placement] getting providers with 1024 MEMORY_MB {{(pid=93295) __init__ /opt/stack/placement/placement/objects/research_context.py:126}}
Jun 10 11:22:34.990963 n-d-768851-14 devstack@placement-api.service[93295]: DEBUG placement.objects.research_context [req-1c843573-3cb7-489a-9a86-d5f535c89f57 req-8311c9c9-9964-4518-9cb0-c9bab41dba5a service placement] getting providers with 1 VCPU {{(pid=93295) __init__ /opt/stack/placement/placement/objects/research_context.py:126}}
Jun 10 11:22:34.998496 n-d-768851-14 devstack@placement-api.service[93295]: DEBUG placement.objects.research_context [req-1c843573-3cb7-489a-9a86-d5f535c89f57 req-8311c9c9-9964-4518-9cb0-c9bab41dba5a service placement] found 2 providers with available 1 DISK_GB {{(pid=93295) get_provider_ids_matching /opt/stack/placement/placement/objects/research_context.py:549}}
Jun 10 11:22:34.999007 n-d-768851-14 devstack@placement-api.service[93295]: DEBUG placement.objects.research_context [req-1c843573-3cb7-489a-9a86-d5f535c89f57 req-8311c9c9-9964-4518-9cb0-c9bab41dba5a service placement] found 2 providers with available 1024 MEMORY_MB {{(pid=93295) get_provider_ids_matching /opt/stack/placement/placement/objects/research_context.py:549}}
Jun 10 11:22:34.999450 n-d-768851-14 devstack@placement-api.service[93295]: DEBUG placement.objects.research_context [req-1c843573-3cb7-489a-9a86-d5f535c89f57 req-8311c9c9-9964-4518-9cb0-c9bab41dba5a service placement] found 2 providers after filtering by previous result {{(pid=93295) get_provider_ids_matching /opt/stack/placement/placement/objects/research_context.py:580}}
Jun 10 11:22:35.000578 n-d-768851-14 devstack@placement-api.service[93295]: DEBUG placement.objects.research_context [req-1c843573-3cb7-489a-9a86-d5f535c89f57 req-8311c9c9-9964-4518-9cb0-c9bab41dba5a service placement] found 2 providers with available 1 VCPU {{(pid=93295) get_provider_ids_matching /opt/stack/placement/placement/objects/research_context.py:549}}
Jun 10 11:22:35.001011 n-d-768851-14 devstack@placement-api.service[93295]: DEBUG placement.objects.research_context [req-1c843573-3cb7-489a-9a86-d5f535c89f57 req-8311c9c9-9964-4518-9cb0-c9bab41dba5a service placement] found 2 providers after filtering by previous result {{(pid=93295) get_provider_ids_matching /opt/stack/placement/placement/objects/research_context.py:580}}
Jun 10 11:22:35.001346 n-d-768851-14 devstack@placement-api.service[93296]: DEBUG placement.objects.allocation_candidate [req-6e19a0e1-15c3-4561-8bee-8e69a71524d9 req-16e5b8eb-8376-4418-9102-75c2abd884cf service placement] RequestGroup(use_same_provider=False, resources={DISK_GB:1, MEMORY_MB:1024, VCPU:1}, traits=[], aggregates=[]) (suffix '') returned 2 matches {{(pid=93296) _get_by_requests /opt/stack/placement/placement/objects/allocation_candidate.py:145}}
Jun 10 11:22:35.001732 n-d-768851-14 devstack@placement-api.service[93296]: DEBUG placement.objects.allocation_candidate [req-6e19a0e1-15c3-4561-8bee-8e69a71524d9 req-16e5b8eb-8376-4418-9102-75c2abd884cf service placement] Merging candidates yields 2 allocation requests and 2 provider summaries {{(pid=93296) _merge_candidates /opt/stack/placement/placement/objects/allocation_candidate.py:783}}
Jun 10 11:22:35.014475 n-d-768851-14 devstack@placement-api.service[93295]: DEBUG placement.objects.allocation_candidate [req-1c843573-3cb7-489a-9a86-d5f535c89f57 req-8311c9c9-9964-4518-9cb0-c9bab41dba5a service placement] RequestGroup(use_same_provider=False, resources={DISK_GB:1, MEMORY_MB:1024, VCPU:1}, traits=[], aggregates=[]) (suffix '') returned 2 matches {{(pid=93295) _get_by_requests /opt/stack/placement/placement/objects/allocation_candidate.py:145}}
Jun 10 11:22:35.015063 n-d-768851-14 devstack@placement-api.service[93295]: DEBUG placement.objects.allocation_candidate [req-1c843573-3cb7-489a-9a86-d5f535c89f57 req-8311c9c9-9964-4518-9cb0-c9bab41dba5a service placement] Merging candidates yields 2 allocation requests and 2 provider summaries {{(pid=93295) _merge_candidates /opt/stack/placement/placement/objects/allocation_candidate.py:783}}
Jun 10 11:22:35.018049 n-d-768851-14 devstack@placement-api.service[93295]: INFO placement.requestlog [req-1c843573-3cb7-489a-9a86-d5f535c89f57 req-8311c9c9-9964-4518-9cb0-c9bab41dba5a service placement] 10.222.0.22 "GET /placement/allocation_candidates?limit=1000&resources=DISK_GB%3A1%2CMEMORY_MB%3A1024%2CVCPU%3A1&root_required=%21COMPUTE_STATUS_DISABLED" status: 200 len: 1309 microversion: 1.35
Jun 10 11:22:35.021406 n-d-768851-14 devstack@placement-api.service[93296]: INFO placement.requestlog [req-6e19a0e1-15c3-4561-8bee-8e69a71524d9 req-16e5b8eb-8376-4418-9102-75c2abd884cf service placement] 10.222.0.22 "GET /placement/allocation_candidates?limit=1000&resources=DISK_GB%3A1%2CMEMORY_MB%3A1024%2CVCPU%3A1&root_required=%21COMPUTE_STATUS_DISABLED" status: 200 len: 1309 microversion: 1.35
Jun 10 11:22:35.022590 n-d-768851-14 devstack@placement-api.service[93296]: [pid: 93296|app: 0|req: 198/399] 10.222.0.22 () {60 vars in 1506 bytes} [Thu Jun 10 11:22:34 2021] GET /placement/allocation_candidates?limit=1000&resources=DISK_GB%3A1%2CMEMORY_MB%3A1024%2CVCPU%3A1&root_required=%21COMPUTE_STATUS_DISABLED => generated 1309 bytes in 281 msecs (HTTP/1.1 200) 8 headers in 297 bytes (1 switches on core 0)
Jun 10 11:22:35.030081 n-d-768851-14 devstack@placement-api.service[93295]: [pid: 93295|app: 0|req: 202/400] 10.222.0.22 () {60 vars in 1506 bytes} [Thu Jun 10 11:22:34 2021] GET /placement/allocation_candidates?limit=1000&resources=DISK_GB%3A1%2CMEMORY_MB%3A1024%2CVCPU%3A1&root_required=%21COMPUTE_STATUS_DISABLED => generated 1309 bytes in 173 msecs (HTTP/1.1 200) 8 headers in 297 bytes (1 switches on core 0)
Jun 10 11:22:35.176812 n-d-768851-14 devstack@placement-api.service[93296]: DEBUG placement.requestlog [req-1c843573-3cb7-489a-9a86-d5f535c89f57 req-3fe0c385-4156-4d56-a798-13906e4e7720 None None] Starting request: 10.222.0.22 "GET /placement/allocations/7f283e8d-b07c-4cdd-bf11-4d5db8ff2044" {{(pid=93296) __call__ /opt/stack/placement/placement/requestlog.py:55}}
Jun 10 11:22:35.196505 n-d-768851-14 devstack@placement-api.service[93296]: INFO placement.requestlog [req-1c843573-3cb7-489a-9a86-d5f535c89f57 req-3fe0c385-4156-4d56-a798-13906e4e7720 service placement] 10.222.0.22 "GET /placement/allocations/7f283e8d-b07c-4cdd-bf11-4d5db8ff2044" status: 200 len: 19 microversion: 1.28
Jun 10 11:22:35.198595 n-d-768851-14 devstack@placement-api.service[93296]: [pid: 93296|app: 0|req: 199/401] 10.222.0.22 () {60 vars in 1380 bytes} [Thu Jun 10 11:22:35 2021] GET /placement/allocations/7f283e8d-b07c-4cdd-bf11-4d5db8ff2044 => generated 19 bytes in 22 msecs (HTTP/1.1 200) 8 headers in 295 bytes (1 switches on core 0)
Jun 10 11:22:35.207735 n-d-768851-14 devstack@placement-api.service[93295]: DEBUG placement.requestlog [req-1c843573-3cb7-489a-9a86-d5f535c89f57 req-19a993cd-a8d8-47ad-8ad4-10a69197c0e0 None None] Starting request: 10.222.0.22 "PUT /placement/allocations/7f283e8d-b07c-4cdd-bf11-4d5db8ff2044" {{(pid=93295) __call__ /opt/stack/placement/placement/requestlog.py:55}}
Jun 10 11:22:35.225581 n-d-768851-14 devstack@placement-api.service[93296]: DEBUG placement.requestlog [req-6e19a0e1-15c3-4561-8bee-8e69a71524d9 req-b1e1ece4-8672-4b48-bbea-28f115b87c27 None None] Starting request: 10.222.0.22 "GET /placement/allocations/d42d5a4d-9f3d-4627-a5a5-c117744897be" {{(pid=93296) __call__ /opt/stack/placement/placement/requestlog.py:55}}
Jun 10 11:22:35.257608 n-d-768851-14 devstack@placement-api.service[93296]: INFO placement.requestlog [req-6e19a0e1-15c3-4561-8bee-8e69a71524d9 req-b1e1ece4-8672-4b48-bbea-28f115b87c27 service placement] 10.222.0.22 "GET /placement/allocations/d42d5a4d-9f3d-4627-a5a5-c117744897be" status: 200 len: 19 microversion: 1.28
Jun 10 11:22:35.266173 n-d-768851-14 devstack@placement-api.service[93296]: [pid: 93296|app: 0|req: 200/402] 10.222.0.22 () {60 vars in 1380 bytes} [Thu Jun 10 11:22:35 2021] GET /placement/allocations/d42d5a4d-9f3d-4627-a5a5-c117744897be => generated 19 bytes in 40 msecs (HTTP/1.1 200) 8 headers in 295 bytes (1 switches on core 0)
Jun 10 11:22:35.269715 n-d-768851-14 devstack@placement-api.service[93296]: DEBUG placement.requestlog [req-6e19a0e1-15c3-4561-8bee-8e69a71524d9 req-92767a58-aaf4-4201-80cd-cc45069c8ba0 None None] Starting request: 10.222.0.22 "PUT /placement/allocations/d42d5a4d-9f3d-4627-a5a5-c117744897be" {{(pid=93296) __call__ /opt/stack/placement/placement/requestlog.py:55}}
Jun 10 11:22:35.374505 n-d-768851-14 devstack@placement-api.service[93295]: DEBUG placement.handlers.allocation [req-1c843573-3cb7-489a-9a86-d5f535c89f57 req-19a993cd-a8d8-47ad-8ad4-10a69197c0e0 service placement] Successfully wrote allocations [, , ] {{(pid=93295) _create_allocations /opt/stack/placement/placement/handlers/allocation.py:435}}
Jun 10 11:22:35.375653 n-d-768851-14 devstack@placement-api.service[93295]: INFO placement.requestlog [req-1c843573-3cb7-489a-9a86-d5f535c89f57 req-19a993cd-a8d8-47ad-8ad4-10a69197c0e0 service placement] 10.222.0.22 "PUT /placement/allocations/7f283e8d-b07c-4cdd-bf11-4d5db8ff2044" status: 204 len: 0 microversion: 1.35
Jun 10 11:22:35.384839 n-d-768851-14 devstack@placement-api.service[93295]: [pid: 93295|app: 0|req: 203/403] 10.222.0.22 () {64 vars in 1433 bytes} [Thu Jun 10 11:22:35 2021] PUT /placement/allocations/7f283e8d-b07c-4cdd-bf11-4d5db8ff2044 => generated 0 bytes in 174 msecs (HTTP/1.1 204) 5 headers in 199 bytes (1 switches on core 0)
Jun 10 11:22:35.470090 n-d-768851-14 devstack@placement-api.service[93296]: DEBUG placement.objects.allocation [req-6e19a0e1-15c3-4561-8bee-8e69a71524d9 req-92767a58-aaf4-4201-80cd-cc45069c8ba0 service placement] Retrying allocations write on resource provider generation conflict {{(pid=93296) replace_all /opt/stack/placement/placement/objects/allocation.py:505}}
Jun 10 11:22:35.539820 n-d-768851-14 devstack@placement-api.service[93296]: DEBUG placement.handlers.allocation [req-6e19a0e1-15c3-4561-8bee-8e69a71524d9 req-92767a58-aaf4-4201-80cd-cc45069c8ba0 service placement] Successfully wrote allocations [, , ] {{(pid=93296) _create_allocations /opt/stack/placement/placement/handlers/allocation.py:435}}
Jun 10 11:22:35.540757 n-d-768851-14 devstack@placement-api.service[93296]: INFO placement.requestlog [req-6e19a0e1-15c3-4561-8bee-8e69a71524d9 req-92767a58-aaf4-4201-80cd-cc45069c8ba0 service placement] 10.222.0.22 "PUT /placement/allocations/d42d5a4d-9f3d-4627-a5a5-c117744897be" status: 204 len: 0 microversion: 1.35
Jun 10 11:22:35.543672 n-d-768851-14 devstack@placement-api.service[93296]: [pid: 93296|app: 0|req: 201/404] 10.222.0.22 () {64 vars in 1433 bytes} [Thu Jun 10 11:22:35 2021] PUT /placement/allocations/d42d5a4d-9f3d-4627-a5a5-c117744897be => generated 0 bytes in 277 msecs (HTTP/1.1 204) 5 headers in 199 bytes (1 switches on core 0)
Jun 10 11:22:36.631183 n-d-768851-14 devstack@placement-api.service[93295]: DEBUG placement.requestlog [req-1c843573-3cb7-489a-9a86-d5f535c89f57 req-cd6085a6-041c-4219-a805-b382789e9bea None None] Starting request: 10.222.0.97 "GET /placement/allocations/7f283e8d-b07c-4cdd-bf11-4d5db8ff2044" {{(pid=93295) __call__ /opt/stack/placement/placement/requestlog.py:55}}
Jun 10 11:22:36.668378 n-d-768851-14 devstack@placement-api.service[93295]: INFO placement.requestlog [req-1c843573-3cb7-489a-9a86-d5f535c89f57 req-cd6085a6-041c-4219-a805-b382789e9bea service placement] 10.222.0.97 "GET /placement/allocations/7f283e8d-b07c-4cdd-bf11-4d5db8ff2044" status: 200 len: 259 microversion: 1.28
Jun 10 11:22:36.670342 n-d-768851-14 devstack@placement-api.service[93295]: [pid: 93295|app: 0|req: 204/405] 10.222.0.97 () {60 vars in 1378 bytes} [Thu Jun 10 11:22:36 2021] GET /placement/allocations/7f283e8d-b07c-4cdd-bf11-4d5db8ff2044 => generated 259 bytes in 39 msecs (HTTP/1.1 200) 8 headers in 296 bytes (1 switches on core 0)
Jun 10 11:22:36.691627 n-d-768851-14 devstack@placement-api.service[93296]: DEBUG placement.requestlog [req-6e19a0e1-15c3-4561-8bee-8e69a71524d9 req-e4c3832e-e68e-4c09-a9f0-9fd61e1b8adb None None] Starting request: 10.222.0.97 "GET /placement/allocations/d42d5a4d-9f3d-4627-a5a5-c117744897be" {{(pid=93296) __call__ /opt/stack/placement/placement/requestlog.py:55}}
Jun 10 11:22:36.783068 n-d-768851-14 devstack@placement-api.service[93296]: INFO placement.requestlog [req-6e19a0e1-15c3-4561-8bee-8e69a71524d9 req-e4c3832e-e68e-4c09-a9f0-9fd61e1b8adb service placement] 10.222.0.97 "GET /placement/allocations/d42d5a4d-9f3d-4627-a5a5-c117744897be" status: 200 len: 259 microversion: 1.28
Jun 10 11:22:36.784023 n-d-768851-14 devstack@placement-api.service[93296]: [pid: 93296|app: 0|req: 202/406] 10.222.0.97 () {60 vars in 1378 bytes} [Thu Jun 10 11:22:36 2021] GET /placement/allocations/d42d5a4d-9f3d-4627-a5a5-c117744897be => generated 259 bytes in 92 msecs (HTTP/1.1 200) 8 headers in 296 bytes (1 switches on core 0)
Jun 10 11:22:50.129884 n-d-768851-14 devstack@placement-api.service[93295]: DEBUG placement.requestlog [req-5d29a108-a1b5-4739-a4e3-982b81b3fb5d req-119d6a44-6667-42f1-9654-e64a3af21c81 None None] Starting request: 10.222.0.52 "GET /placement/allocations/cf34a7ac-920a-4299-9611-75f63461401b" {{(pid=93295) __call__ /opt/stack/placement/placement/requestlog.py:55}}
Jun 10 11:22:50.158339 n-d-768851-14 devstack@placement-api.service[93295]: INFO placement.requestlog [req-5d29a108-a1b5-4739-a4e3-982b81b3fb5d req-119d6a44-6667-42f1-9654-e64a3af21c81 service placement] 10.222.0.52 "GET /placement/allocations/cf34a7ac-920a-4299-9611-75f63461401b" status: 200 len: 259 microversion: 1.28
Jun 10 11:22:50.163411 n-d-768851-14 devstack@placement-api.service[93295]: [pid: 93295|app: 0|req: 205/407] 10.222.0.52 () {60 vars in 1378 bytes} [Thu Jun 10 11:22:50 2021] GET /placement/allocations/cf34a7ac-920a-4299-9611-75f63461401b => generated 259 bytes in 34 msecs (HTTP/1.1 200) 8 headers in 296 bytes (1 switches on core 0)
Jun 10 11:22:50.167326 n-d-768851-14 devstack@placement-api.service[93296]: DEBUG placement.requestlog [req-5d29a108-a1b5-4739-a4e3-982b81b3fb5d req-ccba39b4-1b98-476c-9bd5-412cafaed08e None None] Starting request: 10.222.0.52 "PUT /placement/allocations/cf34a7ac-920a-4299-9611-75f63461401b" {{(pid=93296) __call__ /opt/stack/placement/placement/requestlog.py:55}}
Jun 10 11:22:50.326571 n-d-768851-14 devstack@placement-api.service[93296]: DEBUG placement.handlers.allocation [req-5d29a108-a1b5-4739-a4e3-982b81b3fb5d req-ccba39b4-1b98-476c-9bd5-412cafaed08e service placement] Successfully wrote allocations [, , ] {{(pid=93296) _create_allocations /opt/stack/placement/placement/handlers/allocation.py:435}}
Jun 10 11:22:50.328073 n-d-768851-14 devstack@placement-api.service[93296]: INFO placement.requestlog [req-5d29a108-a1b5-4739-a4e3-982b81b3fb5d req-ccba39b4-1b98-476c-9bd5-412cafaed08e service placement] 10.222.0.52 "PUT /placement/allocations/cf34a7ac-920a-4299-9611-75f63461401b" status: 204 len: 0 microversion: 1.28
Jun 10 11:22:50.328935 n-d-768851-14 devstack@placement-api.service[93296]: [pid: 93296|app: 0|req: 203/408] 10.222.0.52 () {64 vars in 1431 bytes} [Thu Jun 10 11:22:50 2021] PUT /placement/allocations/cf34a7ac-920a-4299-9611-75f63461401b => generated 0 bytes in 162 msecs (HTTP/1.1 204) 5 headers in 199 bytes (1 switches on core 0)
Jun 10 11:22:53.116737 n-d-768851-14 devstack@placement-api.service[93295]: DEBUG placement.requestlog [req-85339d0c-d38e-4d5e-98a6-16a64cf0651c req-b6444ac9-2d7f-45c7-b6fd-da99ef45c6a9 None None] Starting request: 10.222.0.97 "GET /placement/resource_providers/de51c6aa-b033-4408-8758-ff46b5586bc3/allocations" {{(pid=93295) __call__ /opt/stack/placement/placement/requestlog.py:55}}
Jun 10 11:22:53.168765 n-d-768851-14 devstack@placement-api.service[93295]: INFO placement.requestlog [req-85339d0c-d38e-4d5e-98a6-16a64cf0651c req-b6444ac9-2d7f-45c7-b6fd-da99ef45c6a9 service placement] 10.222.0.97 "GET /placement/resource_providers/de51c6aa-b033-4408-8758-ff46b5586bc3/allocations" status: 200 len: 443 microversion: 1.0
Jun 10 11:22:53.170844 n-d-768851-14 devstack@placement-api.service[93295]: [pid: 93295|app: 0|req: 206/409] 10.222.0.97 () {58 vars in 1391 bytes} [Thu Jun 10 11:22:53 2021] GET /placement/resource_providers/de51c6aa-b033-4408-8758-ff46b5586bc3/allocations => generated 443 bytes in 54 msecs (HTTP/1.1 200) 6 headers in 224 bytes (1 switches on core 0)
Jun 10 11:22:53.610498 n-d-768851-14 devstack@placement-api.service[93296]: DEBUG placement.requestlog [req-85339d0c-d38e-4d5e-98a6-16a64cf0651c req-ad2967b1-5834-43df-a941-d93592309bd0 None None] Starting request: 10.222.0.97 "GET /placement/allocations/959e7f7c-07d9-4016-ad11-e4346974bdac" {{(pid=93296) __call__ /opt/stack/placement/placement/requestlog.py:55}}
Jun 10 11:22:53.636776 n-d-768851-14 devstack@placement-api.service[93296]: INFO placement.requestlog [req-85339d0c-d38e-4d5e-98a6-16a64cf0651c req-ad2967b1-5834-43df-a941-d93592309bd0 service placement] 10.222.0.97 "GET /placement/allocations/959e7f7c-07d9-4016-ad11-e4346974bdac" status: 200 len: 245 microversion: 1.28
Jun 10 11:22:53.638437 n-d-768851-14 devstack@placement-api.service[93296]: [pid: 93296|app: 0|req: 204/410] 10.222.0.97 () {60 vars in 1378 bytes} [Thu Jun 10 11:22:53 2021] GET /placement/allocations/959e7f7c-07d9-4016-ad11-e4346974bdac => generated 245 bytes in 28 msecs (HTTP/1.1 200) 8 headers in 296 bytes (1 switches on core 0)
Jun 10 11:22:53.646883 n-d-768851-14 devstack@placement-api.service[93295]: DEBUG placement.requestlog [req-85339d0c-d38e-4d5e-98a6-16a64cf0651c req-6d33d2de-088e-47b9-b33a-667db0555df9 None None] Starting request: 10.222.0.97 "PUT /placement/allocations/959e7f7c-07d9-4016-ad11-e4346974bdac" {{(pid=93295) __call__ /opt/stack/placement/placement/requestlog.py:55}}
Jun 10 11:22:53.786044 n-d-768851-14 devstack@placement-api.service[93295]: DEBUG placement.handlers.allocation [req-85339d0c-d38e-4d5e-98a6-16a64cf0651c req-6d33d2de-088e-47b9-b33a-667db0555df9 service placement] Successfully wrote allocations [, ] {{(pid=93295) _create_allocations /opt/stack/placement/placement/handlers/allocation.py:435}}
Jun 10 11:22:53.787116 n-d-768851-14 devstack@placement-api.service[93295]: INFO placement.requestlog [req-85339d0c-d38e-4d5e-98a6-16a64cf0651c req-6d33d2de-088e-47b9-b33a-667db0555df9 service placement] 10.222.0.97 "PUT /placement/allocations/959e7f7c-07d9-4016-ad11-e4346974bdac" status: 204 len: 0 microversion: 1.28
Jun 10 11:22:53.787457 n-d-768851-14 devstack@placement-api.service[93295]: [pid: 93295|app: 0|req: 207/411] 10.222.0.97 () {64 vars in 1431 bytes} [Thu Jun 10 11:22:53 2021] PUT /placement/allocations/959e7f7c-07d9-4016-ad11-e4346974bdac => generated 0 bytes in 141 msecs (HTTP/1.1 204) 5 headers in 199 bytes (1 switches on core 0)
Jun 10 11:22:54.678503 n-d-768851-14 devstack@placement-api.service[93296]: DEBUG placement.requestlog [req-e1b1c149-d7c6-4606-a2b1-8a10bcc6d946 req-bd884335-8e91-4cf2-bf86-2ef2f18964e2 None None] Starting request: 10.222.0.22 "GET /placement/allocation_candidates?limit=1000&resources=DISK_GB%3A1%2CMEMORY_MB%3A512%2CVCPU%3A1&root_required=%21COMPUTE_STATUS_DISABLED" {{(pid=93296) __call__ /opt/stack/placement/placement/requestlog.py:55}}
Jun 10 11:22:54.715625 n-d-768851-14 devstack@placement-api.service[93296]: DEBUG placement.objects.research_context [req-e1b1c149-d7c6-4606-a2b1-8a10bcc6d946 req-bd884335-8e91-4cf2-bf86-2ef2f18964e2 service placement] getting providers with 1 DISK_GB {{(pid=93296) __init__ /opt/stack/placement/placement/objects/research_context.py:126}}
Jun 10 11:22:54.723199 n-d-768851-14 devstack@placement-api.service[93296]: DEBUG placement.objects.research_context [req-e1b1c149-d7c6-4606-a2b1-8a10bcc6d946 req-bd884335-8e91-4cf2-bf86-2ef2f18964e2 service placement] getting providers with 512 MEMORY_MB {{(pid=93296) __init__ /opt/stack/placement/placement/objects/research_context.py:126}}
Jun 10 11:22:54.730326 n-d-768851-14 devstack@placement-api.service[93296]: DEBUG placement.objects.research_context [req-e1b1c149-d7c6-4606-a2b1-8a10bcc6d946 req-bd884335-8e91-4cf2-bf86-2ef2f18964e2 service placement] getting providers with 1 VCPU {{(pid=93296) __init__ /opt/stack/placement/placement/objects/research_context.py:126}}
Jun 10 11:22:54.738100 n-d-768851-14 devstack@placement-api.service[93296]: DEBUG placement.objects.research_context [req-e1b1c149-d7c6-4606-a2b1-8a10bcc6d946 req-bd884335-8e91-4cf2-bf86-2ef2f18964e2 service placement] found 2 providers with available 1 DISK_GB {{(pid=93296) get_provider_ids_matching /opt/stack/placement/placement/objects/research_context.py:549}}
Jun 10 11:22:54.738701 n-d-768851-14 devstack@placement-api.service[93296]: DEBUG placement.objects.research_context [req-e1b1c149-d7c6-4606-a2b1-8a10bcc6d946 req-bd884335-8e91-4cf2-bf86-2ef2f18964e2 service placement] found 2 providers with available 512 MEMORY_MB {{(pid=93296) get_provider_ids_matching /opt/stack/placement/placement/objects/research_context.py:549}}
Jun 10 11:22:54.739312 n-d-768851-14 devstack@placement-api.service[93296]: DEBUG placement.objects.research_context [req-e1b1c149-d7c6-4606-a2b1-8a10bcc6d946 req-bd884335-8e91-4cf2-bf86-2ef2f18964e2 service placement] found 2 providers after filtering by previous result {{(pid=93296) get_provider_ids_matching /opt/stack/placement/placement/objects/research_context.py:580}}
Jun 10 11:22:54.739903 n-d-768851-14 devstack@placement-api.service[93296]: DEBUG placement.objects.research_context [req-e1b1c149-d7c6-4606-a2b1-8a10bcc6d946 req-bd884335-8e91-4cf2-bf86-2ef2f18964e2 service placement] found 2 providers with available 1 VCPU {{(pid=93296) get_provider_ids_matching /opt/stack/placement/placement/objects/research_context.py:549}}
Jun 10 11:22:54.740356 n-d-768851-14 devstack@placement-api.service[93296]: DEBUG placement.objects.research_context [req-e1b1c149-d7c6-4606-a2b1-8a10bcc6d946 req-bd884335-8e91-4cf2-bf86-2ef2f18964e2 service placement] found 2 providers after filtering by previous result {{(pid=93296) get_provider_ids_matching /opt/stack/placement/placement/objects/research_context.py:580}}
Jun 10 11:22:54.764632 n-d-768851-14 devstack@placement-api.service[93296]: DEBUG placement.objects.allocation_candidate [req-e1b1c149-d7c6-4606-a2b1-8a10bcc6d946 req-bd884335-8e91-4cf2-bf86-2ef2f18964e2 service placement] RequestGroup(use_same_provider=False, resources={DISK_GB:1, MEMORY_MB:512, VCPU:1}, traits=[], aggregates=[]) (suffix '') returned 2 matches {{(pid=93296) _get_by_requests /opt/stack/placement/placement/objects/allocation_candidate.py:145}}
Jun 10 11:22:54.765791 n-d-768851-14 devstack@placement-api.service[93296]: DEBUG placement.objects.allocation_candidate [req-e1b1c149-d7c6-4606-a2b1-8a10bcc6d946 req-bd884335-8e91-4cf2-bf86-2ef2f18964e2 service placement] Merging candidates yields 2 allocation requests and 2 provider summaries {{(pid=93296) _merge_candidates /opt/stack/placement/placement/objects/allocation_candidate.py:783}}
Jun 10 11:22:54.767765 n-d-768851-14 devstack@placement-api.service[93296]: INFO placement.requestlog [req-e1b1c149-d7c6-4606-a2b1-8a10bcc6d946 req-bd884335-8e91-4cf2-bf86-2ef2f18964e2 service placement] 10.222.0.22 "GET /placement/allocation_candidates?limit=1000&resources=DISK_GB%3A1%2CMEMORY_MB%3A512%2CVCPU%3A1&root_required=%21COMPUTE_STATUS_DISABLED" status: 200 len: 1307 microversion: 1.35
Jun 10 11:22:54.780006 n-d-768851-14 devstack@placement-api.service[93296]: [pid: 93296|app: 0|req: 205/412] 10.222.0.22 () {60 vars in 1504 bytes} [Thu Jun 10 11:22:54 2021] GET /placement/allocation_candidates?limit=1000&resources=DISK_GB%3A1%2CMEMORY_MB%3A512%2CVCPU%3A1&root_required=%21COMPUTE_STATUS_DISABLED => generated 1307 bytes in 99 msecs (HTTP/1.1 200) 8 headers in 297 bytes (1 switches on core 0)
Jun 10 11:22:54.884434 n-d-768851-14 devstack@placement-api.service[93295]: DEBUG placement.requestlog [req-e1b1c149-d7c6-4606-a2b1-8a10bcc6d946 req-8c4b39f1-1293-4108-873b-9a4ff34a3549 None None] Starting request: 10.222.0.22 "GET /placement/allocations/5a159ef7-a1a7-4e25-9e6a-ef0d860a8ee7" {{(pid=93295) __call__ /opt/stack/placement/placement/requestlog.py:55}}
Jun 10 11:22:54.902113 n-d-768851-14 devstack@placement-api.service[93295]: INFO placement.requestlog [req-e1b1c149-d7c6-4606-a2b1-8a10bcc6d946 req-8c4b39f1-1293-4108-873b-9a4ff34a3549 service placement] 10.222.0.22 "GET /placement/allocations/5a159ef7-a1a7-4e25-9e6a-ef0d860a8ee7" status: 200 len: 19 microversion: 1.28
Jun 10 11:22:54.909993 n-d-768851-14 devstack@placement-api.service[93295]: [pid: 93295|app: 0|req: 208/413] 10.222.0.22 () {60 vars in 1380 bytes} [Thu Jun 10 11:22:54 2021] GET /placement/allocations/5a159ef7-a1a7-4e25-9e6a-ef0d860a8ee7 => generated 19 bytes in 24 msecs (HTTP/1.1 200) 8 headers in 295 bytes (1 switches on core 0)
Jun 10 11:22:54.913278 n-d-768851-14 devstack@placement-api.service[93296]: DEBUG placement.requestlog [req-e1b1c149-d7c6-4606-a2b1-8a10bcc6d946 req-119f0333-c885-415b-8d96-4a97d350704e None None] Starting request: 10.222.0.22 "PUT /placement/allocations/5a159ef7-a1a7-4e25-9e6a-ef0d860a8ee7" {{(pid=93296) __call__ /opt/stack/placement/placement/requestlog.py:55}}
Jun 10 11:22:55.047225 n-d-768851-14 devstack@placement-api.service[93296]: DEBUG placement.handlers.allocation [req-e1b1c149-d7c6-4606-a2b1-8a10bcc6d946 req-119f0333-c885-415b-8d96-4a97d350704e service placement] Successfully wrote allocations [, , ] {{(pid=93296) _create_allocations /opt/stack/placement/placement/handlers/allocation.py:435}}
Jun 10 11:22:55.047918 n-d-768851-14 devstack@placement-api.service[93296]: INFO placement.requestlog [req-e1b1c149-d7c6-4606-a2b1-8a10bcc6d946 req-119f0333-c885-415b-8d96-4a97d350704e service placement] 10.222.0.22 "PUT /placement/allocations/5a159ef7-a1a7-4e25-9e6a-ef0d860a8ee7" status: 204 len: 0 microversion: 1.35
Jun 10 11:22:55.048740 n-d-768851-14 devstack@placement-api.service[93296]: [pid: 93296|app: 0|req: 206/414] 10.222.0.22 () {64 vars in 1433 bytes} [Thu Jun 10 11:22:54 2021] PUT /placement/allocations/5a159ef7-a1a7-4e25-9e6a-ef0d860a8ee7 => generated 0 bytes in 135 msecs (HTTP/1.1 204) 5 headers in 199 bytes (2 switches on core 0)
Jun 10 11:22:55.722103 n-d-768851-14 devstack@placement-api.service[93295]: DEBUG placement.requestlog [req-e1b1c149-d7c6-4606-a2b1-8a10bcc6d946 req-f505f9e5-78f0-43bb-ba4a-b5549f7926a5 None None] Starting request: 10.222.0.52 "GET /placement/allocations/5a159ef7-a1a7-4e25-9e6a-ef0d860a8ee7" {{(pid=93295) __call__ /opt/stack/placement/placement/requestlog.py:55}}
Jun 10 11:22:55.748009 n-d-768851-14 devstack@placement-api.service[93295]: INFO placement.requestlog [req-e1b1c149-d7c6-4606-a2b1-8a10bcc6d946 req-f505f9e5-78f0-43bb-ba4a-b5549f7926a5 service placement] 10.222.0.52 "GET /placement/allocations/5a159ef7-a1a7-4e25-9e6a-ef0d860a8ee7" status: 200 len: 258 microversion: 1.28
Jun 10 11:22:55.748249 n-d-768851-14 devstack@placement-api.service[93295]: [pid: 93295|app: 0|req: 209/415] 10.222.0.52 () {60 vars in 1378 bytes} [Thu Jun 10 11:22:55 2021] GET /placement/allocations/5a159ef7-a1a7-4e25-9e6a-ef0d860a8ee7 => generated 258 bytes in 27 msecs (HTTP/1.1 200) 8 headers in 296 bytes (1 switches on core 0)
Jun 10 11:23:02.645525 n-d-768851-14 devstack@placement-api.service[93296]: DEBUG placement.requestlog [req-660490d6-d72e-4f90-9ab1-78f3d0617376 req-5c8e2fbd-fae6-4691-8830-1892e0b42116 None None] Starting request: 10.222.0.52 "GET /placement/allocations/1cdb867f-0237-4902-af92-97b2f4c4337e" {{(pid=93296) __call__ /opt/stack/placement/placement/requestlog.py:55}}
Jun 10 11:23:02.668658 n-d-768851-14 devstack@placement-api.service[93296]: INFO placement.requestlog [req-660490d6-d72e-4f90-9ab1-78f3d0617376 req-5c8e2fbd-fae6-4691-8830-1892e0b42116 service placement] 10.222.0.52 "GET /placement/allocations/1cdb867f-0237-4902-af92-97b2f4c4337e" status: 200 len: 259 microversion: 1.28
