May 17 13:14:46.837116 n-d-768851-13 devstack@placement-api.service[80060]: DEBUG placement.objects.allocation_candidate [req-25d290a7-2006-43cc-8da2-5c804a7b5ea5 req-511e81b8-7da5-4466-9680-b4c0938d982a service placement] RequestGroup(use_same_provider=False, resources={DISK_GB:1, MEMORY_MB:1024, VCPU:1}, traits=[], aggregates=[]) (suffix '') returned 2 matches {{(pid=80060) _get_by_requests /opt/stack/placement/placement/objects/allocation_candidate.py:145}}
May 17 13:14:46.838810 n-d-768851-13 devstack@placement-api.service[80060]: DEBUG placement.objects.allocation_candidate [req-25d290a7-2006-43cc-8da2-5c804a7b5ea5 req-511e81b8-7da5-4466-9680-b4c0938d982a service placement] Merging candidates yields 2 allocation requests and 2 provider summaries {{(pid=80060) _merge_candidates /opt/stack/placement/placement/objects/allocation_candidate.py:783}}
May 17 13:14:46.843629 n-d-768851-13 devstack@placement-api.service[80060]: INFO placement.requestlog [req-25d290a7-2006-43cc-8da2-5c804a7b5ea5 req-511e81b8-7da5-4466-9680-b4c0938d982a service placement] 10.222.0.57 "GET /placement/allocation_candidates?limit=1000&resources=DISK_GB%3A1%2CMEMORY_MB%3A1024%2CVCPU%3A1&root_required=%21COMPUTE_STATUS_DISABLED" status: 200 len: 1309 microversion: 1.35
May 17 13:14:46.844918 n-d-768851-13 devstack@placement-api.service[80061]: DEBUG placement.objects.research_context [req-c75e4c9a-e27e-4d7b-babe-aa3c19cb5e0b req-16d95dd3-8d3d-4c76-b4a8-5be09539fb0e service placement] getting providers with 1024 MEMORY_MB {{(pid=80061) __init__ /opt/stack/placement/placement/objects/research_context.py:126}}
May 17 13:14:46.849357 n-d-768851-13 devstack@placement-api.service[80060]: [pid: 80060|app: 0|req: 80/156] 10.222.0.57 () {60 vars in 1506 bytes} [Mon May 17 13:14:46 2021] GET /placement/allocation_candidates?limit=1000&resources=DISK_GB%3A1%2CMEMORY_MB%3A1024%2CVCPU%3A1&root_required=%21COMPUTE_STATUS_DISABLED => generated 1309 bytes in 160 msecs (HTTP/1.1 200) 8 headers in 297 bytes (1 switches on core 0)
May 17 13:14:46.897137 n-d-768851-13 devstack@placement-api.service[80061]: DEBUG placement.objects.research_context [req-c75e4c9a-e27e-4d7b-babe-aa3c19cb5e0b req-16d95dd3-8d3d-4c76-b4a8-5be09539fb0e service placement] getting providers with 1 VCPU {{(pid=80061) __init__ /opt/stack/placement/placement/objects/research_context.py:126}}
May 17 13:14:46.911047 n-d-768851-13 devstack@placement-api.service[80061]: DEBUG placement.objects.research_context [req-c75e4c9a-e27e-4d7b-babe-aa3c19cb5e0b req-16d95dd3-8d3d-4c76-b4a8-5be09539fb0e service placement] found 2 providers with available 1 DISK_GB {{(pid=80061) get_provider_ids_matching /opt/stack/placement/placement/objects/research_context.py:549}}
May 17 13:14:46.911330 n-d-768851-13 devstack@placement-api.service[80061]: DEBUG placement.objects.research_context [req-c75e4c9a-e27e-4d7b-babe-aa3c19cb5e0b req-16d95dd3-8d3d-4c76-b4a8-5be09539fb0e service placement] found 2 providers with available 1024 MEMORY_MB {{(pid=80061) get_provider_ids_matching /opt/stack/placement/placement/objects/research_context.py:549}}
May 17 13:14:46.911611 n-d-768851-13 devstack@placement-api.service[80061]: DEBUG placement.objects.research_context [req-c75e4c9a-e27e-4d7b-babe-aa3c19cb5e0b req-16d95dd3-8d3d-4c76-b4a8-5be09539fb0e service placement] found 2 providers after filtering by previous result {{(pid=80061) get_provider_ids_matching /opt/stack/placement/placement/objects/research_context.py:580}}
May 17 13:14:46.911872 n-d-768851-13 devstack@placement-api.service[80061]: DEBUG placement.objects.research_context [req-c75e4c9a-e27e-4d7b-babe-aa3c19cb5e0b req-16d95dd3-8d3d-4c76-b4a8-5be09539fb0e service placement] found 2 providers with available 1 VCPU {{(pid=80061) get_provider_ids_matching /opt/stack/placement/placement/objects/research_context.py:549}}
May 17 13:14:46.912136 n-d-768851-13 devstack@placement-api.service[80061]: DEBUG placement.objects.research_context [req-c75e4c9a-e27e-4d7b-babe-aa3c19cb5e0b req-16d95dd3-8d3d-4c76-b4a8-5be09539fb0e service placement] found 2 providers after filtering by previous result {{(pid=80061) get_provider_ids_matching /opt/stack/placement/placement/objects/research_context.py:580}}
May 17 13:14:46.946549 n-d-768851-13 devstack@placement-api.service[80061]: DEBUG placement.objects.allocation_candidate [req-c75e4c9a-e27e-4d7b-babe-aa3c19cb5e0b req-16d95dd3-8d3d-4c76-b4a8-5be09539fb0e service placement] RequestGroup(use_same_provider=False, resources={DISK_GB:1, MEMORY_MB:1024, VCPU:1}, traits=[], aggregates=[]) (suffix '') returned 2 matches {{(pid=80061) _get_by_requests /opt/stack/placement/placement/objects/allocation_candidate.py:145}}
May 17 13:14:46.947139 n-d-768851-13 devstack@placement-api.service[80061]: DEBUG placement.objects.allocation_candidate [req-c75e4c9a-e27e-4d7b-babe-aa3c19cb5e0b req-16d95dd3-8d3d-4c76-b4a8-5be09539fb0e service placement] Merging candidates yields 2 allocation requests and 2 provider summaries {{(pid=80061) _merge_candidates /opt/stack/placement/placement/objects/allocation_candidate.py:783}}
May 17 13:14:46.953936 n-d-768851-13 devstack@placement-api.service[80061]: INFO placement.requestlog [req-c75e4c9a-e27e-4d7b-babe-aa3c19cb5e0b req-16d95dd3-8d3d-4c76-b4a8-5be09539fb0e service placement] 10.222.0.57 "GET /placement/allocation_candidates?limit=1000&resources=DISK_GB%3A1%2CMEMORY_MB%3A1024%2CVCPU%3A1&root_required=%21COMPUTE_STATUS_DISABLED" status: 200 len: 1309 microversion: 1.35
May 17 13:14:46.968754 n-d-768851-13 devstack@placement-api.service[80061]: [pid: 80061|app: 0|req: 77/157] 10.222.0.57 () {60 vars in 1506 bytes} [Mon May 17 13:14:46 2021] GET /placement/allocation_candidates?limit=1000&resources=DISK_GB%3A1%2CMEMORY_MB%3A1024%2CVCPU%3A1&root_required=%21COMPUTE_STATUS_DISABLED => generated 1309 bytes in 212 msecs (HTTP/1.1 200) 8 headers in 297 bytes (1 switches on core 0)
May 17 13:14:47.022167 n-d-768851-13 devstack@placement-api.service[80060]: DEBUG placement.requestlog [req-25d290a7-2006-43cc-8da2-5c804a7b5ea5 req-f3dc272d-1524-4131-b73a-35a608c888f0 None None] Starting request: 10.222.0.57 "GET /placement/allocations/80ce6004-1f71-4ac9-810b-8dca13fc61c6" {{(pid=80060) __call__ /opt/stack/placement/placement/requestlog.py:55}}
May 17 13:14:47.046398 n-d-768851-13 devstack@placement-api.service[80060]: INFO placement.requestlog [req-25d290a7-2006-43cc-8da2-5c804a7b5ea5 req-f3dc272d-1524-4131-b73a-35a608c888f0 service placement] 10.222.0.57 "GET /placement/allocations/80ce6004-1f71-4ac9-810b-8dca13fc61c6" status: 200 len: 19 microversion: 1.28
May 17 13:14:47.048748 n-d-768851-13 devstack@placement-api.service[80060]: [pid: 80060|app: 0|req: 81/158] 10.222.0.57 () {60 vars in 1380 bytes} [Mon May 17 13:14:47 2021] GET /placement/allocations/80ce6004-1f71-4ac9-810b-8dca13fc61c6 => generated 19 bytes in 27 msecs (HTTP/1.1 200) 8 headers in 295 bytes (1 switches on core 0)
May 17 13:14:47.054475 n-d-768851-13 devstack@placement-api.service[80061]: DEBUG placement.requestlog [req-25d290a7-2006-43cc-8da2-5c804a7b5ea5 req-40dff5b6-0be0-4c68-a103-a73f6e3b12c1 None None] Starting request: 10.222.0.57 "PUT /placement/allocations/80ce6004-1f71-4ac9-810b-8dca13fc61c6" {{(pid=80061) __call__ /opt/stack/placement/placement/requestlog.py:55}}
May 17 13:14:47.070154 n-d-768851-13 devstack@placement-api.service[80060]: DEBUG placement.requestlog [req-c75e4c9a-e27e-4d7b-babe-aa3c19cb5e0b req-668c5115-9a8f-445c-9245-53a1089613d6 None None] Starting request: 10.222.0.57 "GET /placement/allocations/c5ea1503-31dd-495d-a2c6-2e8cc924834c" {{(pid=80060) __call__ /opt/stack/placement/placement/requestlog.py:55}}
May 17 13:14:47.089351 n-d-768851-13 devstack@placement-api.service[80060]: INFO placement.requestlog [req-c75e4c9a-e27e-4d7b-babe-aa3c19cb5e0b req-668c5115-9a8f-445c-9245-53a1089613d6 service placement] 10.222.0.57 "GET /placement/allocations/c5ea1503-31dd-495d-a2c6-2e8cc924834c" status: 200 len: 19 microversion: 1.28
May 17 13:14:47.100248 n-d-768851-13 devstack@placement-api.service[80060]: [pid: 80060|app: 0|req: 82/159] 10.222.0.57 () {60 vars in 1380 bytes} [Mon May 17 13:14:47 2021] GET /placement/allocations/c5ea1503-31dd-495d-a2c6-2e8cc924834c => generated 19 bytes in 29 msecs (HTTP/1.1 200) 8 headers in 295 bytes (1 switches on core 0)
May 17 13:14:47.101191 n-d-768851-13 devstack@placement-api.service[80060]: DEBUG placement.requestlog [req-c75e4c9a-e27e-4d7b-babe-aa3c19cb5e0b req-45f86c56-e3e8-498e-bbba-2f79e9231f94 None None] Starting request: 10.222.0.57 "PUT /placement/allocations/c5ea1503-31dd-495d-a2c6-2e8cc924834c" {{(pid=80060) __call__ /opt/stack/placement/placement/requestlog.py:55}}
May 17 13:14:47.192132 n-d-768851-13 devstack@placement-api.service[80061]: DEBUG placement.handlers.allocation [req-25d290a7-2006-43cc-8da2-5c804a7b5ea5 req-40dff5b6-0be0-4c68-a103-a73f6e3b12c1 service placement] Successfully wrote allocations [, , ] {{(pid=80061) _create_allocations /opt/stack/placement/placement/handlers/allocation.py:435}}
May 17 13:14:47.196368 n-d-768851-13 devstack@placement-api.service[80061]: INFO placement.requestlog [req-25d290a7-2006-43cc-8da2-5c804a7b5ea5 req-40dff5b6-0be0-4c68-a103-a73f6e3b12c1 service placement] 10.222.0.57 "PUT /placement/allocations/80ce6004-1f71-4ac9-810b-8dca13fc61c6" status: 204 len: 0 microversion: 1.35
May 17 13:14:47.196661 n-d-768851-13 devstack@placement-api.service[80061]: [pid: 80061|app: 0|req: 78/160] 10.222.0.57 () {64 vars in 1433 bytes} [Mon May 17 13:14:47 2021] PUT /placement/allocations/80ce6004-1f71-4ac9-810b-8dca13fc61c6 => generated 0 bytes in 142 msecs (HTTP/1.1 204) 5 headers in 199 bytes (1 switches on core 0)
May 17 13:14:47.282293 n-d-768851-13 devstack@placement-api.service[80060]: DEBUG placement.objects.allocation [req-c75e4c9a-e27e-4d7b-babe-aa3c19cb5e0b req-45f86c56-e3e8-498e-bbba-2f79e9231f94 service placement] Retrying allocations write on resource provider generation conflict {{(pid=80060) replace_all /opt/stack/placement/placement/objects/allocation.py:505}}
May 17 13:14:47.386351 n-d-768851-13 devstack@placement-api.service[80060]: DEBUG placement.handlers.allocation [req-c75e4c9a-e27e-4d7b-babe-aa3c19cb5e0b req-45f86c56-e3e8-498e-bbba-2f79e9231f94 service placement] Successfully wrote allocations [, , ] {{(pid=80060) _create_allocations /opt/stack/placement/placement/handlers/allocation.py:435}}
May 17 13:14:47.387078 n-d-768851-13 devstack@placement-api.service[80060]: INFO placement.requestlog [req-c75e4c9a-e27e-4d7b-babe-aa3c19cb5e0b req-45f86c56-e3e8-498e-bbba-2f79e9231f94 service placement] 10.222.0.57 "PUT /placement/allocations/c5ea1503-31dd-495d-a2c6-2e8cc924834c" status: 204 len: 0 microversion: 1.35
May 17 13:14:47.387446 n-d-768851-13 devstack@placement-api.service[80060]: [pid: 80060|app: 0|req: 83/161] 10.222.0.57 () {64 vars in 1433 bytes} [Mon May 17 13:14:47 2021] PUT /placement/allocations/c5ea1503-31dd-495d-a2c6-2e8cc924834c => generated 0 bytes in 286 msecs (HTTP/1.1 204) 5 headers in 199 bytes (1 switches on core 0)
May 17 13:14:48.081382 n-d-768851-13 devstack@placement-api.service[80061]: DEBUG placement.requestlog [req-25d290a7-2006-43cc-8da2-5c804a7b5ea5 req-9918a1ff-e619-45c8-b5e4-5643ed0976ba None None] Starting request: 10.222.0.81 "GET /placement/allocations/80ce6004-1f71-4ac9-810b-8dca13fc61c6" {{(pid=80061) __call__ /opt/stack/placement/placement/requestlog.py:55}}
May 17 13:14:48.145186 n-d-768851-13 devstack@placement-api.service[80061]: INFO placement.requestlog [req-25d290a7-2006-43cc-8da2-5c804a7b5ea5 req-9918a1ff-e619-45c8-b5e4-5643ed0976ba service placement] 10.222.0.81 "GET /placement/allocations/80ce6004-1f71-4ac9-810b-8dca13fc61c6" status: 200 len: 259 microversion: 1.28
May 17 13:14:48.149569 n-d-768851-13 devstack@placement-api.service[80061]: [pid: 80061|app: 0|req: 79/162] 10.222.0.81 () {60 vars in 1378 bytes} [Mon May 17 13:14:48 2021] GET /placement/allocations/80ce6004-1f71-4ac9-810b-8dca13fc61c6 => generated 259 bytes in 69 msecs (HTTP/1.1 200) 8 headers in 296 bytes (2 switches on core 0)
May 17 13:14:48.424473 n-d-768851-13 devstack@placement-api.service[80060]: DEBUG placement.requestlog [req-c75e4c9a-e27e-4d7b-babe-aa3c19cb5e0b req-36ad6282-15c3-4a74-bafa-7870d31e2da2 None None] Starting request: 10.222.0.81 "GET /placement/allocations/c5ea1503-31dd-495d-a2c6-2e8cc924834c" {{(pid=80060) __call__ /opt/stack/placement/placement/requestlog.py:55}}
May 17 13:14:48.457708 n-d-768851-13 devstack@placement-api.service[80060]: INFO placement.requestlog [req-c75e4c9a-e27e-4d7b-babe-aa3c19cb5e0b req-36ad6282-15c3-4a74-bafa-7870d31e2da2 service placement] 10.222.0.81 "GET /placement/allocations/c5ea1503-31dd-495d-a2c6-2e8cc924834c" status: 200 len: 259 microversion: 1.28
May 17 13:14:48.459043 n-d-768851-13 devstack@placement-api.service[80060]: [pid: 80060|app: 0|req: 84/163] 10.222.0.81 () {60 vars in 1378 bytes} [Mon May 17 13:14:48 2021] GET /placement/allocations/c5ea1503-31dd-495d-a2c6-2e8cc924834c => generated 259 bytes in 35 msecs (HTTP/1.1 200) 8 headers in 296 bytes (1 switches on core 0)
May 17 13:14:53.849961 n-d-768851-13 devstack@placement-api.service[80061]: DEBUG placement.requestlog [req-fd0b3738-11ff-47da-b07a-ca13d99d2f31 req-c31be5a2-deb9-485a-a3c1-e3e1e142bd42 None None] Starting request: 10.222.0.81 "GET /placement/allocations/f67f306a-24b5-4922-bbce-1839249efbcf" {{(pid=80061) __call__ /opt/stack/placement/placement/requestlog.py:55}}
May 17 13:14:53.882464 n-d-768851-13 devstack@placement-api.service[80061]: INFO placement.requestlog [req-fd0b3738-11ff-47da-b07a-ca13d99d2f31 req-c31be5a2-deb9-485a-a3c1-e3e1e142bd42 service placement] 10.222.0.81 "GET /placement/allocations/f67f306a-24b5-4922-bbce-1839249efbcf" status: 200 len: 259 microversion: 1.28
May 17 13:14:53.882985 n-d-768851-13 devstack@placement-api.service[80061]: [pid: 80061|app: 0|req: 80/164] 10.222.0.81 () {60 vars in 1378 bytes} [Mon May 17 13:14:53 2021] GET /placement/allocations/f67f306a-24b5-4922-bbce-1839249efbcf => generated 259 bytes in 33 msecs (HTTP/1.1 200) 8 headers in 296 bytes (2 switches on core 0)
May 17 13:14:53.890931 n-d-768851-13 devstack@placement-api.service[80060]: DEBUG placement.requestlog [req-fd0b3738-11ff-47da-b07a-ca13d99d2f31 req-ba9e683c-6b2b-4d50-ad07-65c60a75f9ab None None] Starting request: 10.222.0.81 "PUT /placement/allocations/f67f306a-24b5-4922-bbce-1839249efbcf" {{(pid=80060) __call__ /opt/stack/placement/placement/requestlog.py:55}}
May 17 13:14:53.990445 n-d-768851-13 devstack@placement-api.service[80060]: DEBUG placement.handlers.allocation [req-fd0b3738-11ff-47da-b07a-ca13d99d2f31 req-ba9e683c-6b2b-4d50-ad07-65c60a75f9ab service placement] Successfully wrote allocations [, , ] {{(pid=80060) _create_allocations /opt/stack/placement/placement/handlers/allocation.py:435}}
May 17 13:14:53.990981 n-d-768851-13 devstack@placement-api.service[80060]: INFO placement.requestlog [req-fd0b3738-11ff-47da-b07a-ca13d99d2f31 req-ba9e683c-6b2b-4d50-ad07-65c60a75f9ab service placement] 10.222.0.81 "PUT /placement/allocations/f67f306a-24b5-4922-bbce-1839249efbcf" status: 204 len: 0 microversion: 1.28
May 17 13:14:53.991517 n-d-768851-13 devstack@placement-api.service[80060]: [pid: 80060|app: 0|req: 85/165] 10.222.0.81 () {64 vars in 1431 bytes} [Mon May 17 13:14:53 2021] PUT /placement/allocations/f67f306a-24b5-4922-bbce-1839249efbcf => generated 0 bytes in 101 msecs (HTTP/1.1 204) 5 headers in 199 bytes (1 switches on core 0)
May 17 13:14:56.534660 n-d-768851-13 devstack@placement-api.service[80061]: DEBUG placement.requestlog [req-70e85f62-16ab-4b14-9b44-d48fdfbd8a5c req-c6d0e9f1-423b-4978-ba75-15a57e38ea65 None None] Starting request: 10.222.0.81 "GET /placement/resource_providers/d10565d2-7706-45e0-8f3b-c5a5a3b8ef5c/allocations" {{(pid=80061) __call__ /opt/stack/placement/placement/requestlog.py:55}}
May 17 13:14:56.615123 n-d-768851-13 devstack@placement-api.service[80060]: DEBUG placement.requestlog [req-058dc880-cc12-4d52-96d2-923acc341dbc req-b85d7b57-0822-45f5-a8c4-082977b846bf None None] Starting request: 10.222.0.11 "GET /placement/resource_providers/df542485-882a-495b-aeba-8c688474655c/allocations" {{(pid=80060) __call__ /opt/stack/placement/placement/requestlog.py:55}}
May 17 13:14:56.914905 n-d-768851-13 devstack@placement-api.service[80061]: INFO placement.requestlog [req-70e85f62-16ab-4b14-9b44-d48fdfbd8a5c req-c6d0e9f1-423b-4978-ba75-15a57e38ea65 service placement] 10.222.0.81 "GET /placement/resource_providers/d10565d2-7706-45e0-8f3b-c5a5a3b8ef5c/allocations" status: 200 len: 760 microversion: 1.0
May 17 13:14:56.917415 n-d-768851-13 devstack@placement-api.service[80061]: [pid: 80061|app: 0|req: 81/166] 10.222.0.81 () {58 vars in 1391 bytes} [Mon May 17 13:14:56 2021] GET /placement/resource_providers/d10565d2-7706-45e0-8f3b-c5a5a3b8ef5c/allocations => generated 760 bytes in 383 msecs (HTTP/1.1 200) 6 headers in 224 bytes (1 switches on core 0)
May 17 13:14:56.992162 n-d-768851-13 devstack@placement-api.service[80060]: INFO placement.requestlog [req-058dc880-cc12-4d52-96d2-923acc341dbc req-b85d7b57-0822-45f5-a8c4-082977b846bf service placement] 10.222.0.11 "GET /placement/resource_providers/df542485-882a-495b-aeba-8c688474655c/allocations" status: 200 len: 558 microversion: 1.0
May 17 13:14:56.992834 n-d-768851-13 devstack@placement-api.service[80060]: [pid: 80060|app: 0|req: 86/167] 10.222.0.11 () {58 vars in 1391 bytes} [Mon May 17 13:14:56 2021] GET /placement/resource_providers/df542485-882a-495b-aeba-8c688474655c/allocations => generated 558 bytes in 378 msecs (HTTP/1.1 200) 6 headers in 224 bytes (2 switches on core 0)
May 17 13:14:56.993909 n-d-768851-13 devstack@placement-api.service[80061]: DEBUG placement.requestlog [req-70e85f62-16ab-4b14-9b44-d48fdfbd8a5c req-99c8ef9e-7156-478c-a15b-69c529fd8f2a None None] Starting request: 10.222.0.81 "GET /placement/resource_providers?in_tree=d10565d2-7706-45e0-8f3b-c5a5a3b8ef5c" {{(pid=80061) __call__ /opt/stack/placement/placement/requestlog.py:55}}
May 17 13:14:57.011571 n-d-768851-13 devstack@placement-api.service[80061]: INFO placement.requestlog [req-70e85f62-16ab-4b14-9b44-d48fdfbd8a5c req-99c8ef9e-7156-478c-a15b-69c529fd8f2a service placement] 10.222.0.81 "GET /placement/resource_providers?in_tree=d10565d2-7706-45e0-8f3b-c5a5a3b8ef5c" status: 200 len: 864 microversion: 1.14
May 17 13:14:57.011953 n-d-768851-13 devstack@placement-api.service[80061]: [pid: 80061|app: 0|req: 82/168] 10.222.0.81 () {60 vars in 1377 bytes} [Mon May 17 13:14:56 2021] GET /placement/resource_providers?in_tree=d10565d2-7706-45e0-8f3b-c5a5a3b8ef5c => generated 864 bytes in 19 msecs (HTTP/1.1 200) 6 headers in 225 bytes (1 switches on core 0)
May 17 13:14:57.020186 n-d-768851-13 devstack@placement-api.service[80060]: DEBUG placement.requestlog [req-70e85f62-16ab-4b14-9b44-d48fdfbd8a5c req-016c90df-b0ca-4039-8202-f27544a3776f None None] Starting request: 10.222.0.81 "GET /placement/resource_providers/d10565d2-7706-45e0-8f3b-c5a5a3b8ef5c/inventories" {{(pid=80060) __call__ /opt/stack/placement/placement/requestlog.py:55}}
May 17 13:14:57.058256 n-d-768851-13 devstack@placement-api.service[80060]: INFO placement.requestlog [req-70e85f62-16ab-4b14-9b44-d48fdfbd8a5c req-016c90df-b0ca-4039-8202-f27544a3776f service placement] 10.222.0.81 "GET /placement/resource_providers/d10565d2-7706-45e0-8f3b-c5a5a3b8ef5c/inventories" status: 200 len: 398 microversion: 1.0
May 17 13:14:57.059019 n-d-768851-13 devstack@placement-api.service[80060]: [pid: 80060|app: 0|req: 87/169] 10.222.0.81 () {58 vars in 1391 bytes} [Mon May 17 13:14:57 2021] GET /placement/resource_providers/d10565d2-7706-45e0-8f3b-c5a5a3b8ef5c/inventories => generated 398 bytes in 39 msecs (HTTP/1.1 200) 6 headers in 224 bytes (1 switches on core 0)
May 17 13:14:57.062820 n-d-768851-13 devstack@placement-api.service[80061]: DEBUG placement.requestlog [req-058dc880-cc12-4d52-96d2-923acc341dbc req-21cceca6-23b0-4022-941d-bf5708155386 None None] Starting request: 10.222.0.11 "GET /placement/resource_providers?in_tree=df542485-882a-495b-aeba-8c688474655c" {{(pid=80061) __call__ /opt/stack/placement/placement/requestlog.py:55}}
May 17 13:14:57.072967 n-d-768851-13 devstack@placement-api.service[80060]: DEBUG placement.requestlog [req-70e85f62-16ab-4b14-9b44-d48fdfbd8a5c req-872a6e80-2cd1-4616-9a49-f8a3b1deac83 None None] Starting request: 10.222.0.81 "GET /placement/resource_providers/d10565d2-7706-45e0-8f3b-c5a5a3b8ef5c/aggregates" {{(pid=80060) __call__ /opt/stack/placement/placement/requestlog.py:55}}
May 17 13:14:57.092349 n-d-768851-13 devstack@placement-api.service[80061]: INFO placement.requestlog [req-058dc880-cc12-4d52-96d2-923acc341dbc req-21cceca6-23b0-4022-941d-bf5708155386 service placement] 10.222.0.11 "GET /placement/resource_providers?in_tree=df542485-882a-495b-aeba-8c688474655c" status: 200 len: 864 microversion: 1.14
May 17 13:14:57.093267 n-d-768851-13 devstack@placement-api.service[80061]: [pid: 80061|app: 0|req: 83/170] 10.222.0.11 () {60 vars in 1377 bytes} [Mon May 17 13:14:57 2021] GET /placement/resource_providers?in_tree=df542485-882a-495b-aeba-8c688474655c => generated 864 bytes in 31 msecs (HTTP/1.1 200) 6 headers in 225 bytes (1 switches on core 0)
May 17 13:14:57.112113 n-d-768851-13 devstack@placement-api.service[80060]: INFO placement.requestlog [req-70e85f62-16ab-4b14-9b44-d48fdfbd8a5c req-872a6e80-2cd1-4616-9a49-f8a3b1deac83 service placement] 10.222.0.81 "GET /placement/resource_providers/d10565d2-7706-45e0-8f3b-c5a5a3b8ef5c/aggregates" status: 200 len: 54 microversion: 1.19
May 17 13:14:57.112363 n-d-768851-13 devstack@placement-api.service[80060]: [pid: 80060|app: 0|req: 88/171] 10.222.0.81 () {60 vars in 1432 bytes} [Mon May 17 13:14:57 2021] GET /placement/resource_providers/d10565d2-7706-45e0-8f3b-c5a5a3b8ef5c/aggregates => generated 54 bytes in 40 msecs (HTTP/1.1 200) 8 headers in 295 bytes (1 switches on core 0)
May 17 13:14:57.118043 n-d-768851-13 devstack@placement-api.service[80061]: DEBUG placement.requestlog [req-058dc880-cc12-4d52-96d2-923acc341dbc req-a9826cff-79a3-46d9-b0d0-f8b1e6d07202 None None] Starting request: 10.222.0.11 "GET /placement/resource_providers/df542485-882a-495b-aeba-8c688474655c/inventories" {{(pid=80061) __call__ /opt/stack/placement/placement/requestlog.py:55}}
May 17 13:14:57.121310 n-d-768851-13 devstack@placement-api.service[80060]: DEBUG placement.requestlog [req-70e85f62-16ab-4b14-9b44-d48fdfbd8a5c req-c7c048e3-d1cd-4e10-a2c1-b13ab6e4f0c1 None None] Starting request: 10.222.0.81 "GET /placement/resource_providers/d10565d2-7706-45e0-8f3b-c5a5a3b8ef5c/traits" {{(pid=80060) __call__ /opt/stack/placement/placement/requestlog.py:55}}
May 17 13:14:57.152406 n-d-768851-13 devstack@placement-api.service[80061]: INFO placement.requestlog [req-058dc880-cc12-4d52-96d2-923acc341dbc req-a9826cff-79a3-46d9-b0d0-f8b1e6d07202 service placement] 10.222.0.11 "GET /placement/resource_providers/df542485-882a-495b-aeba-8c688474655c/inventories" status: 200 len: 398 microversion: 1.0
May 17 13:14:57.152812 n-d-768851-13 devstack@placement-api.service[80061]: [pid: 80061|app: 0|req: 84/172] 10.222.0.11 () {58 vars in 1391 bytes} [Mon May 17 13:14:57 2021] GET /placement/resource_providers/df542485-882a-495b-aeba-8c688474655c/inventories => generated 398 bytes in 35 msecs (HTTP/1.1 200) 6 headers in 224 bytes (2 switches on core 0)
May 17 13:14:57.167910 n-d-768851-13 devstack@placement-api.service[80061]: DEBUG placement.requestlog [req-058dc880-cc12-4d52-96d2-923acc341dbc req-52dc41e4-ad1c-4eb0-85ad-56c47ce243df None None] Starting request: 10.222.0.11 "GET /placement/resource_providers/df542485-882a-495b-aeba-8c688474655c/aggregates" {{(pid=80061) __call__ /opt/stack/placement/placement/requestlog.py:55}}
May 17 13:14:57.190229 n-d-768851-13 devstack@placement-api.service[80060]: INFO placement.requestlog [req-70e85f62-16ab-4b14-9b44-d48fdfbd8a5c req-c7c048e3-d1cd-4e10-a2c1-b13ab6e4f0c1 service placement] 10.222.0.81 "GET /placement/resource_providers/d10565d2-7706-45e0-8f3b-c5a5a3b8ef5c/traits" status: 200 len: 212 microversion: 1.6
May 17 13:14:57.190790 n-d-768851-13 devstack@placement-api.service[80061]: INFO placement.requestlog [req-058dc880-cc12-4d52-96d2-923acc341dbc req-52dc41e4-ad1c-4eb0-85ad-56c47ce243df service placement] 10.222.0.11 "GET /placement/resource_providers/df542485-882a-495b-aeba-8c688474655c/aggregates" status: 200 len: 54 microversion: 1.19
May 17 13:14:57.191515 n-d-768851-13 devstack@placement-api.service[80061]: [pid: 80061|app: 0|req: 85/173] 10.222.0.11 () {60 vars in 1432 bytes} [Mon May 17 13:14:57 2021] GET /placement/resource_providers/df542485-882a-495b-aeba-8c688474655c/aggregates => generated 54 bytes in 24 msecs (HTTP/1.1 200) 8 headers in 295 bytes (1 switches on core 0)
May 17 13:14:57.192319 n-d-768851-13 devstack@placement-api.service[80060]: [pid: 80060|app: 0|req: 89/174] 10.222.0.81 () {60 vars in 1419 bytes} [Mon May 17 13:14:57 2021] GET /placement/resource_providers/d10565d2-7706-45e0-8f3b-c5a5a3b8ef5c/traits => generated 212 bytes in 71 msecs (HTTP/1.1 200) 6 headers in 224 bytes (2 switches on core 0)
May 17 13:14:57.201098 n-d-768851-13 devstack@placement-api.service[80061]: DEBUG placement.requestlog [req-058dc880-cc12-4d52-96d2-923acc341dbc req-a8deb5fc-37e3-4118-855a-299498432d41 None None] Starting request: 10.222.0.11 "GET /placement/resource_providers/df542485-882a-495b-aeba-8c688474655c/traits" {{(pid=80061) __call__ /opt/stack/placement/placement/requestlog.py:55}}
May 17 13:14:57.236311 n-d-768851-13 devstack@placement-api.service[80061]: INFO placement.requestlog [req-058dc880-cc12-4d52-96d2-923acc341dbc req-a8deb5fc-37e3-4118-855a-299498432d41 service placement] 10.222.0.11 "GET /placement/resource_providers/df542485-882a-495b-aeba-8c688474655c/traits" status: 200 len: 212 microversion: 1.6
May 17 13:14:57.237590 n-d-768851-13 devstack@placement-api.service[80061]: [pid: 80061|app: 0|req: 86/175] 10.222.0.11 () {60 vars in 1419 bytes} [Mon May 17 13:14:57 2021] GET /placement/resource_providers/df542485-882a-495b-aeba-8c688474655c/traits => generated 212 bytes in 37 msecs (HTTP/1.1 200) 6 headers in 224 bytes (1 switches on core 0)
May 17 13:15:00.980759 n-d-768851-13 devstack@placement-api.service[80060]: DEBUG placement.requestlog [req-a26eb7a0-c7f7-4434-88d2-f513cf0f94ec req-18df74ff-586e-4c10-9c3a-aec93bc3ead4 None None] Starting request: 10.222.0.11 "GET /placement/allocations/a58d7bc1-e2f8-4242-8458-48021709b778" {{(pid=80060) __call__ /opt/stack/placement/placement/requestlog.py:55}}
May 17 13:15:01.008123 n-d-768851-13 devstack@placement-api.service[80060]: INFO placement.requestlog [req-a26eb7a0-c7f7-4434-88d2-f513cf0f94ec req-18df74ff-586e-4c10-9c3a-aec93bc3ead4 service placement] 10.222.0.11 "GET /placement/allocations/a58d7bc1-e2f8-4242-8458-48021709b778" status: 200 len: 259 microversion: 1.28
May 17 13:15:01.010019 n-d-768851-13 devstack@placement-api.service[80060]: [pid: 80060|app: 0|req: 90/176] 10.222.0.11 () {60 vars in 1378 bytes} [Mon May 17 13:15:00 2021] GET /placement/allocations/a58d7bc1-e2f8-4242-8458-48021709b778 => generated 259 bytes in 29 msecs (HTTP/1.1 200) 8 headers in 296 bytes (1 switches on core 0)
May 17 13:15:01.018616 n-d-768851-13 devstack@placement-api.service[80061]: DEBUG placement.requestlog [req-a26eb7a0-c7f7-4434-88d2-f513cf0f94ec req-d0fcbdb2-0cfa-4adf-bc87-a285d7fef176 None None] Starting request: 10.222.0.11 "PUT /placement/allocations/a58d7bc1-e2f8-4242-8458-48021709b778" {{(pid=80061) __call__ /opt/stack/placement/placement/requestlog.py:55}}
May 17 13:15:01.116625 n-d-768851-13 devstack@placement-api.service[80061]: DEBUG placement.handlers.allocation [req-a26eb7a0-c7f7-4434-88d2-f513cf0f94ec req-d0fcbdb2-0cfa-4adf-bc87-a285d7fef176 service placement] Successfully wrote allocations [, , ] {{(pid=80061) _create_allocations /opt/stack/placement/placement/handlers/allocation.py:435}}
May 17 13:15:01.117242 n-d-768851-13 devstack@placement-api.service[80061]: INFO placement.requestlog [req-a26eb7a0-c7f7-4434-88d2-f513cf0f94ec req-d0fcbdb2-0cfa-4adf-bc87-a285d7fef176 service placement] 10.222.0.11 "PUT /placement/allocations/a58d7bc1-e2f8-4242-8458-48021709b778" status: 204 len: 0 microversion: 1.28
May 17 13:15:01.117612 n-d-768851-13 devstack@placement-api.service[80061]: [pid: 80061|app: 0|req: 87/177] 10.222.0.11 () {64 vars in 1431 bytes} [Mon May 17 13:15:01 2021] PUT /placement/allocations/a58d7bc1-e2f8-4242-8458-48021709b778 => generated 0 bytes in 99 msecs (HTTP/1.1 204) 5 headers in 199 bytes (1 switches on core 0)
May 17 13:15:01.268499 n-d-768851-13 devstack@placement-api.service[80060]: DEBUG placement.requestlog [req-27e49c80-c920-4315-8fb9-fd5181179160 req-8dab79c6-6efc-4015-8f4a-bb5c22f161fd None None] Starting request: 10.222.0.81 "GET /placement/allocations/b705a431-6ecf-4442-ac95-659e7a65495e" {{(pid=80060) __call__ /opt/stack/placement/placement/requestlog.py:55}}
May 17 13:15:01.296142 n-d-768851-13 devstack@placement-api.service[80060]: INFO placement.requestlog [req-27e49c80-c920-4315-8fb9-fd5181179160 req-8dab79c6-6efc-4015-8f4a-bb5c22f161fd service placement] 10.222.0.81 "GET /placement/allocations/b705a431-6ecf-4442-ac95-659e7a65495e" status: 200 len: 259 microversion: 1.28
May 17 13:15:01.296730 n-d-768851-13 devstack@placement-api.service[80060]: [pid: 80060|app: 0|req: 91/178] 10.222.0.81 () {60 vars in 1378 bytes} [Mon May 17 13:15:01 2021] GET /placement/allocations/b705a431-6ecf-4442-ac95-659e7a65495e => generated 259 bytes in 29 msecs (HTTP/1.1 200) 8 headers in 296 bytes (1 switches on core 0)
May 17 13:15:01.305151 n-d-768851-13 devstack@placement-api.service[80061]: DEBUG placement.requestlog [req-27e49c80-c920-4315-8fb9-fd5181179160 req-185a5c78-97f7-4528-b5c8-48f17f238452 None None] Starting request: 10.222.0.81 "PUT /placement/allocations/b705a431-6ecf-4442-ac95-659e7a65495e" {{(pid=80061) __call__ /opt/stack/placement/placement/requestlog.py:55}}
May 17 13:15:01.384961 n-d-768851-13 devstack@placement-api.service[80061]: DEBUG placement.handlers.allocation [req-27e49c80-c920-4315-8fb9-fd5181179160 req-185a5c78-97f7-4528-b5c8-48f17f238452 service placement] Successfully wrote allocations [, , ] {{(pid=80061) _create_allocations /opt/stack/placement/placement/handlers/allocation.py:435}}
May 17 13:15:01.385468 n-d-768851-13 devstack@placement-api.service[80061]: INFO placement.requestlog [req-27e49c80-c920-4315-8fb9-fd5181179160 req-185a5c78-97f7-4528-b5c8-48f17f238452 service placement] 10.222.0.81 "PUT /placement/allocations/b705a431-6ecf-4442-ac95-659e7a65495e" status: 204 len: 0 microversion: 1.28
May 17 13:15:01.385741 n-d-768851-13 devstack@placement-api.service[80061]: [pid: 80061|app: 0|req: 88/179] 10.222.0.81 () {64 vars in 1431 bytes} [Mon May 17 13:15:01 2021] PUT /placement/allocations/b705a431-6ecf-4442-ac95-659e7a65495e => generated 0 bytes in 81 msecs (HTTP/1.1 204) 5 headers in 199 bytes (1 switches on core 0)
May 17 13:15:03.589155 n-d-768851-13 devstack@placement-api.service[80060]: DEBUG placement.requestlog [None req-5a44e89d-64b0-42f4-bd92-0354ac7ce2c4 None None] Starting request: 10.222.0.57 "GET /placement/" {{(pid=80060) __call__ /opt/stack/placement/placement/requestlog.py:55}}
May 17 13:15:03.590322 n-d-768851-13 devstack@placement-api.service[80060]: INFO placement.requestlog [None req-5a44e89d-64b0-42f4-bd92-0354ac7ce2c4 None None] 10.222.0.57 "GET /placement/" status: 200 len: 136 microversion: 1.0
May 17 13:15:03.591074 n-d-768851-13 devstack@placement-api.service[80060]: [pid: 80060|app: 0|req: 92/180] 10.222.0.57 () {54 vars in 915 bytes} [Mon May 17 13:15:03 2021] GET /placement => generated 136 bytes in 3 msecs (HTTP/1.1 200) 6 headers in 224 bytes (1 switches on core 0)
May 17 13:15:03.603609 n-d-768851-13 devstack@placement-api.service[80061]: DEBUG placement.requestlog [req-99a54ce6-88f0-454d-9a22-6cdf61a70fab req-edd8132f-b1ae-49c3-912c-c52515fa5085 None None] Starting request: 10.222.0.57 "GET /placement/allocations/7c19a7c7-7484-4728-88d6-588afed0ea5e" {{(pid=80061) __call__ /opt/stack/placement/placement/requestlog.py:55}}
May 17 13:15:03.710956 n-d-768851-13 devstack@placement-api.service[80061]: INFO placement.requestlog [req-99a54ce6-88f0-454d-9a22-6cdf61a70fab req-edd8132f-b1ae-49c3-912c-c52515fa5085 service placement] 10.222.0.57 "GET /placement/allocations/7c19a7c7-7484-4728-88d6-588afed0ea5e" status: 200 len: 259 microversion: 1.28
May 17 13:15:03.719845 n-d-768851-13 devstack@placement-api.service[80060]: DEBUG placement.requestlog [req-99a54ce6-88f0-454d-9a22-6cdf61a70fab req-bd49ddb1-6f32-4552-97b2-a841d4347bf5 None None] Starting request: 10.222.0.57 "GET /placement/allocations/7c19a7c7-7484-4728-88d6-588afed0ea5e" {{(pid=80060) __call__ /opt/stack/placement/placement/requestlog.py:55}}
May 17 13:15:03.728421 n-d-768851-13 devstack@placement-api.service[80061]: [pid: 80061|app: 0|req: 89/181] 10.222.0.57 () {60 vars in 1380 bytes} [Mon May 17 13:15:03 2021] GET /placement/allocations/7c19a7c7-7484-4728-88d6-588afed0ea5e => generated 259 bytes in 117 msecs (HTTP/1.1 200) 8 headers in 296 bytes (1 switches on core 0)
May 17 13:15:03.743997 n-d-768851-13 devstack@placement-api.service[80060]: INFO placement.requestlog [req-99a54ce6-88f0-454d-9a22-6cdf61a70fab req-bd49ddb1-6f32-4552-97b2-a841d4347bf5 service placement] 10.222.0.57 "GET /placement/allocations/7c19a7c7-7484-4728-88d6-588afed0ea5e" status: 200 len: 259 microversion: 1.28
May 17 13:15:03.751607 n-d-768851-13 devstack@placement-api.service[80061]: DEBUG placement.requestlog [req-99a54ce6-88f0-454d-9a22-6cdf61a70fab req-c38b8cc9-7b2a-494c-bced-0e29127bc60b None None] Starting request: 10.222.0.57 "GET /placement/allocations/7886f950-2ae8-4625-b6af-9acd5e491fc7" {{(pid=80061) __call__ /opt/stack/placement/placement/requestlog.py:55}}
May 17 13:15:03.759133 n-d-768851-13 devstack@placement-api.service[80060]: [pid: 80060|app: 0|req: 93/182] 10.222.0.57 () {60 vars in 1380 bytes} [Mon May 17 13:15:03 2021] GET /placement/allocations/7c19a7c7-7484-4728-88d6-588afed0ea5e => generated 259 bytes in 33 msecs (HTTP/1.1 200) 8 headers in 296 bytes (1 switches on core 0)
May 17 13:15:03.764793 n-d-768851-13 devstack@placement-api.service[80061]: INFO placement.requestlog [req-99a54ce6-88f0-454d-9a22-6cdf61a70fab req-c38b8cc9-7b2a-494c-bced-0e29127bc60b service placement] 10.222.0.57 "GET /placement/allocations/7886f950-2ae8-4625-b6af-9acd5e491fc7" status: 200 len: 19 microversion: 1.28
May 17 13:15:03.766479 n-d-768851-13 devstack@placement-api.service[80061]: [pid: 80061|app: 0|req: 90/183] 10.222.0.57 () {60 vars in 1380 bytes} [Mon May 17 13:15:03 2021] GET /placement/allocations/7886f950-2ae8-4625-b6af-9acd5e491fc7 => generated 19 bytes in 15 msecs (HTTP/1.1 200) 8 headers in 295 bytes (2 switches on core 0)
May 17 13:15:03.772032 n-d-768851-13 devstack@placement-api.service[80060]: DEBUG placement.requestlog [req-99a54ce6-88f0-454d-9a22-6cdf61a70fab req-507caae2-9051-48bc-9db9-536ef3189dfb None None] Starting request: 10.222.0.57 "POST /placement/allocations" {{(pid=80060) __call__ /opt/stack/placement/placement/requestlog.py:55}}
May 17 13:15:03.925283 n-d-768851-13 devstack@placement-api.service[80060]: DEBUG placement.handlers.allocation [req-99a54ce6-88f0-454d-9a22-6cdf61a70fab req-507caae2-9051-48bc-9db9-536ef3189dfb service placement] Successfully wrote allocations [, , , , , ] {{(pid=80060) _create_allocations /opt/stack/placement/placement/handlers/allocation.py:524}}
May 17 13:15:03.926263 n-d-768851-13 devstack@placement-api.service[80060]: INFO placement.requestlog [req-99a54ce6-88f0-454d-9a22-6cdf61a70fab req-507caae2-9051-48bc-9db9-536ef3189dfb service placement] 10.222.0.57 "POST /placement/allocations" status: 204 len: 0 microversion: 1.28
May 17 13:15:03.944341 n-d-768851-13 devstack@placement-api.service[80060]: [pid: 80060|app: 0|req: 94/184] 10.222.0.57 () {64 vars in 1323 bytes} [Mon May 17 13:15:03 2021] POST /placement/allocations => generated 0 bytes in 157 msecs (HTTP/1.1 204) 5 headers in 199 bytes (1 switches on core 0)
May 17 13:15:03.992734 n-d-768851-13 devstack@placement-api.service[80061]: DEBUG placement.requestlog [req-99a54ce6-88f0-454d-9a22-6cdf61a70fab req-cd70d243-1a2f-4861-8ff5-c526bde817e8 None None] Starting request: 10.222.0.57 "GET /placement/allocations/7c19a7c7-7484-4728-88d6-588afed0ea5e" {{(pid=80061) __call__ /opt/stack/placement/placement/requestlog.py:55}}
May 17 13:15:04.016742 n-d-768851-13 devstack@placement-api.service[80061]: INFO placement.requestlog [req-99a54ce6-88f0-454d-9a22-6cdf61a70fab req-cd70d243-1a2f-4861-8ff5-c526bde817e8 service placement] 10.222.0.57 "GET /placement/allocations/7c19a7c7-7484-4728-88d6-588afed0ea5e" status: 200 len: 19 microversion: 1.28
May 17 13:15:04.017637 n-d-768851-13 devstack@placement-api.service[80061]: [pid: 80061|app: 0|req: 91/185] 10.222.0.57 () {60 vars in 1380 bytes} [Mon May 17 13:15:03 2021] GET /placement/allocations/7c19a7c7-7484-4728-88d6-588afed0ea5e => generated 19 bytes in 25 msecs (HTTP/1.1 200) 8 headers in 295 bytes (2 switches on core 0)
May 17 13:15:04.025272 n-d-768851-13 devstack@placement-api.service[80060]: DEBUG placement.requestlog [req-99a54ce6-88f0-454d-9a22-6cdf61a70fab req-034ee378-fc96-4abb-b652-26ba6ec40839 None None] Starting request: 10.222.0.57 "PUT /placement/allocations/7c19a7c7-7484-4728-88d6-588afed0ea5e" {{(pid=80060) __call__ /opt/stack/placement/placement/requestlog.py:55}}
May 17 13:15:04.109123 n-d-768851-13 devstack@placement-api.service[80060]: DEBUG placement.handlers.allocation [req-99a54ce6-88f0-454d-9a22-6cdf61a70fab req-034ee378-fc96-4abb-b652-26ba6ec40839 service placement] Successfully wrote allocations [, , ] {{(pid=80060) _create_allocations /opt/stack/placement/placement/handlers/allocation.py:435}}
May 17 13:15:04.110062 n-d-768851-13 devstack@placement-api.service[80060]: INFO placement.requestlog [req-99a54ce6-88f0-454d-9a22-6cdf61a70fab req-034ee378-fc96-4abb-b652-26ba6ec40839 service placement] 10.222.0.57 "PUT /placement/allocations/7c19a7c7-7484-4728-88d6-588afed0ea5e" status: 204 len: 0 microversion: 1.28
May 17 13:15:04.116032 n-d-768851-13 devstack@placement-api.service[80060]: [pid: 80060|app: 0|req: 95/186] 10.222.0.57 () {64 vars in 1433 bytes} [Mon May 17 13:15:04 2021] PUT /placement/allocations/7c19a7c7-7484-4728-88d6-588afed0ea5e => generated 0 bytes in 86 msecs (HTTP/1.1 204) 5 headers in 199 bytes (2 switches on core 0)
May 17 13:15:04.262229 n-d-768851-13 devstack@placement-api.service[80061]: DEBUG placement.requestlog [req-99a54ce6-88f0-454d-9a22-6cdf61a70fab req-245ff6fb-2c2e-4b67-a870-4c1a3da5630a None None] Starting request: 10.222.0.81 "GET /placement/allocations/7c19a7c7-7484-4728-88d6-588afed0ea5e" {{(pid=80061) __call__ /opt/stack/placement/placement/requestlog.py:55}}
May 17 13:15:04.301614 n-d-768851-13 devstack@placement-api.service[80061]: INFO placement.requestlog [req-99a54ce6-88f0-454d-9a22-6cdf61a70fab req-245ff6fb-2c2e-4b67-a870-4c1a3da5630a service placement] 10.222.0.81 "GET /placement/allocations/7c19a7c7-7484-4728-88d6-588afed0ea5e" status: 200 len: 259 microversion: 1.28
May 17 13:15:04.302538 n-d-768851-13 devstack@placement-api.service[80061]: [pid: 80061|app: 0|req: 92/187] 10.222.0.81 () {60 vars in 1378 bytes} [Mon May 17 13:15:04 2021] GET /placement/allocations/7c19a7c7-7484-4728-88d6-588afed0ea5e => generated 259 bytes in 41 msecs (HTTP/1.1 200) 8 headers in 296 bytes (1 switches on core 0)
May 17 13:15:05.219115 n-d-768851-13 devstack@placement-api.service[80060]: DEBUG placement.requestlog [req-21fb9bb8-c8e5-494f-8167-2bf7540a6e58 req-8bf7c538-4354-40dc-a40b-112df2c56e1f None None] Starting request: 10.222.0.57 "GET /placement/allocation_candidates?limit=1000&resources=DISK_GB%3A1%2CMEMORY_MB%3A1024%2CVCPU%3A1&root_required=%21COMPUTE_STATUS_DISABLED" {{(pid=80060) __call__ /opt/stack/placement/placement/requestlog.py:55}}
May 17 13:15:05.279084 n-d-768851-13 devstack@placement-api.service[80060]: DEBUG placement.objects.research_context [req-21fb9bb8-c8e5-494f-8167-2bf7540a6e58 req-8bf7c538-4354-40dc-a40b-112df2c56e1f service placement] getting providers with 1 DISK_GB {{(pid=80060) __init__ /opt/stack/placement/placement/objects/research_context.py:126}}
May 17 13:15:05.294849 n-d-768851-13 devstack@placement-api.service[80060]: DEBUG placement.objects.research_context [req-21fb9bb8-c8e5-494f-8167-2bf7540a6e58 req-8bf7c538-4354-40dc-a40b-112df2c56e1f service placement] getting providers with 1024 MEMORY_MB {{(pid=80060) __init__ /opt/stack/placement/placement/objects/research_context.py:126}}
May 17 13:15:05.308741 n-d-768851-13 devstack@placement-api.service[80060]: DEBUG placement.objects.research_context [req-21fb9bb8-c8e5-494f-8167-2bf7540a6e58 req-8bf7c538-4354-40dc-a40b-112df2c56e1f service placement] getting providers with 1 VCPU {{(pid=80060) __init__ /opt/stack/placement/placement/objects/research_context.py:126}}
May 17 13:15:05.324605 n-d-768851-13 devstack@placement-api.service[80060]: DEBUG placement.objects.research_context [req-21fb9bb8-c8e5-494f-8167-2bf7540a6e58 req-8bf7c538-4354-40dc-a40b-112df2c56e1f service placement] found 2 providers with available 1 DISK_GB {{(pid=80060) get_provider_ids_matching /opt/stack/placement/placement/objects/research_context.py:549}}
May 17 13:15:05.325598 n-d-768851-13 devstack@placement-api.service[80060]: DEBUG placement.objects.research_context [req-21fb9bb8-c8e5-494f-8167-2bf7540a6e58 req-8bf7c538-4354-40dc-a40b-112df2c56e1f service placement] found 2 providers with available 1024 MEMORY_MB {{(pid=80060) get_provider_ids_matching /opt/stack/placement/placement/objects/research_context.py:549}}
May 17 13:15:05.326045 n-d-768851-13 devstack@placement-api.service[80060]: DEBUG placement.objects.research_context [req-21fb9bb8-c8e5-494f-8167-2bf7540a6e58 req-8bf7c538-4354-40dc-a40b-112df2c56e1f service placement] found 2 providers after filtering by previous result {{(pid=80060) get_provider_ids_matching /opt/stack/placement/placement/objects/research_context.py:580}}
May 17 13:15:05.326303 n-d-768851-13 devstack@placement-api.service[80060]: DEBUG placement.objects.research_context [req-21fb9bb8-c8e5-494f-8167-2bf7540a6e58 req-8bf7c538-4354-40dc-a40b-112df2c56e1f service placement] found 2 providers with available 1 VCPU {{(pid=80060) get_provider_ids_matching /opt/stack/placement/placement/objects/research_context.py:549}}
May 17 13:15:05.328723 n-d-768851-13 devstack@placement-api.service[80060]: DEBUG placement.objects.research_context [req-21fb9bb8-c8e5-494f-8167-2bf7540a6e58 req-8bf7c538-4354-40dc-a40b-112df2c56e1f service placement] found 2 providers after filtering by previous result {{(pid=80060) get_provider_ids_matching /opt/stack/placement/placement/objects/research_context.py:580}}
May 17 13:15:05.349711 n-d-768851-13 devstack@placement-api.service[80060]: DEBUG placement.objects.allocation_candidate [req-21fb9bb8-c8e5-494f-8167-2bf7540a6e58 req-8bf7c538-4354-40dc-a40b-112df2c56e1f service placement] RequestGroup(use_same_provider=False, resources={DISK_GB:1, MEMORY_MB:1024, VCPU:1}, traits=[], aggregates=[]) (suffix '') returned 2 matches {{(pid=80060) _get_by_requests /opt/stack/placement/placement/objects/allocation_candidate.py:145}}
May 17 13:15:05.350437 n-d-768851-13 devstack@placement-api.service[80060]: DEBUG placement.objects.allocation_candidate [req-21fb9bb8-c8e5-494f-8167-2bf7540a6e58 req-8bf7c538-4354-40dc-a40b-112df2c56e1f service placement] Merging candidates yields 2 allocation requests and 2 provider summaries {{(pid=80060) _merge_candidates /opt/stack/placement/placement/objects/allocation_candidate.py:783}}
May 17 13:15:05.353150 n-d-768851-13 devstack@placement-api.service[80060]: INFO placement.requestlog [req-21fb9bb8-c8e5-494f-8167-2bf7540a6e58 req-8bf7c538-4354-40dc-a40b-112df2c56e1f service placement] 10.222.0.57 "GET /placement/allocation_candidates?limit=1000&resources=DISK_GB%3A1%2CMEMORY_MB%3A1024%2CVCPU%3A1&root_required=%21COMPUTE_STATUS_DISABLED" status: 200 len: 1309 microversion: 1.35
May 17 13:15:05.353586 n-d-768851-13 devstack@placement-api.service[80060]: [pid: 80060|app: 0|req: 96/188] 10.222.0.57 () {60 vars in 1506 bytes} [Mon May 17 13:15:05 2021] GET /placement/allocation_candidates?limit=1000&resources=DISK_GB%3A1%2CMEMORY_MB%3A1024%2CVCPU%3A1&root_required=%21COMPUTE_STATUS_DISABLED => generated 1309 bytes in 135 msecs (HTTP/1.1 200) 8 headers in 297 bytes (1 switches on core 0)
May 17 13:15:05.497871 n-d-768851-13 devstack@placement-api.service[80061]: DEBUG placement.requestlog [req-21fb9bb8-c8e5-494f-8167-2bf7540a6e58 req-9076b259-247c-4404-b4b2-a4cd8960d51e None None] Starting request: 10.222.0.57 "GET /placement/allocations/871ad6f2-2a54-41e4-bf3a-c5c6c0d682b8" {{(pid=80061) __call__ /opt/stack/placement/placement/requestlog.py:55}}
May 17 13:15:05.515364 n-d-768851-13 devstack@placement-api.service[80061]: INFO placement.requestlog [req-21fb9bb8-c8e5-494f-8167-2bf7540a6e58 req-9076b259-247c-4404-b4b2-a4cd8960d51e service placement] 10.222.0.57 "GET /placement/allocations/871ad6f2-2a54-41e4-bf3a-c5c6c0d682b8" status: 200 len: 19 microversion: 1.28
May 17 13:15:05.516228 n-d-768851-13 devstack@placement-api.service[80061]: [pid: 80061|app: 0|req: 93/189] 10.222.0.57 () {60 vars in 1380 bytes} [Mon May 17 13:15:05 2021] GET /placement/allocations/871ad6f2-2a54-41e4-bf3a-c5c6c0d682b8 => generated 19 bytes in 20 msecs (HTTP/1.1 200) 8 headers in 295 bytes (2 switches on core 0)
May 17 13:15:05.522950 n-d-768851-13 devstack@placement-api.service[80060]: DEBUG placement.requestlog [req-21fb9bb8-c8e5-494f-8167-2bf7540a6e58 req-d466fe22-154e-489d-8412-c9b1105f2488 None None] Starting request: 10.222.0.57 "PUT /placement/allocations/871ad6f2-2a54-41e4-bf3a-c5c6c0d682b8" {{(pid=80060) __call__ /opt/stack/placement/placement/requestlog.py:55}}
May 17 13:15:05.630323 n-d-768851-13 devstack@placement-api.service[80060]: DEBUG placement.handlers.allocation [req-21fb9bb8-c8e5-494f-8167-2bf7540a6e58 req-d466fe22-154e-489d-8412-c9b1105f2488 service placement] Successfully wrote allocations [, , ] {{(pid=80060) _create_allocations /opt/stack/placement/placement/handlers/allocation.py:435}}
May 17 13:15:05.631147 n-d-768851-13 devstack@placement-api.service[80060]: INFO placement.requestlog [req-21fb9bb8-c8e5-494f-8167-2bf7540a6e58 req-d466fe22-154e-489d-8412-c9b1105f2488 service placement] 10.222.0.57 "PUT /placement/allocations/871ad6f2-2a54-41e4-bf3a-c5c6c0d682b8" status: 204 len: 0 microversion: 1.35
May 17 13:15:05.642044 n-d-768851-13 devstack@placement-api.service[80060]: [pid: 80060|app: 0|req: 97/190] 10.222.0.57 () {64 vars in 1433 bytes} [Mon May 17 13:15:05 2021] PUT /placement/allocations/871ad6f2-2a54-41e4-bf3a-c5c6c0d682b8 => generated 0 bytes in 109 msecs (HTTP/1.1 204) 5 headers in 199 bytes (2 switches on core 0)
May 17 13:15:06.060985 n-d-768851-13 devstack@placement-api.service[80061]: DEBUG placement.requestlog [req-21fb9bb8-c8e5-494f-8167-2bf7540a6e58 req-6ccf5082-ecef-4e85-9ab0-ae117a8876e0 None None] Starting request: 10.222.0.11 "GET /placement/allocations/871ad6f2-2a54-41e4-bf3a-c5c6c0d682b8" {{(pid=80061) __call__ /opt/stack/placement/placement/requestlog.py:55}}
May 17 13:15:06.087532 n-d-768851-13 devstack@placement-api.service[80061]: INFO placement.requestlog [req-21fb9bb8-c8e5-494f-8167-2bf7540a6e58 req-6ccf5082-ecef-4e85-9ab0-ae117a8876e0 service placement] 10.222.0.11 "GET /placement/allocations/871ad6f2-2a54-41e4-bf3a-c5c6c0d682b8" status: 200 len: 259 microversion: 1.28
May 17 13:15:06.090258 n-d-768851-13 devstack@placement-api.service[80061]: [pid: 80061|app: 0|req: 94/191] 10.222.0.11 () {60 vars in 1378 bytes} [Mon May 17 13:15:06 2021] GET /placement/allocations/871ad6f2-2a54-41e4-bf3a-c5c6c0d682b8 => generated 259 bytes in 30 msecs (HTTP/1.1 200) 8 headers in 296 bytes (1 switches on core 0)
May 17 13:15:09.022163 n-d-768851-13 devstack@placement-api.service[80060]: DEBUG placement.requestlog [req-7d7be3a7-6b00-4ed6-8f0f-8239404b792f req-4131566a-9cd8-4b62-93f3-7a070da1440b None None] Starting request: 10.222.0.11 "GET /placement/allocations/9811489c-f681-4017-9e9d-1134627ea5b9" {{(pid=80060) __call__ /opt/stack/placement/placement/requestlog.py:55}}
May 17 13:15:09.055836 n-d-768851-13 devstack@placement-api.service[80060]: INFO placement.requestlog [req-7d7be3a7-6b00-4ed6-8f0f-8239404b792f req-4131566a-9cd8-4b62-93f3-7a070da1440b service placement] 10.222.0.11 "GET /placement/allocations/9811489c-f681-4017-9e9d-1134627ea5b9" status: 200 len: 259 microversion: 1.28
May 17 13:15:09.056354 n-d-768851-13 devstack@placement-api.service[80060]: [pid: 80060|app: 0|req: 98/192] 10.222.0.11 () {60 vars in 1378 bytes} [Mon May 17 13:15:09 2021] GET /placement/allocations/9811489c-f681-4017-9e9d-1134627ea5b9 => generated 259 bytes in 34 msecs (HTTP/1.1 200) 8 headers in 296 bytes (1 switches on core 0)
May 17 13:15:09.065006 n-d-768851-13 devstack@placement-api.service[80061]: DEBUG placement.requestlog [req-7d7be3a7-6b00-4ed6-8f0f-8239404b792f req-6a7cc5ce-b4b3-4dd5-84e7-077e12a189f7 None None] Starting request: 10.222.0.11 "PUT /placement/allocations/9811489c-f681-4017-9e9d-1134627ea5b9" {{(pid=80061) __call__ /opt/stack/placement/placement/requestlog.py:55}}
May 17 13:15:09.182494 n-d-768851-13 devstack@placement-api.service[80061]: DEBUG placement.handlers.allocation [req-7d7be3a7-6b00-4ed6-8f0f-8239404b792f req-6a7cc5ce-b4b3-4dd5-84e7-077e12a189f7 service placement] Successfully wrote allocations [, , ] {{(pid=80061) _create_allocations /opt/stack/placement/placement/handlers/allocation.py:435}}
May 17 13:15:09.183556 n-d-768851-13 devstack@placement-api.service[80061]: INFO placement.requestlog [req-7d7be3a7-6b00-4ed6-8f0f-8239404b792f req-6a7cc5ce-b4b3-4dd5-84e7-077e12a189f7 service placement] 10.222.0.11 "PUT /placement/allocations/9811489c-f681-4017-9e9d-1134627ea5b9" status: 204 len: 0 microversion: 1.28
