Jul 14 14:25:54.752718 n-d-768509-29 devstack@n-api.service[119506]: DEBUG nova.api.openstack.wsgi_app [-] oslo_messaging_rabbit.rabbit_quroum_max_memory_length = 0 {{(pid=119506) log_opt_values /usr/local/lib/python3.8/dist-packages/oslo_config/cfg.py:2609}}
Jul 14 14:25:54.753344 n-d-768509-29 devstack@n-api.service[119506]: DEBUG nova.api.openstack.wsgi_app [-] oslo_messaging_rabbit.rabbit_retry_backoff = 2 {{(pid=119506) log_opt_values /usr/local/lib/python3.8/dist-packages/oslo_config/cfg.py:2609}}
Jul 14 14:25:54.753952 n-d-768509-29 devstack@n-api.service[119506]: DEBUG nova.api.openstack.wsgi_app [-] oslo_messaging_rabbit.rabbit_retry_interval = 1 {{(pid=119506) log_opt_values /usr/local/lib/python3.8/dist-packages/oslo_config/cfg.py:2609}}
Jul 14 14:25:54.754540 n-d-768509-29 devstack@n-api.service[119506]: DEBUG nova.api.openstack.wsgi_app [-] oslo_messaging_rabbit.rabbit_transient_queues_ttl = 1800 {{(pid=119506) log_opt_values /usr/local/lib/python3.8/dist-packages/oslo_config/cfg.py:2609}}
Jul 14 14:25:54.755146 n-d-768509-29 devstack@n-api.service[119506]: DEBUG nova.api.openstack.wsgi_app [-] oslo_messaging_rabbit.rpc_conn_pool_size = 30 {{(pid=119506) log_opt_values /usr/local/lib/python3.8/dist-packages/oslo_config/cfg.py:2609}}
Jul 14 14:25:54.755742 n-d-768509-29 devstack@n-api.service[119506]: DEBUG nova.api.openstack.wsgi_app [-] oslo_messaging_rabbit.ssl = False {{(pid=119506) log_opt_values /usr/local/lib/python3.8/dist-packages/oslo_config/cfg.py:2609}}
Jul 14 14:25:54.756402 n-d-768509-29 devstack@n-api.service[119506]: DEBUG nova.api.openstack.wsgi_app [-] oslo_messaging_rabbit.ssl_ca_file = {{(pid=119506) log_opt_values /usr/local/lib/python3.8/dist-packages/oslo_config/cfg.py:2609}}
Jul 14 14:25:54.756729 n-d-768509-29 devstack@n-api.service[119507]: INFO dbcounter [None req-2ce5106f-2c71-4db5-8753-6ea98d97f2c0 None None] Registered counter for database nova_cell1
Jul 14 14:25:54.757022 n-d-768509-29 devstack@n-api.service[119506]: DEBUG nova.api.openstack.wsgi_app [-] oslo_messaging_rabbit.ssl_cert_file = {{(pid=119506) log_opt_values /usr/local/lib/python3.8/dist-packages/oslo_config/cfg.py:2609}}
Jul 14 14:25:54.757613 n-d-768509-29 devstack@n-api.service[119506]: DEBUG nova.api.openstack.wsgi_app [-] oslo_messaging_rabbit.ssl_enforce_fips_mode = False {{(pid=119506) log_opt_values /usr/local/lib/python3.8/dist-packages/oslo_config/cfg.py:2609}}
Jul 14 14:25:54.758226 n-d-768509-29 devstack@n-api.service[119506]: DEBUG nova.api.openstack.wsgi_app [-] oslo_messaging_rabbit.ssl_key_file = {{(pid=119506) log_opt_values /usr/local/lib/python3.8/dist-packages/oslo_config/cfg.py:2609}}
Jul 14 14:25:54.758834 n-d-768509-29 devstack@n-api.service[119506]: DEBUG nova.api.openstack.wsgi_app [-] oslo_messaging_rabbit.ssl_version = {{(pid=119506) log_opt_values /usr/local/lib/python3.8/dist-packages/oslo_config/cfg.py:2609}}
Jul 14 14:25:54.759556 n-d-768509-29 devstack@n-api.service[119506]: DEBUG nova.api.openstack.wsgi_app [-] oslo_messaging_notifications.driver = ['messagingv2'] {{(pid=119506) log_opt_values /usr/local/lib/python3.8/dist-packages/oslo_config/cfg.py:2609}}
Jul 14 14:25:54.760140 n-d-768509-29 devstack@n-api.service[119506]: DEBUG nova.api.openstack.wsgi_app [-] oslo_messaging_notifications.retry = -1 {{(pid=119506) log_opt_values /usr/local/lib/python3.8/dist-packages/oslo_config/cfg.py:2609}}
Jul 14 14:25:54.760785 n-d-768509-29 devstack@n-api.service[119506]: DEBUG nova.api.openstack.wsgi_app [-] oslo_messaging_notifications.topics = ['notifications'] {{(pid=119506) log_opt_values /usr/local/lib/python3.8/dist-packages/oslo_config/cfg.py:2609}}
Jul 14 14:25:54.761392 n-d-768509-29 devstack@n-api.service[119506]: DEBUG nova.api.openstack.wsgi_app [-] oslo_messaging_notifications.transport_url = **** {{(pid=119506) log_opt_values /usr/local/lib/python3.8/dist-packages/oslo_config/cfg.py:2609}}
Jul 14 14:25:54.762127 n-d-768509-29 devstack@n-api.service[119506]: DEBUG nova.api.openstack.wsgi_app [-] oslo_reports.file_event_handler = None {{(pid=119506) log_opt_values /usr/local/lib/python3.8/dist-packages/oslo_config/cfg.py:2609}}
Jul 14 14:25:54.762544 n-d-768509-29 devstack@n-api.service[119506]: DEBUG nova.api.openstack.wsgi_app [-] oslo_reports.file_event_handler_interval = 1 {{(pid=119506) log_opt_values /usr/local/lib/python3.8/dist-packages/oslo_config/cfg.py:2609}}
Jul 14 14:25:54.763112 n-d-768509-29 devstack@n-api.service[119506]: DEBUG nova.api.openstack.wsgi_app [-] oslo_reports.log_dir = None {{(pid=119506) log_opt_values /usr/local/lib/python3.8/dist-packages/oslo_config/cfg.py:2609}}
Jul 14 14:25:54.763565 n-d-768509-29 devstack@n-api.service[119506]: DEBUG nova.api.openstack.wsgi_app [-] ******************************************************************************** {{(pid=119506) log_opt_values /usr/local/lib/python3.8/dist-packages/oslo_config/cfg.py:2613}}
Jul 14 14:25:54.764805 n-d-768509-29 devstack@n-api.service[119507]: DEBUG oslo_db.sqlalchemy.engines [None req-2ce5106f-2c71-4db5-8753-6ea98d97f2c0 None None] MySQL server mode set to STRICT_TRANS_TABLES,STRICT_ALL_TABLES,NO_ZERO_IN_DATE,NO_ZERO_DATE,ERROR_FOR_DIVISION_BY_ZERO,TRADITIONAL,NO_ENGINE_SUBSTITUTION {{(pid=119507) _check_effective_sql_mode /usr/local/lib/python3.8/dist-packages/oslo_db/sqlalchemy/engines.py:314}}
Jul 14 14:25:54.767860 n-d-768509-29 devstack@n-api.service[119507]: DEBUG oslo_db.sqlalchemy.engines [None req-2ce5106f-2c71-4db5-8753-6ea98d97f2c0 None None] MySQL server mode set to STRICT_TRANS_TABLES,STRICT_ALL_TABLES,NO_ZERO_IN_DATE,NO_ZERO_DATE,ERROR_FOR_DIVISION_BY_ZERO,TRADITIONAL,NO_ENGINE_SUBSTITUTION {{(pid=119507) _check_effective_sql_mode /usr/local/lib/python3.8/dist-packages/oslo_db/sqlalchemy/engines.py:314}}
Jul 14 14:25:54.773017 n-d-768509-29 devstack@n-api.service[119507]: DEBUG dbcounter [-] [119507] Writer thread running {{(pid=119507) stat_writer /usr/local/lib/python3.8/dist-packages/dbcounter.py:99}}
Jul 14 14:25:54.777953 n-d-768509-29 devstack@n-api.service[119507]: DEBUG dbcounter [-] [119507] Writer thread running {{(pid=119507) stat_writer /usr/local/lib/python3.8/dist-packages/dbcounter.py:99}}
Jul 14 14:25:54.929145 n-d-768509-29 devstack@n-api.service[119507]: INFO dbcounter [None req-2ce5106f-2c71-4db5-8753-6ea98d97f2c0 None None] Registered counter for database nova_cell0
Jul 14 14:25:54.937143 n-d-768509-29 devstack@n-api.service[119507]: DEBUG oslo_db.sqlalchemy.engines [None req-2ce5106f-2c71-4db5-8753-6ea98d97f2c0 None None] MySQL server mode set to STRICT_TRANS_TABLES,STRICT_ALL_TABLES,NO_ZERO_IN_DATE,NO_ZERO_DATE,ERROR_FOR_DIVISION_BY_ZERO,TRADITIONAL,NO_ENGINE_SUBSTITUTION {{(pid=119507) _check_effective_sql_mode /usr/local/lib/python3.8/dist-packages/oslo_db/sqlalchemy/engines.py:314}}
Jul 14 14:25:54.942110 n-d-768509-29 devstack@n-api.service[119507]: DEBUG dbcounter [-] [119507] Writer thread running {{(pid=119507) stat_writer /usr/local/lib/python3.8/dist-packages/dbcounter.py:99}}
Jul 14 14:25:55.021510 n-d-768509-29 devstack@n-api.service[119506]: INFO dbcounter [None req-37d2bbc8-013d-4e95-afcd-40e8f6f85348 None None] Registered counter for database nova_api
Jul 14 14:25:55.055999 n-d-768509-29 devstack@n-api.service[119506]: DEBUG oslo_db.sqlalchemy.engines [None req-37d2bbc8-013d-4e95-afcd-40e8f6f85348 None None] MySQL server mode set to STRICT_TRANS_TABLES,STRICT_ALL_TABLES,NO_ZERO_IN_DATE,NO_ZERO_DATE,ERROR_FOR_DIVISION_BY_ZERO,TRADITIONAL,NO_ENGINE_SUBSTITUTION {{(pid=119506) _check_effective_sql_mode /usr/local/lib/python3.8/dist-packages/oslo_db/sqlalchemy/engines.py:314}}
Jul 14 14:25:55.064086 n-d-768509-29 devstack@n-api.service[119506]: DEBUG dbcounter [-] [119506] Writer thread running {{(pid=119506) stat_writer /usr/local/lib/python3.8/dist-packages/dbcounter.py:99}}
Jul 14 14:25:55.122886 n-d-768509-29 devstack@n-api.service[119506]: DEBUG nova.context [None req-37d2bbc8-013d-4e95-afcd-40e8f6f85348 None None] Found 2 cells: 00000000-0000-0000-0000-000000000000(cell0),b6c4bc67-6ac4-49d2-81bd-8add50791e2b(cell1) {{(pid=119506) load_cells /opt/stack/nova/nova/context.py:464}}
Jul 14 14:25:55.127291 n-d-768509-29 devstack@n-api.service[119506]: DEBUG oslo_concurrency.lockutils [None req-37d2bbc8-013d-4e95-afcd-40e8f6f85348 None None] Lock "00000000-0000-0000-0000-000000000000" acquired by "nova.context.set_target_cell..get_or_set_cached_cell_and_set_connections" :: waited 0.000s {{(pid=119506) inner /usr/local/lib/python3.8/dist-packages/oslo_concurrency/lockutils.py:386}}
Jul 14 14:25:55.129211 n-d-768509-29 devstack@n-api.service[119506]: DEBUG oslo_concurrency.lockutils [None req-37d2bbc8-013d-4e95-afcd-40e8f6f85348 None None] Lock "00000000-0000-0000-0000-000000000000" "released" by "nova.context.set_target_cell..get_or_set_cached_cell_and_set_connections" :: held 0.002s {{(pid=119506) inner /usr/local/lib/python3.8/dist-packages/oslo_concurrency/lockutils.py:400}}
Jul 14 14:25:55.130273 n-d-768509-29 devstack@n-api.service[119506]: DEBUG oslo_concurrency.lockutils [None req-37d2bbc8-013d-4e95-afcd-40e8f6f85348 None None] Lock "b6c4bc67-6ac4-49d2-81bd-8add50791e2b" acquired by "nova.context.set_target_cell..get_or_set_cached_cell_and_set_connections" :: waited 0.000s {{(pid=119506) inner /usr/local/lib/python3.8/dist-packages/oslo_concurrency/lockutils.py:386}}
Jul 14 14:25:55.131745 n-d-768509-29 devstack@n-api.service[119506]: DEBUG oslo_concurrency.lockutils [None req-37d2bbc8-013d-4e95-afcd-40e8f6f85348 None None] Lock "b6c4bc67-6ac4-49d2-81bd-8add50791e2b" "released" by "nova.context.set_target_cell..get_or_set_cached_cell_and_set_connections" :: held 0.002s {{(pid=119506) inner /usr/local/lib/python3.8/dist-packages/oslo_concurrency/lockutils.py:400}}
Jul 14 14:25:55.137387 n-d-768509-29 devstack@n-api.service[119506]: INFO dbcounter [None req-37d2bbc8-013d-4e95-afcd-40e8f6f85348 None None] Registered counter for database nova_cell0
Jul 14 14:25:55.138916 n-d-768509-29 devstack@n-api.service[119506]: INFO dbcounter [None req-37d2bbc8-013d-4e95-afcd-40e8f6f85348 None None] Registered counter for database nova_cell1
Jul 14 14:25:55.148075 n-d-768509-29 devstack@n-api.service[119506]: DEBUG oslo_db.sqlalchemy.engines [None req-37d2bbc8-013d-4e95-afcd-40e8f6f85348 None None] MySQL server mode set to STRICT_TRANS_TABLES,STRICT_ALL_TABLES,NO_ZERO_IN_DATE,NO_ZERO_DATE,ERROR_FOR_DIVISION_BY_ZERO,TRADITIONAL,NO_ENGINE_SUBSTITUTION {{(pid=119506) _check_effective_sql_mode /usr/local/lib/python3.8/dist-packages/oslo_db/sqlalchemy/engines.py:314}}
Jul 14 14:25:55.152173 n-d-768509-29 devstack@n-api.service[119506]: DEBUG oslo_db.sqlalchemy.engines [None req-37d2bbc8-013d-4e95-afcd-40e8f6f85348 None None] MySQL server mode set to STRICT_TRANS_TABLES,STRICT_ALL_TABLES,NO_ZERO_IN_DATE,NO_ZERO_DATE,ERROR_FOR_DIVISION_BY_ZERO,TRADITIONAL,NO_ENGINE_SUBSTITUTION {{(pid=119506) _check_effective_sql_mode /usr/local/lib/python3.8/dist-packages/oslo_db/sqlalchemy/engines.py:314}}
Jul 14 14:25:55.161455 n-d-768509-29 devstack@n-api.service[119506]: DEBUG dbcounter [-] [119506] Writer thread running {{(pid=119506) stat_writer /usr/local/lib/python3.8/dist-packages/dbcounter.py:99}}
Jul 14 14:25:55.161819 n-d-768509-29 devstack@n-api.service[119506]: DEBUG dbcounter [-] [119506] Writer thread running {{(pid=119506) stat_writer /usr/local/lib/python3.8/dist-packages/dbcounter.py:99}}
Jul 14 14:25:55.300065 n-d-768509-29 devstack@n-api.service[119507]: WARNING keystonemiddleware.auth_token [None req-2ce5106f-2c71-4db5-8753-6ea98d97f2c0 None None] AuthToken middleware is set with keystone_authtoken.service_token_roles_required set to False. This is backwards compatible but deprecated behaviour. Please set this to True.
Jul 14 14:25:55.307620 n-d-768509-29 devstack@n-api.service[119507]: WARNING keystonemiddleware.auth_token [None req-2ce5106f-2c71-4db5-8753-6ea98d97f2c0 None None] Configuring www_authenticate_uri to point to the public identity endpoint is required; clients may not be able to authenticate against an admin endpoint
Jul 14 14:25:55.387300 n-d-768509-29 devstack@n-api.service[119506]: INFO dbcounter [None req-37d2bbc8-013d-4e95-afcd-40e8f6f85348 None None] Registered counter for database nova_cell0
Jul 14 14:25:55.394393 n-d-768509-29 devstack@n-api.service[119506]: DEBUG oslo_db.sqlalchemy.engines [None req-37d2bbc8-013d-4e95-afcd-40e8f6f85348 None None] MySQL server mode set to STRICT_TRANS_TABLES,STRICT_ALL_TABLES,NO_ZERO_IN_DATE,NO_ZERO_DATE,ERROR_FOR_DIVISION_BY_ZERO,TRADITIONAL,NO_ENGINE_SUBSTITUTION {{(pid=119506) _check_effective_sql_mode /usr/local/lib/python3.8/dist-packages/oslo_db/sqlalchemy/engines.py:314}}
Jul 14 14:25:55.399341 n-d-768509-29 devstack@n-api.service[119506]: DEBUG dbcounter [-] [119506] Writer thread running {{(pid=119506) stat_writer /usr/local/lib/python3.8/dist-packages/dbcounter.py:99}}
Jul 14 14:25:55.656749 n-d-768509-29 devstack@n-api.service[119507]: WARNING keystonemiddleware.auth_token [None req-2ce5106f-2c71-4db5-8753-6ea98d97f2c0 None None] AuthToken middleware is set with keystone_authtoken.service_token_roles_required set to False. This is backwards compatible but deprecated behaviour. Please set this to True.
Jul 14 14:25:55.662930 n-d-768509-29 devstack@n-api.service[119507]: WARNING keystonemiddleware.auth_token [None req-2ce5106f-2c71-4db5-8753-6ea98d97f2c0 None None] Configuring www_authenticate_uri to point to the public identity endpoint is required; clients may not be able to authenticate against an admin endpoint
Jul 14 14:25:55.668835 n-d-768509-29 devstack@n-api.service[119507]: WSGI app 0 (mountpoint='') ready in 6 seconds on interpreter 0x5580411479c0 pid: 119507 (default app)
Jul 14 14:25:55.732053 n-d-768509-29 devstack@n-api.service[119506]: WARNING keystonemiddleware.auth_token [None req-37d2bbc8-013d-4e95-afcd-40e8f6f85348 None None] AuthToken middleware is set with keystone_authtoken.service_token_roles_required set to False. This is backwards compatible but deprecated behaviour. Please set this to True.
Jul 14 14:25:55.739743 n-d-768509-29 devstack@n-api.service[119506]: WARNING keystonemiddleware.auth_token [None req-37d2bbc8-013d-4e95-afcd-40e8f6f85348 None None] Configuring www_authenticate_uri to point to the public identity endpoint is required; clients may not be able to authenticate against an admin endpoint
Jul 14 14:25:56.080400 n-d-768509-29 devstack@n-api.service[119506]: WARNING keystonemiddleware.auth_token [None req-37d2bbc8-013d-4e95-afcd-40e8f6f85348 None None] AuthToken middleware is set with keystone_authtoken.service_token_roles_required set to False. This is backwards compatible but deprecated behaviour. Please set this to True.
Jul 14 14:25:56.086558 n-d-768509-29 devstack@n-api.service[119506]: WARNING keystonemiddleware.auth_token [None req-37d2bbc8-013d-4e95-afcd-40e8f6f85348 None None] Configuring www_authenticate_uri to point to the public identity endpoint is required; clients may not be able to authenticate against an admin endpoint
Jul 14 14:25:56.093182 n-d-768509-29 devstack@n-api.service[119506]: WSGI app 0 (mountpoint='') ready in 7 seconds on interpreter 0x5580411479c0 pid: 119506 (default app)
Jul 14 14:26:42.123131 n-d-768509-29 devstack@n-api.service[119507]: DEBUG dbcounter [-] [119507] Writing DB stats nova_api:SELECT=3 {{(pid=119507) stat_writer /usr/local/lib/python3.8/dist-packages/dbcounter.py:114}}
Jul 14 14:26:42.124347 n-d-768509-29 devstack@n-api.service[119507]: DEBUG dbcounter [-] [119507] Writing DB stats nova_cell0:SELECT=3 {{(pid=119507) stat_writer /usr/local/lib/python3.8/dist-packages/dbcounter.py:114}}
Jul 14 14:26:42.125453 n-d-768509-29 devstack@n-api.service[119507]: DEBUG dbcounter [-] [119507] Writing DB stats nova_cell1:SELECT=3 {{(pid=119507) stat_writer /usr/local/lib/python3.8/dist-packages/dbcounter.py:114}}
Jul 14 14:26:42.126688 n-d-768509-29 devstack@n-api.service[119507]: DEBUG dbcounter [-] [119507] Writing DB stats nova_cell0:SELECT=3 {{(pid=119507) stat_writer /usr/local/lib/python3.8/dist-packages/dbcounter.py:114}}
Jul 14 14:26:43.657979 n-d-768509-29 devstack@n-api.service[119506]: DEBUG dbcounter [-] [119506] Writing DB stats nova_api:SELECT=3 {{(pid=119506) stat_writer /usr/local/lib/python3.8/dist-packages/dbcounter.py:114}}
Jul 14 14:26:43.659106 n-d-768509-29 devstack@n-api.service[119506]: DEBUG dbcounter [-] [119506] Writing DB stats nova_cell1:SELECT=3 {{(pid=119506) stat_writer /usr/local/lib/python3.8/dist-packages/dbcounter.py:114}}
Jul 14 14:26:43.659878 n-d-768509-29 devstack@n-api.service[119506]: DEBUG dbcounter [-] [119506] Writing DB stats nova_cell0:SELECT=3 {{(pid=119506) stat_writer /usr/local/lib/python3.8/dist-packages/dbcounter.py:114}}
Jul 14 14:26:43.666015 n-d-768509-29 devstack@n-api.service[119506]: DEBUG dbcounter [-] [119506] Writing DB stats nova_cell0:SELECT=3 {{(pid=119506) stat_writer /usr/local/lib/python3.8/dist-packages/dbcounter.py:114}}
Jul 14 14:26:44.047104 n-d-768509-29 devstack@n-api.service[119507]: DEBUG nova.api.openstack.wsgi [None req-45605482-608d-4733-b260-61ef2fb2d2ca tempest-DeleteServersAdminTestJSON-746312122 tempest-DeleteServersAdminTestJSON-746312122-project] Action: 'create', calling method: >, body: {"server": {"name": "tempest-DeleteServersAdminTestJSON-server-2029555519", "imageRef": "23afd71a-6b76-45f8-a65f-e81feabf60ac", "flavorRef": "452"}} {{(pid=119507) _process_stack /opt/stack/nova/nova/api/openstack/wsgi.py:511}}
Jul 14 14:26:45.249987 n-d-768509-29 devstack@n-api.service[119506]: DEBUG nova.api.openstack.wsgi [None req-7c5b4934-267f-4941-85d5-2edd29b6e088 tempest-FlavorsAccessTestJSON-937079367 tempest-FlavorsAccessTestJSON-937079367-project-admin] Action: 'create', calling method: >, body: {"flavor": {"ram": 512, "vcpus": 1, "disk": 10, "name": "tempest-FlavorsAccessTestJSON-flavor-150999832", "id": 377217485, "os-flavor-access:is_public": "False"}} {{(pid=119506) _process_stack /opt/stack/nova/nova/api/openstack/wsgi.py:511}}
Jul 14 14:26:45.279654 n-d-768509-29 devstack@n-api.service[119506]: /usr/local/lib/python3.8/dist-packages/oslo_policy/policy.py:1129: UserWarning: Policy "os_compute_api:os-flavor-manage:create": "rule:context_is_admin" failed scope check. The token used to make the request was project scoped but the policy requires ['system'] scope. This behavior may change in the future where using the intended scope is required
Jul 14 14:26:45.279654 n-d-768509-29 devstack@n-api.service[119506]: warnings.warn(msg)
Jul 14 14:26:45.337345 n-d-768509-29 devstack@n-api.service[119506]: INFO nova.api.openstack.requestlog [None req-7c5b4934-267f-4941-85d5-2edd29b6e088 tempest-FlavorsAccessTestJSON-937079367 tempest-FlavorsAccessTestJSON-937079367-project-admin] 10.222.0.26 "POST /compute/v2.1/flavors" status: 200 len: 427 microversion: 2.1 time: 1.692956
Jul 14 14:26:45.347830 n-d-768509-29 devstack@n-api.service[119506]: [pid: 119506|app: 0|req: 1/1] 10.222.0.26 () {60 vars in 1146 bytes} [Thu Jul 14 14:26:43 2022] POST /compute/v2.1/flavors => generated 427 bytes in 1707 msecs (HTTP/1.1 200) 9 headers in 357 bytes (2 switches on core 0)
Jul 14 14:26:45.472236 n-d-768509-29 devstack@n-api.service[119507]: DEBUG nova.network.neutron [None req-45605482-608d-4733-b260-61ef2fb2d2ca tempest-DeleteServersAdminTestJSON-746312122 tempest-DeleteServersAdminTestJSON-746312122-project] validate_networks() for None {{(pid=119507) validate_networks /opt/stack/nova/nova/network/neutron.py:2626}}
Jul 14 14:26:45.910867 n-d-768509-29 devstack@n-api.service[119506]: DEBUG nova.api.openstack.wsgi [None req-43bc798a-5e87-4aaf-88a7-33be92c20ea9 tempest-AggregatesAdminTestJSON-90571304 tempest-AggregatesAdminTestJSON-90571304-project-admin] Calling method '.version_select at 0x7fc264dbbe50>' {{(pid=119506) _process_stack /opt/stack/nova/nova/api/openstack/wsgi.py:513}}
Jul 14 14:26:45.911688 n-d-768509-29 devstack@n-api.service[119506]: /usr/local/lib/python3.8/dist-packages/oslo_policy/policy.py:1129: UserWarning: Policy "os_compute_api:os-hypervisors:list-detail": "rule:context_is_admin" failed scope check. The token used to make the request was project scoped but the policy requires ['system'] scope. This behavior may change in the future where using the intended scope is required
Jul 14 14:26:45.911688 n-d-768509-29 devstack@n-api.service[119506]: warnings.warn(msg)
Jul 14 14:26:45.928358 n-d-768509-29 devstack@n-api.service[119506]: DEBUG nova.compute.api [None req-43bc798a-5e87-4aaf-88a7-33be92c20ea9 tempest-AggregatesAdminTestJSON-90571304 tempest-AggregatesAdminTestJSON-90571304-project-admin] Found 2 cells: 00000000-0000-0000-0000-000000000000(cell0),b6c4bc67-6ac4-49d2-81bd-8add50791e2b(cell1) {{(pid=119506) load_cells /opt/stack/nova/nova/compute/api.py:306}}
Jul 14 14:26:45.929202 n-d-768509-29 devstack@n-api.service[119506]: DEBUG oslo_concurrency.lockutils [None req-43bc798a-5e87-4aaf-88a7-33be92c20ea9 tempest-AggregatesAdminTestJSON-90571304 tempest-AggregatesAdminTestJSON-90571304-project-admin] Lock "b6c4bc67-6ac4-49d2-81bd-8add50791e2b" acquired by "nova.context.set_target_cell..get_or_set_cached_cell_and_set_connections" :: waited 0.000s {{(pid=119506) inner /usr/local/lib/python3.8/dist-packages/oslo_concurrency/lockutils.py:386}}
Jul 14 14:26:45.930359 n-d-768509-29 devstack@n-api.service[119506]: DEBUG oslo_concurrency.lockutils [None req-43bc798a-5e87-4aaf-88a7-33be92c20ea9 tempest-AggregatesAdminTestJSON-90571304 tempest-AggregatesAdminTestJSON-90571304-project-admin] Lock "b6c4bc67-6ac4-49d2-81bd-8add50791e2b" "released" by "nova.context.set_target_cell..get_or_set_cached_cell_and_set_connections" :: held 0.001s {{(pid=119506) inner /usr/local/lib/python3.8/dist-packages/oslo_concurrency/lockutils.py:400}}
Jul 14 14:26:46.024738 n-d-768509-29 devstack@n-api.service[119507]: DEBUG nova.virt.hardware [None req-45605482-608d-4733-b260-61ef2fb2d2ca tempest-DeleteServersAdminTestJSON-746312122 tempest-DeleteServersAdminTestJSON-746312122-project] Flavor limits 0:0:0 {{(pid=119507) get_cpu_topology_constraints /opt/stack/nova/nova/virt/hardware.py:343}}
Jul 14 14:26:46.025229 n-d-768509-29 devstack@n-api.service[119507]: DEBUG nova.virt.hardware [None req-45605482-608d-4733-b260-61ef2fb2d2ca tempest-DeleteServersAdminTestJSON-746312122 tempest-DeleteServersAdminTestJSON-746312122-project] Image limits 0:0:0 {{(pid=119507) get_cpu_topology_constraints /opt/stack/nova/nova/virt/hardware.py:347}}
Jul 14 14:26:46.025709 n-d-768509-29 devstack@n-api.service[119507]: DEBUG nova.virt.hardware [None req-45605482-608d-4733-b260-61ef2fb2d2ca tempest-DeleteServersAdminTestJSON-746312122 tempest-DeleteServersAdminTestJSON-746312122-project] Flavor pref 0:0:0 {{(pid=119507) get_cpu_topology_constraints /opt/stack/nova/nova/virt/hardware.py:383}}
Jul 14 14:26:46.026159 n-d-768509-29 devstack@n-api.service[119507]: DEBUG nova.virt.hardware [None req-45605482-608d-4733-b260-61ef2fb2d2ca tempest-DeleteServersAdminTestJSON-746312122 tempest-DeleteServersAdminTestJSON-746312122-project] Image pref 0:0:0 {{(pid=119507) get_cpu_topology_constraints /opt/stack/nova/nova/virt/hardware.py:387}}
Jul 14 14:26:46.026721 n-d-768509-29 devstack@n-api.service[119507]: DEBUG nova.virt.hardware [None req-45605482-608d-4733-b260-61ef2fb2d2ca tempest-DeleteServersAdminTestJSON-746312122 tempest-DeleteServersAdminTestJSON-746312122-project] Chose sockets=0, cores=0, threads=0; limits were sockets=65536, cores=65536, threads=65536 {{(pid=119507) get_cpu_topology_constraints /opt/stack/nova/nova/virt/hardware.py:425}}
Jul 14 14:26:46.028428 n-d-768509-29 devstack@n-api.service[119506]: DEBUG oslo_concurrency.lockutils [None req-43bc798a-5e87-4aaf-88a7-33be92c20ea9 tempest-AggregatesAdminTestJSON-90571304 tempest-AggregatesAdminTestJSON-90571304-project-admin] Lock "b6c4bc67-6ac4-49d2-81bd-8add50791e2b" acquired by "nova.context.set_target_cell..get_or_set_cached_cell_and_set_connections" :: waited 0.000s {{(pid=119506) inner /usr/local/lib/python3.8/dist-packages/oslo_concurrency/lockutils.py:386}}
Jul 14 14:26:46.029104 n-d-768509-29 devstack@n-api.service[119506]: DEBUG oslo_concurrency.lockutils [None req-43bc798a-5e87-4aaf-88a7-33be92c20ea9 tempest-AggregatesAdminTestJSON-90571304 tempest-AggregatesAdminTestJSON-90571304-project-admin] Lock "b6c4bc67-6ac4-49d2-81bd-8add50791e2b" "released" by "nova.context.set_target_cell..get_or_set_cached_cell_and_set_connections" :: held 0.001s {{(pid=119506) inner /usr/local/lib/python3.8/dist-packages/oslo_concurrency/lockutils.py:400}}
Jul 14 14:26:46.063526 n-d-768509-29 devstack@n-api.service[119506]: DEBUG oslo_concurrency.lockutils [None req-43bc798a-5e87-4aaf-88a7-33be92c20ea9 tempest-AggregatesAdminTestJSON-90571304 tempest-AggregatesAdminTestJSON-90571304-project-admin] Lock "b6c4bc67-6ac4-49d2-81bd-8add50791e2b" acquired by "nova.context.set_target_cell..get_or_set_cached_cell_and_set_connections" :: waited 0.000s {{(pid=119506) inner /usr/local/lib/python3.8/dist-packages/oslo_concurrency/lockutils.py:386}}
Jul 14 14:26:46.064353 n-d-768509-29 devstack@n-api.service[119506]: DEBUG oslo_concurrency.lockutils [None req-43bc798a-5e87-4aaf-88a7-33be92c20ea9 tempest-AggregatesAdminTestJSON-90571304 tempest-AggregatesAdminTestJSON-90571304-project-admin] Lock "b6c4bc67-6ac4-49d2-81bd-8add50791e2b" "released" by "nova.context.set_target_cell..get_or_set_cached_cell_and_set_connections" :: held 0.001s {{(pid=119506) inner /usr/local/lib/python3.8/dist-packages/oslo_concurrency/lockutils.py:400}}
Jul 14 14:26:46.075536 n-d-768509-29 devstack@n-api.service[119506]: INFO nova.api.openstack.requestlog [None req-43bc798a-5e87-4aaf-88a7-33be92c20ea9 tempest-AggregatesAdminTestJSON-90571304 tempest-AggregatesAdminTestJSON-90571304-project-admin] 10.222.0.26 "GET /compute/v2.1/os-hypervisors/detail" status: 200 len: 1507 microversion: 2.1 time: 0.726196
Jul 14 14:26:46.076584 n-d-768509-29 devstack@n-api.service[119507]: DEBUG oslo_concurrency.lockutils [None req-45605482-608d-4733-b260-61ef2fb2d2ca tempest-DeleteServersAdminTestJSON-746312122 tempest-DeleteServersAdminTestJSON-746312122-project] Lock "00000000-0000-0000-0000-000000000000" acquired by "nova.context.set_target_cell..get_or_set_cached_cell_and_set_connections" :: waited 0.004s {{(pid=119507) inner /usr/local/lib/python3.8/dist-packages/oslo_concurrency/lockutils.py:386}}
Jul 14 14:26:46.077905 n-d-768509-29 devstack@n-api.service[119507]: DEBUG oslo_concurrency.lockutils [None req-45605482-608d-4733-b260-61ef2fb2d2ca tempest-DeleteServersAdminTestJSON-746312122 tempest-DeleteServersAdminTestJSON-746312122-project] Lock "00000000-0000-0000-0000-000000000000" "released" by "nova.context.set_target_cell..get_or_set_cached_cell_and_set_connections" :: held 0.002s {{(pid=119507) inner /usr/local/lib/python3.8/dist-packages/oslo_concurrency/lockutils.py:400}}
Jul 14 14:26:46.082856 n-d-768509-29 devstack@n-api.service[119507]: DEBUG oslo_concurrency.lockutils [None req-45605482-608d-4733-b260-61ef2fb2d2ca tempest-DeleteServersAdminTestJSON-746312122 tempest-DeleteServersAdminTestJSON-746312122-project] Lock "b6c4bc67-6ac4-49d2-81bd-8add50791e2b" acquired by "nova.context.set_target_cell..get_or_set_cached_cell_and_set_connections" :: waited 0.000s {{(pid=119507) inner /usr/local/lib/python3.8/dist-packages/oslo_concurrency/lockutils.py:386}}
Jul 14 14:26:46.084850 n-d-768509-29 devstack@n-api.service[119507]: DEBUG oslo_concurrency.lockutils [None req-45605482-608d-4733-b260-61ef2fb2d2ca tempest-DeleteServersAdminTestJSON-746312122 tempest-DeleteServersAdminTestJSON-746312122-project] Lock "b6c4bc67-6ac4-49d2-81bd-8add50791e2b" "released" by "nova.context.set_target_cell..get_or_set_cached_cell_and_set_connections" :: held 0.003s {{(pid=119507) inner /usr/local/lib/python3.8/dist-packages/oslo_concurrency/lockutils.py:400}}
Jul 14 14:26:46.087200 n-d-768509-29 devstack@n-api.service[119506]: [pid: 119506|app: 0|req: 2/2] 10.222.0.26 () {58 vars in 1166 bytes} [Thu Jul 14 14:26:45 2022] GET /compute/v2.1/os-hypervisors/detail => generated 1507 bytes in 738 msecs (HTTP/1.1 200) 9 headers in 358 bytes (1 switches on core 0)
Jul 14 14:26:46.188028 n-d-768509-29 devstack@n-api.service[119507]: DEBUG nova.quota [None req-45605482-608d-4733-b260-61ef2fb2d2ca tempest-DeleteServersAdminTestJSON-746312122 tempest-DeleteServersAdminTestJSON-746312122-project] Getting quotas for project 94ab01ee5ee24851b455d27c1134117e. Resources: {'ram', 'instances', 'cores'} {{(pid=119507) _get_quotas /opt/stack/nova/nova/quota.py:393}}
Jul 14 14:26:46.210111 n-d-768509-29 devstack@n-api.service[119507]: DEBUG nova.quota [None req-45605482-608d-4733-b260-61ef2fb2d2ca tempest-DeleteServersAdminTestJSON-746312122 tempest-DeleteServersAdminTestJSON-746312122-project] Getting quotas for user a7ad648a8cde4560b4c5768cd2ccd950 and project 94ab01ee5ee24851b455d27c1134117e. Resources: {'ram', 'instances', 'cores'} {{(pid=119507) _get_quotas /opt/stack/nova/nova/quota.py:383}}
Jul 14 14:26:46.244869 n-d-768509-29 devstack@n-api.service[119507]: DEBUG nova.compute.api [None req-45605482-608d-4733-b260-61ef2fb2d2ca tempest-DeleteServersAdminTestJSON-746312122 tempest-DeleteServersAdminTestJSON-746312122-project] Going to run 1 instances... {{(pid=119507) _provision_instances /opt/stack/nova/nova/compute/api.py:1389}}
Jul 14 14:26:46.251600 n-d-768509-29 devstack@n-api.service[119507]: DEBUG nova.compute.api [None req-45605482-608d-4733-b260-61ef2fb2d2ca tempest-DeleteServersAdminTestJSON-746312122 tempest-DeleteServersAdminTestJSON-746312122-project] [instance: 54833832-c5fc-4cdf-8e65-ef8b712770e3] block_device_mapping [BlockDeviceMapping(attachment_id=,boot_index=0,connection_info=None,created_at=,delete_on_termination=True,deleted=,deleted_at=,destination_type='local',device_name=None,device_type='disk',disk_bus=None,guest_format=None,id=,image_id='23afd71a-6b76-45f8-a65f-e81feabf60ac',instance=,instance_uuid=,no_device=False,snapshot_id=None,source_type='image',tag=None,updated_at=,uuid=,volume_id=None,volume_size=None,volume_type=None)] {{(pid=119507) _bdm_validate_set_size_and_instance /opt/stack/nova/nova/compute/api.py:1807}}
Jul 14 14:26:46.405497 n-d-768509-29 devstack@n-api.service[119507]: INFO nova.api.openstack.requestlog [None req-45605482-608d-4733-b260-61ef2fb2d2ca tempest-DeleteServersAdminTestJSON-746312122 tempest-DeleteServersAdminTestJSON-746312122-project] 10.222.0.26 "POST /compute/v2.1/servers" status: 202 len: 380 microversion: 2.1 time: 4.294244
Jul 14 14:26:46.406163 n-d-768509-29 devstack@n-api.service[119507]: [pid: 119507|app: 0|req: 1/3] 10.222.0.26 () {60 vars in 1146 bytes} [Thu Jul 14 14:26:42 2022] POST /compute/v2.1/servers => generated 380 bytes in 4296 msecs (HTTP/1.1 202) 10 headers in 451 bytes (1 switches on core 0)
Jul 14 14:26:46.723333 n-d-768509-29 devstack@n-api.service[119506]: DEBUG nova.api.openstack.wsgi [None req-2b42377d-79e6-4853-a496-18d1ff6c7f7d tempest-AZAdminV2TestJSON-1478651281 tempest-AZAdminV2TestJSON-1478651281-project-admin] Calling method '>' {{(pid=119506) _process_stack /opt/stack/nova/nova/api/openstack/wsgi.py:513}}
Jul 14 14:26:46.725242 n-d-768509-29 devstack@n-api.service[119506]: DEBUG oslo_concurrency.lockutils [None req-2b42377d-79e6-4853-a496-18d1ff6c7f7d tempest-AZAdminV2TestJSON-1478651281 tempest-AZAdminV2TestJSON-1478651281-project-admin] Lock "00000000-0000-0000-0000-000000000000" acquired by "nova.context.set_target_cell..get_or_set_cached_cell_and_set_connections" :: waited 0.000s {{(pid=119506) inner /usr/local/lib/python3.8/dist-packages/oslo_concurrency/lockutils.py:386}}
Jul 14 14:26:46.725702 n-d-768509-29 devstack@n-api.service[119506]: DEBUG oslo_concurrency.lockutils [None req-2b42377d-79e6-4853-a496-18d1ff6c7f7d tempest-AZAdminV2TestJSON-1478651281 tempest-AZAdminV2TestJSON-1478651281-project-admin] Lock "00000000-0000-0000-0000-000000000000" "released" by "nova.context.set_target_cell..get_or_set_cached_cell_and_set_connections" :: held 0.001s {{(pid=119506) inner /usr/local/lib/python3.8/dist-packages/oslo_concurrency/lockutils.py:400}}
Jul 14 14:26:46.727067 n-d-768509-29 devstack@n-api.service[119506]: DEBUG oslo_concurrency.lockutils [None req-2b42377d-79e6-4853-a496-18d1ff6c7f7d tempest-AZAdminV2TestJSON-1478651281 tempest-AZAdminV2TestJSON-1478651281-project-admin] Lock "b6c4bc67-6ac4-49d2-81bd-8add50791e2b" acquired by "nova.context.set_target_cell..get_or_set_cached_cell_and_set_connections" :: waited 0.000s {{(pid=119506) inner /usr/local/lib/python3.8/dist-packages/oslo_concurrency/lockutils.py:386}}
Jul 14 14:26:46.727515 n-d-768509-29 devstack@n-api.service[119506]: DEBUG oslo_concurrency.lockutils [None req-2b42377d-79e6-4853-a496-18d1ff6c7f7d tempest-AZAdminV2TestJSON-1478651281 tempest-AZAdminV2TestJSON-1478651281-project-admin] Lock "b6c4bc67-6ac4-49d2-81bd-8add50791e2b" "released" by "nova.context.set_target_cell..get_or_set_cached_cell_and_set_connections" :: held 0.001s {{(pid=119506) inner /usr/local/lib/python3.8/dist-packages/oslo_concurrency/lockutils.py:400}}
Jul 14 14:26:46.802127 n-d-768509-29 devstack@n-api.service[119506]: INFO nova.api.openstack.requestlog [None req-2b42377d-79e6-4853-a496-18d1ff6c7f7d tempest-AZAdminV2TestJSON-1478651281 tempest-AZAdminV2TestJSON-1478651281-project-admin] 10.222.0.26 "GET /compute/v2.1/os-availability-zone" status: 200 len: 97 microversion: 2.1 time: 0.713473
Jul 14 14:26:46.809391 n-d-768509-29 devstack@n-api.service[119506]: [pid: 119506|app: 0|req: 3/4] 10.222.0.26 () {58 vars in 1163 bytes} [Thu Jul 14 14:26:46 2022] GET /compute/v2.1/os-availability-zone => generated 97 bytes in 721 msecs (HTTP/1.1 200) 9 headers in 356 bytes (1 switches on core 0)
Jul 14 14:26:46.814597 n-d-768509-29 devstack@n-api.service[119506]: DEBUG nova.api.openstack.wsgi [None req-31fff0c4-9669-42eb-bf5d-a9da3a30bc38 tempest-FlavorsAccessTestJSON-937079367 tempest-FlavorsAccessTestJSON-937079367-project-admin] Action: 'action', calling method: >, body: {"addTenantAccess": {"tenant": "bf36f7e3a4cd4e4eb249e22f7c225968"}} {{(pid=119506) _process_stack /opt/stack/nova/nova/api/openstack/wsgi.py:511}}
Jul 14 14:26:46.816179 n-d-768509-29 devstack@n-api.service[119506]: /usr/local/lib/python3.8/dist-packages/oslo_policy/policy.py:1129: UserWarning: Policy "os_compute_api:os-flavor-access:add_tenant_access": "rule:context_is_admin" failed scope check. The token used to make the request was project scoped but the policy requires ['system'] scope. This behavior may change in the future where using the intended scope is required
Jul 14 14:26:46.816179 n-d-768509-29 devstack@n-api.service[119506]: warnings.warn(msg)
Jul 14 14:26:46.838484 n-d-768509-29 devstack@n-api.service[119507]: DEBUG nova.api.openstack.wsgi [None req-6eb65c94-516d-4fb4-9fb2-d10921e44fca tempest-AggregatesAdminNegativeTestJSON-1277264701 tempest-AggregatesAdminNegativeTestJSON-1277264701-project-admin] Calling method '>' {{(pid=119507) _process_stack /opt/stack/nova/nova/api/openstack/wsgi.py:513}}
Jul 14 14:26:46.841740 n-d-768509-29 devstack@n-api.service[119507]: /usr/local/lib/python3.8/dist-packages/oslo_policy/policy.py:1129: UserWarning: Policy "os_compute_api:os-services:list": "rule:context_is_admin" failed scope check. The token used to make the request was project scoped but the policy requires ['system'] scope. This behavior may change in the future where using the intended scope is required
Jul 14 14:26:46.841740 n-d-768509-29 devstack@n-api.service[119507]: warnings.warn(msg)
Jul 14 14:26:46.843900 n-d-768509-29 devstack@n-api.service[119507]: DEBUG oslo_concurrency.lockutils [None req-6eb65c94-516d-4fb4-9fb2-d10921e44fca tempest-AggregatesAdminNegativeTestJSON-1277264701 tempest-AggregatesAdminNegativeTestJSON-1277264701-project-admin] Lock "00000000-0000-0000-0000-000000000000" acquired by "nova.context.set_target_cell..get_or_set_cached_cell_and_set_connections" :: waited 0.000s {{(pid=119507) inner /usr/local/lib/python3.8/dist-packages/oslo_concurrency/lockutils.py:386}}
Jul 14 14:26:46.853634 n-d-768509-29 devstack@n-api.service[119507]: DEBUG oslo_concurrency.lockutils [None req-6eb65c94-516d-4fb4-9fb2-d10921e44fca tempest-AggregatesAdminNegativeTestJSON-1277264701 tempest-AggregatesAdminNegativeTestJSON-1277264701-project-admin] Lock "00000000-0000-0000-0000-000000000000" "released" by "nova.context.set_target_cell..get_or_set_cached_cell_and_set_connections" :: held 0.009s {{(pid=119507) inner /usr/local/lib/python3.8/dist-packages/oslo_concurrency/lockutils.py:400}}
Jul 14 14:26:46.855261 n-d-768509-29 devstack@n-api.service[119507]: DEBUG oslo_concurrency.lockutils [None req-6eb65c94-516d-4fb4-9fb2-d10921e44fca tempest-AggregatesAdminNegativeTestJSON-1277264701 tempest-AggregatesAdminNegativeTestJSON-1277264701-project-admin] Lock "b6c4bc67-6ac4-49d2-81bd-8add50791e2b" acquired by "nova.context.set_target_cell..get_or_set_cached_cell_and_set_connections" :: waited 0.000s {{(pid=119507) inner /usr/local/lib/python3.8/dist-packages/oslo_concurrency/lockutils.py:386}}
Jul 14 14:26:46.856073 n-d-768509-29 devstack@n-api.service[119507]: DEBUG oslo_concurrency.lockutils [None req-6eb65c94-516d-4fb4-9fb2-d10921e44fca tempest-AggregatesAdminNegativeTestJSON-1277264701 tempest-AggregatesAdminNegativeTestJSON-1277264701-project-admin] Lock "b6c4bc67-6ac4-49d2-81bd-8add50791e2b" "released" by "nova.context.set_target_cell..get_or_set_cached_cell_and_set_connections" :: held 0.001s {{(pid=119507) inner /usr/local/lib/python3.8/dist-packages/oslo_concurrency/lockutils.py:400}}
Jul 14 14:26:46.912991 n-d-768509-29 devstack@n-api.service[119507]: INFO nova.api.openstack.requestlog [None req-6eb65c94-516d-4fb4-9fb2-d10921e44fca tempest-AggregatesAdminNegativeTestJSON-1277264701 tempest-AggregatesAdminNegativeTestJSON-1277264701-project-admin] 10.222.0.26 "GET /compute/v2.1/os-services?binary=nova-compute" status: 200 len: 382 microversion: 2.1 time: 0.504603
Jul 14 14:26:46.913990 n-d-768509-29 devstack@n-api.service[119507]: [pid: 119507|app: 0|req: 2/5] 10.222.0.26 () {58 vars in 1175 bytes} [Thu Jul 14 14:26:46 2022] GET /compute/v2.1/os-services?binary=nova-compute => generated 382 bytes in 507 msecs (HTTP/1.1 200) 9 headers in 357 bytes (1 switches on core 0)
Jul 14 14:26:46.926499 n-d-768509-29 devstack@n-api.service[119507]: DEBUG nova.api.openstack.wsgi [None req-3605cc1e-a5cd-4517-8f42-f9f06daa76ce tempest-AggregatesAdminTestJSON-90571304 tempest-AggregatesAdminTestJSON-90571304-project-admin] Action: 'create', calling method: >, body: {"aggregate": {"availability_zone": "tempest-test_az-254678235", "name": "tempest-test_aggregate-1691778996"}} {{(pid=119507) _process_stack /opt/stack/nova/nova/api/openstack/wsgi.py:511}}
Jul 14 14:26:46.958538 n-d-768509-29 devstack@n-api.service[119507]: /usr/local/lib/python3.8/dist-packages/oslo_policy/policy.py:1129: UserWarning: Policy "os_compute_api:os-aggregates:create": "rule:context_is_admin" failed scope check. The token used to make the request was project scoped but the policy requires ['system'] scope. This behavior may change in the future where using the intended scope is required
Jul 14 14:26:46.958538 n-d-768509-29 devstack@n-api.service[119507]: warnings.warn(msg)
Jul 14 14:26:46.960243 n-d-768509-29 devstack@n-api.service[119507]: DEBUG nova.objects.aggregate [None req-3605cc1e-a5cd-4517-8f42-f9f06daa76ce tempest-AggregatesAdminTestJSON-90571304 tempest-AggregatesAdminTestJSON-90571304-project-admin] Generated uuid 2d8ed727-5031-400e-aa51-8b7fd6638430 for aggregate {{(pid=119507) create /opt/stack/nova/nova/objects/aggregate.py:298}}
Jul 14 14:26:47.067257 n-d-768509-29 devstack@n-api.service[119507]: INFO nova.api.openstack.requestlog [None req-3605cc1e-a5cd-4517-8f42-f9f06daa76ce tempest-AggregatesAdminTestJSON-90571304 tempest-AggregatesAdminTestJSON-90571304-project-admin] 10.222.0.26 "POST /compute/v2.1/os-aggregates" status: 200 len: 221 microversion: 2.1 time: 0.151243
Jul 14 14:26:47.069138 n-d-768509-29 devstack@n-api.service[119507]: [pid: 119507|app: 0|req: 3/6] 10.222.0.26 () {60 vars in 1164 bytes} [Thu Jul 14 14:26:46 2022] POST /compute/v2.1/os-aggregates => generated 221 bytes in 154 msecs (HTTP/1.1 200) 9 headers in 357 bytes (1 switches on core 0)
Jul 14 14:26:47.408463 n-d-768509-29 devstack@n-api.service[119507]: DEBUG nova.api.openstack.wsgi [None req-b24ee6e1-fbf4-4ac8-875c-295d6741aa6b tempest-FlavorsAccessNegativeTestJSON-1823421380 tempest-FlavorsAccessNegativeTestJSON-1823421380-project-admin] Action: 'create', calling method: >, body: {"flavor": {"ram": 512, "vcpus": 1, "disk": 10, "name": "tempest-FlavorsAccessNegativeTestJSON-flavor-659286998", "id": 1365914289, "os-flavor-access:is_public": "False"}} {{(pid=119507) _process_stack /opt/stack/nova/nova/api/openstack/wsgi.py:511}}
Jul 14 14:26:47.409998 n-d-768509-29 devstack@n-api.service[119507]: /usr/local/lib/python3.8/dist-packages/oslo_policy/policy.py:1129: UserWarning: Policy "os_compute_api:os-flavor-manage:create": "rule:context_is_admin" failed scope check. The token used to make the request was project scoped but the policy requires ['system'] scope. This behavior may change in the future where using the intended scope is required
Jul 14 14:26:47.409998 n-d-768509-29 devstack@n-api.service[119507]: warnings.warn(msg)
Jul 14 14:26:47.442207 n-d-768509-29 devstack@n-api.service[119506]: INFO nova.api.openstack.requestlog [None req-31fff0c4-9669-42eb-bf5d-a9da3a30bc38 tempest-FlavorsAccessTestJSON-937079367 tempest-FlavorsAccessTestJSON-937079367-project-admin] 10.222.0.26 "POST /compute/v2.1/flavors/377217485/action" status: 200 len: 96 microversion: 2.1 time: 0.631581
Jul 14 14:26:47.450454 n-d-768509-29 devstack@n-api.service[119506]: [pid: 119506|app: 0|req: 4/7] 10.222.0.26 () {60 vars in 1196 bytes} [Thu Jul 14 14:26:46 2022] POST /compute/v2.1/flavors/377217485/action => generated 96 bytes in 640 msecs (HTTP/1.1 200) 9 headers in 356 bytes (1 switches on core 0)
Jul 14 14:26:47.460642 n-d-768509-29 devstack@n-api.service[119507]: INFO nova.api.openstack.requestlog [None req-b24ee6e1-fbf4-4ac8-875c-295d6741aa6b tempest-FlavorsAccessNegativeTestJSON-1823421380 tempest-FlavorsAccessNegativeTestJSON-1823421380-project-admin] 10.222.0.26 "POST /compute/v2.1/flavors" status: 200 len: 438 microversion: 2.1 time: 0.388006
Jul 14 14:26:47.462190 n-d-768509-29 devstack@n-api.service[119507]: [pid: 119507|app: 0|req: 4/8] 10.222.0.26 () {60 vars in 1146 bytes} [Thu Jul 14 14:26:47 2022] POST /compute/v2.1/flavors => generated 438 bytes in 392 msecs (HTTP/1.1 200) 9 headers in 357 bytes (1 switches on core 0)
Jul 14 14:26:47.468436 n-d-768509-29 devstack@n-api.service[119507]: DEBUG nova.api.openstack.wsgi [None req-7d03e758-248d-42ad-997b-52306b34122c tempest-AZAdminV2TestJSON-1478651281 tempest-AZAdminV2TestJSON-1478651281-project-admin] Calling method '>' {{(pid=119507) _process_stack /opt/stack/nova/nova/api/openstack/wsgi.py:513}}
Jul 14 14:26:47.470335 n-d-768509-29 devstack@n-api.service[119507]: /usr/local/lib/python3.8/dist-packages/oslo_policy/policy.py:1129: UserWarning: Policy "os_compute_api:os-availability-zone:detail": "rule:context_is_admin" failed scope check. The token used to make the request was project scoped but the policy requires ['system'] scope. This behavior may change in the future where using the intended scope is required
Jul 14 14:26:47.470335 n-d-768509-29 devstack@n-api.service[119507]: warnings.warn(msg)
Jul 14 14:26:47.472297 n-d-768509-29 devstack@n-api.service[119507]: DEBUG oslo_concurrency.lockutils [None req-7d03e758-248d-42ad-997b-52306b34122c tempest-AZAdminV2TestJSON-1478651281 tempest-AZAdminV2TestJSON-1478651281-project-admin] Lock "00000000-0000-0000-0000-000000000000" acquired by "nova.context.set_target_cell..get_or_set_cached_cell_and_set_connections" :: waited 0.000s {{(pid=119507) inner /usr/local/lib/python3.8/dist-packages/oslo_concurrency/lockutils.py:386}}
Jul 14 14:26:47.472975 n-d-768509-29 devstack@n-api.service[119507]: DEBUG oslo_concurrency.lockutils [None req-7d03e758-248d-42ad-997b-52306b34122c tempest-AZAdminV2TestJSON-1478651281 tempest-AZAdminV2TestJSON-1478651281-project-admin] Lock "00000000-0000-0000-0000-000000000000" "released" by "nova.context.set_target_cell..get_or_set_cached_cell_and_set_connections" :: held 0.001s {{(pid=119507) inner /usr/local/lib/python3.8/dist-packages/oslo_concurrency/lockutils.py:400}}
Jul 14 14:26:47.473896 n-d-768509-29 devstack@n-api.service[119506]: DEBUG nova.api.openstack.wsgi [None req-680cd484-c7f4-446e-8afc-ed1875e4f0c1 tempest-DeleteServersAdminTestJSON-746312122 tempest-DeleteServersAdminTestJSON-746312122-project] Calling method '>' {{(pid=119506) _process_stack /opt/stack/nova/nova/api/openstack/wsgi.py:513}}
Jul 14 14:26:47.474451 n-d-768509-29 devstack@n-api.service[119507]: DEBUG oslo_concurrency.lockutils [None req-7d03e758-248d-42ad-997b-52306b34122c tempest-AZAdminV2TestJSON-1478651281 tempest-AZAdminV2TestJSON-1478651281-project-admin] Lock "b6c4bc67-6ac4-49d2-81bd-8add50791e2b" acquired by "nova.context.set_target_cell..get_or_set_cached_cell_and_set_connections" :: waited 0.000s {{(pid=119507) inner /usr/local/lib/python3.8/dist-packages/oslo_concurrency/lockutils.py:386}}
Jul 14 14:26:47.475069 n-d-768509-29 devstack@n-api.service[119507]: DEBUG oslo_concurrency.lockutils [None req-7d03e758-248d-42ad-997b-52306b34122c tempest-AZAdminV2TestJSON-1478651281 tempest-AZAdminV2TestJSON-1478651281-project-admin] Lock "b6c4bc67-6ac4-49d2-81bd-8add50791e2b" "released" by "nova.context.set_target_cell..get_or_set_cached_cell_and_set_connections" :: held 0.001s {{(pid=119507) inner /usr/local/lib/python3.8/dist-packages/oslo_concurrency/lockutils.py:400}}
Jul 14 14:26:47.479320 n-d-768509-29 devstack@n-api.service[119506]: DEBUG nova.compute.api [None req-680cd484-c7f4-446e-8afc-ed1875e4f0c1 tempest-DeleteServersAdminTestJSON-746312122 tempest-DeleteServersAdminTestJSON-746312122-project] [instance: 54833832-c5fc-4cdf-8e65-ef8b712770e3] Fetching instance by UUID {{(pid=119506) get /opt/stack/nova/nova/compute/api.py:2920}}
Jul 14 14:26:47.513335 n-d-768509-29 devstack@n-api.service[119507]: INFO nova.api.openstack.requestlog [None req-7d03e758-248d-42ad-997b-52306b34122c tempest-AZAdminV2TestJSON-1478651281 tempest-AZAdminV2TestJSON-1478651281-project-admin] 10.222.0.26 "GET /compute/v2.1/os-availability-zone/detail" status: 200 len: 615 microversion: 2.1 time: 0.049305
Jul 14 14:26:47.517111 n-d-768509-29 devstack@n-api.service[119507]: [pid: 119507|app: 0|req: 5/9] 10.222.0.26 () {58 vars in 1184 bytes} [Thu Jul 14 14:26:47 2022] GET /compute/v2.1/os-availability-zone/detail => generated 615 bytes in 54 msecs (HTTP/1.1 200) 9 headers in 357 bytes (1 switches on core 0)
Jul 14 14:26:47.526520 n-d-768509-29 devstack@n-api.service[119507]: DEBUG nova.api.openstack.wsgi [None req-cc742f65-a4aa-4208-a58e-cad8bca739b8 tempest-AggregatesAdminTestJSON-90571304 tempest-AggregatesAdminTestJSON-90571304-project-admin] Calling method '>' {{(pid=119507) _process_stack /opt/stack/nova/nova/api/openstack/wsgi.py:513}}
Jul 14 14:26:47.540633 n-d-768509-29 devstack@n-api.service[119507]: /usr/local/lib/python3.8/dist-packages/oslo_policy/policy.py:1129: UserWarning: Policy "os_compute_api:os-aggregates:index": "rule:context_is_admin" failed scope check. The token used to make the request was project scoped but the policy requires ['system'] scope. This behavior may change in the future where using the intended scope is required
Jul 14 14:26:47.540633 n-d-768509-29 devstack@n-api.service[119507]: warnings.warn(msg)
Jul 14 14:26:47.566111 n-d-768509-29 devstack@n-api.service[119507]: INFO nova.api.openstack.requestlog [None req-cc742f65-a4aa-4208-a58e-cad8bca739b8 tempest-AggregatesAdminTestJSON-90571304 tempest-AggregatesAdminTestJSON-90571304-project-admin] 10.222.0.26 "GET /compute/v2.1/os-aggregates" status: 200 len: 301 microversion: 2.1 time: 0.047681
Jul 14 14:26:47.574489 n-d-768509-29 devstack@n-api.service[119507]: [pid: 119507|app: 0|req: 6/10] 10.222.0.26 () {58 vars in 1142 bytes} [Thu Jul 14 14:26:47 2022] GET /compute/v2.1/os-aggregates => generated 301 bytes in 57 msecs (HTTP/1.1 200) 9 headers in 357 bytes (1 switches on core 0)
Jul 14 14:26:47.992984 n-d-768509-29 devstack@n-api.service[119507]: DEBUG nova.api.openstack.wsgi [None req-92f1d35f-db19-4829-96fa-4c7df1f3af16 tempest-FlavorsAccessTestJSON-140077067 tempest-FlavorsAccessTestJSON-140077067-project] Calling method '>' {{(pid=119507) _process_stack /opt/stack/nova/nova/api/openstack/wsgi.py:513}}
Jul 14 14:26:48.064922 n-d-768509-29 devstack@n-api.service[119507]: INFO nova.api.openstack.requestlog [None req-92f1d35f-db19-4829-96fa-4c7df1f3af16 tempest-FlavorsAccessTestJSON-140077067 tempest-FlavorsAccessTestJSON-140077067-project] 10.222.0.26 "GET /compute/v2.1/flavors/detail" status: 200 len: 5408 microversion: 2.1 time: 0.488889
Jul 14 14:26:48.078800 n-d-768509-29 devstack@n-api.service[119507]: [pid: 119507|app: 0|req: 7/11] 10.222.0.26 () {58 vars in 1145 bytes} [Thu Jul 14 14:26:47 2022] GET /compute/v2.1/flavors/detail => generated 5408 bytes in 503 msecs (HTTP/1.1 200) 9 headers in 358 bytes (1 switches on core 0)
Jul 14 14:26:48.084920 n-d-768509-29 devstack@n-api.service[119507]: DEBUG nova.api.openstack.wsgi [None req-9581a861-1630-4728-8ddd-96f2079e79f6 tempest-FlavorsAccessNegativeTestJSON-1823421380 tempest-FlavorsAccessNegativeTestJSON-1823421380-project-admin] Action: 'action', calling method: >, body: {"addTenantAccess": {"tenant": "df447a6a7c5c42368fbe47307079ee63"}} {{(pid=119507) _process_stack /opt/stack/nova/nova/api/openstack/wsgi.py:511}}
