May 19 09:02:30.586300 n-d-768509-28 devstack@placement-api.service[111837]: DEBUG placement.requestlog [req-f143bc9f-11c0-43d2-ac46-fd9eb10a81f3 req-6b4d9353-95be-4181-a749-b31eeea78569 None None] Starting request: 10.222.0.71 "GET /placement/resource_providers?name=n-h1-768509-28" {{(pid=111837) __call__ /opt/stack/placement/placement/requestlog.py:55}}
May 19 09:02:31.187177 n-d-768509-28 devstack@placement-api.service[111837]: INFO placement.requestlog [req-f143bc9f-11c0-43d2-ac46-fd9eb10a81f3 req-6b4d9353-95be-4181-a749-b31eeea78569 service placement] 10.222.0.71 "GET /placement/resource_providers?name=n-h1-768509-28" status: 200 len: 441 microversion: 1.0
May 19 09:02:31.187542 n-d-768509-28 devstack@placement-api.service[111837]: [pid: 111837|app: 0|req: 16/31] 10.222.0.71 () {58 vars in 1276 bytes} [Thu May 19 09:02:30 2022] GET /placement/resource_providers?name=n-h1-768509-28 => generated 441 bytes in 601 msecs (HTTP/1.1 200) 6 headers in 224 bytes (1 switches on core 0)
May 19 09:02:31.194804 n-d-768509-28 devstack@placement-api.service[111836]: DEBUG placement.requestlog [req-f143bc9f-11c0-43d2-ac46-fd9eb10a81f3 req-19493a84-751e-43f0-b614-bc3d859f4dc0 None None] Starting request: 10.222.0.71 "GET /placement/resource_providers/c48c37c7-dca4-4f1a-a554-c98510d55211/aggregates" {{(pid=111836) __call__ /opt/stack/placement/placement/requestlog.py:55}}
May 19 09:02:31.287844 n-d-768509-28 devstack@placement-api.service[111836]: INFO placement.requestlog [req-f143bc9f-11c0-43d2-ac46-fd9eb10a81f3 req-19493a84-751e-43f0-b614-bc3d859f4dc0 service placement] 10.222.0.71 "GET /placement/resource_providers/c48c37c7-dca4-4f1a-a554-c98510d55211/aggregates" status: 200 len: 53 microversion: 1.19
May 19 09:02:31.288370 n-d-768509-28 devstack@placement-api.service[111836]: [pid: 111836|app: 0|req: 16/32] 10.222.0.71 () {60 vars in 1425 bytes} [Thu May 19 09:02:31 2022] GET /placement/resource_providers/c48c37c7-dca4-4f1a-a554-c98510d55211/aggregates => generated 53 bytes in 94 msecs (HTTP/1.1 200) 8 headers in 295 bytes (1 switches on core 0)
May 19 09:02:31.295078 n-d-768509-28 devstack@placement-api.service[111837]: DEBUG placement.requestlog [req-f143bc9f-11c0-43d2-ac46-fd9eb10a81f3 req-56da5a39-d4e9-4b46-b7ad-473482b3ef1a None None] Starting request: 10.222.0.71 "PUT /placement/resource_providers/c48c37c7-dca4-4f1a-a554-c98510d55211/aggregates" {{(pid=111837) __call__ /opt/stack/placement/placement/requestlog.py:55}}
May 19 09:02:31.310846 n-d-768509-28 devstack@placement-api.service[111837]: DEBUG placement.objects.resource_provider [req-f143bc9f-11c0-43d2-ac46-fd9eb10a81f3 req-56da5a39-d4e9-4b46-b7ad-473482b3ef1a service placement] _ensure_aggregate() did not find aggregate b2ff026d-49ff-489d-839a-f14873e2cb0d. Attempting to create it. {{(pid=111837) _ensure_aggregate /opt/stack/placement/placement/objects/resource_provider.py:321}}
May 19 09:02:31.312904 n-d-768509-28 devstack@placement-api.service[111837]: DEBUG placement.objects.resource_provider [req-f143bc9f-11c0-43d2-ac46-fd9eb10a81f3 req-56da5a39-d4e9-4b46-b7ad-473482b3ef1a service placement] _ensure_aggregate() created new aggregate b2ff026d-49ff-489d-839a-f14873e2cb0d (id=2). {{(pid=111837) _ensure_aggregate /opt/stack/placement/placement/objects/resource_provider.py:327}}
May 19 09:02:31.314542 n-d-768509-28 devstack@placement-api.service[111837]: DEBUG placement.objects.resource_provider [req-f143bc9f-11c0-43d2-ac46-fd9eb10a81f3 req-56da5a39-d4e9-4b46-b7ad-473482b3ef1a service placement] Setting aggregates for provider c48c37c7-dca4-4f1a-a554-c98510d55211. Successfully associated aggregate b2ff026d-49ff-489d-839a-f14873e2cb0d. {{(pid=111837) _set_aggregates /opt/stack/placement/placement/objects/resource_provider.py:389}}
May 19 09:02:31.413032 n-d-768509-28 devstack@placement-api.service[111837]: INFO placement.requestlog [req-f143bc9f-11c0-43d2-ac46-fd9eb10a81f3 req-56da5a39-d4e9-4b46-b7ad-473482b3ef1a service placement] 10.222.0.71 "PUT /placement/resource_providers/c48c37c7-dca4-4f1a-a554-c98510d55211/aggregates" status: 200 len: 91 microversion: 1.19
May 19 09:02:31.414116 n-d-768509-28 devstack@placement-api.service[111837]: [pid: 111837|app: 0|req: 17/33] 10.222.0.71 () {64 vars in 1477 bytes} [Thu May 19 09:02:31 2022] PUT /placement/resource_providers/c48c37c7-dca4-4f1a-a554-c98510d55211/aggregates => generated 91 bytes in 119 msecs (HTTP/1.1 200) 8 headers in 295 bytes (1 switches on core 0)
May 19 09:02:31.568903 n-d-768509-28 devstack@placement-api.service[111836]: DEBUG placement.requestlog [req-e7a843a8-f9fe-4b2b-90e3-69f57d374652 req-9be14a07-930f-44db-8df4-7bd7a8294320 None None] Starting request: 10.222.0.71 "GET /placement/resource_providers?name=n-h1-768509-28" {{(pid=111836) __call__ /opt/stack/placement/placement/requestlog.py:55}}
May 19 09:02:31.592070 n-d-768509-28 devstack@placement-api.service[111836]: INFO placement.requestlog [req-e7a843a8-f9fe-4b2b-90e3-69f57d374652 req-9be14a07-930f-44db-8df4-7bd7a8294320 service placement] 10.222.0.71 "GET /placement/resource_providers?name=n-h1-768509-28" status: 200 len: 441 microversion: 1.0
May 19 09:02:31.592070 n-d-768509-28 devstack@placement-api.service[111836]: [pid: 111836|app: 0|req: 17/34] 10.222.0.71 () {58 vars in 1276 bytes} [Thu May 19 09:02:31 2022] GET /placement/resource_providers?name=n-h1-768509-28 => generated 441 bytes in 16 msecs (HTTP/1.1 200) 6 headers in 224 bytes (1 switches on core 0)
May 19 09:02:31.593606 n-d-768509-28 devstack@placement-api.service[111837]: DEBUG placement.requestlog [req-e7a843a8-f9fe-4b2b-90e3-69f57d374652 req-3a9af703-282b-4443-8fef-8dd3f50a0b2f None None] Starting request: 10.222.0.71 "GET /placement/resource_providers/c48c37c7-dca4-4f1a-a554-c98510d55211/aggregates" {{(pid=111837) __call__ /opt/stack/placement/placement/requestlog.py:55}}
May 19 09:02:31.607358 n-d-768509-28 devstack@placement-api.service[111837]: INFO placement.requestlog [req-e7a843a8-f9fe-4b2b-90e3-69f57d374652 req-3a9af703-282b-4443-8fef-8dd3f50a0b2f service placement] 10.222.0.71 "GET /placement/resource_providers/c48c37c7-dca4-4f1a-a554-c98510d55211/aggregates" status: 200 len: 91 microversion: 1.19
May 19 09:02:31.618245 n-d-768509-28 devstack@placement-api.service[111836]: DEBUG placement.requestlog [req-e7a843a8-f9fe-4b2b-90e3-69f57d374652 req-cc694979-de31-4cff-8551-1fa921ff03b4 None None] Starting request: 10.222.0.71 "PUT /placement/resource_providers/c48c37c7-dca4-4f1a-a554-c98510d55211/aggregates" {{(pid=111836) __call__ /opt/stack/placement/placement/requestlog.py:55}}
May 19 09:02:31.618339 n-d-768509-28 devstack@placement-api.service[111837]: [pid: 111837|app: 0|req: 18/35] 10.222.0.71 () {60 vars in 1425 bytes} [Thu May 19 09:02:31 2022] GET /placement/resource_providers/c48c37c7-dca4-4f1a-a554-c98510d55211/aggregates => generated 91 bytes in 26 msecs (HTTP/1.1 200) 8 headers in 295 bytes (1 switches on core 0)
May 19 09:02:31.632835 n-d-768509-28 devstack@placement-api.service[111836]: DEBUG placement.objects.resource_provider [req-e7a843a8-f9fe-4b2b-90e3-69f57d374652 req-cc694979-de31-4cff-8551-1fa921ff03b4 service placement] Setting aggregates for provider c48c37c7-dca4-4f1a-a554-c98510d55211. Successfully disassociated aggregate b2ff026d-49ff-489d-839a-f14873e2cb0d. {{(pid=111836) _set_aggregates /opt/stack/placement/placement/objects/resource_provider.py:404}}
May 19 09:02:31.731198 n-d-768509-28 devstack@placement-api.service[111836]: INFO placement.requestlog [req-e7a843a8-f9fe-4b2b-90e3-69f57d374652 req-cc694979-de31-4cff-8551-1fa921ff03b4 service placement] 10.222.0.71 "PUT /placement/resource_providers/c48c37c7-dca4-4f1a-a554-c98510d55211/aggregates" status: 200 len: 53 microversion: 1.19
May 19 09:02:31.731631 n-d-768509-28 devstack@placement-api.service[111836]: [pid: 111836|app: 0|req: 18/36] 10.222.0.71 () {64 vars in 1477 bytes} [Thu May 19 09:02:31 2022] PUT /placement/resource_providers/c48c37c7-dca4-4f1a-a554-c98510d55211/aggregates => generated 53 bytes in 115 msecs (HTTP/1.1 200) 8 headers in 295 bytes (2 switches on core 0)
May 19 09:02:32.523687 n-d-768509-28 devstack@placement-api.service[111837]: DEBUG placement.requestlog [req-f523880f-3c78-4349-bd48-e108bbaa2107 req-e8d8b286-abfe-4dad-ae59-54611d9dff03 None None] Starting request: 10.222.0.71 "GET /placement/resource_providers?name=n-h1-768509-28" {{(pid=111837) __call__ /opt/stack/placement/placement/requestlog.py:55}}
May 19 09:02:32.535061 n-d-768509-28 devstack@placement-api.service[111837]: INFO placement.requestlog [req-f523880f-3c78-4349-bd48-e108bbaa2107 req-e8d8b286-abfe-4dad-ae59-54611d9dff03 service placement] 10.222.0.71 "GET /placement/resource_providers?name=n-h1-768509-28" status: 200 len: 441 microversion: 1.0
May 19 09:02:32.535420 n-d-768509-28 devstack@placement-api.service[111837]: [pid: 111837|app: 0|req: 19/37] 10.222.0.71 () {58 vars in 1276 bytes} [Thu May 19 09:02:32 2022] GET /placement/resource_providers?name=n-h1-768509-28 => generated 441 bytes in 12 msecs (HTTP/1.1 200) 6 headers in 224 bytes (1 switches on core 0)
May 19 09:02:32.542236 n-d-768509-28 devstack@placement-api.service[111836]: DEBUG placement.requestlog [req-f523880f-3c78-4349-bd48-e108bbaa2107 req-5d85f4a0-0d84-4d6f-967c-74b56c041ed6 None None] Starting request: 10.222.0.71 "GET /placement/resource_providers/c48c37c7-dca4-4f1a-a554-c98510d55211/aggregates" {{(pid=111836) __call__ /opt/stack/placement/placement/requestlog.py:55}}
May 19 09:02:32.555634 n-d-768509-28 devstack@placement-api.service[111836]: INFO placement.requestlog [req-f523880f-3c78-4349-bd48-e108bbaa2107 req-5d85f4a0-0d84-4d6f-967c-74b56c041ed6 service placement] 10.222.0.71 "GET /placement/resource_providers/c48c37c7-dca4-4f1a-a554-c98510d55211/aggregates" status: 200 len: 53 microversion: 1.19
May 19 09:02:32.555971 n-d-768509-28 devstack@placement-api.service[111836]: [pid: 111836|app: 0|req: 19/38] 10.222.0.71 () {60 vars in 1425 bytes} [Thu May 19 09:02:32 2022] GET /placement/resource_providers/c48c37c7-dca4-4f1a-a554-c98510d55211/aggregates => generated 53 bytes in 14 msecs (HTTP/1.1 200) 8 headers in 295 bytes (1 switches on core 0)
May 19 09:02:32.562683 n-d-768509-28 devstack@placement-api.service[111837]: DEBUG placement.requestlog [req-f523880f-3c78-4349-bd48-e108bbaa2107 req-f0315f28-c876-43f0-b1ec-7da3ded6c8b6 None None] Starting request: 10.222.0.71 "PUT /placement/resource_providers/c48c37c7-dca4-4f1a-a554-c98510d55211/aggregates" {{(pid=111837) __call__ /opt/stack/placement/placement/requestlog.py:55}}
May 19 09:02:32.576862 n-d-768509-28 devstack@placement-api.service[111837]: DEBUG placement.objects.resource_provider [req-f523880f-3c78-4349-bd48-e108bbaa2107 req-f0315f28-c876-43f0-b1ec-7da3ded6c8b6 service placement] _ensure_aggregate() did not find aggregate 53eca372-fd6d-42f0-b60d-701998df7eb6. Attempting to create it. {{(pid=111837) _ensure_aggregate /opt/stack/placement/placement/objects/resource_provider.py:321}}
May 19 09:02:32.578135 n-d-768509-28 devstack@placement-api.service[111837]: DEBUG placement.objects.resource_provider [req-f523880f-3c78-4349-bd48-e108bbaa2107 req-f0315f28-c876-43f0-b1ec-7da3ded6c8b6 service placement] _ensure_aggregate() created new aggregate 53eca372-fd6d-42f0-b60d-701998df7eb6 (id=3). {{(pid=111837) _ensure_aggregate /opt/stack/placement/placement/objects/resource_provider.py:327}}
May 19 09:02:32.579283 n-d-768509-28 devstack@placement-api.service[111837]: DEBUG placement.objects.resource_provider [req-f523880f-3c78-4349-bd48-e108bbaa2107 req-f0315f28-c876-43f0-b1ec-7da3ded6c8b6 service placement] Setting aggregates for provider c48c37c7-dca4-4f1a-a554-c98510d55211. Successfully associated aggregate 53eca372-fd6d-42f0-b60d-701998df7eb6. {{(pid=111837) _set_aggregates /opt/stack/placement/placement/objects/resource_provider.py:389}}
May 19 09:02:32.667898 n-d-768509-28 devstack@placement-api.service[111837]: INFO placement.requestlog [req-f523880f-3c78-4349-bd48-e108bbaa2107 req-f0315f28-c876-43f0-b1ec-7da3ded6c8b6 service placement] 10.222.0.71 "PUT /placement/resource_providers/c48c37c7-dca4-4f1a-a554-c98510d55211/aggregates" status: 200 len: 91 microversion: 1.19
May 19 09:02:32.668443 n-d-768509-28 devstack@placement-api.service[111837]: [pid: 111837|app: 0|req: 20/39] 10.222.0.71 () {64 vars in 1477 bytes} [Thu May 19 09:02:32 2022] PUT /placement/resource_providers/c48c37c7-dca4-4f1a-a554-c98510d55211/aggregates => generated 91 bytes in 106 msecs (HTTP/1.1 200) 8 headers in 295 bytes (2 switches on core 0)
May 19 09:02:34.861322 n-d-768509-28 devstack@placement-api.service[111836]: DEBUG placement.requestlog [req-1879c833-a3a3-4daf-8b04-2a5633874178 req-f7248660-22ac-486b-b030-c3396ef49328 None None] Starting request: 10.222.0.71 "GET /placement/allocation_candidates?limit=1000&member_of=in%3A53eca372-fd6d-42f0-b60d-701998df7eb6&resources=DISK_GB%3A1%2CMEMORY_MB%3A1024%2CVCPU%3A1&root_required=%21COMPUTE_STATUS_DISABLED" {{(pid=111836) __call__ /opt/stack/placement/placement/requestlog.py:55}}
May 19 09:02:35.535274 n-d-768509-28 devstack@placement-api.service[111836]: DEBUG placement.objects.research_context [req-1879c833-a3a3-4daf-8b04-2a5633874178 req-f7248660-22ac-486b-b030-c3396ef49328 service placement] getting providers with 1 DISK_GB {{(pid=111836) __init__ /opt/stack/placement/placement/objects/research_context.py:136}}
May 19 09:02:35.544989 n-d-768509-28 devstack@placement-api.service[111836]: DEBUG placement.objects.research_context [req-1879c833-a3a3-4daf-8b04-2a5633874178 req-f7248660-22ac-486b-b030-c3396ef49328 service placement] getting providers with 1024 MEMORY_MB {{(pid=111836) __init__ /opt/stack/placement/placement/objects/research_context.py:136}}
May 19 09:02:35.550575 n-d-768509-28 devstack@placement-api.service[111836]: DEBUG placement.objects.research_context [req-1879c833-a3a3-4daf-8b04-2a5633874178 req-f7248660-22ac-486b-b030-c3396ef49328 service placement] getting providers with 1 VCPU {{(pid=111836) __init__ /opt/stack/placement/placement/objects/research_context.py:136}}
May 19 09:02:35.557649 n-d-768509-28 devstack@placement-api.service[111836]: DEBUG placement.objects.research_context [req-1879c833-a3a3-4daf-8b04-2a5633874178 req-f7248660-22ac-486b-b030-c3396ef49328 service placement] found 1 providers after applying required aggregates filter ([{'53eca372-fd6d-42f0-b60d-701998df7eb6'}]) {{(pid=111836) get_provider_ids_for_traits_and_aggs /opt/stack/placement/placement/objects/research_context.py:1158}}
May 19 09:02:35.557933 n-d-768509-28 devstack@placement-api.service[111836]: DEBUG placement.objects.research_context [req-1879c833-a3a3-4daf-8b04-2a5633874178 req-f7248660-22ac-486b-b030-c3396ef49328 service placement] found 2 providers with available 1 DISK_GB {{(pid=111836) get_provider_ids_matching /opt/stack/placement/placement/objects/research_context.py:563}}
May 19 09:02:35.559062 n-d-768509-28 devstack@placement-api.service[111836]: DEBUG placement.objects.research_context [req-1879c833-a3a3-4daf-8b04-2a5633874178 req-f7248660-22ac-486b-b030-c3396ef49328 service placement] found 1 providers after applying initial aggregate and trait filters {{(pid=111836) get_provider_ids_matching /opt/stack/placement/placement/objects/research_context.py:575}}
May 19 09:02:35.559366 n-d-768509-28 devstack@placement-api.service[111836]: DEBUG placement.objects.research_context [req-1879c833-a3a3-4daf-8b04-2a5633874178 req-f7248660-22ac-486b-b030-c3396ef49328 service placement] found 2 providers with available 1024 MEMORY_MB {{(pid=111836) get_provider_ids_matching /opt/stack/placement/placement/objects/research_context.py:563}}
May 19 09:02:35.559683 n-d-768509-28 devstack@placement-api.service[111836]: DEBUG placement.objects.research_context [req-1879c833-a3a3-4daf-8b04-2a5633874178 req-f7248660-22ac-486b-b030-c3396ef49328 service placement] found 1 providers after filtering by previous result {{(pid=111836) get_provider_ids_matching /opt/stack/placement/placement/objects/research_context.py:594}}
May 19 09:02:35.560369 n-d-768509-28 devstack@placement-api.service[111836]: DEBUG placement.objects.research_context [req-1879c833-a3a3-4daf-8b04-2a5633874178 req-f7248660-22ac-486b-b030-c3396ef49328 service placement] found 2 providers with available 1 VCPU {{(pid=111836) get_provider_ids_matching /opt/stack/placement/placement/objects/research_context.py:563}}
May 19 09:02:35.560659 n-d-768509-28 devstack@placement-api.service[111836]: DEBUG placement.objects.research_context [req-1879c833-a3a3-4daf-8b04-2a5633874178 req-f7248660-22ac-486b-b030-c3396ef49328 service placement] found 1 providers after filtering by previous result {{(pid=111836) get_provider_ids_matching /opt/stack/placement/placement/objects/research_context.py:594}}
May 19 09:02:35.582056 n-d-768509-28 devstack@placement-api.service[111836]: DEBUG placement.objects.allocation_candidate [req-1879c833-a3a3-4daf-8b04-2a5633874178 req-f7248660-22ac-486b-b030-c3396ef49328 service placement] RequestGroup(use_same_provider=False, resources={DISK_GB:1, MEMORY_MB:1024, VCPU:1}, traits=(), aggregates=[[53eca372-fd6d-42f0-b60d-701998df7eb6]]) (suffix '') returned 1 matches {{(pid=111836) _get_by_requests /opt/stack/placement/placement/objects/allocation_candidate.py:156}}
May 19 09:02:35.582692 n-d-768509-28 devstack@placement-api.service[111836]: DEBUG placement.objects.allocation_candidate [req-1879c833-a3a3-4daf-8b04-2a5633874178 req-f7248660-22ac-486b-b030-c3396ef49328 service placement] Merging candidates yields 1 allocation requests and 1 provider summaries {{(pid=111836) _merge_candidates /opt/stack/placement/placement/objects/allocation_candidate.py:809}}
May 19 09:02:35.584694 n-d-768509-28 devstack@placement-api.service[111836]: INFO placement.requestlog [req-1879c833-a3a3-4daf-8b04-2a5633874178 req-f7248660-22ac-486b-b030-c3396ef49328 service placement] 10.222.0.71 "GET /placement/allocation_candidates?limit=1000&member_of=in%3A53eca372-fd6d-42f0-b60d-701998df7eb6&resources=DISK_GB%3A1%2CMEMORY_MB%3A1024%2CVCPU%3A1&root_required=%21COMPUTE_STATUS_DISABLED" status: 200 len: 676 microversion: 1.36
May 19 09:02:35.586500 n-d-768509-28 devstack@placement-api.service[111836]: [pid: 111836|app: 0|req: 20/40] 10.222.0.71 () {60 vars in 1610 bytes} [Thu May 19 09:02:34 2022] GET /placement/allocation_candidates?limit=1000&member_of=in%3A53eca372-fd6d-42f0-b60d-701998df7eb6&resources=DISK_GB%3A1%2CMEMORY_MB%3A1024%2CVCPU%3A1&root_required=%21COMPUTE_STATUS_DISABLED => generated 676 bytes in 726 msecs (HTTP/1.1 200) 8 headers in 296 bytes (2 switches on core 0)
May 19 09:02:35.707121 n-d-768509-28 devstack@placement-api.service[111837]: DEBUG placement.requestlog [req-1879c833-a3a3-4daf-8b04-2a5633874178 req-cc9497a3-2899-4dcc-9afe-c897e19759d1 None None] Starting request: 10.222.0.71 "GET /placement/allocations/bed124b8-ca6b-4144-b9b9-638fe709b43e" {{(pid=111837) __call__ /opt/stack/placement/placement/requestlog.py:55}}
May 19 09:02:35.720466 n-d-768509-28 devstack@placement-api.service[111837]: INFO placement.requestlog [req-1879c833-a3a3-4daf-8b04-2a5633874178 req-cc9497a3-2899-4dcc-9afe-c897e19759d1 service placement] 10.222.0.71 "GET /placement/allocations/bed124b8-ca6b-4144-b9b9-638fe709b43e" status: 200 len: 19 microversion: 1.28
May 19 09:02:35.720736 n-d-768509-28 devstack@placement-api.service[111837]: [pid: 111837|app: 0|req: 21/41] 10.222.0.71 () {60 vars in 1380 bytes} [Thu May 19 09:02:35 2022] GET /placement/allocations/bed124b8-ca6b-4144-b9b9-638fe709b43e => generated 19 bytes in 14 msecs (HTTP/1.1 200) 8 headers in 295 bytes (1 switches on core 0)
May 19 09:02:35.726436 n-d-768509-28 devstack@placement-api.service[111836]: DEBUG placement.requestlog [req-1879c833-a3a3-4daf-8b04-2a5633874178 req-18a1751d-1734-473f-9307-824ca0eb79e8 None None] Starting request: 10.222.0.71 "PUT /placement/allocations/bed124b8-ca6b-4144-b9b9-638fe709b43e" {{(pid=111836) __call__ /opt/stack/placement/placement/requestlog.py:55}}
May 19 09:02:36.151728 n-d-768509-28 devstack@placement-api.service[111836]: DEBUG placement.handlers.allocation [req-1879c833-a3a3-4daf-8b04-2a5633874178 req-18a1751d-1734-473f-9307-824ca0eb79e8 service placement] Successfully wrote allocations [, , ] {{(pid=111836) _update_consumers_and_create_allocations /opt/stack/placement/placement/handlers/allocation.py:462}}
May 19 09:02:36.218120 n-d-768509-28 devstack@placement-api.service[111836]: INFO placement.requestlog [req-1879c833-a3a3-4daf-8b04-2a5633874178 req-18a1751d-1734-473f-9307-824ca0eb79e8 service placement] 10.222.0.71 "PUT /placement/allocations/bed124b8-ca6b-4144-b9b9-638fe709b43e" status: 204 len: 0 microversion: 1.36
May 19 09:02:36.219010 n-d-768509-28 devstack@placement-api.service[111836]: [pid: 111836|app: 0|req: 21/42] 10.222.0.71 () {64 vars in 1433 bytes} [Thu May 19 09:02:35 2022] PUT /placement/allocations/bed124b8-ca6b-4144-b9b9-638fe709b43e => generated 0 bytes in 493 msecs (HTTP/1.1 204) 5 headers in 199 bytes (2 switches on core 0)
May 19 09:02:37.831176 n-d-768509-28 devstack@placement-api.service[111837]: DEBUG placement.requestlog [req-1879c833-a3a3-4daf-8b04-2a5633874178 req-6d01543e-08c4-468f-85ce-05cf7b278e4d None None] Starting request: 10.222.0.81 "GET /placement/allocations/bed124b8-ca6b-4144-b9b9-638fe709b43e" {{(pid=111837) __call__ /opt/stack/placement/placement/requestlog.py:55}}
May 19 09:02:37.857877 n-d-768509-28 devstack@placement-api.service[111837]: INFO placement.requestlog [req-1879c833-a3a3-4daf-8b04-2a5633874178 req-6d01543e-08c4-468f-85ce-05cf7b278e4d service placement] 10.222.0.81 "GET /placement/allocations/bed124b8-ca6b-4144-b9b9-638fe709b43e" status: 200 len: 258 microversion: 1.28
May 19 09:02:37.858890 n-d-768509-28 devstack@placement-api.service[111837]: [pid: 111837|app: 0|req: 22/43] 10.222.0.81 () {60 vars in 1377 bytes} [Thu May 19 09:02:37 2022] GET /placement/allocations/bed124b8-ca6b-4144-b9b9-638fe709b43e => generated 258 bytes in 29 msecs (HTTP/1.1 200) 8 headers in 296 bytes (1 switches on core 0)
May 19 09:02:46.153174 n-d-768509-28 devstack@placement-api.service[111836]: DEBUG dbcounter [-] [111836] Writing DB stats placement:SELECT=54,placement:INSERT=8,placement:UPDATE=4,placement:DELETE=3 {{(pid=111836) stat_writer /usr/local/lib/python3.8/dist-packages/dbcounter.py:114}}
May 19 09:02:47.851453 n-d-768509-28 devstack@placement-api.service[111837]: DEBUG dbcounter [-] [111837] Writing DB stats placement:SELECT=34,placement:DELETE=1,placement:UPDATE=3,placement:INSERT=4 {{(pid=111837) stat_writer /usr/local/lib/python3.8/dist-packages/dbcounter.py:114}}
May 19 09:02:52.509607 n-d-768509-28 devstack@placement-api.service[111836]: DEBUG placement.requestlog [req-15b66663-1e51-4a61-9520-32c96dcbf039 req-91bd6b43-9b50-474c-98e4-72a54954cad5 None None] Starting request: 10.222.0.71 "GET /placement/allocation_candidates?limit=1000&resources=DISK_GB%3A1%2CMEMORY_MB%3A1024%2CVCPU%3A1&root_required=%21COMPUTE_STATUS_DISABLED" {{(pid=111836) __call__ /opt/stack/placement/placement/requestlog.py:55}}
May 19 09:02:52.544885 n-d-768509-28 devstack@placement-api.service[111836]: DEBUG placement.objects.research_context [req-15b66663-1e51-4a61-9520-32c96dcbf039 req-91bd6b43-9b50-474c-98e4-72a54954cad5 service placement] getting providers with 1 DISK_GB {{(pid=111836) __init__ /opt/stack/placement/placement/objects/research_context.py:136}}
May 19 09:02:52.550963 n-d-768509-28 devstack@placement-api.service[111836]: DEBUG placement.objects.research_context [req-15b66663-1e51-4a61-9520-32c96dcbf039 req-91bd6b43-9b50-474c-98e4-72a54954cad5 service placement] getting providers with 1024 MEMORY_MB {{(pid=111836) __init__ /opt/stack/placement/placement/objects/research_context.py:136}}
May 19 09:02:52.556513 n-d-768509-28 devstack@placement-api.service[111836]: DEBUG placement.objects.research_context [req-15b66663-1e51-4a61-9520-32c96dcbf039 req-91bd6b43-9b50-474c-98e4-72a54954cad5 service placement] getting providers with 1 VCPU {{(pid=111836) __init__ /opt/stack/placement/placement/objects/research_context.py:136}}
May 19 09:02:52.562043 n-d-768509-28 devstack@placement-api.service[111836]: DEBUG placement.objects.research_context [req-15b66663-1e51-4a61-9520-32c96dcbf039 req-91bd6b43-9b50-474c-98e4-72a54954cad5 service placement] found 2 providers with available 1 DISK_GB {{(pid=111836) get_provider_ids_matching /opt/stack/placement/placement/objects/research_context.py:563}}
May 19 09:02:52.562323 n-d-768509-28 devstack@placement-api.service[111836]: DEBUG placement.objects.research_context [req-15b66663-1e51-4a61-9520-32c96dcbf039 req-91bd6b43-9b50-474c-98e4-72a54954cad5 service placement] found 2 providers with available 1024 MEMORY_MB {{(pid=111836) get_provider_ids_matching /opt/stack/placement/placement/objects/research_context.py:563}}
May 19 09:02:52.562599 n-d-768509-28 devstack@placement-api.service[111836]: DEBUG placement.objects.research_context [req-15b66663-1e51-4a61-9520-32c96dcbf039 req-91bd6b43-9b50-474c-98e4-72a54954cad5 service placement] found 2 providers after filtering by previous result {{(pid=111836) get_provider_ids_matching /opt/stack/placement/placement/objects/research_context.py:594}}
May 19 09:02:52.562865 n-d-768509-28 devstack@placement-api.service[111836]: DEBUG placement.objects.research_context [req-15b66663-1e51-4a61-9520-32c96dcbf039 req-91bd6b43-9b50-474c-98e4-72a54954cad5 service placement] found 2 providers with available 1 VCPU {{(pid=111836) get_provider_ids_matching /opt/stack/placement/placement/objects/research_context.py:563}}
May 19 09:02:52.563132 n-d-768509-28 devstack@placement-api.service[111836]: DEBUG placement.objects.research_context [req-15b66663-1e51-4a61-9520-32c96dcbf039 req-91bd6b43-9b50-474c-98e4-72a54954cad5 service placement] found 2 providers after filtering by previous result {{(pid=111836) get_provider_ids_matching /opt/stack/placement/placement/objects/research_context.py:594}}
May 19 09:02:52.575000 n-d-768509-28 devstack@placement-api.service[111836]: DEBUG placement.objects.allocation_candidate [req-15b66663-1e51-4a61-9520-32c96dcbf039 req-91bd6b43-9b50-474c-98e4-72a54954cad5 service placement] RequestGroup(use_same_provider=False, resources={DISK_GB:1, MEMORY_MB:1024, VCPU:1}, traits=(), aggregates=[]) (suffix '') returned 2 matches {{(pid=111836) _get_by_requests /opt/stack/placement/placement/objects/allocation_candidate.py:156}}
May 19 09:02:52.575379 n-d-768509-28 devstack@placement-api.service[111836]: DEBUG placement.objects.allocation_candidate [req-15b66663-1e51-4a61-9520-32c96dcbf039 req-91bd6b43-9b50-474c-98e4-72a54954cad5 service placement] Merging candidates yields 2 allocation requests and 2 provider summaries {{(pid=111836) _merge_candidates /opt/stack/placement/placement/objects/allocation_candidate.py:809}}
May 19 09:02:52.577376 n-d-768509-28 devstack@placement-api.service[111836]: INFO placement.requestlog [req-15b66663-1e51-4a61-9520-32c96dcbf039 req-91bd6b43-9b50-474c-98e4-72a54954cad5 service placement] 10.222.0.71 "GET /placement/allocation_candidates?limit=1000&resources=DISK_GB%3A1%2CMEMORY_MB%3A1024%2CVCPU%3A1&root_required=%21COMPUTE_STATUS_DISABLED" status: 200 len: 1306 microversion: 1.36
May 19 09:02:52.578071 n-d-768509-28 devstack@placement-api.service[111836]: [pid: 111836|app: 0|req: 22/44] 10.222.0.71 () {60 vars in 1506 bytes} [Thu May 19 09:02:52 2022] GET /placement/allocation_candidates?limit=1000&resources=DISK_GB%3A1%2CMEMORY_MB%3A1024%2CVCPU%3A1&root_required=%21COMPUTE_STATUS_DISABLED => generated 1306 bytes in 69 msecs (HTTP/1.1 200) 8 headers in 297 bytes (2 switches on core 0)
May 19 09:02:52.749275 n-d-768509-28 devstack@placement-api.service[111837]: DEBUG placement.requestlog [req-15b66663-1e51-4a61-9520-32c96dcbf039 req-b2541ff7-b0ec-4400-888b-6ddf888d5e48 None None] Starting request: 10.222.0.71 "GET /placement/allocations/7daeee23-37f5-4f3f-808b-108b0e01c76b" {{(pid=111837) __call__ /opt/stack/placement/placement/requestlog.py:55}}
May 19 09:02:52.763585 n-d-768509-28 devstack@placement-api.service[111837]: INFO placement.requestlog [req-15b66663-1e51-4a61-9520-32c96dcbf039 req-b2541ff7-b0ec-4400-888b-6ddf888d5e48 service placement] 10.222.0.71 "GET /placement/allocations/7daeee23-37f5-4f3f-808b-108b0e01c76b" status: 200 len: 19 microversion: 1.28
May 19 09:02:52.764285 n-d-768509-28 devstack@placement-api.service[111837]: [pid: 111837|app: 0|req: 23/45] 10.222.0.71 () {60 vars in 1380 bytes} [Thu May 19 09:02:52 2022] GET /placement/allocations/7daeee23-37f5-4f3f-808b-108b0e01c76b => generated 19 bytes in 15 msecs (HTTP/1.1 200) 8 headers in 295 bytes (1 switches on core 0)
May 19 09:02:52.775265 n-d-768509-28 devstack@placement-api.service[111836]: DEBUG placement.requestlog [req-15b66663-1e51-4a61-9520-32c96dcbf039 req-935310de-fc7d-4da2-80f7-97517424ff94 None None] Starting request: 10.222.0.71 "PUT /placement/allocations/7daeee23-37f5-4f3f-808b-108b0e01c76b" {{(pid=111836) __call__ /opt/stack/placement/placement/requestlog.py:55}}
May 19 09:02:53.186280 n-d-768509-28 devstack@placement-api.service[111836]: DEBUG placement.handlers.allocation [req-15b66663-1e51-4a61-9520-32c96dcbf039 req-935310de-fc7d-4da2-80f7-97517424ff94 service placement] Successfully wrote allocations [, , ] {{(pid=111836) _update_consumers_and_create_allocations /opt/stack/placement/placement/handlers/allocation.py:462}}
May 19 09:02:53.294522 n-d-768509-28 devstack@placement-api.service[111836]: INFO placement.requestlog [req-15b66663-1e51-4a61-9520-32c96dcbf039 req-935310de-fc7d-4da2-80f7-97517424ff94 service placement] 10.222.0.71 "PUT /placement/allocations/7daeee23-37f5-4f3f-808b-108b0e01c76b" status: 204 len: 0 microversion: 1.36
May 19 09:02:53.294522 n-d-768509-28 devstack@placement-api.service[111836]: [pid: 111836|app: 0|req: 23/46] 10.222.0.71 () {64 vars in 1433 bytes} [Thu May 19 09:02:52 2022] PUT /placement/allocations/7daeee23-37f5-4f3f-808b-108b0e01c76b => generated 0 bytes in 524 msecs (HTTP/1.1 204) 5 headers in 199 bytes (1 switches on core 0)
May 19 09:02:55.531037 n-d-768509-28 devstack@placement-api.service[111837]: DEBUG placement.requestlog [req-15b66663-1e51-4a61-9520-32c96dcbf039 req-f3a20a05-ea3f-4b41-a920-6c08ee955085 None None] Starting request: 10.222.0.79 "GET /placement/allocations/7daeee23-37f5-4f3f-808b-108b0e01c76b" {{(pid=111837) __call__ /opt/stack/placement/placement/requestlog.py:55}}
May 19 09:02:55.557049 n-d-768509-28 devstack@placement-api.service[111837]: INFO placement.requestlog [req-15b66663-1e51-4a61-9520-32c96dcbf039 req-f3a20a05-ea3f-4b41-a920-6c08ee955085 service placement] 10.222.0.79 "GET /placement/allocations/7daeee23-37f5-4f3f-808b-108b0e01c76b" status: 200 len: 258 microversion: 1.28
May 19 09:02:55.557781 n-d-768509-28 devstack@placement-api.service[111837]: [pid: 111837|app: 0|req: 24/47] 10.222.0.79 () {60 vars in 1377 bytes} [Thu May 19 09:02:55 2022] GET /placement/allocations/7daeee23-37f5-4f3f-808b-108b0e01c76b => generated 258 bytes in 29 msecs (HTTP/1.1 200) 8 headers in 296 bytes (1 switches on core 0)
May 19 09:03:02.812493 n-d-768509-28 devstack@placement-api.service[111836]: DEBUG placement.requestlog [req-d7b1585d-9d20-4db7-b8bb-78728aea106d req-af0b4088-5441-40fc-b04a-90b9a40ea81d None None] Starting request: 10.222.0.81 "GET /placement/resource_providers/c48c37c7-dca4-4f1a-a554-c98510d55211/allocations" {{(pid=111836) __call__ /opt/stack/placement/placement/requestlog.py:55}}
May 19 09:03:02.844558 n-d-768509-28 devstack@placement-api.service[111836]: INFO placement.requestlog [req-d7b1585d-9d20-4db7-b8bb-78728aea106d req-af0b4088-5441-40fc-b04a-90b9a40ea81d service placement] 10.222.0.81 "GET /placement/resource_providers/c48c37c7-dca4-4f1a-a554-c98510d55211/allocations" status: 200 len: 153 microversion: 1.0
May 19 09:03:02.845230 n-d-768509-28 devstack@placement-api.service[111836]: [pid: 111836|app: 0|req: 24/48] 10.222.0.81 () {58 vars in 1390 bytes} [Thu May 19 09:03:02 2022] GET /placement/resource_providers/c48c37c7-dca4-4f1a-a554-c98510d55211/allocations => generated 153 bytes in 34 msecs (HTTP/1.1 200) 6 headers in 224 bytes (1 switches on core 0)
May 19 09:03:05.554039 n-d-768509-28 devstack@placement-api.service[111837]: DEBUG dbcounter [-] [111837] Writing DB stats placement:SELECT=6 {{(pid=111837) stat_writer /usr/local/lib/python3.8/dist-packages/dbcounter.py:114}}
May 19 09:03:06.674809 n-d-768509-28 devstack@placement-api.service[111837]: DEBUG placement.requestlog [req-6a966c0e-3c1c-42ff-9666-db25f37fa2b9 req-dd348b5d-4ba3-41d0-820b-4fc74d6059ec None None] Starting request: 10.222.0.81 "DELETE /placement/allocations/bed124b8-ca6b-4144-b9b9-638fe709b43e" {{(pid=111837) __call__ /opt/stack/placement/placement/requestlog.py:55}}
May 19 09:03:07.003441 n-d-768509-28 devstack@placement-api.service[111837]: DEBUG placement.handlers.allocation [req-6a966c0e-3c1c-42ff-9666-db25f37fa2b9 req-dd348b5d-4ba3-41d0-820b-4fc74d6059ec service placement] Successfully deleted allocations [, , ] {{(pid=111837) delete_allocations /opt/stack/placement/placement/handlers/allocation.py:627}}
May 19 09:03:07.003662 n-d-768509-28 devstack@placement-api.service[111837]: INFO placement.requestlog [req-6a966c0e-3c1c-42ff-9666-db25f37fa2b9 req-dd348b5d-4ba3-41d0-820b-4fc74d6059ec service placement] 10.222.0.81 "DELETE /placement/allocations/bed124b8-ca6b-4144-b9b9-638fe709b43e" status: 204 len: 0 microversion: 1.0
May 19 09:03:07.004402 n-d-768509-28 devstack@placement-api.service[111837]: [pid: 111837|app: 0|req: 25/49] 10.222.0.81 () {60 vars in 1355 bytes} [Thu May 19 09:03:06 2022] DELETE /placement/allocations/bed124b8-ca6b-4144-b9b9-638fe709b43e => generated 0 bytes in 330 msecs (HTTP/1.1 204) 5 headers in 198 bytes (1 switches on core 0)
May 19 09:03:08.412935 n-d-768509-28 devstack@placement-api.service[111836]: DEBUG placement.requestlog [req-e0abf367-32b5-402b-b4e9-fb17ff88f355 req-baec4c85-6273-47d6-99c8-0b506bc01a0b None None] Starting request: 10.222.0.71 "GET /placement/resource_providers?name=n-h1-768509-28" {{(pid=111836) __call__ /opt/stack/placement/placement/requestlog.py:55}}
May 19 09:03:08.433161 n-d-768509-28 devstack@placement-api.service[111836]: INFO placement.requestlog [req-e0abf367-32b5-402b-b4e9-fb17ff88f355 req-baec4c85-6273-47d6-99c8-0b506bc01a0b service placement] 10.222.0.71 "GET /placement/resource_providers?name=n-h1-768509-28" status: 200 len: 441 microversion: 1.0
May 19 09:03:08.437689 n-d-768509-28 devstack@placement-api.service[111836]: [pid: 111836|app: 0|req: 25/50] 10.222.0.71 () {58 vars in 1276 bytes} [Thu May 19 09:03:08 2022] GET /placement/resource_providers?name=n-h1-768509-28 => generated 441 bytes in 25 msecs (HTTP/1.1 200) 6 headers in 224 bytes (1 switches on core 0)
May 19 09:03:08.460418 n-d-768509-28 devstack@placement-api.service[111837]: DEBUG placement.requestlog [req-e0abf367-32b5-402b-b4e9-fb17ff88f355 req-99a3e37b-9d91-4f02-ad66-96af1eb6e5b4 None None] Starting request: 10.222.0.71 "GET /placement/resource_providers/c48c37c7-dca4-4f1a-a554-c98510d55211/aggregates" {{(pid=111837) __call__ /opt/stack/placement/placement/requestlog.py:55}}
May 19 09:03:08.481433 n-d-768509-28 devstack@placement-api.service[111837]: INFO placement.requestlog [req-e0abf367-32b5-402b-b4e9-fb17ff88f355 req-99a3e37b-9d91-4f02-ad66-96af1eb6e5b4 service placement] 10.222.0.71 "GET /placement/resource_providers/c48c37c7-dca4-4f1a-a554-c98510d55211/aggregates" status: 200 len: 91 microversion: 1.19
May 19 09:03:08.493510 n-d-768509-28 devstack@placement-api.service[111837]: [pid: 111837|app: 0|req: 26/51] 10.222.0.71 () {60 vars in 1425 bytes} [Thu May 19 09:03:08 2022] GET /placement/resource_providers/c48c37c7-dca4-4f1a-a554-c98510d55211/aggregates => generated 91 bytes in 31 msecs (HTTP/1.1 200) 8 headers in 295 bytes (1 switches on core 0)
May 19 09:03:08.493677 n-d-768509-28 devstack@placement-api.service[111836]: DEBUG placement.requestlog [req-e0abf367-32b5-402b-b4e9-fb17ff88f355 req-eaadf93a-44d6-4c27-ab67-1d141d7288b7 None None] Starting request: 10.222.0.71 "PUT /placement/resource_providers/c48c37c7-dca4-4f1a-a554-c98510d55211/aggregates" {{(pid=111836) __call__ /opt/stack/placement/placement/requestlog.py:55}}
May 19 09:03:08.521833 n-d-768509-28 devstack@placement-api.service[111836]: DEBUG placement.objects.resource_provider [req-e0abf367-32b5-402b-b4e9-fb17ff88f355 req-eaadf93a-44d6-4c27-ab67-1d141d7288b7 service placement] Setting aggregates for provider c48c37c7-dca4-4f1a-a554-c98510d55211. Successfully disassociated aggregate 53eca372-fd6d-42f0-b60d-701998df7eb6. {{(pid=111836) _set_aggregates /opt/stack/placement/placement/objects/resource_provider.py:404}}
May 19 09:03:08.591610 n-d-768509-28 devstack@placement-api.service[111836]: INFO placement.requestlog [req-e0abf367-32b5-402b-b4e9-fb17ff88f355 req-eaadf93a-44d6-4c27-ab67-1d141d7288b7 service placement] 10.222.0.71 "PUT /placement/resource_providers/c48c37c7-dca4-4f1a-a554-c98510d55211/aggregates" status: 200 len: 53 microversion: 1.19
May 19 09:03:08.593100 n-d-768509-28 devstack@placement-api.service[111836]: [pid: 111836|app: 0|req: 26/52] 10.222.0.71 () {64 vars in 1477 bytes} [Thu May 19 09:03:08 2022] PUT /placement/resource_providers/c48c37c7-dca4-4f1a-a554-c98510d55211/aggregates => generated 53 bytes in 101 msecs (HTTP/1.1 200) 8 headers in 295 bytes (1 switches on core 0)
May 19 09:03:09.219928 n-d-768509-28 devstack@placement-api.service[111837]: DEBUG placement.requestlog [req-1344334d-a9d0-4bd9-838a-818c8c9f1b73 req-199a112f-4250-4564-a1b6-7edf3fe5feca None None] Starting request: 10.222.0.71 "GET /placement/resource_providers?name=n-h1-768509-28" {{(pid=111837) __call__ /opt/stack/placement/placement/requestlog.py:55}}
May 19 09:03:09.242804 n-d-768509-28 devstack@placement-api.service[111837]: INFO placement.requestlog [req-1344334d-a9d0-4bd9-838a-818c8c9f1b73 req-199a112f-4250-4564-a1b6-7edf3fe5feca service placement] 10.222.0.71 "GET /placement/resource_providers?name=n-h1-768509-28" status: 200 len: 441 microversion: 1.0
May 19 09:03:09.243882 n-d-768509-28 devstack@placement-api.service[111837]: [pid: 111837|app: 0|req: 27/53] 10.222.0.71 () {58 vars in 1276 bytes} [Thu May 19 09:03:09 2022] GET /placement/resource_providers?name=n-h1-768509-28 => generated 441 bytes in 24 msecs (HTTP/1.1 200) 6 headers in 224 bytes (1 switches on core 0)
May 19 09:03:09.251133 n-d-768509-28 devstack@placement-api.service[111836]: DEBUG placement.requestlog [req-1344334d-a9d0-4bd9-838a-818c8c9f1b73 req-b6799516-308b-427b-870f-4ffb5f5b2330 None None] Starting request: 10.222.0.71 "GET /placement/resource_providers/c48c37c7-dca4-4f1a-a554-c98510d55211/aggregates" {{(pid=111836) __call__ /opt/stack/placement/placement/requestlog.py:55}}
May 19 09:03:09.287675 n-d-768509-28 devstack@placement-api.service[111836]: INFO placement.requestlog [req-1344334d-a9d0-4bd9-838a-818c8c9f1b73 req-b6799516-308b-427b-870f-4ffb5f5b2330 service placement] 10.222.0.71 "GET /placement/resource_providers/c48c37c7-dca4-4f1a-a554-c98510d55211/aggregates" status: 200 len: 53 microversion: 1.19
May 19 09:03:09.296838 n-d-768509-28 devstack@placement-api.service[111836]: [pid: 111836|app: 0|req: 27/54] 10.222.0.71 () {60 vars in 1425 bytes} [Thu May 19 09:03:09 2022] GET /placement/resource_providers/c48c37c7-dca4-4f1a-a554-c98510d55211/aggregates => generated 53 bytes in 46 msecs (HTTP/1.1 200) 8 headers in 295 bytes (1 switches on core 0)
May 19 09:03:09.297651 n-d-768509-28 devstack@placement-api.service[111837]: DEBUG placement.requestlog [req-1344334d-a9d0-4bd9-838a-818c8c9f1b73 req-35d071fa-207e-4835-940c-812fdb3efb6a None None] Starting request: 10.222.0.71 "PUT /placement/resource_providers/c48c37c7-dca4-4f1a-a554-c98510d55211/aggregates" {{(pid=111837) __call__ /opt/stack/placement/placement/requestlog.py:55}}
May 19 09:03:09.344747 n-d-768509-28 devstack@placement-api.service[111837]: DEBUG placement.objects.resource_provider [req-1344334d-a9d0-4bd9-838a-818c8c9f1b73 req-35d071fa-207e-4835-940c-812fdb3efb6a service placement] _ensure_aggregate() did not find aggregate 0487168d-d88c-4586-a8bd-203d0b3e46b9. Attempting to create it. {{(pid=111837) _ensure_aggregate /opt/stack/placement/placement/objects/resource_provider.py:321}}
May 19 09:03:09.346162 n-d-768509-28 devstack@placement-api.service[111837]: DEBUG placement.objects.resource_provider [req-1344334d-a9d0-4bd9-838a-818c8c9f1b73 req-35d071fa-207e-4835-940c-812fdb3efb6a service placement] _ensure_aggregate() created new aggregate 0487168d-d88c-4586-a8bd-203d0b3e46b9 (id=4). {{(pid=111837) _ensure_aggregate /opt/stack/placement/placement/objects/resource_provider.py:327}}
May 19 09:03:09.347640 n-d-768509-28 devstack@placement-api.service[111837]: DEBUG placement.objects.resource_provider [req-1344334d-a9d0-4bd9-838a-818c8c9f1b73 req-35d071fa-207e-4835-940c-812fdb3efb6a service placement] Setting aggregates for provider c48c37c7-dca4-4f1a-a554-c98510d55211. Successfully associated aggregate 0487168d-d88c-4586-a8bd-203d0b3e46b9. {{(pid=111837) _set_aggregates /opt/stack/placement/placement/objects/resource_provider.py:389}}
May 19 09:03:09.490390 n-d-768509-28 devstack@placement-api.service[111837]: INFO placement.requestlog [req-1344334d-a9d0-4bd9-838a-818c8c9f1b73 req-35d071fa-207e-4835-940c-812fdb3efb6a service placement] 10.222.0.71 "PUT /placement/resource_providers/c48c37c7-dca4-4f1a-a554-c98510d55211/aggregates" status: 200 len: 92 microversion: 1.19
May 19 09:03:09.491852 n-d-768509-28 devstack@placement-api.service[111837]: [pid: 111837|app: 0|req: 28/55] 10.222.0.71 () {64 vars in 1477 bytes} [Thu May 19 09:03:09 2022] PUT /placement/resource_providers/c48c37c7-dca4-4f1a-a554-c98510d55211/aggregates => generated 92 bytes in 195 msecs (HTTP/1.1 200) 8 headers in 295 bytes (1 switches on core 0)
May 19 09:03:09.616301 n-d-768509-28 devstack@placement-api.service[111836]: DEBUG placement.requestlog [req-db15234c-46e3-4caa-b929-149251bd767b req-f9a8d143-5742-49f1-826f-e4c8c1bb4400 None None] Starting request: 10.222.0.79 "GET /placement/resource_providers/745e9598-ebe5-4d73-9d85-01a9610b419f/allocations" {{(pid=111836) __call__ /opt/stack/placement/placement/requestlog.py:55}}
May 19 09:03:09.635630 n-d-768509-28 devstack@placement-api.service[111837]: DEBUG placement.requestlog [req-eff2fd89-214b-4f3f-bdb5-69ef16084da8 req-7386c76b-5129-4a87-9d2d-51319d3eb201 None None] Starting request: 10.222.0.71 "GET /placement/resource_providers?name=n-h1-768509-28" {{(pid=111837) __call__ /opt/stack/placement/placement/requestlog.py:55}}
May 19 09:03:09.652982 n-d-768509-28 devstack@placement-api.service[111837]: INFO placement.requestlog [req-eff2fd89-214b-4f3f-bdb5-69ef16084da8 req-7386c76b-5129-4a87-9d2d-51319d3eb201 service placement] 10.222.0.71 "GET /placement/resource_providers?name=n-h1-768509-28" status: 200 len: 442 microversion: 1.0
May 19 09:03:09.654096 n-d-768509-28 devstack@placement-api.service[111837]: [pid: 111837|app: 0|req: 29/56] 10.222.0.71 () {58 vars in 1276 bytes} [Thu May 19 09:03:09 2022] GET /placement/resource_providers?name=n-h1-768509-28 => generated 442 bytes in 19 msecs (HTTP/1.1 200) 6 headers in 224 bytes (2 switches on core 0)
May 19 09:03:09.667746 n-d-768509-28 devstack@placement-api.service[111837]: DEBUG placement.requestlog [req-eff2fd89-214b-4f3f-bdb5-69ef16084da8 req-d20eb56b-9432-48f2-b879-ecb074ebd84c None None] Starting request: 10.222.0.71 "GET /placement/resource_providers/c48c37c7-dca4-4f1a-a554-c98510d55211/aggregates" {{(pid=111837) __call__ /opt/stack/placement/placement/requestlog.py:55}}
May 19 09:03:09.672707 n-d-768509-28 devstack@placement-api.service[111836]: INFO placement.requestlog [req-db15234c-46e3-4caa-b929-149251bd767b req-f9a8d143-5742-49f1-826f-e4c8c1bb4400 service placement] 10.222.0.79 "GET /placement/resource_providers/745e9598-ebe5-4d73-9d85-01a9610b419f/allocations" status: 200 len: 153 microversion: 1.0
May 19 09:03:09.673107 n-d-768509-28 devstack@placement-api.service[111836]: [pid: 111836|app: 0|req: 28/57] 10.222.0.79 () {58 vars in 1390 bytes} [Thu May 19 09:03:09 2022] GET /placement/resource_providers/745e9598-ebe5-4d73-9d85-01a9610b419f/allocations => generated 153 bytes in 57 msecs (HTTP/1.1 200) 6 headers in 224 bytes (1 switches on core 0)
May 19 09:03:09.698613 n-d-768509-28 devstack@placement-api.service[111837]: INFO placement.requestlog [req-eff2fd89-214b-4f3f-bdb5-69ef16084da8 req-d20eb56b-9432-48f2-b879-ecb074ebd84c service placement] 10.222.0.71 "GET /placement/resource_providers/c48c37c7-dca4-4f1a-a554-c98510d55211/aggregates" status: 200 len: 92 microversion: 1.19
May 19 09:03:09.699722 n-d-768509-28 devstack@placement-api.service[111837]: [pid: 111837|app: 0|req: 30/58] 10.222.0.71 () {60 vars in 1425 bytes} [Thu May 19 09:03:09 2022] GET /placement/resource_providers/c48c37c7-dca4-4f1a-a554-c98510d55211/aggregates => generated 92 bytes in 32 msecs (HTTP/1.1 200) 8 headers in 295 bytes (1 switches on core 0)
May 19 09:03:09.706494 n-d-768509-28 devstack@placement-api.service[111836]: DEBUG placement.requestlog [req-eff2fd89-214b-4f3f-bdb5-69ef16084da8 req-6a51913d-05a1-4661-ae44-4188c027d851 None None] Starting request: 10.222.0.71 "PUT /placement/resource_providers/c48c37c7-dca4-4f1a-a554-c98510d55211/aggregates" {{(pid=111836) __call__ /opt/stack/placement/placement/requestlog.py:55}}
May 19 09:03:09.736441 n-d-768509-28 devstack@placement-api.service[111836]: DEBUG placement.objects.resource_provider [req-eff2fd89-214b-4f3f-bdb5-69ef16084da8 req-6a51913d-05a1-4661-ae44-4188c027d851 service placement] Setting aggregates for provider c48c37c7-dca4-4f1a-a554-c98510d55211. Successfully disassociated aggregate 0487168d-d88c-4586-a8bd-203d0b3e46b9. {{(pid=111836) _set_aggregates /opt/stack/placement/placement/objects/resource_provider.py:404}}
May 19 09:03:09.872132 n-d-768509-28 devstack@placement-api.service[111836]: INFO placement.requestlog [req-eff2fd89-214b-4f3f-bdb5-69ef16084da8 req-6a51913d-05a1-4661-ae44-4188c027d851 service placement] 10.222.0.71 "PUT /placement/resource_providers/c48c37c7-dca4-4f1a-a554-c98510d55211/aggregates" status: 200 len: 54 microversion: 1.19
May 19 09:03:09.872868 n-d-768509-28 devstack@placement-api.service[111836]: [pid: 111836|app: 0|req: 29/59] 10.222.0.71 () {64 vars in 1477 bytes} [Thu May 19 09:03:09 2022] PUT /placement/resource_providers/c48c37c7-dca4-4f1a-a554-c98510d55211/aggregates => generated 54 bytes in 167 msecs (HTTP/1.1 200) 8 headers in 295 bytes (1 switches on core 0)
May 19 09:03:10.354057 n-d-768509-28 devstack@placement-api.service[111837]: DEBUG placement.requestlog [req-bf4b660d-8eb0-40c0-9706-a4afd2dae8d9 req-7b9827dd-122c-4dd6-932d-7b4bd2408881 None None] Starting request: 10.222.0.71 "GET /placement/resource_providers?name=n-h1-768509-28" {{(pid=111837) __call__ /opt/stack/placement/placement/requestlog.py:55}}
May 19 09:03:10.369775 n-d-768509-28 devstack@placement-api.service[111837]: INFO placement.requestlog [req-bf4b660d-8eb0-40c0-9706-a4afd2dae8d9 req-7b9827dd-122c-4dd6-932d-7b4bd2408881 service placement] 10.222.0.71 "GET /placement/resource_providers?name=n-h1-768509-28" status: 200 len: 442 microversion: 1.0
May 19 09:03:10.370192 n-d-768509-28 devstack@placement-api.service[111837]: [pid: 111837|app: 0|req: 31/60] 10.222.0.71 () {58 vars in 1276 bytes} [Thu May 19 09:03:10 2022] GET /placement/resource_providers?name=n-h1-768509-28 => generated 442 bytes in 16 msecs (HTTP/1.1 200) 6 headers in 224 bytes (1 switches on core 0)
May 19 09:03:10.377667 n-d-768509-28 devstack@placement-api.service[111836]: DEBUG placement.requestlog [req-bf4b660d-8eb0-40c0-9706-a4afd2dae8d9 req-eec0108e-057a-4ddd-8322-6fc8ac597707 None None] Starting request: 10.222.0.71 "GET /placement/resource_providers/c48c37c7-dca4-4f1a-a554-c98510d55211/aggregates" {{(pid=111836) __call__ /opt/stack/placement/placement/requestlog.py:55}}
May 19 09:03:10.409631 n-d-768509-28 devstack@placement-api.service[111836]: INFO placement.requestlog [req-bf4b660d-8eb0-40c0-9706-a4afd2dae8d9 req-eec0108e-057a-4ddd-8322-6fc8ac597707 service placement] 10.222.0.71 "GET /placement/resource_providers/c48c37c7-dca4-4f1a-a554-c98510d55211/aggregates" status: 200 len: 54 microversion: 1.19
May 19 09:03:10.410276 n-d-768509-28 devstack@placement-api.service[111836]: [pid: 111836|app: 0|req: 30/61] 10.222.0.71 () {60 vars in 1425 bytes} [Thu May 19 09:03:10 2022] GET /placement/resource_providers/c48c37c7-dca4-4f1a-a554-c98510d55211/aggregates => generated 54 bytes in 33 msecs (HTTP/1.1 200) 8 headers in 295 bytes (1 switches on core 0)
May 19 09:03:10.417683 n-d-768509-28 devstack@placement-api.service[111837]: DEBUG placement.requestlog [req-bf4b660d-8eb0-40c0-9706-a4afd2dae8d9 req-cca1a75b-d70b-4213-a287-b06188436cde None None] Starting request: 10.222.0.71 "PUT /placement/resource_providers/c48c37c7-dca4-4f1a-a554-c98510d55211/aggregates" {{(pid=111837) __call__ /opt/stack/placement/placement/requestlog.py:55}}
May 19 09:03:10.435736 n-d-768509-28 devstack@placement-api.service[111837]: DEBUG placement.objects.resource_provider [req-bf4b660d-8eb0-40c0-9706-a4afd2dae8d9 req-cca1a75b-d70b-4213-a287-b06188436cde service placement] _ensure_aggregate() did not find aggregate 935fcc30-74df-4d05-935e-fdcfc001a4ad. Attempting to create it. {{(pid=111837) _ensure_aggregate /opt/stack/placement/placement/objects/resource_provider.py:321}}
May 19 09:03:10.437750 n-d-768509-28 devstack@placement-api.service[111837]: DEBUG placement.objects.resource_provider [req-bf4b660d-8eb0-40c0-9706-a4afd2dae8d9 req-cca1a75b-d70b-4213-a287-b06188436cde service placement] _ensure_aggregate() created new aggregate 935fcc30-74df-4d05-935e-fdcfc001a4ad (id=5). {{(pid=111837) _ensure_aggregate /opt/stack/placement/placement/objects/resource_provider.py:327}}
