May 18 08:59:50.210241 n-d-768509-26 devstack@placement-api.service[104889]: DEBUG placement.objects.allocation_candidate [req-ebc1d376-081f-4959-ac47-703930c6dd7f req-de3258d3-a3f2-411e-ba4f-a994fed6b8e5 service placement] RequestGroup(use_same_provider=False, resources={DISK_GB:1, MEMORY_MB:1024, VCPU:1}, traits=(), aggregates=[[cfbdc199-d5de-40af-af27-a9a2f513aa24]]) (suffix '') returned 1 matches {{(pid=104889) _get_by_requests /opt/stack/placement/placement/objects/allocation_candidate.py:156}}
May 18 08:59:50.210827 n-d-768509-26 devstack@placement-api.service[104889]: DEBUG placement.objects.allocation_candidate [req-ebc1d376-081f-4959-ac47-703930c6dd7f req-de3258d3-a3f2-411e-ba4f-a994fed6b8e5 service placement] Merging candidates yields 1 allocation requests and 1 provider summaries {{(pid=104889) _merge_candidates /opt/stack/placement/placement/objects/allocation_candidate.py:809}}
May 18 08:59:50.212928 n-d-768509-26 devstack@placement-api.service[104889]: INFO placement.requestlog [req-ebc1d376-081f-4959-ac47-703930c6dd7f req-de3258d3-a3f2-411e-ba4f-a994fed6b8e5 service placement] 10.222.0.25 "GET /placement/allocation_candidates?limit=1000&member_of=in%3Acfbdc199-d5de-40af-af27-a9a2f513aa24&resources=DISK_GB%3A1%2CMEMORY_MB%3A1024%2CVCPU%3A1&root_required=%21COMPUTE_STATUS_DISABLED" status: 200 len: 676 microversion: 1.36
May 18 08:59:50.213741 n-d-768509-26 devstack@placement-api.service[104889]: [pid: 104889|app: 0|req: 14/27] 10.222.0.25 () {60 vars in 1610 bytes} [Wed May 18 08:59:48 2022] GET /placement/allocation_candidates?limit=1000&member_of=in%3Acfbdc199-d5de-40af-af27-a9a2f513aa24&resources=DISK_GB%3A1%2CMEMORY_MB%3A1024%2CVCPU%3A1&root_required=%21COMPUTE_STATUS_DISABLED => generated 676 bytes in 1227 msecs (HTTP/1.1 200) 8 headers in 296 bytes (1 switches on core 0)
May 18 08:59:50.463914 n-d-768509-26 devstack@placement-api.service[104890]: DEBUG placement.requestlog [req-ebc1d376-081f-4959-ac47-703930c6dd7f req-f9e651ec-2056-4ed3-8171-79657b75b5f2 None None] Starting request: 10.222.0.25 "GET /placement/allocations/dd489ebc-a751-48e7-92a6-c650f2879c0a" {{(pid=104890) __call__ /opt/stack/placement/placement/requestlog.py:55}}
May 18 08:59:50.498168 n-d-768509-26 devstack@placement-api.service[104890]: INFO placement.requestlog [req-ebc1d376-081f-4959-ac47-703930c6dd7f req-f9e651ec-2056-4ed3-8171-79657b75b5f2 service placement] 10.222.0.25 "GET /placement/allocations/dd489ebc-a751-48e7-92a6-c650f2879c0a" status: 200 len: 19 microversion: 1.28
May 18 08:59:50.499630 n-d-768509-26 devstack@placement-api.service[104890]: [pid: 104890|app: 0|req: 14/28] 10.222.0.25 () {60 vars in 1380 bytes} [Wed May 18 08:59:50 2022] GET /placement/allocations/dd489ebc-a751-48e7-92a6-c650f2879c0a => generated 19 bytes in 37 msecs (HTTP/1.1 200) 8 headers in 295 bytes (1 switches on core 0)
May 18 08:59:50.506788 n-d-768509-26 devstack@placement-api.service[104889]: DEBUG placement.requestlog [req-ebc1d376-081f-4959-ac47-703930c6dd7f req-1b074015-75e6-42ee-8b8d-c5c2c6ae1b1c None None] Starting request: 10.222.0.25 "PUT /placement/allocations/dd489ebc-a751-48e7-92a6-c650f2879c0a" {{(pid=104889) __call__ /opt/stack/placement/placement/requestlog.py:55}}
May 18 08:59:50.730840 n-d-768509-26 devstack@placement-api.service[104889]: DEBUG placement.handlers.allocation [req-ebc1d376-081f-4959-ac47-703930c6dd7f req-1b074015-75e6-42ee-8b8d-c5c2c6ae1b1c service placement] Successfully wrote allocations [, , ] {{(pid=104889) _update_consumers_and_create_allocations /opt/stack/placement/placement/handlers/allocation.py:462}}
May 18 08:59:50.740483 n-d-768509-26 devstack@placement-api.service[104889]: INFO placement.requestlog [req-ebc1d376-081f-4959-ac47-703930c6dd7f req-1b074015-75e6-42ee-8b8d-c5c2c6ae1b1c service placement] 10.222.0.25 "PUT /placement/allocations/dd489ebc-a751-48e7-92a6-c650f2879c0a" status: 204 len: 0 microversion: 1.36
May 18 08:59:50.742150 n-d-768509-26 devstack@placement-api.service[104889]: [pid: 104889|app: 0|req: 15/29] 10.222.0.25 () {64 vars in 1433 bytes} [Wed May 18 08:59:50 2022] PUT /placement/allocations/dd489ebc-a751-48e7-92a6-c650f2879c0a => generated 0 bytes in 236 msecs (HTTP/1.1 204) 5 headers in 199 bytes (1 switches on core 0)
May 18 08:59:51.941551 n-d-768509-26 devstack@placement-api.service[104890]: DEBUG placement.requestlog [req-ebc1d376-081f-4959-ac47-703930c6dd7f req-6f41646c-8bec-45f9-8950-b69a1f57e43c None None] Starting request: 10.222.0.35 "GET /placement/allocations/dd489ebc-a751-48e7-92a6-c650f2879c0a" {{(pid=104890) __call__ /opt/stack/placement/placement/requestlog.py:55}}
May 18 08:59:52.011989 n-d-768509-26 devstack@placement-api.service[104890]: INFO placement.requestlog [req-ebc1d376-081f-4959-ac47-703930c6dd7f req-6f41646c-8bec-45f9-8950-b69a1f57e43c service placement] 10.222.0.35 "GET /placement/allocations/dd489ebc-a751-48e7-92a6-c650f2879c0a" status: 200 len: 258 microversion: 1.28
May 18 08:59:52.015782 n-d-768509-26 devstack@placement-api.service[104890]: [pid: 104890|app: 0|req: 15/30] 10.222.0.35 () {60 vars in 1377 bytes} [Wed May 18 08:59:51 2022] GET /placement/allocations/dd489ebc-a751-48e7-92a6-c650f2879c0a => generated 258 bytes in 74 msecs (HTTP/1.1 200) 8 headers in 296 bytes (1 switches on core 0)
May 18 08:59:58.594210 n-d-768509-26 devstack@placement-api.service[104889]: DEBUG placement.requestlog [req-bd4b9e67-35de-4ad7-be1d-ff913445c857 req-e6acb856-5ed9-4293-9ca6-8a3dfd9244a0 None None] Starting request: 10.222.0.25 "GET /placement/allocation_candidates?limit=1000&resources=DISK_GB%3A1%2CMEMORY_MB%3A1024%2CVCPU%3A1&root_required=%21COMPUTE_STATUS_DISABLED" {{(pid=104889) __call__ /opt/stack/placement/placement/requestlog.py:55}}
May 18 08:59:58.688097 n-d-768509-26 devstack@placement-api.service[104889]: DEBUG placement.objects.research_context [req-bd4b9e67-35de-4ad7-be1d-ff913445c857 req-e6acb856-5ed9-4293-9ca6-8a3dfd9244a0 service placement] getting providers with 1 DISK_GB {{(pid=104889) __init__ /opt/stack/placement/placement/objects/research_context.py:136}}
May 18 08:59:58.699470 n-d-768509-26 devstack@placement-api.service[104889]: DEBUG placement.objects.research_context [req-bd4b9e67-35de-4ad7-be1d-ff913445c857 req-e6acb856-5ed9-4293-9ca6-8a3dfd9244a0 service placement] getting providers with 1024 MEMORY_MB {{(pid=104889) __init__ /opt/stack/placement/placement/objects/research_context.py:136}}
May 18 08:59:58.720557 n-d-768509-26 devstack@placement-api.service[104889]: DEBUG placement.objects.research_context [req-bd4b9e67-35de-4ad7-be1d-ff913445c857 req-e6acb856-5ed9-4293-9ca6-8a3dfd9244a0 service placement] getting providers with 1 VCPU {{(pid=104889) __init__ /opt/stack/placement/placement/objects/research_context.py:136}}
May 18 08:59:58.737239 n-d-768509-26 devstack@placement-api.service[104889]: DEBUG placement.objects.research_context [req-bd4b9e67-35de-4ad7-be1d-ff913445c857 req-e6acb856-5ed9-4293-9ca6-8a3dfd9244a0 service placement] found 2 providers with available 1 DISK_GB {{(pid=104889) get_provider_ids_matching /opt/stack/placement/placement/objects/research_context.py:563}}
May 18 08:59:58.737933 n-d-768509-26 devstack@placement-api.service[104889]: DEBUG placement.objects.research_context [req-bd4b9e67-35de-4ad7-be1d-ff913445c857 req-e6acb856-5ed9-4293-9ca6-8a3dfd9244a0 service placement] found 2 providers with available 1024 MEMORY_MB {{(pid=104889) get_provider_ids_matching /opt/stack/placement/placement/objects/research_context.py:563}}
May 18 08:59:58.738390 n-d-768509-26 devstack@placement-api.service[104889]: DEBUG placement.objects.research_context [req-bd4b9e67-35de-4ad7-be1d-ff913445c857 req-e6acb856-5ed9-4293-9ca6-8a3dfd9244a0 service placement] found 2 providers after filtering by previous result {{(pid=104889) get_provider_ids_matching /opt/stack/placement/placement/objects/research_context.py:594}}
May 18 08:59:58.739184 n-d-768509-26 devstack@placement-api.service[104889]: DEBUG placement.objects.research_context [req-bd4b9e67-35de-4ad7-be1d-ff913445c857 req-e6acb856-5ed9-4293-9ca6-8a3dfd9244a0 service placement] found 2 providers with available 1 VCPU {{(pid=104889) get_provider_ids_matching /opt/stack/placement/placement/objects/research_context.py:563}}
May 18 08:59:58.739610 n-d-768509-26 devstack@placement-api.service[104889]: DEBUG placement.objects.research_context [req-bd4b9e67-35de-4ad7-be1d-ff913445c857 req-e6acb856-5ed9-4293-9ca6-8a3dfd9244a0 service placement] found 2 providers after filtering by previous result {{(pid=104889) get_provider_ids_matching /opt/stack/placement/placement/objects/research_context.py:594}}
May 18 08:59:58.761684 n-d-768509-26 devstack@placement-api.service[104889]: DEBUG placement.objects.allocation_candidate [req-bd4b9e67-35de-4ad7-be1d-ff913445c857 req-e6acb856-5ed9-4293-9ca6-8a3dfd9244a0 service placement] RequestGroup(use_same_provider=False, resources={DISK_GB:1, MEMORY_MB:1024, VCPU:1}, traits=(), aggregates=[]) (suffix '') returned 2 matches {{(pid=104889) _get_by_requests /opt/stack/placement/placement/objects/allocation_candidate.py:156}}
May 18 08:59:58.762699 n-d-768509-26 devstack@placement-api.service[104889]: DEBUG placement.objects.allocation_candidate [req-bd4b9e67-35de-4ad7-be1d-ff913445c857 req-e6acb856-5ed9-4293-9ca6-8a3dfd9244a0 service placement] Merging candidates yields 2 allocation requests and 2 provider summaries {{(pid=104889) _merge_candidates /opt/stack/placement/placement/objects/allocation_candidate.py:809}}
May 18 08:59:58.764909 n-d-768509-26 devstack@placement-api.service[104889]: INFO placement.requestlog [req-bd4b9e67-35de-4ad7-be1d-ff913445c857 req-e6acb856-5ed9-4293-9ca6-8a3dfd9244a0 service placement] 10.222.0.25 "GET /placement/allocation_candidates?limit=1000&resources=DISK_GB%3A1%2CMEMORY_MB%3A1024%2CVCPU%3A1&root_required=%21COMPUTE_STATUS_DISABLED" status: 200 len: 1306 microversion: 1.36
May 18 08:59:58.765582 n-d-768509-26 devstack@placement-api.service[104889]: [pid: 104889|app: 0|req: 16/31] 10.222.0.25 () {60 vars in 1506 bytes} [Wed May 18 08:59:58 2022] GET /placement/allocation_candidates?limit=1000&resources=DISK_GB%3A1%2CMEMORY_MB%3A1024%2CVCPU%3A1&root_required=%21COMPUTE_STATUS_DISABLED => generated 1306 bytes in 172 msecs (HTTP/1.1 200) 8 headers in 297 bytes (2 switches on core 0)
May 18 08:59:59.118234 n-d-768509-26 devstack@placement-api.service[104890]: DEBUG placement.requestlog [req-bd4b9e67-35de-4ad7-be1d-ff913445c857 req-d3d24d2f-7acc-4ceb-b2c1-72af3b697710 None None] Starting request: 10.222.0.25 "GET /placement/allocations/ea652815-9e99-4128-816e-a15c608c0e5e" {{(pid=104890) __call__ /opt/stack/placement/placement/requestlog.py:55}}
May 18 08:59:59.136626 n-d-768509-26 devstack@placement-api.service[104890]: INFO placement.requestlog [req-bd4b9e67-35de-4ad7-be1d-ff913445c857 req-d3d24d2f-7acc-4ceb-b2c1-72af3b697710 service placement] 10.222.0.25 "GET /placement/allocations/ea652815-9e99-4128-816e-a15c608c0e5e" status: 200 len: 19 microversion: 1.28
May 18 08:59:59.137699 n-d-768509-26 devstack@placement-api.service[104890]: [pid: 104890|app: 0|req: 16/32] 10.222.0.25 () {60 vars in 1380 bytes} [Wed May 18 08:59:59 2022] GET /placement/allocations/ea652815-9e99-4128-816e-a15c608c0e5e => generated 19 bytes in 20 msecs (HTTP/1.1 200) 8 headers in 295 bytes (1 switches on core 0)
May 18 08:59:59.154738 n-d-768509-26 devstack@placement-api.service[104889]: DEBUG placement.requestlog [req-bd4b9e67-35de-4ad7-be1d-ff913445c857 req-126debff-5cdb-439a-877c-acf5250e6040 None None] Starting request: 10.222.0.25 "PUT /placement/allocations/ea652815-9e99-4128-816e-a15c608c0e5e" {{(pid=104889) __call__ /opt/stack/placement/placement/requestlog.py:55}}
May 18 08:59:59.302258 n-d-768509-26 devstack@placement-api.service[104889]: DEBUG placement.handlers.allocation [req-bd4b9e67-35de-4ad7-be1d-ff913445c857 req-126debff-5cdb-439a-877c-acf5250e6040 service placement] Successfully wrote allocations [, , ] {{(pid=104889) _update_consumers_and_create_allocations /opt/stack/placement/placement/handlers/allocation.py:462}}
May 18 08:59:59.314738 n-d-768509-26 devstack@placement-api.service[104889]: INFO placement.requestlog [req-bd4b9e67-35de-4ad7-be1d-ff913445c857 req-126debff-5cdb-439a-877c-acf5250e6040 service placement] 10.222.0.25 "PUT /placement/allocations/ea652815-9e99-4128-816e-a15c608c0e5e" status: 204 len: 0 microversion: 1.36
May 18 08:59:59.318155 n-d-768509-26 devstack@placement-api.service[104889]: [pid: 104889|app: 0|req: 17/33] 10.222.0.25 () {64 vars in 1433 bytes} [Wed May 18 08:59:59 2022] PUT /placement/allocations/ea652815-9e99-4128-816e-a15c608c0e5e => generated 0 bytes in 163 msecs (HTTP/1.1 204) 5 headers in 199 bytes (1 switches on core 0)
May 18 09:00:00.773288 n-d-768509-26 devstack@placement-api.service[104890]: DEBUG placement.requestlog [req-bd4b9e67-35de-4ad7-be1d-ff913445c857 req-c59852e4-56fc-41cf-bf69-0b31b2084698 None None] Starting request: 10.222.0.49 "GET /placement/allocations/ea652815-9e99-4128-816e-a15c608c0e5e" {{(pid=104890) __call__ /opt/stack/placement/placement/requestlog.py:55}}
May 18 09:00:00.830389 n-d-768509-26 devstack@placement-api.service[104890]: INFO placement.requestlog [req-bd4b9e67-35de-4ad7-be1d-ff913445c857 req-c59852e4-56fc-41cf-bf69-0b31b2084698 service placement] 10.222.0.49 "GET /placement/allocations/ea652815-9e99-4128-816e-a15c608c0e5e" status: 200 len: 258 microversion: 1.28
May 18 09:00:00.834411 n-d-768509-26 devstack@placement-api.service[104890]: [pid: 104890|app: 0|req: 17/34] 10.222.0.49 () {60 vars in 1377 bytes} [Wed May 18 09:00:00 2022] GET /placement/allocations/ea652815-9e99-4128-816e-a15c608c0e5e => generated 258 bytes in 61 msecs (HTTP/1.1 200) 8 headers in 296 bytes (1 switches on core 0)
May 18 09:00:05.846565 n-d-768509-26 devstack@placement-api.service[104889]: DEBUG placement.requestlog [req-6ad0fbb0-e35e-4e3b-b2cc-0c38faab9697 req-f76b07d2-fda6-4485-8775-a8bef2486969 None None] Starting request: 10.222.0.35 "GET /placement/resource_providers/5d674b81-d9c7-4dc7-adfe-79baab2600a6/allocations" {{(pid=104889) __call__ /opt/stack/placement/placement/requestlog.py:55}}
May 18 09:00:05.892438 n-d-768509-26 devstack@placement-api.service[104889]: INFO placement.requestlog [req-6ad0fbb0-e35e-4e3b-b2cc-0c38faab9697 req-f76b07d2-fda6-4485-8775-a8bef2486969 service placement] 10.222.0.35 "GET /placement/resource_providers/5d674b81-d9c7-4dc7-adfe-79baab2600a6/allocations" status: 200 len: 153 microversion: 1.0
May 18 09:00:05.893317 n-d-768509-26 devstack@placement-api.service[104889]: [pid: 104889|app: 0|req: 18/35] 10.222.0.35 () {58 vars in 1390 bytes} [Wed May 18 09:00:05 2022] GET /placement/resource_providers/5d674b81-d9c7-4dc7-adfe-79baab2600a6/allocations => generated 153 bytes in 47 msecs (HTTP/1.1 200) 6 headers in 224 bytes (1 switches on core 0)
May 18 09:00:10.818256 n-d-768509-26 devstack@placement-api.service[104890]: DEBUG dbcounter [-] [104890] Writing DB stats placement:SELECT=19,placement:INSERT=2,placement:UPDATE=1 {{(pid=104890) stat_writer /usr/local/lib/python3.8/dist-packages/dbcounter.py:114}}
May 18 09:00:11.503705 n-d-768509-26 devstack@placement-api.service[104890]: DEBUG placement.requestlog [req-f2b9604a-da4f-48ff-b042-ece14d09502f req-5a8f2153-482b-43c8-b581-cfa07b78c40b None None] Starting request: 10.222.0.25 "GET /placement/allocation_candidates?limit=1000&resources=DISK_GB%3A1%2CMEMORY_MB%3A1024%2CVCPU%3A1&root_required=%21COMPUTE_STATUS_DISABLED" {{(pid=104890) __call__ /opt/stack/placement/placement/requestlog.py:55}}
May 18 09:00:11.580218 n-d-768509-26 devstack@placement-api.service[104890]: DEBUG placement.objects.research_context [req-f2b9604a-da4f-48ff-b042-ece14d09502f req-5a8f2153-482b-43c8-b581-cfa07b78c40b service placement] getting providers with 1 DISK_GB {{(pid=104890) __init__ /opt/stack/placement/placement/objects/research_context.py:136}}
May 18 09:00:11.602824 n-d-768509-26 devstack@placement-api.service[104890]: DEBUG placement.objects.research_context [req-f2b9604a-da4f-48ff-b042-ece14d09502f req-5a8f2153-482b-43c8-b581-cfa07b78c40b service placement] getting providers with 1024 MEMORY_MB {{(pid=104890) __init__ /opt/stack/placement/placement/objects/research_context.py:136}}
May 18 09:00:11.612000 n-d-768509-26 devstack@placement-api.service[104890]: DEBUG placement.objects.research_context [req-f2b9604a-da4f-48ff-b042-ece14d09502f req-5a8f2153-482b-43c8-b581-cfa07b78c40b service placement] getting providers with 1 VCPU {{(pid=104890) __init__ /opt/stack/placement/placement/objects/research_context.py:136}}
May 18 09:00:11.622333 n-d-768509-26 devstack@placement-api.service[104890]: DEBUG placement.objects.research_context [req-f2b9604a-da4f-48ff-b042-ece14d09502f req-5a8f2153-482b-43c8-b581-cfa07b78c40b service placement] found 2 providers with available 1 DISK_GB {{(pid=104890) get_provider_ids_matching /opt/stack/placement/placement/objects/research_context.py:563}}
May 18 09:00:11.622858 n-d-768509-26 devstack@placement-api.service[104890]: DEBUG placement.objects.research_context [req-f2b9604a-da4f-48ff-b042-ece14d09502f req-5a8f2153-482b-43c8-b581-cfa07b78c40b service placement] found 2 providers with available 1024 MEMORY_MB {{(pid=104890) get_provider_ids_matching /opt/stack/placement/placement/objects/research_context.py:563}}
May 18 09:00:11.623728 n-d-768509-26 devstack@placement-api.service[104890]: DEBUG placement.objects.research_context [req-f2b9604a-da4f-48ff-b042-ece14d09502f req-5a8f2153-482b-43c8-b581-cfa07b78c40b service placement] found 2 providers after filtering by previous result {{(pid=104890) get_provider_ids_matching /opt/stack/placement/placement/objects/research_context.py:594}}
May 18 09:00:11.624346 n-d-768509-26 devstack@placement-api.service[104890]: DEBUG placement.objects.research_context [req-f2b9604a-da4f-48ff-b042-ece14d09502f req-5a8f2153-482b-43c8-b581-cfa07b78c40b service placement] found 2 providers with available 1 VCPU {{(pid=104890) get_provider_ids_matching /opt/stack/placement/placement/objects/research_context.py:563}}
May 18 09:00:11.625102 n-d-768509-26 devstack@placement-api.service[104890]: DEBUG placement.objects.research_context [req-f2b9604a-da4f-48ff-b042-ece14d09502f req-5a8f2153-482b-43c8-b581-cfa07b78c40b service placement] found 2 providers after filtering by previous result {{(pid=104890) get_provider_ids_matching /opt/stack/placement/placement/objects/research_context.py:594}}
May 18 09:00:11.664035 n-d-768509-26 devstack@placement-api.service[104890]: DEBUG placement.objects.allocation_candidate [req-f2b9604a-da4f-48ff-b042-ece14d09502f req-5a8f2153-482b-43c8-b581-cfa07b78c40b service placement] RequestGroup(use_same_provider=False, resources={DISK_GB:1, MEMORY_MB:1024, VCPU:1}, traits=(), aggregates=[]) (suffix '') returned 2 matches {{(pid=104890) _get_by_requests /opt/stack/placement/placement/objects/allocation_candidate.py:156}}
May 18 09:00:11.664550 n-d-768509-26 devstack@placement-api.service[104890]: DEBUG placement.objects.allocation_candidate [req-f2b9604a-da4f-48ff-b042-ece14d09502f req-5a8f2153-482b-43c8-b581-cfa07b78c40b service placement] Merging candidates yields 2 allocation requests and 2 provider summaries {{(pid=104890) _merge_candidates /opt/stack/placement/placement/objects/allocation_candidate.py:809}}
May 18 09:00:11.667038 n-d-768509-26 devstack@placement-api.service[104890]: INFO placement.requestlog [req-f2b9604a-da4f-48ff-b042-ece14d09502f req-5a8f2153-482b-43c8-b581-cfa07b78c40b service placement] 10.222.0.25 "GET /placement/allocation_candidates?limit=1000&resources=DISK_GB%3A1%2CMEMORY_MB%3A1024%2CVCPU%3A1&root_required=%21COMPUTE_STATUS_DISABLED" status: 200 len: 1309 microversion: 1.36
May 18 09:00:11.668071 n-d-768509-26 devstack@placement-api.service[104890]: [pid: 104890|app: 0|req: 18/36] 10.222.0.25 () {60 vars in 1506 bytes} [Wed May 18 09:00:11 2022] GET /placement/allocation_candidates?limit=1000&resources=DISK_GB%3A1%2CMEMORY_MB%3A1024%2CVCPU%3A1&root_required=%21COMPUTE_STATUS_DISABLED => generated 1309 bytes in 166 msecs (HTTP/1.1 200) 8 headers in 297 bytes (1 switches on core 0)
May 18 09:00:11.774263 n-d-768509-26 devstack@placement-api.service[104889]: DEBUG placement.requestlog [req-f2b9604a-da4f-48ff-b042-ece14d09502f req-42a8d2c7-7696-45ed-8206-8eeb9206285f None None] Starting request: 10.222.0.25 "GET /placement/allocations/39b3130a-7ad6-4b94-9c80-4c05442d130f" {{(pid=104889) __call__ /opt/stack/placement/placement/requestlog.py:55}}
May 18 09:00:11.783156 n-d-768509-26 devstack@placement-api.service[104889]: DEBUG dbcounter [-] [104889] Writing DB stats placement:SELECT=67,placement:INSERT=12,placement:DELETE=4,placement:UPDATE=4 {{(pid=104889) stat_writer /usr/local/lib/python3.8/dist-packages/dbcounter.py:114}}
May 18 09:00:11.795136 n-d-768509-26 devstack@placement-api.service[104889]: INFO placement.requestlog [req-f2b9604a-da4f-48ff-b042-ece14d09502f req-42a8d2c7-7696-45ed-8206-8eeb9206285f service placement] 10.222.0.25 "GET /placement/allocations/39b3130a-7ad6-4b94-9c80-4c05442d130f" status: 200 len: 19 microversion: 1.28
May 18 09:00:11.797381 n-d-768509-26 devstack@placement-api.service[104889]: [pid: 104889|app: 0|req: 19/37] 10.222.0.25 () {60 vars in 1380 bytes} [Wed May 18 09:00:11 2022] GET /placement/allocations/39b3130a-7ad6-4b94-9c80-4c05442d130f => generated 19 bytes in 23 msecs (HTTP/1.1 200) 8 headers in 295 bytes (1 switches on core 0)
May 18 09:00:11.806322 n-d-768509-26 devstack@placement-api.service[104890]: DEBUG placement.requestlog [req-f2b9604a-da4f-48ff-b042-ece14d09502f req-9b734b1f-3723-4961-b4bb-00854e0ee2b2 None None] Starting request: 10.222.0.25 "PUT /placement/allocations/39b3130a-7ad6-4b94-9c80-4c05442d130f" {{(pid=104890) __call__ /opt/stack/placement/placement/requestlog.py:55}}
May 18 09:00:11.960073 n-d-768509-26 devstack@placement-api.service[104890]: DEBUG placement.handlers.allocation [req-f2b9604a-da4f-48ff-b042-ece14d09502f req-9b734b1f-3723-4961-b4bb-00854e0ee2b2 service placement] Successfully wrote allocations [, , ] {{(pid=104890) _update_consumers_and_create_allocations /opt/stack/placement/placement/handlers/allocation.py:462}}
May 18 09:00:11.967427 n-d-768509-26 devstack@placement-api.service[104890]: INFO placement.requestlog [req-f2b9604a-da4f-48ff-b042-ece14d09502f req-9b734b1f-3723-4961-b4bb-00854e0ee2b2 service placement] 10.222.0.25 "PUT /placement/allocations/39b3130a-7ad6-4b94-9c80-4c05442d130f" status: 204 len: 0 microversion: 1.36
May 18 09:00:11.985968 n-d-768509-26 devstack@placement-api.service[104890]: [pid: 104890|app: 0|req: 19/38] 10.222.0.25 () {64 vars in 1433 bytes} [Wed May 18 09:00:11 2022] PUT /placement/allocations/39b3130a-7ad6-4b94-9c80-4c05442d130f => generated 0 bytes in 166 msecs (HTTP/1.1 204) 5 headers in 199 bytes (1 switches on core 0)
May 18 09:00:15.509747 n-d-768509-26 devstack@placement-api.service[104889]: DEBUG placement.requestlog [req-f2b9604a-da4f-48ff-b042-ece14d09502f req-894eae76-f48b-496a-b1c1-79895929e12e None None] Starting request: 10.222.0.49 "GET /placement/allocations/39b3130a-7ad6-4b94-9c80-4c05442d130f" {{(pid=104889) __call__ /opt/stack/placement/placement/requestlog.py:55}}
May 18 09:00:15.549231 n-d-768509-26 devstack@placement-api.service[104889]: INFO placement.requestlog [req-f2b9604a-da4f-48ff-b042-ece14d09502f req-894eae76-f48b-496a-b1c1-79895929e12e service placement] 10.222.0.49 "GET /placement/allocations/39b3130a-7ad6-4b94-9c80-4c05442d130f" status: 200 len: 258 microversion: 1.28
May 18 09:00:15.549231 n-d-768509-26 devstack@placement-api.service[104889]: [pid: 104889|app: 0|req: 20/39] 10.222.0.49 () {60 vars in 1377 bytes} [Wed May 18 09:00:15 2022] GET /placement/allocations/39b3130a-7ad6-4b94-9c80-4c05442d130f => generated 258 bytes in 37 msecs (HTTP/1.1 200) 8 headers in 296 bytes (1 switches on core 0)
May 18 09:00:15.861950 n-d-768509-26 devstack@placement-api.service[104890]: DEBUG placement.requestlog [req-03e5f8da-b7e7-482e-8136-0fe49faba8c8 req-d3de5edb-70d7-424c-9ed5-8360c31e4716 None None] Starting request: 10.222.0.49 "GET /placement/resource_providers/c459f190-da3f-406d-89b7-33ce6d4a76cc/allocations" {{(pid=104890) __call__ /opt/stack/placement/placement/requestlog.py:55}}
May 18 09:00:15.916169 n-d-768509-26 devstack@placement-api.service[104890]: INFO placement.requestlog [req-03e5f8da-b7e7-482e-8136-0fe49faba8c8 req-d3de5edb-70d7-424c-9ed5-8360c31e4716 service placement] 10.222.0.49 "GET /placement/resource_providers/c459f190-da3f-406d-89b7-33ce6d4a76cc/allocations" status: 200 len: 254 microversion: 1.0
May 18 09:00:15.917945 n-d-768509-26 devstack@placement-api.service[104890]: [pid: 104890|app: 0|req: 20/40] 10.222.0.49 () {58 vars in 1390 bytes} [Wed May 18 09:00:15 2022] GET /placement/resource_providers/c459f190-da3f-406d-89b7-33ce6d4a76cc/allocations => generated 254 bytes in 56 msecs (HTTP/1.1 200) 6 headers in 224 bytes (1 switches on core 0)
May 18 09:00:25.543348 n-d-768509-26 devstack@placement-api.service[104889]: DEBUG dbcounter [-] [104889] Writing DB stats placement:SELECT=5 {{(pid=104889) stat_writer /usr/local/lib/python3.8/dist-packages/dbcounter.py:114}}
May 18 09:00:25.906473 n-d-768509-26 devstack@placement-api.service[104890]: DEBUG dbcounter [-] [104890] Writing DB stats placement:SELECT=33,placement:INSERT=6,placement:DELETE=2,placement:UPDATE=2 {{(pid=104890) stat_writer /usr/local/lib/python3.8/dist-packages/dbcounter.py:114}}
May 18 09:00:26.342576 n-d-768509-26 devstack@placement-api.service[104889]: DEBUG placement.requestlog [req-00bdcb00-79a7-416f-ba2b-355f2ebedd96 req-24973218-7e25-4f38-aafe-3a4f3958f7a9 None None] Starting request: 10.222.0.35 "DELETE /placement/allocations/dd489ebc-a751-48e7-92a6-c650f2879c0a" {{(pid=104889) __call__ /opt/stack/placement/placement/requestlog.py:55}}
May 18 09:00:26.409225 n-d-768509-26 devstack@placement-api.service[104889]: DEBUG placement.handlers.allocation [req-00bdcb00-79a7-416f-ba2b-355f2ebedd96 req-24973218-7e25-4f38-aafe-3a4f3958f7a9 service placement] Successfully deleted allocations [, , ] {{(pid=104889) delete_allocations /opt/stack/placement/placement/handlers/allocation.py:627}}
May 18 09:00:26.410598 n-d-768509-26 devstack@placement-api.service[104889]: INFO placement.requestlog [req-00bdcb00-79a7-416f-ba2b-355f2ebedd96 req-24973218-7e25-4f38-aafe-3a4f3958f7a9 service placement] 10.222.0.35 "DELETE /placement/allocations/dd489ebc-a751-48e7-92a6-c650f2879c0a" status: 204 len: 0 microversion: 1.0
May 18 09:00:26.411769 n-d-768509-26 devstack@placement-api.service[104889]: [pid: 104889|app: 0|req: 21/41] 10.222.0.35 () {60 vars in 1355 bytes} [Wed May 18 09:00:26 2022] DELETE /placement/allocations/dd489ebc-a751-48e7-92a6-c650f2879c0a => generated 0 bytes in 69 msecs (HTTP/1.1 204) 5 headers in 198 bytes (1 switches on core 0)
May 18 09:00:27.968122 n-d-768509-26 devstack@placement-api.service[104890]: DEBUG placement.requestlog [None req-7133789a-3000-4408-a75a-00c0771a9ad0 None None] Starting request: 10.222.0.25 "GET /placement/" {{(pid=104890) __call__ /opt/stack/placement/placement/requestlog.py:55}}
May 18 09:00:27.969529 n-d-768509-26 devstack@placement-api.service[104890]: INFO placement.requestlog [None req-7133789a-3000-4408-a75a-00c0771a9ad0 None None] 10.222.0.25 "GET /placement/" status: 200 len: 136 microversion: 1.0
May 18 09:00:27.969861 n-d-768509-26 devstack@placement-api.service[104890]: [pid: 104890|app: 0|req: 21/42] 10.222.0.25 () {54 vars in 907 bytes} [Wed May 18 09:00:27 2022] GET /placement => generated 136 bytes in 2 msecs (HTTP/1.1 200) 6 headers in 224 bytes (1 switches on core 0)
May 18 09:00:27.994306 n-d-768509-26 devstack@placement-api.service[104889]: DEBUG placement.requestlog [req-ed46164b-4767-4e18-ba85-a6db3709e50c req-df206ac6-6b0e-4f44-8705-c9031c6a8a52 None None] Starting request: 10.222.0.25 "GET /placement/resource_providers/c459f190-da3f-406d-89b7-33ce6d4a76cc/traits" {{(pid=104889) __call__ /opt/stack/placement/placement/requestlog.py:55}}
May 18 09:00:28.244366 n-d-768509-26 devstack@placement-api.service[104889]: INFO placement.requestlog [req-ed46164b-4767-4e18-ba85-a6db3709e50c req-df206ac6-6b0e-4f44-8705-c9031c6a8a52 service placement] 10.222.0.25 "GET /placement/resource_providers/c459f190-da3f-406d-89b7-33ce6d4a76cc/traits" status: 200 len: 211 microversion: 1.6
May 18 09:00:28.245255 n-d-768509-26 devstack@placement-api.service[104889]: [pid: 104889|app: 0|req: 22/43] 10.222.0.25 () {60 vars in 1412 bytes} [Wed May 18 09:00:27 2022] GET /placement/resource_providers/c459f190-da3f-406d-89b7-33ce6d4a76cc/traits => generated 211 bytes in 251 msecs (HTTP/1.1 200) 6 headers in 224 bytes (2 switches on core 0)
May 18 09:00:28.381548 n-d-768509-26 devstack@placement-api.service[104890]: DEBUG placement.requestlog [req-b781ad2a-30cd-48dd-8b6e-c12170abd4a4 req-478cad66-0064-4ec6-8c72-b08aad88fa1c None None] Starting request: 10.222.0.25 "GET /placement/allocation_candidates?limit=1000&resources=DISK_GB%3A1%2CMEMORY_MB%3A1024%2CVCPU%3A1&root_required=%21COMPUTE_STATUS_DISABLED" {{(pid=104890) __call__ /opt/stack/placement/placement/requestlog.py:55}}
May 18 09:00:28.451005 n-d-768509-26 devstack@placement-api.service[104890]: DEBUG placement.objects.research_context [req-b781ad2a-30cd-48dd-8b6e-c12170abd4a4 req-478cad66-0064-4ec6-8c72-b08aad88fa1c service placement] getting providers with 1 DISK_GB {{(pid=104890) __init__ /opt/stack/placement/placement/objects/research_context.py:136}}
May 18 09:00:28.465231 n-d-768509-26 devstack@placement-api.service[104890]: DEBUG placement.objects.research_context [req-b781ad2a-30cd-48dd-8b6e-c12170abd4a4 req-478cad66-0064-4ec6-8c72-b08aad88fa1c service placement] getting providers with 1024 MEMORY_MB {{(pid=104890) __init__ /opt/stack/placement/placement/objects/research_context.py:136}}
May 18 09:00:28.484047 n-d-768509-26 devstack@placement-api.service[104890]: DEBUG placement.objects.research_context [req-b781ad2a-30cd-48dd-8b6e-c12170abd4a4 req-478cad66-0064-4ec6-8c72-b08aad88fa1c service placement] getting providers with 1 VCPU {{(pid=104890) __init__ /opt/stack/placement/placement/objects/research_context.py:136}}
May 18 09:00:28.496566 n-d-768509-26 devstack@placement-api.service[104890]: DEBUG placement.objects.research_context [req-b781ad2a-30cd-48dd-8b6e-c12170abd4a4 req-478cad66-0064-4ec6-8c72-b08aad88fa1c service placement] found 2 providers with available 1 DISK_GB {{(pid=104890) get_provider_ids_matching /opt/stack/placement/placement/objects/research_context.py:563}}
May 18 09:00:28.497998 n-d-768509-26 devstack@placement-api.service[104890]: DEBUG placement.objects.research_context [req-b781ad2a-30cd-48dd-8b6e-c12170abd4a4 req-478cad66-0064-4ec6-8c72-b08aad88fa1c service placement] found 2 providers with available 1024 MEMORY_MB {{(pid=104890) get_provider_ids_matching /opt/stack/placement/placement/objects/research_context.py:563}}
May 18 09:00:28.498629 n-d-768509-26 devstack@placement-api.service[104890]: DEBUG placement.objects.research_context [req-b781ad2a-30cd-48dd-8b6e-c12170abd4a4 req-478cad66-0064-4ec6-8c72-b08aad88fa1c service placement] found 2 providers after filtering by previous result {{(pid=104890) get_provider_ids_matching /opt/stack/placement/placement/objects/research_context.py:594}}
May 18 09:00:28.499684 n-d-768509-26 devstack@placement-api.service[104890]: DEBUG placement.objects.research_context [req-b781ad2a-30cd-48dd-8b6e-c12170abd4a4 req-478cad66-0064-4ec6-8c72-b08aad88fa1c service placement] found 2 providers with available 1 VCPU {{(pid=104890) get_provider_ids_matching /opt/stack/placement/placement/objects/research_context.py:563}}
May 18 09:00:28.502372 n-d-768509-26 devstack@placement-api.service[104890]: DEBUG placement.objects.research_context [req-b781ad2a-30cd-48dd-8b6e-c12170abd4a4 req-478cad66-0064-4ec6-8c72-b08aad88fa1c service placement] found 2 providers after filtering by previous result {{(pid=104890) get_provider_ids_matching /opt/stack/placement/placement/objects/research_context.py:594}}
May 18 09:00:28.526115 n-d-768509-26 devstack@placement-api.service[104890]: DEBUG placement.objects.allocation_candidate [req-b781ad2a-30cd-48dd-8b6e-c12170abd4a4 req-478cad66-0064-4ec6-8c72-b08aad88fa1c service placement] RequestGroup(use_same_provider=False, resources={DISK_GB:1, MEMORY_MB:1024, VCPU:1}, traits=(), aggregates=[]) (suffix '') returned 2 matches {{(pid=104890) _get_by_requests /opt/stack/placement/placement/objects/allocation_candidate.py:156}}
May 18 09:00:28.526497 n-d-768509-26 devstack@placement-api.service[104890]: DEBUG placement.objects.allocation_candidate [req-b781ad2a-30cd-48dd-8b6e-c12170abd4a4 req-478cad66-0064-4ec6-8c72-b08aad88fa1c service placement] Merging candidates yields 2 allocation requests and 2 provider summaries {{(pid=104890) _merge_candidates /opt/stack/placement/placement/objects/allocation_candidate.py:809}}
May 18 09:00:28.528388 n-d-768509-26 devstack@placement-api.service[104890]: INFO placement.requestlog [req-b781ad2a-30cd-48dd-8b6e-c12170abd4a4 req-478cad66-0064-4ec6-8c72-b08aad88fa1c service placement] 10.222.0.25 "GET /placement/allocation_candidates?limit=1000&resources=DISK_GB%3A1%2CMEMORY_MB%3A1024%2CVCPU%3A1&root_required=%21COMPUTE_STATUS_DISABLED" status: 200 len: 1306 microversion: 1.36
May 18 09:00:28.535354 n-d-768509-26 devstack@placement-api.service[104890]: [pid: 104890|app: 0|req: 22/44] 10.222.0.25 () {60 vars in 1506 bytes} [Wed May 18 09:00:28 2022] GET /placement/allocation_candidates?limit=1000&resources=DISK_GB%3A1%2CMEMORY_MB%3A1024%2CVCPU%3A1&root_required=%21COMPUTE_STATUS_DISABLED => generated 1306 bytes in 154 msecs (HTTP/1.1 200) 8 headers in 297 bytes (1 switches on core 0)
May 18 09:00:28.698212 n-d-768509-26 devstack@placement-api.service[104889]: DEBUG placement.requestlog [req-b781ad2a-30cd-48dd-8b6e-c12170abd4a4 req-b4ea83d5-eea3-40c2-9d42-6b44aa83eb5d None None] Starting request: 10.222.0.25 "GET /placement/allocations/6ac7a203-5642-4d25-be4b-e0cda27cf239" {{(pid=104889) __call__ /opt/stack/placement/placement/requestlog.py:55}}
May 18 09:00:28.740576 n-d-768509-26 devstack@placement-api.service[104889]: INFO placement.requestlog [req-b781ad2a-30cd-48dd-8b6e-c12170abd4a4 req-b4ea83d5-eea3-40c2-9d42-6b44aa83eb5d service placement] 10.222.0.25 "GET /placement/allocations/6ac7a203-5642-4d25-be4b-e0cda27cf239" status: 200 len: 19 microversion: 1.28
May 18 09:00:28.751138 n-d-768509-26 devstack@placement-api.service[104890]: DEBUG placement.requestlog [req-b781ad2a-30cd-48dd-8b6e-c12170abd4a4 req-853d62d9-5f37-4699-b9ff-1559f439cb36 None None] Starting request: 10.222.0.25 "PUT /placement/allocations/6ac7a203-5642-4d25-be4b-e0cda27cf239" {{(pid=104890) __call__ /opt/stack/placement/placement/requestlog.py:55}}
May 18 09:00:28.761010 n-d-768509-26 devstack@placement-api.service[104889]: [pid: 104889|app: 0|req: 23/45] 10.222.0.25 () {60 vars in 1380 bytes} [Wed May 18 09:00:28 2022] GET /placement/allocations/6ac7a203-5642-4d25-be4b-e0cda27cf239 => generated 19 bytes in 52 msecs (HTTP/1.1 200) 8 headers in 295 bytes (1 switches on core 0)
May 18 09:00:28.890703 n-d-768509-26 devstack@placement-api.service[104890]: DEBUG placement.handlers.allocation [req-b781ad2a-30cd-48dd-8b6e-c12170abd4a4 req-853d62d9-5f37-4699-b9ff-1559f439cb36 service placement] Successfully wrote allocations [, , ] {{(pid=104890) _update_consumers_and_create_allocations /opt/stack/placement/placement/handlers/allocation.py:462}}
May 18 09:00:28.899565 n-d-768509-26 devstack@placement-api.service[104890]: INFO placement.requestlog [req-b781ad2a-30cd-48dd-8b6e-c12170abd4a4 req-853d62d9-5f37-4699-b9ff-1559f439cb36 service placement] 10.222.0.25 "PUT /placement/allocations/6ac7a203-5642-4d25-be4b-e0cda27cf239" status: 204 len: 0 microversion: 1.36
May 18 09:00:28.900305 n-d-768509-26 devstack@placement-api.service[104890]: [pid: 104890|app: 0|req: 23/46] 10.222.0.25 () {64 vars in 1433 bytes} [Wed May 18 09:00:28 2022] PUT /placement/allocations/6ac7a203-5642-4d25-be4b-e0cda27cf239 => generated 0 bytes in 150 msecs (HTTP/1.1 204) 5 headers in 199 bytes (1 switches on core 0)
May 18 09:00:29.178204 n-d-768509-26 devstack@placement-api.service[104889]: DEBUG placement.requestlog [req-51caaee8-97a4-4874-a78c-a3be0dfbd442 req-153e043c-574b-4e6b-a0c9-e4e306a8c7a8 None None] Starting request: 10.222.0.25 "GET /placement/resource_providers?name=n-h2-768509-26" {{(pid=104889) __call__ /opt/stack/placement/placement/requestlog.py:55}}
May 18 09:00:29.205603 n-d-768509-26 devstack@placement-api.service[104889]: INFO placement.requestlog [req-51caaee8-97a4-4874-a78c-a3be0dfbd442 req-153e043c-574b-4e6b-a0c9-e4e306a8c7a8 service placement] 10.222.0.25 "GET /placement/resource_providers?name=n-h2-768509-26" status: 200 len: 441 microversion: 1.0
May 18 09:00:29.222377 n-d-768509-26 devstack@placement-api.service[104889]: [pid: 104889|app: 0|req: 24/47] 10.222.0.25 () {58 vars in 1276 bytes} [Wed May 18 09:00:29 2022] GET /placement/resource_providers?name=n-h2-768509-26 => generated 441 bytes in 44 msecs (HTTP/1.1 200) 6 headers in 224 bytes (1 switches on core 0)
May 18 09:00:29.224567 n-d-768509-26 devstack@placement-api.service[104890]: DEBUG placement.requestlog [req-51caaee8-97a4-4874-a78c-a3be0dfbd442 req-19c60871-19d0-4fda-b0be-515212cdda23 None None] Starting request: 10.222.0.25 "GET /placement/resource_providers/5d674b81-d9c7-4dc7-adfe-79baab2600a6/aggregates" {{(pid=104890) __call__ /opt/stack/placement/placement/requestlog.py:55}}
May 18 09:00:29.254226 n-d-768509-26 devstack@placement-api.service[104890]: INFO placement.requestlog [req-51caaee8-97a4-4874-a78c-a3be0dfbd442 req-19c60871-19d0-4fda-b0be-515212cdda23 service placement] 10.222.0.25 "GET /placement/resource_providers/5d674b81-d9c7-4dc7-adfe-79baab2600a6/aggregates" status: 200 len: 91 microversion: 1.19
May 18 09:00:29.257030 n-d-768509-26 devstack@placement-api.service[104890]: [pid: 104890|app: 0|req: 24/48] 10.222.0.25 () {60 vars in 1425 bytes} [Wed May 18 09:00:29 2022] GET /placement/resource_providers/5d674b81-d9c7-4dc7-adfe-79baab2600a6/aggregates => generated 91 bytes in 33 msecs (HTTP/1.1 200) 8 headers in 295 bytes (1 switches on core 0)
May 18 09:00:29.270346 n-d-768509-26 devstack@placement-api.service[104889]: DEBUG placement.requestlog [req-51caaee8-97a4-4874-a78c-a3be0dfbd442 req-f7e6eb84-c1de-422e-95b4-853ea6e7b254 None None] Starting request: 10.222.0.25 "PUT /placement/resource_providers/5d674b81-d9c7-4dc7-adfe-79baab2600a6/aggregates" {{(pid=104889) __call__ /opt/stack/placement/placement/requestlog.py:55}}
May 18 09:00:29.301886 n-d-768509-26 devstack@placement-api.service[104889]: DEBUG placement.objects.resource_provider [req-51caaee8-97a4-4874-a78c-a3be0dfbd442 req-f7e6eb84-c1de-422e-95b4-853ea6e7b254 service placement] Setting aggregates for provider 5d674b81-d9c7-4dc7-adfe-79baab2600a6. Successfully disassociated aggregate cfbdc199-d5de-40af-af27-a9a2f513aa24. {{(pid=104889) _set_aggregates /opt/stack/placement/placement/objects/resource_provider.py:404}}
May 18 09:00:29.310624 n-d-768509-26 devstack@placement-api.service[104889]: INFO placement.requestlog [req-51caaee8-97a4-4874-a78c-a3be0dfbd442 req-f7e6eb84-c1de-422e-95b4-853ea6e7b254 service placement] 10.222.0.25 "PUT /placement/resource_providers/5d674b81-d9c7-4dc7-adfe-79baab2600a6/aggregates" status: 200 len: 53 microversion: 1.19
May 18 09:00:29.311684 n-d-768509-26 devstack@placement-api.service[104889]: [pid: 104889|app: 0|req: 25/49] 10.222.0.25 () {64 vars in 1477 bytes} [Wed May 18 09:00:29 2022] PUT /placement/resource_providers/5d674b81-d9c7-4dc7-adfe-79baab2600a6/aggregates => generated 53 bytes in 42 msecs (HTTP/1.1 200) 8 headers in 295 bytes (2 switches on core 0)
May 18 09:00:29.550921 n-d-768509-26 devstack@placement-api.service[104890]: DEBUG placement.requestlog [req-b781ad2a-30cd-48dd-8b6e-c12170abd4a4 req-4b9e043e-ed1c-4659-9ce1-d3dc886a0475 None None] Starting request: 10.222.0.35 "GET /placement/allocations/6ac7a203-5642-4d25-be4b-e0cda27cf239" {{(pid=104890) __call__ /opt/stack/placement/placement/requestlog.py:55}}
May 18 09:00:29.592188 n-d-768509-26 devstack@placement-api.service[104890]: INFO placement.requestlog [req-b781ad2a-30cd-48dd-8b6e-c12170abd4a4 req-4b9e043e-ed1c-4659-9ce1-d3dc886a0475 service placement] 10.222.0.35 "GET /placement/allocations/6ac7a203-5642-4d25-be4b-e0cda27cf239" status: 200 len: 258 microversion: 1.28
May 18 09:00:29.594910 n-d-768509-26 devstack@placement-api.service[104890]: [pid: 104890|app: 0|req: 25/50] 10.222.0.35 () {60 vars in 1377 bytes} [Wed May 18 09:00:29 2022] GET /placement/allocations/6ac7a203-5642-4d25-be4b-e0cda27cf239 => generated 258 bytes in 43 msecs (HTTP/1.1 200) 8 headers in 296 bytes (1 switches on core 0)
May 18 09:00:30.352595 n-d-768509-26 devstack@placement-api.service[104889]: DEBUG placement.requestlog [None req-4665d0d0-4aad-4e4c-acc1-6b5e051b5868 None None] Starting request: 10.222.0.25 "GET /placement/" {{(pid=104889) __call__ /opt/stack/placement/placement/requestlog.py:55}}
May 18 09:00:30.353918 n-d-768509-26 devstack@placement-api.service[104889]: INFO placement.requestlog [None req-4665d0d0-4aad-4e4c-acc1-6b5e051b5868 None None] 10.222.0.25 "GET /placement/" status: 200 len: 136 microversion: 1.0
May 18 09:00:30.354343 n-d-768509-26 devstack@placement-api.service[104889]: [pid: 104889|app: 0|req: 26/51] 10.222.0.25 () {54 vars in 916 bytes} [Wed May 18 09:00:30 2022] GET /placement => generated 136 bytes in 2 msecs (HTTP/1.1 200) 6 headers in 224 bytes (1 switches on core 0)
May 18 09:00:30.361362 n-d-768509-26 devstack@placement-api.service[104890]: DEBUG placement.requestlog [None req-fb1ebe1a-5b93-42f3-a3d7-d3a476c0fa8f None None] Starting request: 10.222.0.25 "GET /placement/" {{(pid=104890) __call__ /opt/stack/placement/placement/requestlog.py:55}}
May 18 09:00:30.362571 n-d-768509-26 devstack@placement-api.service[104890]: INFO placement.requestlog [None req-fb1ebe1a-5b93-42f3-a3d7-d3a476c0fa8f None None] 10.222.0.25 "GET /placement/" status: 200 len: 136 microversion: 1.0
May 18 09:00:30.362901 n-d-768509-26 devstack@placement-api.service[104890]: [pid: 104890|app: 0|req: 26/52] 10.222.0.25 () {54 vars in 907 bytes} [Wed May 18 09:00:30 2022] GET /placement => generated 136 bytes in 2 msecs (HTTP/1.1 200) 6 headers in 224 bytes (1 switches on core 0)
May 18 09:00:30.373934 n-d-768509-26 devstack@placement-api.service[104889]: DEBUG placement.requestlog [req-1b7cb9e0-3892-41e4-9320-b25767c0a136 req-aaee4ec6-0813-4f95-9670-10118d6d84e6 None None] Starting request: 10.222.0.25 "GET /placement/resource_providers?name=n-h2-768509-26" {{(pid=104889) __call__ /opt/stack/placement/placement/requestlog.py:55}}
May 18 09:00:30.376726 n-d-768509-26 devstack@placement-api.service[104890]: DEBUG placement.requestlog [req-ed46164b-4767-4e18-ba85-a6db3709e50c req-fe9ec739-e127-497a-93af-85615fef52de None None] Starting request: 10.222.0.25 "GET /placement/allocations/ea652815-9e99-4128-816e-a15c608c0e5e" {{(pid=104890) __call__ /opt/stack/placement/placement/requestlog.py:55}}
May 18 09:00:30.712645 n-d-768509-26 devstack@placement-api.service[104890]: INFO placement.requestlog [req-ed46164b-4767-4e18-ba85-a6db3709e50c req-fe9ec739-e127-497a-93af-85615fef52de service placement] 10.222.0.25 "GET /placement/allocations/ea652815-9e99-4128-816e-a15c608c0e5e" status: 200 len: 258 microversion: 1.28
May 18 09:00:30.713184 n-d-768509-26 devstack@placement-api.service[104890]: [pid: 104890|app: 0|req: 27/53] 10.222.0.25 () {60 vars in 1380 bytes} [Wed May 18 09:00:30 2022] GET /placement/allocations/ea652815-9e99-4128-816e-a15c608c0e5e => generated 258 bytes in 337 msecs (HTTP/1.1 200) 8 headers in 296 bytes (1 switches on core 0)
May 18 09:00:30.722228 n-d-768509-26 devstack@placement-api.service[104890]: DEBUG placement.requestlog [req-ed46164b-4767-4e18-ba85-a6db3709e50c req-ef88a93f-4d65-4b2d-80b9-2f397f8c4e40 None None] Starting request: 10.222.0.25 "GET /placement/allocations/ea652815-9e99-4128-816e-a15c608c0e5e" {{(pid=104890) __call__ /opt/stack/placement/placement/requestlog.py:55}}
May 18 09:00:30.755987 n-d-768509-26 devstack@placement-api.service[104890]: INFO placement.requestlog [req-ed46164b-4767-4e18-ba85-a6db3709e50c req-ef88a93f-4d65-4b2d-80b9-2f397f8c4e40 service placement] 10.222.0.25 "GET /placement/allocations/ea652815-9e99-4128-816e-a15c608c0e5e" status: 200 len: 258 microversion: 1.28
May 18 09:00:30.756920 n-d-768509-26 devstack@placement-api.service[104890]: [pid: 104890|app: 0|req: 28/54] 10.222.0.25 () {60 vars in 1380 bytes} [Wed May 18 09:00:30 2022] GET /placement/allocations/ea652815-9e99-4128-816e-a15c608c0e5e => generated 258 bytes in 35 msecs (HTTP/1.1 200) 8 headers in 296 bytes (1 switches on core 0)
May 18 09:00:30.763432 n-d-768509-26 devstack@placement-api.service[104890]: DEBUG placement.requestlog [req-ed46164b-4767-4e18-ba85-a6db3709e50c req-c1645810-592e-4901-ae82-6d962737ae1f None None] Starting request: 10.222.0.25 "GET /placement/allocations/852c94dd-197d-4bcb-9e28-74483d40cddf" {{(pid=104890) __call__ /opt/stack/placement/placement/requestlog.py:55}}
May 18 09:00:30.787298 n-d-768509-26 devstack@placement-api.service[104889]: INFO placement.requestlog [req-1b7cb9e0-3892-41e4-9320-b25767c0a136 req-aaee4ec6-0813-4f95-9670-10118d6d84e6 service placement] 10.222.0.25 "GET /placement/resource_providers?name=n-h2-768509-26" status: 200 len: 441 microversion: 1.0
May 18 09:00:30.797603 n-d-768509-26 devstack@placement-api.service[104889]: [pid: 104889|app: 0|req: 27/55] 10.222.0.25 () {58 vars in 1276 bytes} [Wed May 18 09:00:30 2022] GET /placement/resource_providers?name=n-h2-768509-26 => generated 441 bytes in 423 msecs (HTTP/1.1 200) 6 headers in 224 bytes (1 switches on core 0)
May 18 09:00:30.798484 n-d-768509-26 devstack@placement-api.service[104889]: DEBUG placement.requestlog [req-1b7cb9e0-3892-41e4-9320-b25767c0a136 req-b6ae71cf-be1f-42bf-9330-d91ba61e9208 None None] Starting request: 10.222.0.25 "GET /placement/resource_providers/5d674b81-d9c7-4dc7-adfe-79baab2600a6/aggregates" {{(pid=104889) __call__ /opt/stack/placement/placement/requestlog.py:55}}
May 18 09:00:30.814944 n-d-768509-26 devstack@placement-api.service[104890]: INFO placement.requestlog [req-ed46164b-4767-4e18-ba85-a6db3709e50c req-c1645810-592e-4901-ae82-6d962737ae1f service placement] 10.222.0.25 "GET /placement/allocations/852c94dd-197d-4bcb-9e28-74483d40cddf" status: 200 len: 19 microversion: 1.28
May 18 09:00:30.815931 n-d-768509-26 devstack@placement-api.service[104890]: [pid: 104890|app: 0|req: 29/56] 10.222.0.25 () {60 vars in 1380 bytes} [Wed May 18 09:00:30 2022] GET /placement/allocations/852c94dd-197d-4bcb-9e28-74483d40cddf => generated 19 bytes in 53 msecs (HTTP/1.1 200) 8 headers in 295 bytes (1 switches on core 0)
May 18 09:00:30.822683 n-d-768509-26 devstack@placement-api.service[104890]: DEBUG placement.requestlog [req-ed46164b-4767-4e18-ba85-a6db3709e50c req-29bad934-c6d3-4dca-a5f5-0ee79022e167 None None] Starting request: 10.222.0.25 "POST /placement/allocations" {{(pid=104890) __call__ /opt/stack/placement/placement/requestlog.py:55}}
May 18 09:00:30.841467 n-d-768509-26 devstack@placement-api.service[104889]: INFO placement.requestlog [req-1b7cb9e0-3892-41e4-9320-b25767c0a136 req-b6ae71cf-be1f-42bf-9330-d91ba61e9208 service placement] 10.222.0.25 "GET /placement/resource_providers/5d674b81-d9c7-4dc7-adfe-79baab2600a6/aggregates" status: 200 len: 53 microversion: 1.19
May 18 09:00:30.843367 n-d-768509-26 devstack@placement-api.service[104889]: [pid: 104889|app: 0|req: 28/57] 10.222.0.25 () {60 vars in 1425 bytes} [Wed May 18 09:00:30 2022] GET /placement/resource_providers/5d674b81-d9c7-4dc7-adfe-79baab2600a6/aggregates => generated 53 bytes in 45 msecs (HTTP/1.1 200) 8 headers in 295 bytes (1 switches on core 0)
May 18 09:00:30.851364 n-d-768509-26 devstack@placement-api.service[104889]: DEBUG placement.requestlog [req-1b7cb9e0-3892-41e4-9320-b25767c0a136 req-fde9fee2-7d44-4670-a14f-871eddf82321 None None] Starting request: 10.222.0.25 "PUT /placement/resource_providers/5d674b81-d9c7-4dc7-adfe-79baab2600a6/aggregates" {{(pid=104889) __call__ /opt/stack/placement/placement/requestlog.py:55}}
May 18 09:00:30.874942 n-d-768509-26 devstack@placement-api.service[104889]: DEBUG placement.objects.resource_provider [req-1b7cb9e0-3892-41e4-9320-b25767c0a136 req-fde9fee2-7d44-4670-a14f-871eddf82321 service placement] _ensure_aggregate() did not find aggregate aed9b64c-00c5-4b04-891e-c11a12a9c4ec. Attempting to create it. {{(pid=104889) _ensure_aggregate /opt/stack/placement/placement/objects/resource_provider.py:321}}
May 18 09:00:30.882086 n-d-768509-26 devstack@placement-api.service[104889]: DEBUG placement.objects.resource_provider [req-1b7cb9e0-3892-41e4-9320-b25767c0a136 req-fde9fee2-7d44-4670-a14f-871eddf82321 service placement] _ensure_aggregate() created new aggregate aed9b64c-00c5-4b04-891e-c11a12a9c4ec (id=2). {{(pid=104889) _ensure_aggregate /opt/stack/placement/placement/objects/resource_provider.py:327}}
May 18 09:00:30.892737 n-d-768509-26 devstack@placement-api.service[104889]: DEBUG placement.objects.resource_provider [req-1b7cb9e0-3892-41e4-9320-b25767c0a136 req-fde9fee2-7d44-4670-a14f-871eddf82321 service placement] Setting aggregates for provider 5d674b81-d9c7-4dc7-adfe-79baab2600a6. Successfully associated aggregate aed9b64c-00c5-4b04-891e-c11a12a9c4ec. {{(pid=104889) _set_aggregates /opt/stack/placement/placement/objects/resource_provider.py:389}}
May 18 09:00:30.901922 n-d-768509-26 devstack@placement-api.service[104889]: INFO placement.requestlog [req-1b7cb9e0-3892-41e4-9320-b25767c0a136 req-fde9fee2-7d44-4670-a14f-871eddf82321 service placement] 10.222.0.25 "PUT /placement/resource_providers/5d674b81-d9c7-4dc7-adfe-79baab2600a6/aggregates" status: 200 len: 91 microversion: 1.19
