Nov 12 08:25:27.181867 n-d-768509-25 cinder-volume[110452]: DEBUG oslo_concurrency.processutils [None req-99bb494f-a959-4b8f-aa97-d37b0ef77227 tempest-VolumesTestJSON-259616648 None] CMD "sudo cinder-rootwrap /etc/cinder/rootwrap.conf env LC_ALL=C lvs --noheadings --unit=g -o vg_name,name,size --nosuffix --readonly stack-volumes-lvmdriver-1/volume-8059f3d4-756e-4d70-abef-4bf28542313e" returned: 0 in 1.116s {{(pid=110452) execute /usr/local/lib/python3.8/dist-packages/oslo_concurrency/processutils.py:422}}
Nov 12 08:25:27.184380 n-d-768509-25 cinder-volume[110452]: DEBUG oslo_concurrency.processutils [None req-99bb494f-a959-4b8f-aa97-d37b0ef77227 tempest-VolumesTestJSON-259616648 None] Running cmd (subprocess): sudo cinder-rootwrap /etc/cinder/rootwrap.conf env LC_ALL=C lvdisplay --noheading -C -o Attr --readonly stack-volumes-lvmdriver-1/volume-8059f3d4-756e-4d70-abef-4bf28542313e {{(pid=110452) execute /usr/local/lib/python3.8/dist-packages/oslo_concurrency/processutils.py:384}}
Nov 12 08:25:27.215661 n-d-768509-25 sudo[135332]: ubuntu : TTY=unknown ; PWD=/ ; USER=root ; COMMAND=/usr/local/bin/cinder-rootwrap /etc/cinder/rootwrap.conf env LC_ALL=C lvdisplay --noheading -C -o Attr --readonly stack-volumes-lvmdriver-1/volume-8059f3d4-756e-4d70-abef-4bf28542313e
Nov 12 08:25:27.216833 n-d-768509-25 sudo[135332]: pam_unix(sudo:session): session opened for user root by (uid=0)
Nov 12 08:25:27.292767 n-d-768509-25 sudo[135323]: pam_unix(sudo:session): session closed for user root
Nov 12 08:25:27.296665 n-d-768509-25 cinder-volume[110452]: DEBUG oslo_concurrency.processutils [None req-dc8ac969-062f-41c1-bbef-748acf659135 tempest-VolumesTestJSON-259616648 None] CMD "sudo cinder-rootwrap /etc/cinder/rootwrap.conf env LC_ALL=C lvs --noheadings --unit=g -o vg_name,name,size --nosuffix --readonly stack-volumes-lvmdriver-1" returned: 0 in 1.514s {{(pid=110452) execute /usr/local/lib/python3.8/dist-packages/oslo_concurrency/processutils.py:422}}
Nov 12 08:25:27.299624 n-d-768509-25 cinder-volume[110452]: DEBUG cinder.manager [None req-dc8ac969-062f-41c1-bbef-748acf659135 tempest-VolumesTestJSON-259616648 None] Notifying Schedulers of capabilities ... {{(pid=110452) _publish_service_capabilities /opt/stack/cinder/cinder/manager.py:202}}
Nov 12 08:25:27.310277 n-d-768509-25 cinder-volume[110452]: INFO cinder.volume.manager [None req-dc8ac969-062f-41c1-bbef-748acf659135 tempest-VolumesTestJSON-259616648 None] Deleted volume successfully.
Nov 12 08:25:27.360320 n-d-768509-25 cinder-volume[110452]: DEBUG cinder.coordination [None req-dc8ac969-062f-41c1-bbef-748acf659135 tempest-VolumesTestJSON-259616648 None] Lock "b'cinder-321a20fb-b78c-493d-89fb-607e6128d975-delete_volume'" released by "delete_volume" :: held 7.192s {{(pid=110452) _synchronized /opt/stack/cinder/cinder/coordination.py:198}}
Nov 12 08:25:27.955160 n-d-768509-25 sudo[135332]: pam_unix(sudo:session): session closed for user root
Nov 12 08:25:27.958293 n-d-768509-25 cinder-volume[110452]: DEBUG oslo_concurrency.processutils [None req-99bb494f-a959-4b8f-aa97-d37b0ef77227 tempest-VolumesTestJSON-259616648 None] CMD "sudo cinder-rootwrap /etc/cinder/rootwrap.conf env LC_ALL=C lvdisplay --noheading -C -o Attr --readonly stack-volumes-lvmdriver-1/volume-8059f3d4-756e-4d70-abef-4bf28542313e" returned: 0 in 0.774s {{(pid=110452) execute /usr/local/lib/python3.8/dist-packages/oslo_concurrency/processutils.py:422}}
Nov 12 08:25:27.961180 n-d-768509-25 cinder-volume[110452]: DEBUG oslo_concurrency.processutils [None req-99bb494f-a959-4b8f-aa97-d37b0ef77227 tempest-VolumesTestJSON-259616648 None] Running cmd (subprocess): sudo cinder-rootwrap /etc/cinder/rootwrap.conf lvremove --config activation { retry_deactivation = 1} -f stack-volumes-lvmdriver-1/volume-8059f3d4-756e-4d70-abef-4bf28542313e {{(pid=110452) execute /usr/local/lib/python3.8/dist-packages/oslo_concurrency/processutils.py:384}}
Nov 12 08:25:27.992600 n-d-768509-25 sudo[135335]: ubuntu : TTY=unknown ; PWD=/ ; USER=root ; COMMAND=/usr/local/bin/cinder-rootwrap /etc/cinder/rootwrap.conf lvremove --config activation { retry_deactivation = 1} -f stack-volumes-lvmdriver-1/volume-8059f3d4-756e-4d70-abef-4bf28542313e
Nov 12 08:25:27.993635 n-d-768509-25 sudo[135335]: pam_unix(sudo:session): session opened for user root by (uid=0)
Nov 12 08:25:28.772969 n-d-768509-25 sudo[135335]: pam_unix(sudo:session): session closed for user root
Nov 12 08:25:28.775854 n-d-768509-25 cinder-volume[110452]: DEBUG oslo_concurrency.processutils [None req-99bb494f-a959-4b8f-aa97-d37b0ef77227 tempest-VolumesTestJSON-259616648 None] CMD "sudo cinder-rootwrap /etc/cinder/rootwrap.conf lvremove --config activation { retry_deactivation = 1} -f stack-volumes-lvmdriver-1/volume-8059f3d4-756e-4d70-abef-4bf28542313e" returned: 0 in 0.815s {{(pid=110452) execute /usr/local/lib/python3.8/dist-packages/oslo_concurrency/processutils.py:422}}
Nov 12 08:25:28.777751 n-d-768509-25 cinder-volume[110452]: INFO cinder.volume.drivers.lvm [None req-99bb494f-a959-4b8f-aa97-d37b0ef77227 tempest-VolumesTestJSON-259616648 None] Successfully deleted volume: 8059f3d4-756e-4d70-abef-4bf28542313e
Nov 12 08:25:28.864138 n-d-768509-25 cinder-volume[110452]: DEBUG cinder.quota [None req-99bb494f-a959-4b8f-aa97-d37b0ef77227 tempest-VolumesTestJSON-259616648 None] Created reservations ['cfc9de77-b6dc-4485-be11-eaa050a61494', '4d65bb1b-4d3d-41c3-8305-7c41b85b2224', '922bb46a-5f9d-482e-8363-cb720fc30f78', 'e2e93de4-bd9d-4f76-ac60-2a985c1c7175'] {{(pid=110452) reserve /opt/stack/cinder/cinder/quota.py:755}}
Nov 12 08:25:28.962077 n-d-768509-25 cinder-volume[110452]: DEBUG cinder.volume.drivers.lvm [None req-99bb494f-a959-4b8f-aa97-d37b0ef77227 tempest-VolumesTestJSON-259616648 None] Updating volume stats {{(pid=110452) _update_volume_stats /opt/stack/cinder/cinder/volume/drivers/lvm.py:213}}
Nov 12 08:25:28.962955 n-d-768509-25 cinder-volume[110452]: DEBUG oslo_concurrency.processutils [None req-99bb494f-a959-4b8f-aa97-d37b0ef77227 tempest-VolumesTestJSON-259616648 None] Running cmd (subprocess): sudo cinder-rootwrap /etc/cinder/rootwrap.conf env LC_ALL=C vgs --noheadings --unit=g -o name,size,free,lv_count,uuid --separator : --nosuffix stack-volumes-lvmdriver-1 {{(pid=110452) execute /usr/local/lib/python3.8/dist-packages/oslo_concurrency/processutils.py:384}}
Nov 12 08:25:28.996208 n-d-768509-25 sudo[135342]: ubuntu : TTY=unknown ; PWD=/ ; USER=root ; COMMAND=/usr/local/bin/cinder-rootwrap /etc/cinder/rootwrap.conf env LC_ALL=C vgs --noheadings --unit=g -o name,size,free,lv_count,uuid --separator : --nosuffix stack-volumes-lvmdriver-1
Nov 12 08:25:28.997946 n-d-768509-25 sudo[135342]: pam_unix(sudo:session): session opened for user root by (uid=0)
Nov 12 08:25:29.801772 n-d-768509-25 sudo[135342]: pam_unix(sudo:session): session closed for user root
Nov 12 08:25:29.804529 n-d-768509-25 cinder-volume[110452]: DEBUG oslo_concurrency.processutils [None req-99bb494f-a959-4b8f-aa97-d37b0ef77227 tempest-VolumesTestJSON-259616648 None] CMD "sudo cinder-rootwrap /etc/cinder/rootwrap.conf env LC_ALL=C vgs --noheadings --unit=g -o name,size,free,lv_count,uuid --separator : --nosuffix stack-volumes-lvmdriver-1" returned: 0 in 0.841s {{(pid=110452) execute /usr/local/lib/python3.8/dist-packages/oslo_concurrency/processutils.py:422}}
Nov 12 08:25:29.808821 n-d-768509-25 cinder-volume[110452]: DEBUG oslo_concurrency.processutils [None req-99bb494f-a959-4b8f-aa97-d37b0ef77227 tempest-VolumesTestJSON-259616648 None] Running cmd (subprocess): sudo cinder-rootwrap /etc/cinder/rootwrap.conf env LC_ALL=C lvs --noheadings --unit=g -o vg_name,name,size --nosuffix --readonly stack-volumes-lvmdriver-1 {{(pid=110452) execute /usr/local/lib/python3.8/dist-packages/oslo_concurrency/processutils.py:384}}
Nov 12 08:25:29.831961 n-d-768509-25 sudo[135345]: ubuntu : TTY=unknown ; PWD=/ ; USER=root ; COMMAND=/usr/local/bin/cinder-rootwrap /etc/cinder/rootwrap.conf env LC_ALL=C lvs --noheadings --unit=g -o vg_name,name,size --nosuffix --readonly stack-volumes-lvmdriver-1
Nov 12 08:25:29.833045 n-d-768509-25 sudo[135345]: pam_unix(sudo:session): session opened for user root by (uid=0)
Nov 12 08:25:30.913642 n-d-768509-25 sudo[135345]: pam_unix(sudo:session): session closed for user root
Nov 12 08:25:30.916274 n-d-768509-25 cinder-volume[110452]: DEBUG oslo_concurrency.processutils [None req-99bb494f-a959-4b8f-aa97-d37b0ef77227 tempest-VolumesTestJSON-259616648 None] CMD "sudo cinder-rootwrap /etc/cinder/rootwrap.conf env LC_ALL=C lvs --noheadings --unit=g -o vg_name,name,size --nosuffix --readonly stack-volumes-lvmdriver-1" returned: 0 in 1.107s {{(pid=110452) execute /usr/local/lib/python3.8/dist-packages/oslo_concurrency/processutils.py:422}}
Nov 12 08:25:30.918351 n-d-768509-25 cinder-volume[110452]: DEBUG cinder.manager [None req-99bb494f-a959-4b8f-aa97-d37b0ef77227 tempest-VolumesTestJSON-259616648 None] Notifying Schedulers of capabilities ... {{(pid=110452) _publish_service_capabilities /opt/stack/cinder/cinder/manager.py:202}}
Nov 12 08:25:30.927536 n-d-768509-25 cinder-volume[110452]: INFO cinder.volume.manager [None req-99bb494f-a959-4b8f-aa97-d37b0ef77227 tempest-VolumesTestJSON-259616648 None] Deleted volume successfully.
Nov 12 08:25:30.951242 n-d-768509-25 cinder-volume[110452]: DEBUG cinder.coordination [None req-99bb494f-a959-4b8f-aa97-d37b0ef77227 tempest-VolumesTestJSON-259616648 None] Lock "b'cinder-8059f3d4-756e-4d70-abef-4bf28542313e-delete_volume'" released by "delete_volume" :: held 5.030s {{(pid=110452) _synchronized /opt/stack/cinder/cinder/coordination.py:198}}
Nov 12 08:25:38.352460 n-d-768509-25 cinder-volume[110452]: DEBUG oslo_service.periodic_task [None req-418435a8-6fb7-42cd-9f50-a3307d76f0bd None None] Running periodic task VolumeManager.publish_service_capabilities {{(pid=110452) run_periodic_tasks /usr/local/lib/python3.8/dist-packages/oslo_service/periodic_task.py:210}}
Nov 12 08:25:38.353064 n-d-768509-25 cinder-volume[110452]: DEBUG cinder.volume.drivers.lvm [None req-418435a8-6fb7-42cd-9f50-a3307d76f0bd None None] Updating volume stats {{(pid=110452) _update_volume_stats /opt/stack/cinder/cinder/volume/drivers/lvm.py:213}}
Nov 12 08:25:38.353741 n-d-768509-25 cinder-volume[110452]: DEBUG oslo_concurrency.processutils [None req-418435a8-6fb7-42cd-9f50-a3307d76f0bd None None] Running cmd (subprocess): sudo cinder-rootwrap /etc/cinder/rootwrap.conf env LC_ALL=C vgs --noheadings --unit=g -o name,size,free,lv_count,uuid --separator : --nosuffix stack-volumes-lvmdriver-1 {{(pid=110452) execute /usr/local/lib/python3.8/dist-packages/oslo_concurrency/processutils.py:384}}
Nov 12 08:25:38.396172 n-d-768509-25 sudo[135488]: ubuntu : TTY=unknown ; PWD=/ ; USER=root ; COMMAND=/usr/local/bin/cinder-rootwrap /etc/cinder/rootwrap.conf env LC_ALL=C vgs --noheadings --unit=g -o name,size,free,lv_count,uuid --separator : --nosuffix stack-volumes-lvmdriver-1
Nov 12 08:25:38.397018 n-d-768509-25 sudo[135488]: pam_unix(sudo:session): session opened for user root by (uid=0)
Nov 12 08:25:40.120823 n-d-768509-25 sudo[135488]: pam_unix(sudo:session): session closed for user root
Nov 12 08:25:40.123713 n-d-768509-25 cinder-volume[110452]: DEBUG oslo_concurrency.processutils [None req-418435a8-6fb7-42cd-9f50-a3307d76f0bd None None] CMD "sudo cinder-rootwrap /etc/cinder/rootwrap.conf env LC_ALL=C vgs --noheadings --unit=g -o name,size,free,lv_count,uuid --separator : --nosuffix stack-volumes-lvmdriver-1" returned: 0 in 1.769s {{(pid=110452) execute /usr/local/lib/python3.8/dist-packages/oslo_concurrency/processutils.py:422}}
Nov 12 08:25:40.126304 n-d-768509-25 cinder-volume[110452]: DEBUG oslo_concurrency.processutils [None req-418435a8-6fb7-42cd-9f50-a3307d76f0bd None None] Running cmd (subprocess): sudo cinder-rootwrap /etc/cinder/rootwrap.conf env LC_ALL=C lvs --noheadings --unit=g -o vg_name,name,size --nosuffix --readonly stack-volumes-lvmdriver-1 {{(pid=110452) execute /usr/local/lib/python3.8/dist-packages/oslo_concurrency/processutils.py:384}}
Nov 12 08:25:40.164552 n-d-768509-25 sudo[135533]: ubuntu : TTY=unknown ; PWD=/ ; USER=root ; COMMAND=/usr/local/bin/cinder-rootwrap /etc/cinder/rootwrap.conf env LC_ALL=C lvs --noheadings --unit=g -o vg_name,name,size --nosuffix --readonly stack-volumes-lvmdriver-1
Nov 12 08:25:40.170803 n-d-768509-25 sudo[135533]: pam_unix(sudo:session): session opened for user root by (uid=0)
Nov 12 08:25:41.400038 n-d-768509-25 sudo[135533]: pam_unix(sudo:session): session closed for user root
Nov 12 08:25:41.402046 n-d-768509-25 cinder-volume[110452]: DEBUG oslo_concurrency.processutils [None req-418435a8-6fb7-42cd-9f50-a3307d76f0bd None None] CMD "sudo cinder-rootwrap /etc/cinder/rootwrap.conf env LC_ALL=C lvs --noheadings --unit=g -o vg_name,name,size --nosuffix --readonly stack-volumes-lvmdriver-1" returned: 0 in 1.276s {{(pid=110452) execute /usr/local/lib/python3.8/dist-packages/oslo_concurrency/processutils.py:422}}
Nov 12 08:25:41.403809 n-d-768509-25 cinder-volume[110452]: DEBUG cinder.manager [None req-418435a8-6fb7-42cd-9f50-a3307d76f0bd None None] Notifying Schedulers of capabilities ... {{(pid=110452) _publish_service_capabilities /opt/stack/cinder/cinder/manager.py:202}}
Nov 12 08:25:46.313980 n-d-768509-25 cinder-volume[110452]: DEBUG oslo_concurrency.processutils [req-5c624364-fd9a-4859-b074-a59c4c875531 req-245d674a-c444-4ac1-bfd2-bf26ce0a47d0 tempest-VolumesBackupsTest-506359181 None] Running cmd (subprocess): sudo cinder-rootwrap /etc/cinder/rootwrap.conf lvchange -a y --yes -K stack-volumes-lvmdriver-1/volume-4d219154-35ec-48dc-bb0f-157e0393fb88 {{(pid=110452) execute /usr/local/lib/python3.8/dist-packages/oslo_concurrency/processutils.py:384}}
Nov 12 08:25:46.363305 n-d-768509-25 sudo[135614]: ubuntu : TTY=unknown ; PWD=/ ; USER=root ; COMMAND=/usr/local/bin/cinder-rootwrap /etc/cinder/rootwrap.conf lvchange -a y --yes -K stack-volumes-lvmdriver-1/volume-4d219154-35ec-48dc-bb0f-157e0393fb88
Nov 12 08:25:46.365900 n-d-768509-25 sudo[135614]: pam_unix(sudo:session): session opened for user root by (uid=0)
Nov 12 08:25:47.186559 n-d-768509-25 sudo[135614]: pam_unix(sudo:session): session closed for user root
Nov 12 08:25:47.190998 n-d-768509-25 cinder-volume[110452]: DEBUG oslo_concurrency.processutils [req-5c624364-fd9a-4859-b074-a59c4c875531 req-245d674a-c444-4ac1-bfd2-bf26ce0a47d0 tempest-VolumesBackupsTest-506359181 None] CMD "sudo cinder-rootwrap /etc/cinder/rootwrap.conf lvchange -a y --yes -K stack-volumes-lvmdriver-1/volume-4d219154-35ec-48dc-bb0f-157e0393fb88" returned: 0 in 0.876s {{(pid=110452) execute /usr/local/lib/python3.8/dist-packages/oslo_concurrency/processutils.py:422}}
Nov 12 08:25:47.228976 n-d-768509-25 cinder-volume[110452]: INFO cinder.volume.targets.lio [req-5c624364-fd9a-4859-b074-a59c4c875531 req-245d674a-c444-4ac1-bfd2-bf26ce0a47d0 tempest-VolumesBackupsTest-506359181 None] Creating iscsi_target for volume: volume-4d219154-35ec-48dc-bb0f-157e0393fb88
Nov 12 08:25:47.230273 n-d-768509-25 cinder-volume[110452]: DEBUG oslo_concurrency.lockutils [req-5c624364-fd9a-4859-b074-a59c4c875531 req-245d674a-c444-4ac1-bfd2-bf26ce0a47d0 tempest-VolumesBackupsTest-506359181 None] Lock "lioadm" acquired by "cinder.volume.targets.lio.LioAdm._execute" :: waited 0.001s {{(pid=110452) inner /usr/local/lib/python3.8/dist-packages/oslo_concurrency/lockutils.py:386}}
Nov 12 08:25:47.231438 n-d-768509-25 cinder-volume[110452]: DEBUG oslo_concurrency.processutils [req-5c624364-fd9a-4859-b074-a59c4c875531 req-245d674a-c444-4ac1-bfd2-bf26ce0a47d0 tempest-VolumesBackupsTest-506359181 None] Running cmd (subprocess): sudo cinder-rootwrap /etc/cinder/rootwrap.conf cinder-rtstool create /dev/stack-volumes-lvmdriver-1/volume-4d219154-35ec-48dc-bb0f-157e0393fb88 iqn.2010-10.org.openstack:volume-4d219154-35ec-48dc-bb0f-157e0393fb88 ZwVE5i6tY4h737ZCpKTJ 3g5vp5PksFZH8Yxd False -p3260 -a10.222.0.16 {{(pid=110452) execute /usr/local/lib/python3.8/dist-packages/oslo_concurrency/processutils.py:384}}
Nov 12 08:25:47.291216 n-d-768509-25 sudo[135617]: ubuntu : TTY=unknown ; PWD=/ ; USER=root ; COMMAND=/usr/local/bin/cinder-rootwrap /etc/cinder/rootwrap.conf cinder-rtstool create /dev/stack-volumes-lvmdriver-1/volume-4d219154-35ec-48dc-bb0f-157e0393fb88 iqn.2010-10.org.openstack:volume-4d219154-35ec-48dc-bb0f-157e0393fb88 ZwVE5i6tY4h737ZCpKTJ 3g5vp5PksFZH8Yxd False -p3260 -a10.222.0.16
Nov 12 08:25:47.292223 n-d-768509-25 sudo[135617]: pam_unix(sudo:session): session opened for user root by (uid=0)
Nov 12 08:25:48.588379 n-d-768509-25 sudo[135617]: pam_unix(sudo:session): session closed for user root
Nov 12 08:25:48.590993 n-d-768509-25 cinder-volume[110452]: DEBUG oslo_concurrency.processutils [req-5c624364-fd9a-4859-b074-a59c4c875531 req-245d674a-c444-4ac1-bfd2-bf26ce0a47d0 tempest-VolumesBackupsTest-506359181 None] CMD "sudo cinder-rootwrap /etc/cinder/rootwrap.conf cinder-rtstool create /dev/stack-volumes-lvmdriver-1/volume-4d219154-35ec-48dc-bb0f-157e0393fb88 iqn.2010-10.org.openstack:volume-4d219154-35ec-48dc-bb0f-157e0393fb88 ZwVE5i6tY4h737ZCpKTJ 3g5vp5PksFZH8Yxd False -p3260 -a10.222.0.16" returned: 0 in 1.359s {{(pid=110452) execute /usr/local/lib/python3.8/dist-packages/oslo_concurrency/processutils.py:422}}
Nov 12 08:25:48.591537 n-d-768509-25 cinder-volume[110452]: DEBUG oslo_concurrency.lockutils [req-5c624364-fd9a-4859-b074-a59c4c875531 req-245d674a-c444-4ac1-bfd2-bf26ce0a47d0 tempest-VolumesBackupsTest-506359181 None] Lock "lioadm" "released" by "cinder.volume.targets.lio.LioAdm._execute" :: held 1.361s {{(pid=110452) inner /usr/local/lib/python3.8/dist-packages/oslo_concurrency/lockutils.py:400}}
Nov 12 08:25:48.592281 n-d-768509-25 cinder-volume[110452]: DEBUG oslo_concurrency.lockutils [req-5c624364-fd9a-4859-b074-a59c4c875531 req-245d674a-c444-4ac1-bfd2-bf26ce0a47d0 tempest-VolumesBackupsTest-506359181 None] Lock "lioadm" acquired by "cinder.volume.targets.lio.LioAdm._execute" :: waited 0.000s {{(pid=110452) inner /usr/local/lib/python3.8/dist-packages/oslo_concurrency/lockutils.py:386}}
Nov 12 08:25:48.593697 n-d-768509-25 cinder-volume[110452]: DEBUG oslo_concurrency.processutils [req-5c624364-fd9a-4859-b074-a59c4c875531 req-245d674a-c444-4ac1-bfd2-bf26ce0a47d0 tempest-VolumesBackupsTest-506359181 None] Running cmd (subprocess): sudo cinder-rootwrap /etc/cinder/rootwrap.conf cinder-rtstool get-targets {{(pid=110452) execute /usr/local/lib/python3.8/dist-packages/oslo_concurrency/processutils.py:384}}
Nov 12 08:25:48.638828 n-d-768509-25 sudo[135642]: ubuntu : TTY=unknown ; PWD=/ ; USER=root ; COMMAND=/usr/local/bin/cinder-rootwrap /etc/cinder/rootwrap.conf cinder-rtstool get-targets
Nov 12 08:25:48.640303 n-d-768509-25 sudo[135642]: pam_unix(sudo:session): session opened for user root by (uid=0)
Nov 12 08:25:50.006037 n-d-768509-25 sudo[135642]: pam_unix(sudo:session): session closed for user root
Nov 12 08:25:50.009346 n-d-768509-25 cinder-volume[110452]: DEBUG oslo_concurrency.processutils [req-5c624364-fd9a-4859-b074-a59c4c875531 req-245d674a-c444-4ac1-bfd2-bf26ce0a47d0 tempest-VolumesBackupsTest-506359181 None] CMD "sudo cinder-rootwrap /etc/cinder/rootwrap.conf cinder-rtstool get-targets" returned: 0 in 1.414s {{(pid=110452) execute /usr/local/lib/python3.8/dist-packages/oslo_concurrency/processutils.py:422}}
Nov 12 08:25:50.012982 n-d-768509-25 cinder-volume[110452]: DEBUG oslo_concurrency.lockutils [req-5c624364-fd9a-4859-b074-a59c4c875531 req-245d674a-c444-4ac1-bfd2-bf26ce0a47d0 tempest-VolumesBackupsTest-506359181 None] Lock "lioadm" "released" by "cinder.volume.targets.lio.LioAdm._execute" :: held 1.421s {{(pid=110452) inner /usr/local/lib/python3.8/dist-packages/oslo_concurrency/lockutils.py:400}}
Nov 12 08:25:50.014084 n-d-768509-25 cinder-volume[110452]: DEBUG oslo_concurrency.lockutils [req-5c624364-fd9a-4859-b074-a59c4c875531 req-245d674a-c444-4ac1-bfd2-bf26ce0a47d0 tempest-VolumesBackupsTest-506359181 None] Lock "lioadm" acquired by "cinder.volume.targets.lio.LioAdm._execute" :: waited 0.000s {{(pid=110452) inner /usr/local/lib/python3.8/dist-packages/oslo_concurrency/lockutils.py:386}}
Nov 12 08:25:50.015173 n-d-768509-25 cinder-volume[110452]: DEBUG oslo_concurrency.processutils [req-5c624364-fd9a-4859-b074-a59c4c875531 req-245d674a-c444-4ac1-bfd2-bf26ce0a47d0 tempest-VolumesBackupsTest-506359181 None] Running cmd (subprocess): sudo cinder-rootwrap /etc/cinder/rootwrap.conf cinder-rtstool save {{(pid=110452) execute /usr/local/lib/python3.8/dist-packages/oslo_concurrency/processutils.py:384}}
Nov 12 08:25:50.052136 n-d-768509-25 sudo[135650]: ubuntu : TTY=unknown ; PWD=/ ; USER=root ; COMMAND=/usr/local/bin/cinder-rootwrap /etc/cinder/rootwrap.conf cinder-rtstool save
Nov 12 08:25:50.054724 n-d-768509-25 sudo[135650]: pam_unix(sudo:session): session opened for user root by (uid=0)
Nov 12 08:25:51.494044 n-d-768509-25 sudo[135650]: pam_unix(sudo:session): session closed for user root
Nov 12 08:25:51.496726 n-d-768509-25 cinder-volume[110452]: DEBUG oslo_concurrency.processutils [req-5c624364-fd9a-4859-b074-a59c4c875531 req-245d674a-c444-4ac1-bfd2-bf26ce0a47d0 tempest-VolumesBackupsTest-506359181 None] CMD "sudo cinder-rootwrap /etc/cinder/rootwrap.conf cinder-rtstool save" returned: 0 in 1.481s {{(pid=110452) execute /usr/local/lib/python3.8/dist-packages/oslo_concurrency/processutils.py:422}}
Nov 12 08:25:51.497718 n-d-768509-25 cinder-volume[110452]: DEBUG oslo_concurrency.lockutils [req-5c624364-fd9a-4859-b074-a59c4c875531 req-245d674a-c444-4ac1-bfd2-bf26ce0a47d0 tempest-VolumesBackupsTest-506359181 None] Lock "lioadm" "released" by "cinder.volume.targets.lio.LioAdm._execute" :: held 1.483s {{(pid=110452) inner /usr/local/lib/python3.8/dist-packages/oslo_concurrency/lockutils.py:400}}
Nov 12 08:25:51.498266 n-d-768509-25 cinder-volume[110452]: DEBUG cinder.volume.targets.iscsi [req-5c624364-fd9a-4859-b074-a59c4c875531 req-245d674a-c444-4ac1-bfd2-bf26ce0a47d0 tempest-VolumesBackupsTest-506359181 None] Set provider_location to: 10.222.0.16:3260,iqn.2010-10.org.openstack:volume-4d219154-35ec-48dc-bb0f-157e0393fb88 iqn.2010-10.org.openstack:volume-4d219154-35ec-48dc-bb0f-157e0393fb88 0 {{(pid=110452) create_export /opt/stack/cinder/cinder/volume/targets/iscsi.py:204}}
Nov 12 08:25:51.518279 n-d-768509-25 cinder-volume[110452]: DEBUG oslo_concurrency.lockutils [req-5c624364-fd9a-4859-b074-a59c4c875531 req-245d674a-c444-4ac1-bfd2-bf26ce0a47d0 tempest-VolumesBackupsTest-506359181 None] Lock "lioadm" acquired by "cinder.volume.targets.lio.LioAdm._execute" :: waited 0.002s {{(pid=110452) inner /usr/local/lib/python3.8/dist-packages/oslo_concurrency/lockutils.py:386}}
Nov 12 08:25:51.519209 n-d-768509-25 cinder-volume[110452]: DEBUG oslo_concurrency.processutils [req-5c624364-fd9a-4859-b074-a59c4c875531 req-245d674a-c444-4ac1-bfd2-bf26ce0a47d0 tempest-VolumesBackupsTest-506359181 None] Running cmd (subprocess): sudo cinder-rootwrap /etc/cinder/rootwrap.conf cinder-rtstool add-initiator iqn.2010-10.org.openstack:volume-4d219154-35ec-48dc-bb0f-157e0393fb88 ZwVE5i6tY4h737ZCpKTJ 3g5vp5PksFZH8Yxd iqn.1991-05.com.microsoft:n-h2-768509-25.cbci-768509-25.local {{(pid=110452) execute /usr/local/lib/python3.8/dist-packages/oslo_concurrency/processutils.py:384}}
Nov 12 08:25:51.550332 n-d-768509-25 sudo[135661]: ubuntu : TTY=unknown ; PWD=/ ; USER=root ; COMMAND=/usr/local/bin/cinder-rootwrap /etc/cinder/rootwrap.conf cinder-rtstool add-initiator iqn.2010-10.org.openstack:volume-4d219154-35ec-48dc-bb0f-157e0393fb88 ZwVE5i6tY4h737ZCpKTJ 3g5vp5PksFZH8Yxd iqn.1991-05.com.microsoft:n-h2-768509-25.cbci-768509-25.local
Nov 12 08:25:51.554466 n-d-768509-25 sudo[135661]: pam_unix(sudo:session): session opened for user root by (uid=0)
Nov 12 08:25:53.143638 n-d-768509-25 sudo[135661]: pam_unix(sudo:session): session closed for user root
Nov 12 08:25:53.147262 n-d-768509-25 cinder-volume[110452]: DEBUG oslo_concurrency.processutils [req-5c624364-fd9a-4859-b074-a59c4c875531 req-245d674a-c444-4ac1-bfd2-bf26ce0a47d0 tempest-VolumesBackupsTest-506359181 None] CMD "sudo cinder-rootwrap /etc/cinder/rootwrap.conf cinder-rtstool add-initiator iqn.2010-10.org.openstack:volume-4d219154-35ec-48dc-bb0f-157e0393fb88 ZwVE5i6tY4h737ZCpKTJ 3g5vp5PksFZH8Yxd iqn.1991-05.com.microsoft:n-h2-768509-25.cbci-768509-25.local" returned: 0 in 1.627s {{(pid=110452) execute /usr/local/lib/python3.8/dist-packages/oslo_concurrency/processutils.py:422}}
Nov 12 08:25:53.148205 n-d-768509-25 cinder-volume[110452]: DEBUG oslo_concurrency.lockutils [req-5c624364-fd9a-4859-b074-a59c4c875531 req-245d674a-c444-4ac1-bfd2-bf26ce0a47d0 tempest-VolumesBackupsTest-506359181 None] Lock "lioadm" "released" by "cinder.volume.targets.lio.LioAdm._execute" :: held 1.630s {{(pid=110452) inner /usr/local/lib/python3.8/dist-packages/oslo_concurrency/lockutils.py:400}}
Nov 12 08:25:53.149474 n-d-768509-25 cinder-volume[110452]: DEBUG oslo_concurrency.lockutils [req-5c624364-fd9a-4859-b074-a59c4c875531 req-245d674a-c444-4ac1-bfd2-bf26ce0a47d0 tempest-VolumesBackupsTest-506359181 None] Lock "lioadm" acquired by "cinder.volume.targets.lio.LioAdm._execute" :: waited 0.001s {{(pid=110452) inner /usr/local/lib/python3.8/dist-packages/oslo_concurrency/lockutils.py:386}}
Nov 12 08:25:53.150460 n-d-768509-25 cinder-volume[110452]: DEBUG oslo_concurrency.processutils [req-5c624364-fd9a-4859-b074-a59c4c875531 req-245d674a-c444-4ac1-bfd2-bf26ce0a47d0 tempest-VolumesBackupsTest-506359181 None] Running cmd (subprocess): sudo cinder-rootwrap /etc/cinder/rootwrap.conf cinder-rtstool save {{(pid=110452) execute /usr/local/lib/python3.8/dist-packages/oslo_concurrency/processutils.py:384}}
Nov 12 08:25:53.205397 n-d-768509-25 sudo[135670]: ubuntu : TTY=unknown ; PWD=/ ; USER=root ; COMMAND=/usr/local/bin/cinder-rootwrap /etc/cinder/rootwrap.conf cinder-rtstool save
Nov 12 08:25:53.210611 n-d-768509-25 sudo[135670]: pam_unix(sudo:session): session opened for user root by (uid=0)
Nov 12 08:25:54.690677 n-d-768509-25 sudo[135670]: pam_unix(sudo:session): session closed for user root
Nov 12 08:25:54.693301 n-d-768509-25 cinder-volume[110452]: DEBUG oslo_concurrency.processutils [req-5c624364-fd9a-4859-b074-a59c4c875531 req-245d674a-c444-4ac1-bfd2-bf26ce0a47d0 tempest-VolumesBackupsTest-506359181 None] CMD "sudo cinder-rootwrap /etc/cinder/rootwrap.conf cinder-rtstool save" returned: 0 in 1.542s {{(pid=110452) execute /usr/local/lib/python3.8/dist-packages/oslo_concurrency/processutils.py:422}}
Nov 12 08:25:54.695105 n-d-768509-25 cinder-volume[110452]: DEBUG oslo_concurrency.lockutils [req-5c624364-fd9a-4859-b074-a59c4c875531 req-245d674a-c444-4ac1-bfd2-bf26ce0a47d0 tempest-VolumesBackupsTest-506359181 None] Lock "lioadm" "released" by "cinder.volume.targets.lio.LioAdm._execute" :: held 1.546s {{(pid=110452) inner /usr/local/lib/python3.8/dist-packages/oslo_concurrency/lockutils.py:400}}
Nov 12 08:25:54.726855 n-d-768509-25 cinder-volume[110452]: DEBUG cinder.volume.manager [req-5c624364-fd9a-4859-b074-a59c4c875531 req-245d674a-c444-4ac1-bfd2-bf26ce0a47d0 tempest-VolumesBackupsTest-506359181 None] Connection info returned from driver {'target_discovered': False, 'target_portal': '10.222.0.16:3260', 'target_iqn': 'iqn.2010-10.org.openstack:volume-4d219154-35ec-48dc-bb0f-157e0393fb88', 'target_lun': 0, 'volume_id': '4d219154-35ec-48dc-bb0f-157e0393fb88', 'auth_method': 'CHAP', 'auth_username': 'ZwVE5i6tY4h737ZCpKTJ', 'auth_password': '***', 'encrypted': False, 'qos_specs': None, 'access_mode': 'rw', 'cacheable': False, 'driver_volume_type': 'iscsi', 'attachment_id': '7c283837-121f-4bfa-869c-57f187eb27f1'} {{(pid=110452) _connection_create /opt/stack/cinder/cinder/volume/manager.py:4808}}
Nov 12 08:25:54.805411 n-d-768509-25 cinder-volume[110452]: INFO cinder.volume.manager [req-5c624364-fd9a-4859-b074-a59c4c875531 req-245d674a-c444-4ac1-bfd2-bf26ce0a47d0 tempest-VolumesBackupsTest-506359181 None] attachment_update completed successfully.
Nov 12 08:26:05.246719 n-d-768509-25 cinder-volume[110452]: DEBUG cinder.volume.driver [None req-900c534f-1601-49d3-8525-77d442daa0fb tempest-VolumesBackupsTest-506359181 None] Creating a new backup for volume volume-4d219154-35ec-48dc-bb0f-157e0393fb88. {{(pid=110452) _get_backup_volume_temp_volume /opt/stack/cinder/cinder/volume/driver.py:1226}}
Nov 12 08:26:05.283763 n-d-768509-25 cinder-volume[110452]: INFO cinder.volume.drivers.lvm [None req-900c534f-1601-49d3-8525-77d442daa0fb tempest-VolumesBackupsTest-506359181 None] Creating clone of volume: 4d219154-35ec-48dc-bb0f-157e0393fb88
Nov 12 08:26:05.285223 n-d-768509-25 cinder-volume[110452]: DEBUG oslo_concurrency.processutils [None req-900c534f-1601-49d3-8525-77d442daa0fb tempest-VolumesBackupsTest-506359181 None] Running cmd (subprocess): sudo cinder-rootwrap /etc/cinder/rootwrap.conf env LC_ALL=C lvs --noheadings --unit=g -o vg_name,name,size --nosuffix --readonly stack-volumes-lvmdriver-1/volume-4d219154-35ec-48dc-bb0f-157e0393fb88 {{(pid=110452) execute /usr/local/lib/python3.8/dist-packages/oslo_concurrency/processutils.py:384}}
Nov 12 08:26:05.317379 n-d-768509-25 sudo[135818]: ubuntu : TTY=unknown ; PWD=/ ; USER=root ; COMMAND=/usr/local/bin/cinder-rootwrap /etc/cinder/rootwrap.conf env LC_ALL=C lvs --noheadings --unit=g -o vg_name,name,size --nosuffix --readonly stack-volumes-lvmdriver-1/volume-4d219154-35ec-48dc-bb0f-157e0393fb88
Nov 12 08:26:05.318973 n-d-768509-25 sudo[135818]: pam_unix(sudo:session): session opened for user root by (uid=0)
Nov 12 08:26:06.565406 n-d-768509-25 sudo[135818]: pam_unix(sudo:session): session closed for user root
Nov 12 08:26:06.567902 n-d-768509-25 cinder-volume[110452]: DEBUG oslo_concurrency.processutils [None req-900c534f-1601-49d3-8525-77d442daa0fb tempest-VolumesBackupsTest-506359181 None] CMD "sudo cinder-rootwrap /etc/cinder/rootwrap.conf env LC_ALL=C lvs --noheadings --unit=g -o vg_name,name,size --nosuffix --readonly stack-volumes-lvmdriver-1/volume-4d219154-35ec-48dc-bb0f-157e0393fb88" returned: 0 in 1.282s {{(pid=110452) execute /usr/local/lib/python3.8/dist-packages/oslo_concurrency/processutils.py:422}}
Nov 12 08:26:06.570295 n-d-768509-25 cinder-volume[110452]: DEBUG oslo_concurrency.processutils [None req-900c534f-1601-49d3-8525-77d442daa0fb tempest-VolumesBackupsTest-506359181 None] Running cmd (subprocess): sudo cinder-rootwrap /etc/cinder/rootwrap.conf env LC_ALL=C lvcreate --name clone-snap-31dc279b-1ff7-43d2-8a76-34f1d01f92a5 --snapshot stack-volumes-lvmdriver-1/volume-4d219154-35ec-48dc-bb0f-157e0393fb88 -L 1.00g {{(pid=110452) execute /usr/local/lib/python3.8/dist-packages/oslo_concurrency/processutils.py:384}}
Nov 12 08:26:06.621270 n-d-768509-25 sudo[135823]: ubuntu : TTY=unknown ; PWD=/ ; USER=root ; COMMAND=/usr/local/bin/cinder-rootwrap /etc/cinder/rootwrap.conf env LC_ALL=C lvcreate --name clone-snap-31dc279b-1ff7-43d2-8a76-34f1d01f92a5 --snapshot stack-volumes-lvmdriver-1/volume-4d219154-35ec-48dc-bb0f-157e0393fb88 -L 1.00g
Nov 12 08:26:06.624340 n-d-768509-25 sudo[135823]: pam_unix(sudo:session): session opened for user root by (uid=0)
Nov 12 08:26:07.976570 n-d-768509-25 sudo[135823]: pam_unix(sudo:session): session closed for user root
Nov 12 08:26:07.979306 n-d-768509-25 cinder-volume[110452]: DEBUG oslo_concurrency.processutils [None req-900c534f-1601-49d3-8525-77d442daa0fb tempest-VolumesBackupsTest-506359181 None] CMD "sudo cinder-rootwrap /etc/cinder/rootwrap.conf env LC_ALL=C lvcreate --name clone-snap-31dc279b-1ff7-43d2-8a76-34f1d01f92a5 --snapshot stack-volumes-lvmdriver-1/volume-4d219154-35ec-48dc-bb0f-157e0393fb88 -L 1.00g" returned: 0 in 1.408s {{(pid=110452) execute /usr/local/lib/python3.8/dist-packages/oslo_concurrency/processutils.py:422}}
Nov 12 08:26:07.984508 n-d-768509-25 cinder-volume[110452]: DEBUG oslo_concurrency.processutils [None req-900c534f-1601-49d3-8525-77d442daa0fb tempest-VolumesBackupsTest-506359181 None] Running cmd (subprocess): sudo cinder-rootwrap /etc/cinder/rootwrap.conf env LC_ALL=C lvcreate -n volume-31dc279b-1ff7-43d2-8a76-34f1d01f92a5 stack-volumes-lvmdriver-1 -L 1g {{(pid=110452) execute /usr/local/lib/python3.8/dist-packages/oslo_concurrency/processutils.py:384}}
Nov 12 08:26:08.027085 n-d-768509-25 sudo[135929]: ubuntu : TTY=unknown ; PWD=/ ; USER=root ; COMMAND=/usr/local/bin/cinder-rootwrap /etc/cinder/rootwrap.conf env LC_ALL=C lvcreate -n volume-31dc279b-1ff7-43d2-8a76-34f1d01f92a5 stack-volumes-lvmdriver-1 -L 1g
Nov 12 08:26:08.027891 n-d-768509-25 sudo[135929]: pam_unix(sudo:session): session opened for user root by (uid=0)
Nov 12 08:26:09.550064 n-d-768509-25 sudo[135929]: pam_unix(sudo:session): session closed for user root
Nov 12 08:26:09.552815 n-d-768509-25 cinder-volume[110452]: DEBUG oslo_concurrency.processutils [None req-900c534f-1601-49d3-8525-77d442daa0fb tempest-VolumesBackupsTest-506359181 None] CMD "sudo cinder-rootwrap /etc/cinder/rootwrap.conf env LC_ALL=C lvcreate -n volume-31dc279b-1ff7-43d2-8a76-34f1d01f92a5 stack-volumes-lvmdriver-1 -L 1g" returned: 0 in 1.568s {{(pid=110452) execute /usr/local/lib/python3.8/dist-packages/oslo_concurrency/processutils.py:422}}
Nov 12 08:26:09.554812 n-d-768509-25 cinder-volume[110452]: DEBUG oslo_concurrency.processutils [None req-900c534f-1601-49d3-8525-77d442daa0fb tempest-VolumesBackupsTest-506359181 None] Running cmd (subprocess): env LC_ALL=C lvm version {{(pid=110452) execute /usr/local/lib/python3.8/dist-packages/oslo_concurrency/processutils.py:384}}
Nov 12 08:26:09.620941 n-d-768509-25 cinder-volume[110452]: DEBUG oslo_concurrency.processutils [None req-900c534f-1601-49d3-8525-77d442daa0fb tempest-VolumesBackupsTest-506359181 None] CMD "env LC_ALL=C lvm version" returned: 0 in 0.066s {{(pid=110452) execute /usr/local/lib/python3.8/dist-packages/oslo_concurrency/processutils.py:422}}
Nov 12 08:26:09.622351 n-d-768509-25 cinder-volume[110452]: DEBUG oslo_concurrency.processutils [None req-900c534f-1601-49d3-8525-77d442daa0fb tempest-VolumesBackupsTest-506359181 None] Running cmd (subprocess): sudo cinder-rootwrap /etc/cinder/rootwrap.conf lvchange -a y --yes -K stack-volumes-lvmdriver-1/clone-snap-31dc279b-1ff7-43d2-8a76-34f1d01f92a5 {{(pid=110452) execute /usr/local/lib/python3.8/dist-packages/oslo_concurrency/processutils.py:384}}
Nov 12 08:26:09.675834 n-d-768509-25 sudo[135963]: ubuntu : TTY=unknown ; PWD=/ ; USER=root ; COMMAND=/usr/local/bin/cinder-rootwrap /etc/cinder/rootwrap.conf lvchange -a y --yes -K stack-volumes-lvmdriver-1/clone-snap-31dc279b-1ff7-43d2-8a76-34f1d01f92a5
Nov 12 08:26:09.678450 n-d-768509-25 sudo[135963]: pam_unix(sudo:session): session opened for user root by (uid=0)
Nov 12 08:26:11.221332 n-d-768509-25 sudo[135963]: pam_unix(sudo:session): session closed for user root
Nov 12 08:26:11.224111 n-d-768509-25 cinder-volume[110452]: DEBUG oslo_concurrency.processutils [None req-900c534f-1601-49d3-8525-77d442daa0fb tempest-VolumesBackupsTest-506359181 None] CMD "sudo cinder-rootwrap /etc/cinder/rootwrap.conf lvchange -a y --yes -K stack-volumes-lvmdriver-1/clone-snap-31dc279b-1ff7-43d2-8a76-34f1d01f92a5" returned: 0 in 1.601s {{(pid=110452) execute /usr/local/lib/python3.8/dist-packages/oslo_concurrency/processutils.py:422}}
Nov 12 08:26:11.226644 n-d-768509-25 cinder-volume[110452]: DEBUG oslo_concurrency.processutils [None req-900c534f-1601-49d3-8525-77d442daa0fb tempest-VolumesBackupsTest-506359181 None] Running cmd (subprocess): sudo cinder-rootwrap /etc/cinder/rootwrap.conf dd count=0 if=/dev/mapper/stack--volumes--lvmdriver--1-clone--snap--31dc279b--1ff7--43d2--8a76--34f1d01f92a5 of=/dev/mapper/stack--volumes--lvmdriver--1-volume--31dc279b--1ff7--43d2--8a76--34f1d01f92a5 iflag=direct {{(pid=110452) execute /usr/local/lib/python3.8/dist-packages/oslo_concurrency/processutils.py:384}}
Nov 12 08:26:11.278708 n-d-768509-25 sudo[136004]: ubuntu : TTY=unknown ; PWD=/ ; USER=root ; COMMAND=/usr/local/bin/cinder-rootwrap /etc/cinder/rootwrap.conf dd count=0 if=/dev/mapper/stack--volumes--lvmdriver--1-clone--snap--31dc279b--1ff7--43d2--8a76--34f1d01f92a5 of=/dev/mapper/stack--volumes--lvmdriver--1-volume--31dc279b--1ff7--43d2--8a76--34f1d01f92a5 iflag=direct
Nov 12 08:26:11.291170 n-d-768509-25 sudo[136004]: pam_unix(sudo:session): session opened for user root by (uid=0)
Nov 12 08:26:12.993198 n-d-768509-25 sudo[136004]: pam_unix(sudo:session): session closed for user root
Nov 12 08:26:12.995597 n-d-768509-25 cinder-volume[110452]: DEBUG oslo_concurrency.processutils [None req-900c534f-1601-49d3-8525-77d442daa0fb tempest-VolumesBackupsTest-506359181 None] CMD "sudo cinder-rootwrap /etc/cinder/rootwrap.conf dd count=0 if=/dev/mapper/stack--volumes--lvmdriver--1-clone--snap--31dc279b--1ff7--43d2--8a76--34f1d01f92a5 of=/dev/mapper/stack--volumes--lvmdriver--1-volume--31dc279b--1ff7--43d2--8a76--34f1d01f92a5 iflag=direct" returned: 0 in 1.769s {{(pid=110452) execute /usr/local/lib/python3.8/dist-packages/oslo_concurrency/processutils.py:422}}
Nov 12 08:26:12.996870 n-d-768509-25 cinder-volume[110452]: DEBUG oslo_concurrency.processutils [None req-900c534f-1601-49d3-8525-77d442daa0fb tempest-VolumesBackupsTest-506359181 None] Running cmd (subprocess): sudo cinder-rootwrap /etc/cinder/rootwrap.conf dd count=0 if=/dev/mapper/stack--volumes--lvmdriver--1-clone--snap--31dc279b--1ff7--43d2--8a76--34f1d01f92a5 of=/dev/mapper/stack--volumes--lvmdriver--1-volume--31dc279b--1ff7--43d2--8a76--34f1d01f92a5 oflag=direct {{(pid=110452) execute /usr/local/lib/python3.8/dist-packages/oslo_concurrency/processutils.py:384}}
Nov 12 08:26:13.026820 n-d-768509-25 sudo[136044]: ubuntu : TTY=unknown ; PWD=/ ; USER=root ; COMMAND=/usr/local/bin/cinder-rootwrap /etc/cinder/rootwrap.conf dd count=0 if=/dev/mapper/stack--volumes--lvmdriver--1-clone--snap--31dc279b--1ff7--43d2--8a76--34f1d01f92a5 of=/dev/mapper/stack--volumes--lvmdriver--1-volume--31dc279b--1ff7--43d2--8a76--34f1d01f92a5 oflag=direct
Nov 12 08:26:13.027650 n-d-768509-25 sudo[136044]: pam_unix(sudo:session): session opened for user root by (uid=0)
Nov 12 08:26:13.859389 n-d-768509-25 sudo[136044]: pam_unix(sudo:session): session closed for user root
Nov 12 08:26:13.862102 n-d-768509-25 cinder-volume[110452]: DEBUG oslo_concurrency.processutils [None req-900c534f-1601-49d3-8525-77d442daa0fb tempest-VolumesBackupsTest-506359181 None] CMD "sudo cinder-rootwrap /etc/cinder/rootwrap.conf dd count=0 if=/dev/mapper/stack--volumes--lvmdriver--1-clone--snap--31dc279b--1ff7--43d2--8a76--34f1d01f92a5 of=/dev/mapper/stack--volumes--lvmdriver--1-volume--31dc279b--1ff7--43d2--8a76--34f1d01f92a5 oflag=direct" returned: 0 in 0.864s {{(pid=110452) execute /usr/local/lib/python3.8/dist-packages/oslo_concurrency/processutils.py:422}}
Nov 12 08:26:13.862734 n-d-768509-25 cinder-volume[110452]: DEBUG oslo_concurrency.processutils [None req-900c534f-1601-49d3-8525-77d442daa0fb tempest-VolumesBackupsTest-506359181 None] Running cmd (subprocess): sudo cinder-rootwrap /etc/cinder/rootwrap.conf dd if=/dev/mapper/stack--volumes--lvmdriver--1-clone--snap--31dc279b--1ff7--43d2--8a76--34f1d01f92a5 of=/dev/mapper/stack--volumes--lvmdriver--1-volume--31dc279b--1ff7--43d2--8a76--34f1d01f92a5 count=1073741824 bs=1M iflag=count_bytes,direct oflag=direct {{(pid=110452) execute /usr/local/lib/python3.8/dist-packages/oslo_concurrency/processutils.py:384}}
Nov 12 08:26:13.911591 n-d-768509-25 sudo[136069]: ubuntu : TTY=unknown ; PWD=/ ; USER=root ; COMMAND=/usr/local/bin/cinder-rootwrap /etc/cinder/rootwrap.conf dd if=/dev/mapper/stack--volumes--lvmdriver--1-clone--snap--31dc279b--1ff7--43d2--8a76--34f1d01f92a5 of=/dev/mapper/stack--volumes--lvmdriver--1-volume--31dc279b--1ff7--43d2--8a76--34f1d01f92a5 count=1073741824 bs=1M iflag=count_bytes,direct oflag=direct
Nov 12 08:26:13.914506 n-d-768509-25 sudo[136069]: pam_unix(sudo:session): session opened for user root by (uid=0)
Nov 12 08:26:23.143853 n-d-768509-25 sudo[136069]: pam_unix(sudo:session): session closed for user root
Nov 12 08:26:23.146408 n-d-768509-25 cinder-volume[110452]: DEBUG oslo_concurrency.processutils [None req-900c534f-1601-49d3-8525-77d442daa0fb tempest-VolumesBackupsTest-506359181 None] CMD "sudo cinder-rootwrap /etc/cinder/rootwrap.conf dd if=/dev/mapper/stack--volumes--lvmdriver--1-clone--snap--31dc279b--1ff7--43d2--8a76--34f1d01f92a5 of=/dev/mapper/stack--volumes--lvmdriver--1-volume--31dc279b--1ff7--43d2--8a76--34f1d01f92a5 count=1073741824 bs=1M iflag=count_bytes,direct oflag=direct" returned: 0 in 9.283s {{(pid=110452) execute /usr/local/lib/python3.8/dist-packages/oslo_concurrency/processutils.py:422}}
Nov 12 08:26:23.147901 n-d-768509-25 cinder-volume[110452]: DEBUG cinder.volume.volume_utils [None req-900c534f-1601-49d3-8525-77d442daa0fb tempest-VolumesBackupsTest-506359181 None] Volume copy details: src /dev/mapper/stack--volumes--lvmdriver--1-clone--snap--31dc279b--1ff7--43d2--8a76--34f1d01f92a5, dest /dev/mapper/stack--volumes--lvmdriver--1-volume--31dc279b--1ff7--43d2--8a76--34f1d01f92a5, size 1024.00 MB, duration 9.29 sec {{(pid=110452) _copy_volume_with_path /opt/stack/cinder/cinder/volume/volume_utils.py:550}}
Nov 12 08:26:23.148525 n-d-768509-25 cinder-volume[110452]: INFO cinder.volume.volume_utils [None req-900c534f-1601-49d3-8525-77d442daa0fb tempest-VolumesBackupsTest-506359181 None] Volume copy 1024.00 MB at 110.28 MB/s
Nov 12 08:26:23.150795 n-d-768509-25 cinder-volume[110452]: DEBUG oslo_concurrency.processutils [None req-900c534f-1601-49d3-8525-77d442daa0fb tempest-VolumesBackupsTest-506359181 None] Running cmd (subprocess): sudo cinder-rootwrap /etc/cinder/rootwrap.conf env LC_ALL=C lvs --noheadings --unit=g -o vg_name,name,size --nosuffix --readonly stack-volumes-lvmdriver-1/clone-snap-31dc279b-1ff7-43d2-8a76-34f1d01f92a5 {{(pid=110452) execute /usr/local/lib/python3.8/dist-packages/oslo_concurrency/processutils.py:384}}
Nov 12 08:26:23.231881 n-d-768509-25 sudo[136138]: ubuntu : TTY=unknown ; PWD=/ ; USER=root ; COMMAND=/usr/local/bin/cinder-rootwrap /etc/cinder/rootwrap.conf env LC_ALL=C lvs --noheadings --unit=g -o vg_name,name,size --nosuffix --readonly stack-volumes-lvmdriver-1/clone-snap-31dc279b-1ff7-43d2-8a76-34f1d01f92a5
Nov 12 08:26:23.239531 n-d-768509-25 sudo[136138]: pam_unix(sudo:session): session opened for user root by (uid=0)
Nov 12 08:26:25.075679 n-d-768509-25 sudo[136138]: pam_unix(sudo:session): session closed for user root
Nov 12 08:26:25.078033 n-d-768509-25 cinder-volume[110452]: DEBUG oslo_concurrency.processutils [None req-900c534f-1601-49d3-8525-77d442daa0fb tempest-VolumesBackupsTest-506359181 None] CMD "sudo cinder-rootwrap /etc/cinder/rootwrap.conf env LC_ALL=C lvs --noheadings --unit=g -o vg_name,name,size --nosuffix --readonly stack-volumes-lvmdriver-1/clone-snap-31dc279b-1ff7-43d2-8a76-34f1d01f92a5" returned: 0 in 1.927s {{(pid=110452) execute /usr/local/lib/python3.8/dist-packages/oslo_concurrency/processutils.py:422}}
Nov 12 08:26:25.080824 n-d-768509-25 cinder-volume[110452]: DEBUG oslo_concurrency.processutils [None req-900c534f-1601-49d3-8525-77d442daa0fb tempest-VolumesBackupsTest-506359181 None] Running cmd (subprocess): sudo cinder-rootwrap /etc/cinder/rootwrap.conf lvremove --config activation { retry_deactivation = 1} -f stack-volumes-lvmdriver-1/clone-snap-31dc279b-1ff7-43d2-8a76-34f1d01f92a5 {{(pid=110452) execute /usr/local/lib/python3.8/dist-packages/oslo_concurrency/processutils.py:384}}
Nov 12 08:26:25.129613 n-d-768509-25 sudo[136212]: ubuntu : TTY=unknown ; PWD=/ ; USER=root ; COMMAND=/usr/local/bin/cinder-rootwrap /etc/cinder/rootwrap.conf lvremove --config activation { retry_deactivation = 1} -f stack-volumes-lvmdriver-1/clone-snap-31dc279b-1ff7-43d2-8a76-34f1d01f92a5
Nov 12 08:26:25.147374 n-d-768509-25 sudo[136212]: pam_unix(sudo:session): session opened for user root by (uid=0)
Nov 12 08:26:27.290870 n-d-768509-25 sudo[136212]: pam_unix(sudo:session): session closed for user root
Nov 12 08:26:27.294356 n-d-768509-25 cinder-volume[110452]: DEBUG oslo_concurrency.processutils [None req-900c534f-1601-49d3-8525-77d442daa0fb tempest-VolumesBackupsTest-506359181 None] CMD "sudo cinder-rootwrap /etc/cinder/rootwrap.conf lvremove --config activation { retry_deactivation = 1} -f stack-volumes-lvmdriver-1/clone-snap-31dc279b-1ff7-43d2-8a76-34f1d01f92a5" returned: 0 in 2.214s {{(pid=110452) execute /usr/local/lib/python3.8/dist-packages/oslo_concurrency/processutils.py:422}}
Nov 12 08:26:27.377026 n-d-768509-25 cinder-volume[110452]: DEBUG oslo_concurrency.processutils [None req-900c534f-1601-49d3-8525-77d442daa0fb tempest-VolumesBackupsTest-506359181 None] Running cmd (subprocess): sudo cinder-rootwrap /etc/cinder/rootwrap.conf lvchange -a y --yes -K stack-volumes-lvmdriver-1/volume-31dc279b-1ff7-43d2-8a76-34f1d01f92a5 {{(pid=110452) execute /usr/local/lib/python3.8/dist-packages/oslo_concurrency/processutils.py:384}}
Nov 12 08:26:27.437860 n-d-768509-25 sudo[136289]: ubuntu : TTY=unknown ; PWD=/ ; USER=root ; COMMAND=/usr/local/bin/cinder-rootwrap /etc/cinder/rootwrap.conf lvchange -a y --yes -K stack-volumes-lvmdriver-1/volume-31dc279b-1ff7-43d2-8a76-34f1d01f92a5
Nov 12 08:26:27.438712 n-d-768509-25 sudo[136289]: pam_unix(sudo:session): session opened for user root by (uid=0)
Nov 12 08:26:28.454461 n-d-768509-25 sudo[136289]: pam_unix(sudo:session): session closed for user root
Nov 12 08:26:28.456881 n-d-768509-25 cinder-volume[110452]: DEBUG oslo_concurrency.processutils [None req-900c534f-1601-49d3-8525-77d442daa0fb tempest-VolumesBackupsTest-506359181 None] CMD "sudo cinder-rootwrap /etc/cinder/rootwrap.conf lvchange -a y --yes -K stack-volumes-lvmdriver-1/volume-31dc279b-1ff7-43d2-8a76-34f1d01f92a5" returned: 0 in 1.079s {{(pid=110452) execute /usr/local/lib/python3.8/dist-packages/oslo_concurrency/processutils.py:422}}
Nov 12 08:26:28.492729 n-d-768509-25 cinder-volume[110452]: INFO cinder.volume.targets.lio [None req-900c534f-1601-49d3-8525-77d442daa0fb tempest-VolumesBackupsTest-506359181 None] Creating iscsi_target for volume: volume-31dc279b-1ff7-43d2-8a76-34f1d01f92a5
Nov 12 08:26:28.493844 n-d-768509-25 cinder-volume[110452]: DEBUG oslo_concurrency.lockutils [None req-900c534f-1601-49d3-8525-77d442daa0fb tempest-VolumesBackupsTest-506359181 None] Lock "lioadm" acquired by "cinder.volume.targets.lio.LioAdm._execute" :: waited 0.000s {{(pid=110452) inner /usr/local/lib/python3.8/dist-packages/oslo_concurrency/lockutils.py:386}}
Nov 12 08:26:28.495824 n-d-768509-25 cinder-volume[110452]: DEBUG oslo_concurrency.processutils [None req-900c534f-1601-49d3-8525-77d442daa0fb tempest-VolumesBackupsTest-506359181 None] Running cmd (subprocess): sudo cinder-rootwrap /etc/cinder/rootwrap.conf cinder-rtstool create /dev/stack-volumes-lvmdriver-1/volume-31dc279b-1ff7-43d2-8a76-34f1d01f92a5 iqn.2010-10.org.openstack:volume-31dc279b-1ff7-43d2-8a76-34f1d01f92a5 iMToLGZa3V9mDMTAV4ai PhTEE8BMkCL9mYU5 False -p3260 -a10.222.0.16 {{(pid=110452) execute /usr/local/lib/python3.8/dist-packages/oslo_concurrency/processutils.py:384}}
Nov 12 08:26:28.576349 n-d-768509-25 sudo[136292]: ubuntu : TTY=unknown ; PWD=/ ; USER=root ; COMMAND=/usr/local/bin/cinder-rootwrap /etc/cinder/rootwrap.conf cinder-rtstool create /dev/stack-volumes-lvmdriver-1/volume-31dc279b-1ff7-43d2-8a76-34f1d01f92a5 iqn.2010-10.org.openstack:volume-31dc279b-1ff7-43d2-8a76-34f1d01f92a5 iMToLGZa3V9mDMTAV4ai PhTEE8BMkCL9mYU5 False -p3260 -a10.222.0.16
Nov 12 08:26:28.582965 n-d-768509-25 sudo[136292]: pam_unix(sudo:session): session opened for user root by (uid=0)
Nov 12 08:26:30.593814 n-d-768509-25 sudo[136292]: pam_unix(sudo:session): session closed for user root
Nov 12 08:26:30.597620 n-d-768509-25 cinder-volume[110452]: DEBUG oslo_concurrency.processutils [None req-900c534f-1601-49d3-8525-77d442daa0fb tempest-VolumesBackupsTest-506359181 None] CMD "sudo cinder-rootwrap /etc/cinder/rootwrap.conf cinder-rtstool create /dev/stack-volumes-lvmdriver-1/volume-31dc279b-1ff7-43d2-8a76-34f1d01f92a5 iqn.2010-10.org.openstack:volume-31dc279b-1ff7-43d2-8a76-34f1d01f92a5 iMToLGZa3V9mDMTAV4ai PhTEE8BMkCL9mYU5 False -p3260 -a10.222.0.16" returned: 0 in 2.102s {{(pid=110452) execute /usr/local/lib/python3.8/dist-packages/oslo_concurrency/processutils.py:422}}
Nov 12 08:26:30.598904 n-d-768509-25 cinder-volume[110452]: DEBUG oslo_concurrency.lockutils [None req-900c534f-1601-49d3-8525-77d442daa0fb tempest-VolumesBackupsTest-506359181 None] Lock "lioadm" "released" by "cinder.volume.targets.lio.LioAdm._execute" :: held 2.104s {{(pid=110452) inner /usr/local/lib/python3.8/dist-packages/oslo_concurrency/lockutils.py:400}}
Nov 12 08:26:30.599742 n-d-768509-25 cinder-volume[110452]: DEBUG oslo_concurrency.lockutils [None req-900c534f-1601-49d3-8525-77d442daa0fb tempest-VolumesBackupsTest-506359181 None] Lock "lioadm" acquired by "cinder.volume.targets.lio.LioAdm._execute" :: waited 0.000s {{(pid=110452) inner /usr/local/lib/python3.8/dist-packages/oslo_concurrency/lockutils.py:386}}
Nov 12 08:26:30.600969 n-d-768509-25 cinder-volume[110452]: DEBUG oslo_concurrency.processutils [None req-900c534f-1601-49d3-8525-77d442daa0fb tempest-VolumesBackupsTest-506359181 None] Running cmd (subprocess): sudo cinder-rootwrap /etc/cinder/rootwrap.conf cinder-rtstool get-targets {{(pid=110452) execute /usr/local/lib/python3.8/dist-packages/oslo_concurrency/processutils.py:384}}
Nov 12 08:26:30.647650 n-d-768509-25 sudo[136309]: ubuntu : TTY=unknown ; PWD=/ ; USER=root ; COMMAND=/usr/local/bin/cinder-rootwrap /etc/cinder/rootwrap.conf cinder-rtstool get-targets
Nov 12 08:26:30.650251 n-d-768509-25 sudo[136309]: pam_unix(sudo:session): session opened for user root by (uid=0)
Nov 12 08:26:32.925272 n-d-768509-25 sudo[136309]: pam_unix(sudo:session): session closed for user root
Nov 12 08:26:32.927477 n-d-768509-25 cinder-volume[110452]: DEBUG oslo_concurrency.processutils [None req-900c534f-1601-49d3-8525-77d442daa0fb tempest-VolumesBackupsTest-506359181 None] CMD "sudo cinder-rootwrap /etc/cinder/rootwrap.conf cinder-rtstool get-targets" returned: 0 in 2.326s {{(pid=110452) execute /usr/local/lib/python3.8/dist-packages/oslo_concurrency/processutils.py:422}}
