Aug 16 01:40:46.072206 n-d-768509-23 devstack@n-api.service[116984]: DEBUG nova.api.openstack.wsgi [None req-3407a76e-50b1-41f5-ba0f-12f60678fb2d tempest-AggregatesAdminTestJSON-1652864566 tempest-AggregatesAdminTestJSON-1652864566-project-admin] Calling method '>' {{(pid=116984) _process_stack /opt/stack/nova/nova/api/openstack/wsgi.py:513}}
Aug 16 01:40:46.072430 n-d-768509-23 devstack@n-api.service[116985]: INFO nova.api.openstack.requestlog [None req-6e711e43-8348-46b9-9d28-8caf12120d1e tempest-SecurityGroupsTestAdminJSON-331161235 tempest-SecurityGroupsTestAdminJSON-331161235-project] 10.222.0.66 "DELETE /compute/v2.1/os-security-groups/2f5876f4-61a0-4a14-86e5-1a84b58f6b62" status: 202 len: 0 microversion: 2.1 time: 0.380544
Aug 16 01:40:46.073018 n-d-768509-23 devstack@n-api.service[116985]: [pid: 116985|app: 0|req: 81/151] 10.222.0.66 () {58 vars in 1272 bytes} [Mon Aug 16 01:40:45 2021] DELETE /compute/v2.1/os-security-groups/2f5876f4-61a0-4a14-86e5-1a84b58f6b62 => generated 0 bytes in 382 msecs (HTTP/1.1 202) 9 headers in 361 bytes (1 switches on core 0)
Aug 16 01:40:46.073627 n-d-768509-23 devstack@n-api.service[116984]: /usr/local/lib/python3.8/dist-packages/oslo_policy/policy.py:1064: UserWarning: Policy os_compute_api:os-aggregates:index failed scope check. The token used to make the request was project scoped but the policy requires ['system'] scope. This behavior may change in the future where using the intended scope is required
Aug 16 01:40:46.073627 n-d-768509-23 devstack@n-api.service[116984]: warnings.warn(msg)
Aug 16 01:40:46.082383 n-d-768509-23 devstack@n-api.service[116985]: DEBUG nova.api.openstack.wsgi [None req-1f460a6a-0197-43d5-ab22-5793d66b50ac tempest-AggregatesAdminNegativeTestJSON-362691614 tempest-AggregatesAdminNegativeTestJSON-362691614-project-admin] Action: 'create', calling method: >, body: {"aggregate": {"name": "tempest-test_aggregate-1407234652"}} {{(pid=116985) _process_stack /opt/stack/nova/nova/api/openstack/wsgi.py:511}}
Aug 16 01:40:46.083866 n-d-768509-23 devstack@n-api.service[116985]: /usr/local/lib/python3.8/dist-packages/oslo_policy/policy.py:1064: UserWarning: Policy os_compute_api:os-aggregates:create failed scope check. The token used to make the request was project scoped but the policy requires ['system'] scope. This behavior may change in the future where using the intended scope is required
Aug 16 01:40:46.083866 n-d-768509-23 devstack@n-api.service[116985]: warnings.warn(msg)
Aug 16 01:40:46.085022 n-d-768509-23 devstack@n-api.service[116984]: INFO nova.api.openstack.requestlog [None req-3407a76e-50b1-41f5-ba0f-12f60678fb2d tempest-AggregatesAdminTestJSON-1652864566 tempest-AggregatesAdminTestJSON-1652864566-project-admin] 10.222.0.66 "GET /compute/v2.1/os-aggregates" status: 200 len: 245 microversion: 2.1 time: 0.017266
Aug 16 01:40:46.086112 n-d-768509-23 devstack@n-api.service[116985]: DEBUG nova.objects.aggregate [None req-1f460a6a-0197-43d5-ab22-5793d66b50ac tempest-AggregatesAdminNegativeTestJSON-362691614 tempest-AggregatesAdminNegativeTestJSON-362691614-project-admin] Generated uuid e08c4d46-d930-4f30-bc55-c0e8c26a8ef0 for aggregate {{(pid=116985) create /opt/stack/nova/nova/objects/aggregate.py:298}}
Aug 16 01:40:46.086448 n-d-768509-23 devstack@n-api.service[116984]: [pid: 116984|app: 0|req: 71/152] 10.222.0.66 () {58 vars in 1143 bytes} [Mon Aug 16 01:40:46 2021] GET /compute/v2.1/os-aggregates => generated 245 bytes in 19 msecs (HTTP/1.1 200) 9 headers in 357 bytes (1 switches on core 0)
Aug 16 01:40:46.097106 n-d-768509-23 devstack@n-api.service[116984]: DEBUG nova.api.openstack.wsgi [None req-72bb93f8-aba5-4316-b5dc-6e9c4ecddb8c tempest-AggregatesAdminTestJSON-1652864566 tempest-AggregatesAdminTestJSON-1652864566-project-admin] Action: 'action', calling method: >, body: {"remove_host": {"host": "n-h1-768509-23"}} {{(pid=116984) _process_stack /opt/stack/nova/nova/api/openstack/wsgi.py:511}}
Aug 16 01:40:46.098739 n-d-768509-23 devstack@n-api.service[116984]: /usr/local/lib/python3.8/dist-packages/oslo_policy/policy.py:1064: UserWarning: Policy os_compute_api:os-aggregates:remove_host failed scope check. The token used to make the request was project scoped but the policy requires ['system'] scope. This behavior may change in the future where using the intended scope is required
Aug 16 01:40:46.098739 n-d-768509-23 devstack@n-api.service[116984]: warnings.warn(msg)
Aug 16 01:40:46.110188 n-d-768509-23 devstack@n-api.service[116984]: DEBUG oslo_concurrency.lockutils [None req-72bb93f8-aba5-4316-b5dc-6e9c4ecddb8c tempest-AggregatesAdminTestJSON-1652864566 tempest-AggregatesAdminTestJSON-1652864566-project-admin] Lock "70cf0554-777a-41e6-b301-0d336bfa9e72" acquired by "nova.context.set_target_cell..get_or_set_cached_cell_and_set_connections" :: waited 0.000s {{(pid=116984) inner /usr/local/lib/python3.8/dist-packages/oslo_concurrency/lockutils.py:355}}
Aug 16 01:40:46.110635 n-d-768509-23 devstack@n-api.service[116984]: DEBUG oslo_concurrency.lockutils [None req-72bb93f8-aba5-4316-b5dc-6e9c4ecddb8c tempest-AggregatesAdminTestJSON-1652864566 tempest-AggregatesAdminTestJSON-1652864566-project-admin] Lock "70cf0554-777a-41e6-b301-0d336bfa9e72" released by "nova.context.set_target_cell..get_or_set_cached_cell_and_set_connections" :: held 0.001s {{(pid=116984) inner /usr/local/lib/python3.8/dist-packages/oslo_concurrency/lockutils.py:367}}
Aug 16 01:40:46.201264 n-d-768509-23 devstack@n-api.service[116985]: INFO nova.api.openstack.requestlog [None req-1f460a6a-0197-43d5-ab22-5793d66b50ac tempest-AggregatesAdminNegativeTestJSON-362691614 tempest-AggregatesAdminNegativeTestJSON-362691614-project-admin] 10.222.0.66 "POST /compute/v2.1/os-aggregates" status: 200 len: 198 microversion: 2.1 time: 0.126774
Aug 16 01:40:46.201886 n-d-768509-23 devstack@n-api.service[116985]: [pid: 116985|app: 0|req: 82/153] 10.222.0.66 () {60 vars in 1164 bytes} [Mon Aug 16 01:40:46 2021] POST /compute/v2.1/os-aggregates => generated 198 bytes in 128 msecs (HTTP/1.1 200) 9 headers in 357 bytes (1 switches on core 0)
Aug 16 01:40:46.216822 n-d-768509-23 devstack@n-api.service[116985]: DEBUG nova.api.openstack.wsgi [None req-fd2aed33-4968-4993-a8f1-12f23bc5a1d3 tempest-AggregatesAdminNegativeTestJSON-362691614 tempest-AggregatesAdminNegativeTestJSON-362691614-project-admin] Action: 'create', calling method: >, body: {"aggregate": {"name": "tempest-test_aggregate-1407234652"}} {{(pid=116985) _process_stack /opt/stack/nova/nova/api/openstack/wsgi.py:511}}
Aug 16 01:40:46.218265 n-d-768509-23 devstack@n-api.service[116985]: /usr/local/lib/python3.8/dist-packages/oslo_policy/policy.py:1064: UserWarning: Policy os_compute_api:os-aggregates:create failed scope check. The token used to make the request was project scoped but the policy requires ['system'] scope. This behavior may change in the future where using the intended scope is required
Aug 16 01:40:46.218265 n-d-768509-23 devstack@n-api.service[116985]: warnings.warn(msg)
Aug 16 01:40:46.219717 n-d-768509-23 devstack@n-api.service[116985]: DEBUG nova.objects.aggregate [None req-fd2aed33-4968-4993-a8f1-12f23bc5a1d3 tempest-AggregatesAdminNegativeTestJSON-362691614 tempest-AggregatesAdminNegativeTestJSON-362691614-project-admin] Generated uuid 2f4d4b17-d0ac-497b-b2c6-a4a325af0338 for aggregate {{(pid=116985) create /opt/stack/nova/nova/objects/aggregate.py:298}}
Aug 16 01:40:46.229257 n-d-768509-23 devstack@n-api.service[116985]: INFO nova.api.openstack.wsgi [None req-fd2aed33-4968-4993-a8f1-12f23bc5a1d3 tempest-AggregatesAdminNegativeTestJSON-362691614 tempest-AggregatesAdminNegativeTestJSON-362691614-project-admin] HTTP exception thrown: Aggregate tempest-test_aggregate-1407234652 already exists.
Aug 16 01:40:46.229956 n-d-768509-23 devstack@n-api.service[116985]: DEBUG nova.api.openstack.wsgi [None req-fd2aed33-4968-4993-a8f1-12f23bc5a1d3 tempest-AggregatesAdminNegativeTestJSON-362691614 tempest-AggregatesAdminNegativeTestJSON-362691614-project-admin] Returning 409 to user: Aggregate tempest-test_aggregate-1407234652 already exists. {{(pid=116985) __call__ /opt/stack/nova/nova/api/openstack/wsgi.py:927}}
Aug 16 01:40:46.231261 n-d-768509-23 devstack@n-api.service[116985]: INFO nova.api.openstack.requestlog [None req-fd2aed33-4968-4993-a8f1-12f23bc5a1d3 tempest-AggregatesAdminNegativeTestJSON-362691614 tempest-AggregatesAdminNegativeTestJSON-362691614-project-admin] 10.222.0.66 "POST /compute/v2.1/os-aggregates" status: 409 len: 111 microversion: 2.1 time: 0.018937
Aug 16 01:40:46.233865 n-d-768509-23 devstack@n-api.service[116985]: [pid: 116985|app: 0|req: 83/154] 10.222.0.66 () {60 vars in 1164 bytes} [Mon Aug 16 01:40:46 2021] POST /compute/v2.1/os-aggregates => generated 111 bytes in 20 msecs (HTTP/1.1 409) 9 headers in 378 bytes (2 switches on core 0)
Aug 16 01:40:46.239486 n-d-768509-23 devstack@n-api.service[116985]: DEBUG nova.api.openstack.wsgi [None req-a4b3e5cf-cfe1-4898-9dbf-714f1568a389 tempest-AggregatesAdminNegativeTestJSON-362691614 tempest-AggregatesAdminNegativeTestJSON-362691614-project-admin] Calling method '>' {{(pid=116985) _process_stack /opt/stack/nova/nova/api/openstack/wsgi.py:513}}
Aug 16 01:40:46.241191 n-d-768509-23 devstack@n-api.service[116985]: /usr/local/lib/python3.8/dist-packages/oslo_policy/policy.py:1064: UserWarning: Policy os_compute_api:os-aggregates:delete failed scope check. The token used to make the request was project scoped but the policy requires ['system'] scope. This behavior may change in the future where using the intended scope is required
Aug 16 01:40:46.241191 n-d-768509-23 devstack@n-api.service[116985]: warnings.warn(msg)
Aug 16 01:40:46.351545 n-d-768509-23 devstack@n-api.service[116985]: INFO nova.api.openstack.requestlog [None req-a4b3e5cf-cfe1-4898-9dbf-714f1568a389 tempest-AggregatesAdminNegativeTestJSON-362691614 tempest-AggregatesAdminNegativeTestJSON-362691614-project-admin] 10.222.0.66 "DELETE /compute/v2.1/os-aggregates/8" status: 200 len: 0 microversion: 2.1 time: 0.115440
Aug 16 01:40:46.352222 n-d-768509-23 devstack@n-api.service[116985]: [pid: 116985|app: 0|req: 84/155] 10.222.0.66 () {58 vars in 1152 bytes} [Mon Aug 16 01:40:46 2021] DELETE /compute/v2.1/os-aggregates/8 => generated 0 bytes in 117 msecs (HTTP/1.1 200) 9 headers in 355 bytes (1 switches on core 0)
Aug 16 01:40:46.361642 n-d-768509-23 devstack@n-api.service[116985]: DEBUG nova.api.openstack.wsgi [None req-d96ecf52-7fd2-4edd-9fe9-18c70b8a2892 tempest-AggregatesAdminNegativeTestJSON-362691614 tempest-AggregatesAdminNegativeTestJSON-362691614-project-admin] Action: 'create', calling method: >, body: {"aggregate": {"name": "tempest-test_aggregate-224883550"}} {{(pid=116985) _process_stack /opt/stack/nova/nova/api/openstack/wsgi.py:511}}
Aug 16 01:40:46.362985 n-d-768509-23 devstack@n-api.service[116985]: /usr/local/lib/python3.8/dist-packages/oslo_policy/policy.py:1064: UserWarning: Policy os_compute_api:os-aggregates:create failed scope check. The token used to make the request was project scoped but the policy requires ['system'] scope. This behavior may change in the future where using the intended scope is required
Aug 16 01:40:46.362985 n-d-768509-23 devstack@n-api.service[116985]: warnings.warn(msg)
Aug 16 01:40:46.364154 n-d-768509-23 devstack@n-api.service[116985]: DEBUG nova.objects.aggregate [None req-d96ecf52-7fd2-4edd-9fe9-18c70b8a2892 tempest-AggregatesAdminNegativeTestJSON-362691614 tempest-AggregatesAdminNegativeTestJSON-362691614-project-admin] Generated uuid f9fcc5a8-0f43-4242-af62-a80d201a5178 for aggregate {{(pid=116985) create /opt/stack/nova/nova/objects/aggregate.py:298}}
Aug 16 01:40:46.402392 n-d-768509-23 devstack@n-api.service[116984]: INFO nova.api.openstack.requestlog [None req-72bb93f8-aba5-4316-b5dc-6e9c4ecddb8c tempest-AggregatesAdminTestJSON-1652864566 tempest-AggregatesAdminTestJSON-1652864566-project-admin] 10.222.0.66 "POST /compute/v2.1/os-aggregates/7/action" status: 200 len: 226 microversion: 2.1 time: 0.309254
Aug 16 01:40:46.403042 n-d-768509-23 devstack@n-api.service[116984]: [pid: 116984|app: 0|req: 72/156] 10.222.0.66 () {60 vars in 1191 bytes} [Mon Aug 16 01:40:46 2021] POST /compute/v2.1/os-aggregates/7/action => generated 226 bytes in 311 msecs (HTTP/1.1 200) 9 headers in 357 bytes (1 switches on core 0)
Aug 16 01:40:46.413420 n-d-768509-23 devstack@n-api.service[116984]: DEBUG nova.api.openstack.wsgi [None req-e14c21d1-d742-40b6-b480-d1fdf98e27f8 tempest-AggregatesAdminTestJSON-1652864566 tempest-AggregatesAdminTestJSON-1652864566-project-admin] Calling method '>' {{(pid=116984) _process_stack /opt/stack/nova/nova/api/openstack/wsgi.py:513}}
Aug 16 01:40:46.414245 n-d-768509-23 devstack@n-api.service[116984]: /usr/local/lib/python3.8/dist-packages/oslo_policy/policy.py:1064: UserWarning: Policy os_compute_api:os-aggregates:delete failed scope check. The token used to make the request was project scoped but the policy requires ['system'] scope. This behavior may change in the future where using the intended scope is required
Aug 16 01:40:46.414245 n-d-768509-23 devstack@n-api.service[116984]: warnings.warn(msg)
Aug 16 01:40:46.495662 n-d-768509-23 devstack@n-api.service[116985]: INFO nova.api.openstack.requestlog [None req-d96ecf52-7fd2-4edd-9fe9-18c70b8a2892 tempest-AggregatesAdminNegativeTestJSON-362691614 tempest-AggregatesAdminNegativeTestJSON-362691614-project-admin] 10.222.0.66 "POST /compute/v2.1/os-aggregates" status: 200 len: 197 microversion: 2.1 time: 0.137705
Aug 16 01:40:46.501285 n-d-768509-23 devstack@n-api.service[116985]: [pid: 116985|app: 0|req: 85/157] 10.222.0.66 () {60 vars in 1164 bytes} [Mon Aug 16 01:40:46 2021] POST /compute/v2.1/os-aggregates => generated 197 bytes in 139 msecs (HTTP/1.1 200) 9 headers in 357 bytes (2 switches on core 0)
Aug 16 01:40:46.506040 n-d-768509-23 devstack@n-api.service[116985]: DEBUG nova.api.openstack.wsgi [None req-eadcf290-8aa2-4fb2-bb31-2cab9300a2ec tempest-AggregatesAdminNegativeTestJSON-816581438 tempest-AggregatesAdminNegativeTestJSON-816581438-project] Calling method '>' {{(pid=116985) _process_stack /opt/stack/nova/nova/api/openstack/wsgi.py:513}}
Aug 16 01:40:46.506778 n-d-768509-23 devstack@n-api.service[116985]: /usr/local/lib/python3.8/dist-packages/oslo_policy/policy.py:1064: UserWarning: Policy os_compute_api:os-aggregates:delete failed scope check. The token used to make the request was project scoped but the policy requires ['system'] scope. This behavior may change in the future where using the intended scope is required
Aug 16 01:40:46.506778 n-d-768509-23 devstack@n-api.service[116985]: warnings.warn(msg)
Aug 16 01:40:46.507702 n-d-768509-23 devstack@n-api.service[116985]: DEBUG nova.policy [None req-eadcf290-8aa2-4fb2-bb31-2cab9300a2ec tempest-AggregatesAdminNegativeTestJSON-816581438 tempest-AggregatesAdminNegativeTestJSON-816581438-project] Policy check for os_compute_api:os-aggregates:delete failed with credentials {'is_admin': False, 'user_id': '221404f832124383b84f287dc4775080', 'user_domain_id': 'default', 'system_scope': None, 'domain_id': None, 'project_id': 'b9bb778784c44df5840a600b35e68557', 'project_domain_id': 'default', 'roles': ['member', 'reader'], 'is_admin_project': True, 'service_user_id': None, 'service_user_domain_id': None, 'service_project_id': None, 'service_project_domain_id': None, 'service_roles': []} {{(pid=116985) authorize /opt/stack/nova/nova/policy.py:199}}
Aug 16 01:40:46.508339 n-d-768509-23 devstack@n-api.service[116985]: DEBUG nova.api.openstack.wsgi [None req-eadcf290-8aa2-4fb2-bb31-2cab9300a2ec tempest-AggregatesAdminNegativeTestJSON-816581438 tempest-AggregatesAdminNegativeTestJSON-816581438-project] Returning 403 to user: Policy doesn't allow os_compute_api:os-aggregates:delete to be performed. {{(pid=116985) __call__ /opt/stack/nova/nova/api/openstack/wsgi.py:927}}
Aug 16 01:40:46.509780 n-d-768509-23 devstack@n-api.service[116985]: INFO nova.api.openstack.requestlog [None req-eadcf290-8aa2-4fb2-bb31-2cab9300a2ec tempest-AggregatesAdminNegativeTestJSON-816581438 tempest-AggregatesAdminNegativeTestJSON-816581438-project] 10.222.0.66 "DELETE /compute/v2.1/os-aggregates/9" status: 403 len: 116 microversion: 2.1 time: 0.006707
Aug 16 01:40:46.510347 n-d-768509-23 devstack@n-api.service[116985]: [pid: 116985|app: 0|req: 86/158] 10.222.0.66 () {58 vars in 1152 bytes} [Mon Aug 16 01:40:46 2021] DELETE /compute/v2.1/os-aggregates/9 => generated 116 bytes in 8 msecs (HTTP/1.1 403) 9 headers in 379 bytes (1 switches on core 0)
Aug 16 01:40:46.518821 n-d-768509-23 devstack@n-api.service[116985]: DEBUG nova.api.openstack.wsgi [None req-d353fa86-a9be-4a92-88c3-60f8bbeb6979 tempest-AggregatesAdminNegativeTestJSON-362691614 tempest-AggregatesAdminNegativeTestJSON-362691614-project-admin] Calling method '>' {{(pid=116985) _process_stack /opt/stack/nova/nova/api/openstack/wsgi.py:513}}
Aug 16 01:40:46.547901 n-d-768509-23 devstack@n-api.service[116984]: INFO nova.api.openstack.requestlog [None req-e14c21d1-d742-40b6-b480-d1fdf98e27f8 tempest-AggregatesAdminTestJSON-1652864566 tempest-AggregatesAdminTestJSON-1652864566-project-admin] 10.222.0.66 "DELETE /compute/v2.1/os-aggregates/7" status: 200 len: 0 microversion: 2.1 time: 0.138435
Aug 16 01:40:46.551233 n-d-768509-23 devstack@n-api.service[116984]: [pid: 116984|app: 0|req: 73/159] 10.222.0.66 () {58 vars in 1152 bytes} [Mon Aug 16 01:40:46 2021] DELETE /compute/v2.1/os-aggregates/7 => generated 0 bytes in 141 msecs (HTTP/1.1 200) 9 headers in 355 bytes (2 switches on core 0)
Aug 16 01:40:46.560422 n-d-768509-23 devstack@n-api.service[116984]: DEBUG nova.api.openstack.wsgi [None req-48ddd317-6b58-49d5-8084-120bed0ed548 tempest-AggregatesAdminTestJSON-1652864566 tempest-AggregatesAdminTestJSON-1652864566-project-admin] Action: 'create', calling method: >, body: {"aggregate": {"name": "tempest-test_aggregate-3039954"}} {{(pid=116984) _process_stack /opt/stack/nova/nova/api/openstack/wsgi.py:511}}
Aug 16 01:40:46.561943 n-d-768509-23 devstack@n-api.service[116984]: /usr/local/lib/python3.8/dist-packages/oslo_policy/policy.py:1064: UserWarning: Policy os_compute_api:os-aggregates:create failed scope check. The token used to make the request was project scoped but the policy requires ['system'] scope. This behavior may change in the future where using the intended scope is required
Aug 16 01:40:46.561943 n-d-768509-23 devstack@n-api.service[116984]: warnings.warn(msg)
Aug 16 01:40:46.563413 n-d-768509-23 devstack@n-api.service[116984]: DEBUG nova.objects.aggregate [None req-48ddd317-6b58-49d5-8084-120bed0ed548 tempest-AggregatesAdminTestJSON-1652864566 tempest-AggregatesAdminTestJSON-1652864566-project-admin] Generated uuid 75c78a40-494e-446e-a0a3-56058670c1b1 for aggregate {{(pid=116984) create /opt/stack/nova/nova/objects/aggregate.py:298}}
Aug 16 01:40:46.728915 n-d-768509-23 devstack@n-api.service[116985]: INFO nova.api.openstack.requestlog [None req-d353fa86-a9be-4a92-88c3-60f8bbeb6979 tempest-AggregatesAdminNegativeTestJSON-362691614 tempest-AggregatesAdminNegativeTestJSON-362691614-project-admin] 10.222.0.66 "DELETE /compute/v2.1/os-aggregates/9" status: 200 len: 0 microversion: 2.1 time: 0.213204
Aug 16 01:40:46.735621 n-d-768509-23 devstack@n-api.service[116984]: INFO nova.api.openstack.requestlog [None req-48ddd317-6b58-49d5-8084-120bed0ed548 tempest-AggregatesAdminTestJSON-1652864566 tempest-AggregatesAdminTestJSON-1652864566-project-admin] 10.222.0.66 "POST /compute/v2.1/os-aggregates" status: 200 len: 196 microversion: 2.1 time: 0.179407
Aug 16 01:40:46.736788 n-d-768509-23 devstack@n-api.service[116985]: [pid: 116985|app: 0|req: 87/161] 10.222.0.66 () {58 vars in 1152 bytes} [Mon Aug 16 01:40:46 2021] DELETE /compute/v2.1/os-aggregates/9 => generated 0 bytes in 222 msecs (HTTP/1.1 200) 9 headers in 355 bytes (1 switches on core 0)
Aug 16 01:40:46.736916 n-d-768509-23 devstack@n-api.service[116984]: [pid: 116984|app: 0|req: 74/161] 10.222.0.66 () {60 vars in 1164 bytes} [Mon Aug 16 01:40:46 2021] POST /compute/v2.1/os-aggregates => generated 196 bytes in 181 msecs (HTTP/1.1 200) 9 headers in 357 bytes (2 switches on core 0)
Aug 16 01:40:46.743745 n-d-768509-23 devstack@n-api.service[116984]: DEBUG nova.api.openstack.wsgi [None req-343e3480-7391-44a4-97c6-5e8f84bc4227 tempest-AggregatesAdminNegativeTestJSON-362691614 tempest-AggregatesAdminNegativeTestJSON-362691614-project-admin] Calling method '>' {{(pid=116984) _process_stack /opt/stack/nova/nova/api/openstack/wsgi.py:513}}
Aug 16 01:40:46.744661 n-d-768509-23 devstack@n-api.service[116984]: /usr/local/lib/python3.8/dist-packages/oslo_policy/policy.py:1064: UserWarning: Policy os_compute_api:os-aggregates:delete failed scope check. The token used to make the request was project scoped but the policy requires ['system'] scope. This behavior may change in the future where using the intended scope is required
Aug 16 01:40:46.744661 n-d-768509-23 devstack@n-api.service[116984]: warnings.warn(msg)
Aug 16 01:40:46.747259 n-d-768509-23 devstack@n-api.service[116985]: DEBUG nova.api.openstack.wsgi [None req-04ba6788-c763-422e-8ebb-5c9dbc241be6 tempest-AggregatesAdminTestJSON-1652864566 tempest-AggregatesAdminTestJSON-1652864566-project-admin] Action: 'action', calling method: >, body: {"add_host": {"host": "n-h1-768509-23"}} {{(pid=116985) _process_stack /opt/stack/nova/nova/api/openstack/wsgi.py:511}}
Aug 16 01:40:46.748587 n-d-768509-23 devstack@n-api.service[116985]: /usr/local/lib/python3.8/dist-packages/oslo_policy/policy.py:1064: UserWarning: Policy os_compute_api:os-aggregates:add_host failed scope check. The token used to make the request was project scoped but the policy requires ['system'] scope. This behavior may change in the future where using the intended scope is required
Aug 16 01:40:46.748587 n-d-768509-23 devstack@n-api.service[116985]: warnings.warn(msg)
Aug 16 01:40:46.757013 n-d-768509-23 devstack@n-api.service[116985]: DEBUG oslo_concurrency.lockutils [None req-04ba6788-c763-422e-8ebb-5c9dbc241be6 tempest-AggregatesAdminTestJSON-1652864566 tempest-AggregatesAdminTestJSON-1652864566-project-admin] Lock "70cf0554-777a-41e6-b301-0d336bfa9e72" acquired by "nova.context.set_target_cell..get_or_set_cached_cell_and_set_connections" :: waited 0.000s {{(pid=116985) inner /usr/local/lib/python3.8/dist-packages/oslo_concurrency/lockutils.py:355}}
Aug 16 01:40:46.757417 n-d-768509-23 devstack@n-api.service[116985]: DEBUG oslo_concurrency.lockutils [None req-04ba6788-c763-422e-8ebb-5c9dbc241be6 tempest-AggregatesAdminTestJSON-1652864566 tempest-AggregatesAdminTestJSON-1652864566-project-admin] Lock "70cf0554-777a-41e6-b301-0d336bfa9e72" released by "nova.context.set_target_cell..get_or_set_cached_cell_and_set_connections" :: held 0.001s {{(pid=116985) inner /usr/local/lib/python3.8/dist-packages/oslo_concurrency/lockutils.py:367}}
Aug 16 01:40:46.760477 n-d-768509-23 devstack@n-api.service[116984]: INFO nova.api.openstack.wsgi [None req-343e3480-7391-44a4-97c6-5e8f84bc4227 tempest-AggregatesAdminNegativeTestJSON-362691614 tempest-AggregatesAdminNegativeTestJSON-362691614-project-admin] HTTP exception thrown: Aggregate -1 could not be found.
Aug 16 01:40:46.761074 n-d-768509-23 devstack@n-api.service[116984]: DEBUG nova.api.openstack.wsgi [None req-343e3480-7391-44a4-97c6-5e8f84bc4227 tempest-AggregatesAdminNegativeTestJSON-362691614 tempest-AggregatesAdminNegativeTestJSON-362691614-project-admin] Returning 404 to user: Aggregate -1 could not be found. {{(pid=116984) __call__ /opt/stack/nova/nova/api/openstack/wsgi.py:927}}
Aug 16 01:40:46.761913 n-d-768509-23 devstack@n-api.service[116984]: INFO nova.api.openstack.requestlog [None req-343e3480-7391-44a4-97c6-5e8f84bc4227 tempest-AggregatesAdminNegativeTestJSON-362691614 tempest-AggregatesAdminNegativeTestJSON-362691614-project-admin] 10.222.0.66 "DELETE /compute/v2.1/os-aggregates/-1" status: 404 len: 78 microversion: 2.1 time: 0.024145
Aug 16 01:40:46.762444 n-d-768509-23 devstack@n-api.service[116984]: [pid: 116984|app: 0|req: 75/162] 10.222.0.66 () {58 vars in 1155 bytes} [Mon Aug 16 01:40:46 2021] DELETE /compute/v2.1/os-aggregates/-1 => generated 78 bytes in 25 msecs (HTTP/1.1 404) 9 headers in 378 bytes (1 switches on core 0)
Aug 16 01:40:46.772198 n-d-768509-23 devstack@n-api.service[116984]: DEBUG nova.api.openstack.wsgi [None req-abe3d975-3af6-4f86-8325-211f2c614ff1 tempest-AggregatesAdminNegativeTestJSON-362691614 tempest-AggregatesAdminNegativeTestJSON-362691614-project-admin] Action: 'create', calling method: >, body: {"aggregate": {"name": "tempest-test_aggregate-1531405436"}} {{(pid=116984) _process_stack /opt/stack/nova/nova/api/openstack/wsgi.py:511}}
Aug 16 01:40:46.773514 n-d-768509-23 devstack@n-api.service[116984]: /usr/local/lib/python3.8/dist-packages/oslo_policy/policy.py:1064: UserWarning: Policy os_compute_api:os-aggregates:create failed scope check. The token used to make the request was project scoped but the policy requires ['system'] scope. This behavior may change in the future where using the intended scope is required
Aug 16 01:40:46.773514 n-d-768509-23 devstack@n-api.service[116984]: warnings.warn(msg)
Aug 16 01:40:46.775798 n-d-768509-23 devstack@n-api.service[116984]: DEBUG nova.objects.aggregate [None req-abe3d975-3af6-4f86-8325-211f2c614ff1 tempest-AggregatesAdminNegativeTestJSON-362691614 tempest-AggregatesAdminNegativeTestJSON-362691614-project-admin] Generated uuid 15457b49-d2bc-4df2-881a-e8e475e6fab0 for aggregate {{(pid=116984) create /opt/stack/nova/nova/objects/aggregate.py:298}}
Aug 16 01:40:46.929011 n-d-768509-23 devstack@n-api.service[116984]: INFO nova.api.openstack.requestlog [None req-abe3d975-3af6-4f86-8325-211f2c614ff1 tempest-AggregatesAdminNegativeTestJSON-362691614 tempest-AggregatesAdminNegativeTestJSON-362691614-project-admin] 10.222.0.66 "POST /compute/v2.1/os-aggregates" status: 200 len: 199 microversion: 2.1 time: 0.160480
Aug 16 01:40:46.930485 n-d-768509-23 devstack@n-api.service[116984]: [pid: 116984|app: 0|req: 76/163] 10.222.0.66 () {60 vars in 1164 bytes} [Mon Aug 16 01:40:46 2021] POST /compute/v2.1/os-aggregates => generated 199 bytes in 163 msecs (HTTP/1.1 200) 9 headers in 357 bytes (2 switches on core 0)
Aug 16 01:40:46.936651 n-d-768509-23 devstack@n-api.service[116984]: DEBUG nova.api.openstack.wsgi [None req-eb7378c2-d300-4006-8863-e6c81e833467 tempest-ServersWithSpecificFlavorTestJSON-573568807 tempest-ServersWithSpecificFlavorTestJSON-573568807-project] Calling method '>' {{(pid=116984) _process_stack /opt/stack/nova/nova/api/openstack/wsgi.py:513}}
Aug 16 01:40:46.937985 n-d-768509-23 devstack@n-api.service[116984]: DEBUG nova.compute.api [None req-eb7378c2-d300-4006-8863-e6c81e833467 tempest-ServersWithSpecificFlavorTestJSON-573568807 tempest-ServersWithSpecificFlavorTestJSON-573568807-project] [instance: 022cd60a-a633-45d6-a919-ebcf0740afe0] Fetching instance by UUID {{(pid=116984) get /opt/stack/nova/nova/compute/api.py:2791}}
Aug 16 01:40:46.949089 n-d-768509-23 devstack@n-api.service[116984]: DEBUG oslo_concurrency.lockutils [None req-eb7378c2-d300-4006-8863-e6c81e833467 tempest-ServersWithSpecificFlavorTestJSON-573568807 tempest-ServersWithSpecificFlavorTestJSON-573568807-project] Lock "70cf0554-777a-41e6-b301-0d336bfa9e72" acquired by "nova.context.set_target_cell..get_or_set_cached_cell_and_set_connections" :: waited 0.000s {{(pid=116984) inner /usr/local/lib/python3.8/dist-packages/oslo_concurrency/lockutils.py:355}}
Aug 16 01:40:46.949617 n-d-768509-23 devstack@n-api.service[116984]: DEBUG oslo_concurrency.lockutils [None req-eb7378c2-d300-4006-8863-e6c81e833467 tempest-ServersWithSpecificFlavorTestJSON-573568807 tempest-ServersWithSpecificFlavorTestJSON-573568807-project] Lock "70cf0554-777a-41e6-b301-0d336bfa9e72" released by "nova.context.set_target_cell..get_or_set_cached_cell_and_set_connections" :: held 0.001s {{(pid=116984) inner /usr/local/lib/python3.8/dist-packages/oslo_concurrency/lockutils.py:367}}
Aug 16 01:40:46.950741 n-d-768509-23 devstack@n-api.service[116984]: DEBUG oslo_concurrency.lockutils [None req-eb7378c2-d300-4006-8863-e6c81e833467 tempest-ServersWithSpecificFlavorTestJSON-573568807 tempest-ServersWithSpecificFlavorTestJSON-573568807-project] Lock "70cf0554-777a-41e6-b301-0d336bfa9e72" acquired by "nova.context.set_target_cell..get_or_set_cached_cell_and_set_connections" :: waited 0.000s {{(pid=116984) inner /usr/local/lib/python3.8/dist-packages/oslo_concurrency/lockutils.py:355}}
Aug 16 01:40:46.951235 n-d-768509-23 devstack@n-api.service[116984]: DEBUG oslo_concurrency.lockutils [None req-eb7378c2-d300-4006-8863-e6c81e833467 tempest-ServersWithSpecificFlavorTestJSON-573568807 tempest-ServersWithSpecificFlavorTestJSON-573568807-project] Lock "70cf0554-777a-41e6-b301-0d336bfa9e72" released by "nova.context.set_target_cell..get_or_set_cached_cell_and_set_connections" :: held 0.000s {{(pid=116984) inner /usr/local/lib/python3.8/dist-packages/oslo_concurrency/lockutils.py:367}}
Aug 16 01:40:47.083325 n-d-768509-23 devstack@n-api.service[116984]: DEBUG nova.policy [None req-eb7378c2-d300-4006-8863-e6c81e833467 tempest-ServersWithSpecificFlavorTestJSON-573568807 tempest-ServersWithSpecificFlavorTestJSON-573568807-project] Policy check for os_compute_api:os-extended-server-attributes failed with credentials {'is_admin': False, 'user_id': '35e8565a3f7843f0a80743cab142abfe', 'user_domain_id': 'default', 'system_scope': None, 'domain_id': None, 'project_id': '4ac6e9001e304bba8633a33a3e19c64b', 'project_domain_id': 'default', 'roles': ['member', 'reader'], 'is_admin_project': True, 'service_user_id': None, 'service_user_domain_id': None, 'service_project_id': None, 'service_project_domain_id': None, 'service_roles': []} {{(pid=116984) authorize /opt/stack/nova/nova/policy.py:199}}
Aug 16 01:40:47.092414 n-d-768509-23 devstack@n-api.service[116984]: INFO nova.api.openstack.requestlog [None req-eb7378c2-d300-4006-8863-e6c81e833467 tempest-ServersWithSpecificFlavorTestJSON-573568807 tempest-ServersWithSpecificFlavorTestJSON-573568807-project] 10.222.0.66 "GET /compute/v2.1/servers/022cd60a-a633-45d6-a919-ebcf0740afe0" status: 200 len: 1389 microversion: 2.1 time: 0.160004
Aug 16 01:40:47.092983 n-d-768509-23 devstack@n-api.service[116984]: [pid: 116984|app: 0|req: 77/164] 10.222.0.66 () {58 vars in 1236 bytes} [Mon Aug 16 01:40:46 2021] GET /compute/v2.1/servers/022cd60a-a633-45d6-a919-ebcf0740afe0 => generated 1389 bytes in 162 msecs (HTTP/1.1 200) 9 headers in 358 bytes (1 switches on core 0)
Aug 16 01:40:47.097279 n-d-768509-23 devstack@n-api.service[116984]: DEBUG nova.api.openstack.wsgi [None req-60ae84fb-8cf5-4d25-8a34-f0d7e3c4f3dd tempest-AggregatesAdminNegativeTestJSON-816581438 tempest-AggregatesAdminNegativeTestJSON-816581438-project] Calling method '>' {{(pid=116984) _process_stack /opt/stack/nova/nova/api/openstack/wsgi.py:513}}
Aug 16 01:40:47.098047 n-d-768509-23 devstack@n-api.service[116984]: /usr/local/lib/python3.8/dist-packages/oslo_policy/policy.py:1064: UserWarning: Policy os_compute_api:os-aggregates:show failed scope check. The token used to make the request was project scoped but the policy requires ['system'] scope. This behavior may change in the future where using the intended scope is required
Aug 16 01:40:47.098047 n-d-768509-23 devstack@n-api.service[116984]: warnings.warn(msg)
Aug 16 01:40:47.099078 n-d-768509-23 devstack@n-api.service[116984]: DEBUG nova.policy [None req-60ae84fb-8cf5-4d25-8a34-f0d7e3c4f3dd tempest-AggregatesAdminNegativeTestJSON-816581438 tempest-AggregatesAdminNegativeTestJSON-816581438-project] Policy check for os_compute_api:os-aggregates:show failed with credentials {'is_admin': False, 'user_id': '221404f832124383b84f287dc4775080', 'user_domain_id': 'default', 'system_scope': None, 'domain_id': None, 'project_id': 'b9bb778784c44df5840a600b35e68557', 'project_domain_id': 'default', 'roles': ['member', 'reader'], 'is_admin_project': True, 'service_user_id': None, 'service_user_domain_id': None, 'service_project_id': None, 'service_project_domain_id': None, 'service_roles': []} {{(pid=116984) authorize /opt/stack/nova/nova/policy.py:199}}
Aug 16 01:40:47.099712 n-d-768509-23 devstack@n-api.service[116984]: DEBUG nova.api.openstack.wsgi [None req-60ae84fb-8cf5-4d25-8a34-f0d7e3c4f3dd tempest-AggregatesAdminNegativeTestJSON-816581438 tempest-AggregatesAdminNegativeTestJSON-816581438-project] Returning 403 to user: Policy doesn't allow os_compute_api:os-aggregates:show to be performed. {{(pid=116984) __call__ /opt/stack/nova/nova/api/openstack/wsgi.py:927}}
Aug 16 01:40:47.100497 n-d-768509-23 devstack@n-api.service[116984]: INFO nova.api.openstack.requestlog [None req-60ae84fb-8cf5-4d25-8a34-f0d7e3c4f3dd tempest-AggregatesAdminNegativeTestJSON-816581438 tempest-AggregatesAdminNegativeTestJSON-816581438-project] 10.222.0.66 "GET /compute/v2.1/os-aggregates/11" status: 403 len: 114 microversion: 2.1 time: 0.006618
Aug 16 01:40:47.100978 n-d-768509-23 devstack@n-api.service[116984]: [pid: 116984|app: 0|req: 78/165] 10.222.0.66 () {58 vars in 1152 bytes} [Mon Aug 16 01:40:47 2021] GET /compute/v2.1/os-aggregates/11 => generated 114 bytes in 7 msecs (HTTP/1.1 403) 9 headers in 379 bytes (1 switches on core 0)
Aug 16 01:40:47.107348 n-d-768509-23 devstack@n-api.service[116984]: DEBUG nova.api.openstack.wsgi [None req-22cc4ac8-e346-4ca4-a4be-242239400ee6 tempest-MigrationsAdminTest-502420273 tempest-MigrationsAdminTest-502420273-project] Calling method '>' {{(pid=116984) _process_stack /opt/stack/nova/nova/api/openstack/wsgi.py:513}}
Aug 16 01:40:47.108155 n-d-768509-23 devstack@n-api.service[116984]: DEBUG nova.compute.api [None req-22cc4ac8-e346-4ca4-a4be-242239400ee6 tempest-MigrationsAdminTest-502420273 tempest-MigrationsAdminTest-502420273-project] [instance: 85751074-9429-45f1-990d-0ad9b3172966] Fetching instance by UUID {{(pid=116984) get /opt/stack/nova/nova/compute/api.py:2791}}
Aug 16 01:40:47.110281 n-d-768509-23 devstack@n-api.service[116985]: INFO nova.api.openstack.requestlog [None req-04ba6788-c763-422e-8ebb-5c9dbc241be6 tempest-AggregatesAdminTestJSON-1652864566 tempest-AggregatesAdminTestJSON-1652864566-project-admin] 10.222.0.66 "POST /compute/v2.1/os-aggregates/10/action" status: 200 len: 241 microversion: 2.1 time: 0.366904
Aug 16 01:40:47.111800 n-d-768509-23 devstack@n-api.service[116985]: [pid: 116985|app: 0|req: 88/166] 10.222.0.66 () {60 vars in 1194 bytes} [Mon Aug 16 01:40:46 2021] POST /compute/v2.1/os-aggregates/10/action => generated 241 bytes in 369 msecs (HTTP/1.1 200) 9 headers in 357 bytes (2 switches on core 0)
Aug 16 01:40:47.120153 n-d-768509-23 devstack@n-api.service[116984]: DEBUG oslo_concurrency.lockutils [None req-22cc4ac8-e346-4ca4-a4be-242239400ee6 tempest-MigrationsAdminTest-502420273 tempest-MigrationsAdminTest-502420273-project] Lock "70cf0554-777a-41e6-b301-0d336bfa9e72" acquired by "nova.context.set_target_cell..get_or_set_cached_cell_and_set_connections" :: waited 0.000s {{(pid=116984) inner /usr/local/lib/python3.8/dist-packages/oslo_concurrency/lockutils.py:355}}
Aug 16 01:40:47.120744 n-d-768509-23 devstack@n-api.service[116984]: DEBUG oslo_concurrency.lockutils [None req-22cc4ac8-e346-4ca4-a4be-242239400ee6 tempest-MigrationsAdminTest-502420273 tempest-MigrationsAdminTest-502420273-project] Lock "70cf0554-777a-41e6-b301-0d336bfa9e72" released by "nova.context.set_target_cell..get_or_set_cached_cell_and_set_connections" :: held 0.001s {{(pid=116984) inner /usr/local/lib/python3.8/dist-packages/oslo_concurrency/lockutils.py:367}}
Aug 16 01:40:47.121540 n-d-768509-23 devstack@n-api.service[116984]: DEBUG oslo_concurrency.lockutils [None req-22cc4ac8-e346-4ca4-a4be-242239400ee6 tempest-MigrationsAdminTest-502420273 tempest-MigrationsAdminTest-502420273-project] Lock "70cf0554-777a-41e6-b301-0d336bfa9e72" acquired by "nova.context.set_target_cell..get_or_set_cached_cell_and_set_connections" :: waited 0.000s {{(pid=116984) inner /usr/local/lib/python3.8/dist-packages/oslo_concurrency/lockutils.py:355}}
Aug 16 01:40:47.122070 n-d-768509-23 devstack@n-api.service[116984]: DEBUG oslo_concurrency.lockutils [None req-22cc4ac8-e346-4ca4-a4be-242239400ee6 tempest-MigrationsAdminTest-502420273 tempest-MigrationsAdminTest-502420273-project] Lock "70cf0554-777a-41e6-b301-0d336bfa9e72" released by "nova.context.set_target_cell..get_or_set_cached_cell_and_set_connections" :: held 0.000s {{(pid=116984) inner /usr/local/lib/python3.8/dist-packages/oslo_concurrency/lockutils.py:367}}
Aug 16 01:40:47.125379 n-d-768509-23 devstack@n-api.service[116985]: DEBUG nova.api.openstack.wsgi [None req-d857fd95-6628-43da-b1d0-4eeb23aaf367 tempest-AggregatesAdminNegativeTestJSON-362691614 tempest-AggregatesAdminNegativeTestJSON-362691614-project-admin] Calling method '>' {{(pid=116985) _process_stack /opt/stack/nova/nova/api/openstack/wsgi.py:513}}
Aug 16 01:40:47.126373 n-d-768509-23 devstack@n-api.service[116985]: /usr/local/lib/python3.8/dist-packages/oslo_policy/policy.py:1064: UserWarning: Policy os_compute_api:os-aggregates:delete failed scope check. The token used to make the request was project scoped but the policy requires ['system'] scope. This behavior may change in the future where using the intended scope is required
Aug 16 01:40:47.126373 n-d-768509-23 devstack@n-api.service[116985]: warnings.warn(msg)
Aug 16 01:40:47.218634 n-d-768509-23 devstack@n-api.service[116985]: INFO nova.api.openstack.requestlog [None req-d857fd95-6628-43da-b1d0-4eeb23aaf367 tempest-AggregatesAdminNegativeTestJSON-362691614 tempest-AggregatesAdminNegativeTestJSON-362691614-project-admin] 10.222.0.66 "DELETE /compute/v2.1/os-aggregates/11" status: 200 len: 0 microversion: 2.1 time: 0.106699
Aug 16 01:40:47.220543 n-d-768509-23 devstack@n-api.service[116985]: [pid: 116985|app: 0|req: 89/167] 10.222.0.66 () {58 vars in 1155 bytes} [Mon Aug 16 01:40:47 2021] DELETE /compute/v2.1/os-aggregates/11 => generated 0 bytes in 109 msecs (HTTP/1.1 200) 9 headers in 355 bytes (1 switches on core 0)
Aug 16 01:40:47.225671 n-d-768509-23 devstack@n-api.service[116985]: DEBUG nova.api.openstack.wsgi [None req-ca5de3c4-0c14-4fbd-8eaa-6017368f6770 tempest-AggregatesAdminTestJSON-1652864566 tempest-AggregatesAdminTestJSON-1652864566-project-admin] Action: 'action', calling method: >, body: {"remove_host": {"host": "n-h1-768509-23"}} {{(pid=116985) _process_stack /opt/stack/nova/nova/api/openstack/wsgi.py:511}}
Aug 16 01:40:47.227083 n-d-768509-23 devstack@n-api.service[116985]: /usr/local/lib/python3.8/dist-packages/oslo_policy/policy.py:1064: UserWarning: Policy os_compute_api:os-aggregates:remove_host failed scope check. The token used to make the request was project scoped but the policy requires ['system'] scope. This behavior may change in the future where using the intended scope is required
Aug 16 01:40:47.227083 n-d-768509-23 devstack@n-api.service[116985]: warnings.warn(msg)
Aug 16 01:40:47.237810 n-d-768509-23 devstack@n-api.service[116985]: DEBUG oslo_concurrency.lockutils [None req-ca5de3c4-0c14-4fbd-8eaa-6017368f6770 tempest-AggregatesAdminTestJSON-1652864566 tempest-AggregatesAdminTestJSON-1652864566-project-admin] Lock "70cf0554-777a-41e6-b301-0d336bfa9e72" acquired by "nova.context.set_target_cell..get_or_set_cached_cell_and_set_connections" :: waited 0.000s {{(pid=116985) inner /usr/local/lib/python3.8/dist-packages/oslo_concurrency/lockutils.py:355}}
Aug 16 01:40:47.238489 n-d-768509-23 devstack@n-api.service[116985]: DEBUG oslo_concurrency.lockutils [None req-ca5de3c4-0c14-4fbd-8eaa-6017368f6770 tempest-AggregatesAdminTestJSON-1652864566 tempest-AggregatesAdminTestJSON-1652864566-project-admin] Lock "70cf0554-777a-41e6-b301-0d336bfa9e72" released by "nova.context.set_target_cell..get_or_set_cached_cell_and_set_connections" :: held 0.001s {{(pid=116985) inner /usr/local/lib/python3.8/dist-packages/oslo_concurrency/lockutils.py:367}}
Aug 16 01:40:47.272087 n-d-768509-23 devstack@n-api.service[116984]: DEBUG nova.policy [None req-22cc4ac8-e346-4ca4-a4be-242239400ee6 tempest-MigrationsAdminTest-502420273 tempest-MigrationsAdminTest-502420273-project] Policy check for os_compute_api:os-extended-server-attributes failed with credentials {'is_admin': False, 'user_id': '9d961a4d89a8438f9d82d80ddb3b0798', 'user_domain_id': 'default', 'system_scope': None, 'domain_id': None, 'project_id': '0fd72b22de084a828cc9af1cb960b5c8', 'project_domain_id': 'default', 'roles': ['member', 'reader'], 'is_admin_project': True, 'service_user_id': None, 'service_user_domain_id': None, 'service_project_id': None, 'service_project_domain_id': None, 'service_roles': []} {{(pid=116984) authorize /opt/stack/nova/nova/policy.py:199}}
Aug 16 01:40:47.289657 n-d-768509-23 devstack@n-api.service[116984]: INFO nova.api.openstack.requestlog [None req-22cc4ac8-e346-4ca4-a4be-242239400ee6 tempest-MigrationsAdminTest-502420273 tempest-MigrationsAdminTest-502420273-project] 10.222.0.66 "GET /compute/v2.1/servers/85751074-9429-45f1-990d-0ad9b3172966" status: 200 len: 1312 microversion: 2.1 time: 0.187006
Aug 16 01:40:47.290343 n-d-768509-23 devstack@n-api.service[116984]: [pid: 116984|app: 0|req: 79/168] 10.222.0.66 () {58 vars in 1236 bytes} [Mon Aug 16 01:40:47 2021] GET /compute/v2.1/servers/85751074-9429-45f1-990d-0ad9b3172966 => generated 1312 bytes in 189 msecs (HTTP/1.1 200) 9 headers in 358 bytes (1 switches on core 0)
Aug 16 01:40:47.300537 n-d-768509-23 devstack@n-api.service[116984]: DEBUG nova.api.openstack.wsgi [None req-90f87112-a868-4435-8272-ed4771d1a43b tempest-AggregatesAdminNegativeTestJSON-362691614 tempest-AggregatesAdminNegativeTestJSON-362691614-project-admin] Calling method '>' {{(pid=116984) _process_stack /opt/stack/nova/nova/api/openstack/wsgi.py:513}}
Aug 16 01:40:47.301382 n-d-768509-23 devstack@n-api.service[116984]: /usr/local/lib/python3.8/dist-packages/oslo_policy/policy.py:1064: UserWarning: Policy os_compute_api:os-aggregates:show failed scope check. The token used to make the request was project scoped but the policy requires ['system'] scope. This behavior may change in the future where using the intended scope is required
Aug 16 01:40:47.301382 n-d-768509-23 devstack@n-api.service[116984]: warnings.warn(msg)
Aug 16 01:40:47.308593 n-d-768509-23 devstack@n-api.service[116984]: INFO nova.api.openstack.wsgi [None req-90f87112-a868-4435-8272-ed4771d1a43b tempest-AggregatesAdminNegativeTestJSON-362691614 tempest-AggregatesAdminNegativeTestJSON-362691614-project-admin] HTTP exception thrown: Aggregate -1 could not be found.
Aug 16 01:40:47.309191 n-d-768509-23 devstack@n-api.service[116984]: DEBUG nova.api.openstack.wsgi [None req-90f87112-a868-4435-8272-ed4771d1a43b tempest-AggregatesAdminNegativeTestJSON-362691614 tempest-AggregatesAdminNegativeTestJSON-362691614-project-admin] Returning 404 to user: Aggregate -1 could not be found. {{(pid=116984) __call__ /opt/stack/nova/nova/api/openstack/wsgi.py:927}}
Aug 16 01:40:47.310197 n-d-768509-23 devstack@n-api.service[116984]: INFO nova.api.openstack.requestlog [None req-90f87112-a868-4435-8272-ed4771d1a43b tempest-AggregatesAdminNegativeTestJSON-362691614 tempest-AggregatesAdminNegativeTestJSON-362691614-project-admin] 10.222.0.66 "GET /compute/v2.1/os-aggregates/-1" status: 404 len: 78 microversion: 2.1 time: 0.015287
Aug 16 01:40:47.311218 n-d-768509-23 devstack@n-api.service[116984]: [pid: 116984|app: 0|req: 80/169] 10.222.0.66 () {58 vars in 1152 bytes} [Mon Aug 16 01:40:47 2021] GET /compute/v2.1/os-aggregates/-1 => generated 78 bytes in 17 msecs (HTTP/1.1 404) 9 headers in 378 bytes (1 switches on core 0)
Aug 16 01:40:47.322128 n-d-768509-23 devstack@n-api.service[116984]: DEBUG nova.api.openstack.wsgi [None req-7eaf02f0-29fa-483e-9673-d9a79bd9b1b0 tempest-AggregatesAdminNegativeTestJSON-816581438 tempest-AggregatesAdminNegativeTestJSON-816581438-project] Calling method '>' {{(pid=116984) _process_stack /opt/stack/nova/nova/api/openstack/wsgi.py:513}}
Aug 16 01:40:47.323015 n-d-768509-23 devstack@n-api.service[116984]: /usr/local/lib/python3.8/dist-packages/oslo_policy/policy.py:1064: UserWarning: Policy os_compute_api:os-aggregates:index failed scope check. The token used to make the request was project scoped but the policy requires ['system'] scope. This behavior may change in the future where using the intended scope is required
Aug 16 01:40:47.323015 n-d-768509-23 devstack@n-api.service[116984]: warnings.warn(msg)
Aug 16 01:40:47.324128 n-d-768509-23 devstack@n-api.service[116984]: DEBUG nova.policy [None req-7eaf02f0-29fa-483e-9673-d9a79bd9b1b0 tempest-AggregatesAdminNegativeTestJSON-816581438 tempest-AggregatesAdminNegativeTestJSON-816581438-project] Policy check for os_compute_api:os-aggregates:index failed with credentials {'is_admin': False, 'user_id': '221404f832124383b84f287dc4775080', 'user_domain_id': 'default', 'system_scope': None, 'domain_id': None, 'project_id': 'b9bb778784c44df5840a600b35e68557', 'project_domain_id': 'default', 'roles': ['member', 'reader'], 'is_admin_project': True, 'service_user_id': None, 'service_user_domain_id': None, 'service_project_id': None, 'service_project_domain_id': None, 'service_roles': []} {{(pid=116984) authorize /opt/stack/nova/nova/policy.py:199}}
Aug 16 01:40:47.324686 n-d-768509-23 devstack@n-api.service[116984]: DEBUG nova.api.openstack.wsgi [None req-7eaf02f0-29fa-483e-9673-d9a79bd9b1b0 tempest-AggregatesAdminNegativeTestJSON-816581438 tempest-AggregatesAdminNegativeTestJSON-816581438-project] Returning 403 to user: Policy doesn't allow os_compute_api:os-aggregates:index to be performed. {{(pid=116984) __call__ /opt/stack/nova/nova/api/openstack/wsgi.py:927}}
Aug 16 01:40:47.325704 n-d-768509-23 devstack@n-api.service[116984]: INFO nova.api.openstack.requestlog [None req-7eaf02f0-29fa-483e-9673-d9a79bd9b1b0 tempest-AggregatesAdminNegativeTestJSON-816581438 tempest-AggregatesAdminNegativeTestJSON-816581438-project] 10.222.0.66 "GET /compute/v2.1/os-aggregates" status: 403 len: 115 microversion: 2.1 time: 0.009205
Aug 16 01:40:47.326250 n-d-768509-23 devstack@n-api.service[116984]: [pid: 116984|app: 0|req: 81/170] 10.222.0.66 () {58 vars in 1143 bytes} [Mon Aug 16 01:40:47 2021] GET /compute/v2.1/os-aggregates => generated 115 bytes in 10 msecs (HTTP/1.1 403) 9 headers in 379 bytes (2 switches on core 0)
Aug 16 01:40:47.548038 n-d-768509-23 devstack@n-api.service[116985]: INFO nova.api.openstack.requestlog [None req-ca5de3c4-0c14-4fbd-8eaa-6017368f6770 tempest-AggregatesAdminTestJSON-1652864566 tempest-AggregatesAdminTestJSON-1652864566-project-admin] 10.222.0.66 "POST /compute/v2.1/os-aggregates/10/action" status: 200 len: 225 microversion: 2.1 time: 0.326170
Aug 16 01:40:47.548653 n-d-768509-23 devstack@n-api.service[116985]: [pid: 116985|app: 0|req: 90/171] 10.222.0.66 () {60 vars in 1194 bytes} [Mon Aug 16 01:40:47 2021] POST /compute/v2.1/os-aggregates/10/action => generated 225 bytes in 327 msecs (HTTP/1.1 200) 9 headers in 357 bytes (1 switches on core 0)
Aug 16 01:40:47.559554 n-d-768509-23 devstack@n-api.service[116984]: DEBUG nova.api.openstack.wsgi [None req-f7ad1db3-a2a6-454a-9f2d-d6e05a69a679 tempest-AggregatesAdminTestJSON-1652864566 tempest-AggregatesAdminTestJSON-1652864566-project-admin] Calling method '>' {{(pid=116984) _process_stack /opt/stack/nova/nova/api/openstack/wsgi.py:513}}
Aug 16 01:40:47.560281 n-d-768509-23 devstack@n-api.service[116984]: /usr/local/lib/python3.8/dist-packages/oslo_policy/policy.py:1064: UserWarning: Policy os_compute_api:os-aggregates:delete failed scope check. The token used to make the request was project scoped but the policy requires ['system'] scope. This behavior may change in the future where using the intended scope is required
Aug 16 01:40:47.560281 n-d-768509-23 devstack@n-api.service[116984]: warnings.warn(msg)
Aug 16 01:40:47.692488 n-d-768509-23 devstack@n-api.service[116984]: INFO nova.api.openstack.requestlog [None req-f7ad1db3-a2a6-454a-9f2d-d6e05a69a679 tempest-AggregatesAdminTestJSON-1652864566 tempest-AggregatesAdminTestJSON-1652864566-project-admin] 10.222.0.66 "DELETE /compute/v2.1/os-aggregates/10" status: 200 len: 0 microversion: 2.1 time: 0.137442
Aug 16 01:40:47.692940 n-d-768509-23 devstack@n-api.service[116984]: [pid: 116984|app: 0|req: 82/172] 10.222.0.66 () {58 vars in 1155 bytes} [Mon Aug 16 01:40:47 2021] DELETE /compute/v2.1/os-aggregates/10 => generated 0 bytes in 139 msecs (HTTP/1.1 200) 9 headers in 355 bytes (1 switches on core 0)
Aug 16 01:40:47.702898 n-d-768509-23 devstack@n-api.service[116985]: DEBUG nova.api.openstack.wsgi [None req-030cda1b-e7f7-495e-956f-3bb6dd92e261 tempest-AggregatesAdminTestJSON-1652864566 tempest-AggregatesAdminTestJSON-1652864566-project-admin] Action: 'create', calling method: >, body: {"aggregate": {"name": "tempest-test_aggregate-1338322692"}} {{(pid=116985) _process_stack /opt/stack/nova/nova/api/openstack/wsgi.py:511}}
Aug 16 01:40:47.704175 n-d-768509-23 devstack@n-api.service[116985]: /usr/local/lib/python3.8/dist-packages/oslo_policy/policy.py:1064: UserWarning: Policy os_compute_api:os-aggregates:create failed scope check. The token used to make the request was project scoped but the policy requires ['system'] scope. This behavior may change in the future where using the intended scope is required
Aug 16 01:40:47.704175 n-d-768509-23 devstack@n-api.service[116985]: warnings.warn(msg)
Aug 16 01:40:47.705388 n-d-768509-23 devstack@n-api.service[116985]: DEBUG nova.objects.aggregate [None req-030cda1b-e7f7-495e-956f-3bb6dd92e261 tempest-AggregatesAdminTestJSON-1652864566 tempest-AggregatesAdminTestJSON-1652864566-project-admin] Generated uuid 1acf0b38-f188-44ad-a28e-83b498288070 for aggregate {{(pid=116985) create /opt/stack/nova/nova/objects/aggregate.py:298}}
